20.171.207.222 - - [23/Oct/2025:15:24:47 +0300] "GET /amp.php?products/117gw21128 HTTP/1.1" 200 482481 "-" "Mozilla/5.0 AppleWebKit/537.36 (KHTML, like Gecko; compatible; GPTBot/1.2; +https://openai.com/gptbot)"
20.171.207.222 - - [23/Oct/2025:15:24:49 +0300] "GET /amp.php?products/117lr22800 HTTP/1.1" 200 492522 "-" "Mozilla/5.0 AppleWebKit/537.36 (KHTML, like Gecko; compatible; GPTBot/1.2; +https://openai.com/gptbot)"
144.76.19.75 - - [23/Oct/2025:15:24:49 +0300] "GET /amp.php?m056022926?srsltid=AfmBOobWEgIUKTjpOIXIku_ZeZ5xcMdr8_6SaLIvNY-C-JOXeLrHGA HTTP/1.1" 200 474653 "-" "Mozilla/5.0 (compatible; BLEXBot/1.0; +https://help.seranking.com/en/blex-crawler)"
20.171.207.222 - - [23/Oct/2025:15:24:50 +0300] "GET /amp.php?products/117dd21994 HTTP/1.1" 200 468218 "-" "Mozilla/5.0 AppleWebKit/537.36 (KHTML, like Gecko; compatible; GPTBot/1.2; +https://openai.com/gptbot)"
74.91.19.178 - - [23/Oct/2025:15:24:52 +0300] "GET /wp-includes/install.php HTTP/1.1" 200 6 "https://avocor.eu/wp-includes/install.php" "Mozilla/5.0 (Windows NT 10.0; Win64; x64) AppleWebKit/537.36 (KHTML, like Gecko) Chrome/58.0.3029.110 Safari/537.3"
20.171.207.222 - - [23/Oct/2025:15:24:52 +0300] "GET /amp.php?products/226sr26311 HTTP/1.1" 200 463113 "-" "Mozilla/5.0 AppleWebKit/537.36 (KHTML, like Gecko; compatible; GPTBot/1.2; +https://openai.com/gptbot)"
74.91.19.178 - - [23/Oct/2025:15:24:54 +0300] "GET /wp-includes/install.php HTTP/1.1" 200 6 "https://avocor.eu/wp-includes/install.php" "Mozilla/5.0 (Windows NT 10.0; Win64; x64) AppleWebKit/537.36 (KHTML, like Gecko) Chrome/58.0.3029.110 Safari/537.3"
144.76.19.75 - - [23/Oct/2025:15:24:53 +0300] "GET /amp.php?m003048339?srsltid=AfmBOoKROoxognlwPSfSJs_a2ak8LDJaY_3T06kJjT-L-fEiLXhS6m HTTP/1.1" 200 463576 "-" "Mozilla/5.0 (compatible; BLEXBot/1.0; +https://help.seranking.com/en/blex-crawler)"
20.171.207.222 - - [23/Oct/2025:15:24:54 +0300] "GET /amp.php?products/282zi27229 HTTP/1.1" 200 461396 "-" "Mozilla/5.0 AppleWebKit/537.36 (KHTML, like Gecko; compatible; GPTBot/1.2; +https://openai.com/gptbot)"
74.91.19.178 - - [23/Oct/2025:15:24:56 +0300] "GET /wp-includes/install.php HTTP/1.1" 200 6 "https://avocor.eu/wp-includes/install.php" "Mozilla/5.0 (Windows NT 10.0; Win64; x64) AppleWebKit/537.36 (KHTML, like Gecko) Chrome/58.0.3029.110 Safari/537.3"
20.171.207.222 - - [23/Oct/2025:15:24:56 +0300] "GET /amp.php?products/272cb13121 HTTP/1.1" 200 468191 "-" "Mozilla/5.0 AppleWebKit/537.36 (KHTML, like Gecko; compatible; GPTBot/1.2; +https://openai.com/gptbot)"
74.91.19.178 - - [23/Oct/2025:15:24:58 +0300] "GET /wp-includes/install.php HTTP/1.1" 200 6 "https://avocor.eu/wp-includes/install.php" "Mozilla/5.0 (Windows NT 10.0; Win64; x64) AppleWebKit/537.36 (KHTML, like Gecko) Chrome/58.0.3029.110 Safari/537.3"
144.76.19.75 - - [23/Oct/2025:15:24:58 +0300] "GET /amp.php?m056022928?srsltid=AfmBOoMeujIpMwvp6SaLIv_ZJFeHs1pj8_JOXeLrHG-T-eOsT6LG72 HTTP/1.1" 200 472488 "-" "Mozilla/5.0 (compatible; BLEXBot/1.0; +https://help.seranking.com/en/blex-crawler)"
20.171.207.222 - - [23/Oct/2025:15:24:58 +0300] "GET /amp.php?products/191sg29462 HTTP/1.1" 200 461837 "-" "Mozilla/5.0 AppleWebKit/537.36 (KHTML, like Gecko; compatible; GPTBot/1.2; +https://openai.com/gptbot)"
74.91.19.178 - - [23/Oct/2025:15:25:00 +0300] "GET /wp-includes/install.php HTTP/1.1" 200 6 "https://avocor.eu/wp-includes/install.php" "Mozilla/5.0 (Windows NT 10.0; Win64; x64) AppleWebKit/537.36 (KHTML, like Gecko) Chrome/58.0.3029.110 Safari/537.3"
20.171.207.222 - - [23/Oct/2025:15:25:00 +0300] "GET /amp.php?products/272wp13117 HTTP/1.1" 200 470535 "-" "Mozilla/5.0 AppleWebKit/537.36 (KHTML, like Gecko; compatible; GPTBot/1.2; +https://openai.com/gptbot)"
20.171.207.222 - - [23/Oct/2025:15:25:02 +0300] "GET /amp.php?products/276sh30833 HTTP/1.1" 200 469464 "-" "Mozilla/5.0 AppleWebKit/537.36 (KHTML, like Gecko; compatible; GPTBot/1.2; +https://openai.com/gptbot)"
144.76.19.75 - - [23/Oct/2025:15:25:02 +0300] "GET /amp.php?m003048341?srsltid=AfmBOoaDoWxwtykO3T06kJ_cLfJPAcKCo_fEiLXhS6-K-F3zt0oSgH HTTP/1.1" 200 462415 "-" "Mozilla/5.0 (compatible; BLEXBot/1.0; +https://help.seranking.com/en/blex-crawler)"
20.171.207.222 - - [23/Oct/2025:15:25:03 +0300] "GET /amp.php?products/117dm24030 HTTP/1.1" 200 465987 "-" "Mozilla/5.0 AppleWebKit/537.36 (KHTML, like Gecko; compatible; GPTBot/1.2; +https://openai.com/gptbot)"
20.171.207.222 - - [23/Oct/2025:15:25:05 +0300] "GET /amp.php?products/226zv26281 HTTP/1.1" 200 461591 "-" "Mozilla/5.0 AppleWebKit/537.36 (KHTML, like Gecko; compatible; GPTBot/1.2; +https://openai.com/gptbot)"
74.91.19.178 - - [23/Oct/2025:15:25:07 +0300] "GET /wp-includes/install.php HTTP/1.1" 200 6 "https://avocor.eu/wp-includes/install.php" "Mozilla/5.0 (Windows NT 10.0; Win64; x64) AppleWebKit/537.36 (KHTML, like Gecko) Chrome/58.0.3029.110 Safari/537.3"
144.76.19.75 - - [23/Oct/2025:15:25:07 +0300] "GET /amp.php?m056022930?srsltid=AfmBOoymIoOmAJkKJOXeLr_I7VhLPt5os_eOsT6LG7-I-7BWgb2F8D HTTP/1.1" 200 472979 "-" "Mozilla/5.0 (compatible; BLEXBot/1.0; +https://help.seranking.com/en/blex-crawler)"
20.171.207.222 - - [23/Oct/2025:15:25:07 +0300] "GET /amp.php?products/214ur17881 HTTP/1.1" 200 460918 "-" "Mozilla/5.0 AppleWebKit/537.36 (KHTML, like Gecko; compatible; GPTBot/1.2; +https://openai.com/gptbot)"
20.171.207.222 - - [23/Oct/2025:15:25:09 +0300] "GET /amp.php?products/191gu29282 HTTP/1.1" 200 460409 "-" "Mozilla/5.0 AppleWebKit/537.36 (KHTML, like Gecko; compatible; GPTBot/1.2; +https://openai.com/gptbot)"
20.171.207.222 - - [23/Oct/2025:15:25:11 +0300] "GET /amp.php?products/223sv48482 HTTP/1.1" 200 475536 "-" "Mozilla/5.0 AppleWebKit/537.36 (KHTML, like Gecko; compatible; GPTBot/1.2; +https://openai.com/gptbot)"
74.91.19.178 - - [23/Oct/2025:15:25:12 +0300] "GET /wp-includes/install.php HTTP/1.1" 200 6 "https://avocor.eu/wp-includes/install.php" "Mozilla/5.0 (Windows NT 10.0; Win64; x64) AppleWebKit/537.36 (KHTML, like Gecko) Chrome/58.0.3029.110 Safari/537.3"
144.76.19.75 - - [23/Oct/2025:15:25:11 +0300] "GET /amp.php?m003048343?srsltid=AfmBOoTJNgPckHnbfEiLXh_1mVaCsB8bu_F3zt0oSg-T-HJ6pjZtKh HTTP/1.1" 200 462364 "-" "Mozilla/5.0 (compatible; BLEXBot/1.0; +https://help.seranking.com/en/blex-crawler)"
20.171.207.222 - - [23/Oct/2025:15:25:13 +0300] "GET /amp.php?products/171dr41944 HTTP/1.1" 200 463182 "-" "Mozilla/5.0 AppleWebKit/537.36 (KHTML, like Gecko; compatible; GPTBot/1.2; +https://openai.com/gptbot)"
20.171.207.222 - - [23/Oct/2025:15:25:15 +0300] "GET /amp.php?products/272pa14131 HTTP/1.1" 200 469861 "-" "Mozilla/5.0 AppleWebKit/537.36 (KHTML, like Gecko; compatible; GPTBot/1.2; +https://openai.com/gptbot)"
144.76.19.75 - - [23/Oct/2025:15:25:15 +0300] "GET /amp.php?m056022932?srsltid=AfmBOoacBoJyApreeOsT6L_3I4BLwg63t_7BWgb2F8-B-oqdUtmG3p HTTP/1.1" 200 464313 "-" "Mozilla/5.0 (compatible; BLEXBot/1.0; +https://help.seranking.com/en/blex-crawler)"
20.171.207.222 - - [23/Oct/2025:15:25:16 +0300] "GET /amp.php?products/272bh14129 HTTP/1.1" 200 465988 "-" "Mozilla/5.0 AppleWebKit/537.36 (KHTML, like Gecko; compatible; GPTBot/1.2; +https://openai.com/gptbot)"
74.91.19.178 - - [23/Oct/2025:15:25:19 +0300] "GET /wp-includes/install.php HTTP/1.1" 200 6 "https://avocor.eu/wp-includes/install.php" "Mozilla/5.0 (Windows NT 10.0; Win64; x64) AppleWebKit/537.36 (KHTML, like Gecko) Chrome/58.0.3029.110 Safari/537.3"
20.171.207.222 - - [23/Oct/2025:15:25:18 +0300] "GET /amp.php?products/166cf10411 HTTP/1.1" 200 468572 "-" "Mozilla/5.0 AppleWebKit/537.36 (KHTML, like Gecko; compatible; GPTBot/1.2; +https://openai.com/gptbot)"
144.76.19.75 - - [23/Oct/2025:15:25:20 +0300] "GET /amp.php?m003048345?srsltid=AfmBOosGPdoepbYdF3zt0o_KJP0XwTy5j_HJ6pjZtK-Z-2qkJjh0Bg HTTP/1.1" 200 465972 "-" "Mozilla/5.0 (compatible; BLEXBot/1.0; +https://help.seranking.com/en/blex-crawler)"
20.171.207.222 - - [23/Oct/2025:15:25:20 +0300] "GET /amp.php?products/214dc17657 HTTP/1.1" 200 465714 "-" "Mozilla/5.0 AppleWebKit/537.36 (KHTML, like Gecko; compatible; GPTBot/1.2; +https://openai.com/gptbot)"
74.91.19.178 - - [23/Oct/2025:15:25:22 +0300] "GET /wp-includes/install.php HTTP/1.1" 200 6 "https://avocor.eu/wp-includes/install.php" "Mozilla/5.0 (Windows NT 10.0; Win64; x64) AppleWebKit/537.36 (KHTML, like Gecko) Chrome/58.0.3029.110 Safari/537.3"
20.171.207.222 - - [23/Oct/2025:15:25:22 +0300] "GET /amp.php?products/223id48812 HTTP/1.1" 200 465826 "-" "Mozilla/5.0 AppleWebKit/537.36 (KHTML, like Gecko; compatible; GPTBot/1.2; +https://openai.com/gptbot)"
20.171.207.222 - - [23/Oct/2025:15:25:24 +0300] "GET /amp.php?products/254wp34265 HTTP/1.1" 200 462676 "-" "Mozilla/5.0 AppleWebKit/537.36 (KHTML, like Gecko; compatible; GPTBot/1.2; +https://openai.com/gptbot)"
144.76.19.75 - - [23/Oct/2025:15:25:24 +0300] "GET /amp.php?m056022942?srsltid=AfmBOoGdCZFcmPUQoiAhIU_Y5IAnhpWJc_odGRxLz4-T-nVtR04XP2 HTTP/1.1" 200 473151 "-" "Mozilla/5.0 (compatible; BLEXBot/1.0; +https://help.seranking.com/en/blex-crawler)"
20.171.207.222 - - [23/Oct/2025:15:25:26 +0300] "GET /amp.php?products/266jo37993 HTTP/1.1" 200 461130 "-" "Mozilla/5.0 AppleWebKit/537.36 (KHTML, like Gecko; compatible; GPTBot/1.2; +https://openai.com/gptbot)"
20.171.207.222 - - [23/Oct/2025:15:25:28 +0300] "GET /amp.php?products/299cb24412 HTTP/1.1" 200 469516 "-" "Mozilla/5.0 AppleWebKit/537.36 (KHTML, like Gecko; compatible; GPTBot/1.2; +https://openai.com/gptbot)"
144.76.19.75 - - [23/Oct/2025:15:25:28 +0300] "GET /amp.php?m003048349?srsltid=AfmBOoTIiwVhqnIX2qkJjh_6Hj5tC1PVX_jK21ACce-D-F3wixnPwa HTTP/1.1" 200 467295 "-" "Mozilla/5.0 (compatible; BLEXBot/1.0; +https://help.seranking.com/en/blex-crawler)"
74.91.19.178 - - [23/Oct/2025:15:25:29 +0300] "GET /wp-includes/install.php HTTP/1.1" 200 6 "https://avocor.eu/wp-includes/install.php" "Mozilla/5.0 (Windows NT 10.0; Win64; x64) AppleWebKit/537.36 (KHTML, like Gecko) Chrome/58.0.3029.110 Safari/537.3"
20.171.207.222 - - [23/Oct/2025:15:25:30 +0300] "GET /amp.php?products/272uo12811 HTTP/1.1" 200 470660 "-" "Mozilla/5.0 AppleWebKit/537.36 (KHTML, like Gecko; compatible; GPTBot/1.2; +https://openai.com/gptbot)"
20.171.207.222 - - [23/Oct/2025:15:25:32 +0300] "GET /amp.php?products/189dm27424 HTTP/1.1" 200 471644 "-" "Mozilla/5.0 AppleWebKit/537.36 (KHTML, like Gecko; compatible; GPTBot/1.2; +https://openai.com/gptbot)"
144.76.19.75 - - [23/Oct/2025:15:25:33 +0300] "GET /amp.php?m056022944?srsltid=AfmBOovSebpJWOXYodGRxL_neErCPB4pZ_nVtR04XP-M-2IzAe1ldr HTTP/1.1" 200 476273 "-" "Mozilla/5.0 (compatible; BLEXBot/1.0; +https://help.seranking.com/en/blex-crawler)"
20.171.207.222 - - [23/Oct/2025:15:25:33 +0300] "GET /amp.php?products/214sh17973 HTTP/1.1" 200 461871 "-" "Mozilla/5.0 AppleWebKit/537.36 (KHTML, like Gecko; compatible; GPTBot/1.2; +https://openai.com/gptbot)"
74.91.19.178 - - [23/Oct/2025:15:25:35 +0300] "GET /wp-includes/install.php HTTP/1.1" 200 6 "https://avocor.eu/wp-includes/install.php" "Mozilla/5.0 (Windows NT 10.0; Win64; x64) AppleWebKit/537.36 (KHTML, like Gecko) Chrome/58.0.3029.110 Safari/537.3"
20.171.207.222 - - [23/Oct/2025:15:25:35 +0300] "GET /amp.php?products/136od18609 HTTP/1.1" 200 464944 "-" "Mozilla/5.0 AppleWebKit/537.36 (KHTML, like Gecko; compatible; GPTBot/1.2; +https://openai.com/gptbot)"
144.76.19.75 - - [23/Oct/2025:15:25:37 +0300] "GET /amp.php?m003048351?srsltid=AfmBOooqESKyiWFcjK21AC_m8kXbOdoXn_F3wixnPw-E-7omFC76eW HTTP/1.1" 200 467805 "-" "Mozilla/5.0 (compatible; BLEXBot/1.0; +https://help.seranking.com/en/blex-crawler)"
20.171.207.222 - - [23/Oct/2025:15:25:37 +0300] "GET /amp.php?products/165iu17726 HTTP/1.1" 200 464997 "-" "Mozilla/5.0 AppleWebKit/537.36 (KHTML, like Gecko; compatible; GPTBot/1.2; +https://openai.com/gptbot)"
20.171.207.222 - - [23/Oct/2025:15:25:40 +0300] "GET /amp.php?products/272mu12803 HTTP/1.1" 200 465276 "-" "Mozilla/5.0 AppleWebKit/537.36 (KHTML, like Gecko; compatible; GPTBot/1.2; +https://openai.com/gptbot)"
144.76.19.75 - - [23/Oct/2025:15:25:41 +0300] "GET /amp.php?m056022946?srsltid=AfmBOofNoIKMSDxUnVtR04_KIY5sr4toP_2IzAe1ld-B-mlzT96BVL HTTP/1.1" 200 470763 "-" "Mozilla/5.0 (compatible; BLEXBot/1.0; +https://help.seranking.com/en/blex-crawler)"
20.171.207.222 - - [23/Oct/2025:15:25:42 +0300] "GET /amp.php?products/281zc38214 HTTP/1.1" 200 469464 "-" "Mozilla/5.0 AppleWebKit/537.36 (KHTML, like Gecko; compatible; GPTBot/1.2; +https://openai.com/gptbot)"
20.171.207.222 - - [23/Oct/2025:15:25:44 +0300] "GET /amp.php?products/242bt24819 HTTP/1.1" 200 465601 "-" "Mozilla/5.0 AppleWebKit/537.36 (KHTML, like Gecko; compatible; GPTBot/1.2; +https://openai.com/gptbot)"
144.76.19.75 - - [23/Oct/2025:15:25:45 +0300] "GET /amp.php?m003048353?srsltid=AfmBOobZQsNgsepbF3wixn_i6Qgb86wj5_7omFC76e-I-iCVl1aKAS HTTP/1.1" 200 463984 "-" "Mozilla/5.0 (compatible; BLEXBot/1.0; +https://help.seranking.com/en/blex-crawler)"
20.171.207.222 - - [23/Oct/2025:15:25:46 +0300] "GET /amp.php?products/207os20152 HTTP/1.1" 200 470559 "-" "Mozilla/5.0 AppleWebKit/537.36 (KHTML, like Gecko; compatible; GPTBot/1.2; +https://openai.com/gptbot)"
20.171.207.222 - - [23/Oct/2025:15:25:48 +0300] "GET /amp.php?products/214bh18155 HTTP/1.1" 200 463208 "-" "Mozilla/5.0 AppleWebKit/537.36 (KHTML, like Gecko; compatible; GPTBot/1.2; +https://openai.com/gptbot)"
144.76.19.75 - - [23/Oct/2025:15:25:50 +0300] "GET /amp.php?m056022952?srsltid=AfmBOoHdeNrSAUjfwM25Qj_TzVAqjS22j_1tHOsEnn-A-YyCa00CQb HTTP/1.1" 200 481416 "-" "Mozilla/5.0 (compatible; BLEXBot/1.0; +https://help.seranking.com/en/blex-crawler)"
20.171.207.222 - - [23/Oct/2025:15:25:50 +0300] "GET /amp.php?products/155hp33916 HTTP/1.1" 200 461962 "-" "Mozilla/5.0 AppleWebKit/537.36 (KHTML, like Gecko; compatible; GPTBot/1.2; +https://openai.com/gptbot)"
74.91.19.178 - - [23/Oct/2025:15:25:51 +0300] "GET /wp-includes/install.php HTTP/1.1" 200 6 "https://avocor.eu/wp-includes/install.php" "Mozilla/5.0 (Windows NT 10.0; Win64; x64) AppleWebKit/537.36 (KHTML, like Gecko) Chrome/58.0.3029.110 Safari/537.3"
74.91.19.178 - - [23/Oct/2025:15:25:52 +0300] "GET /wp-includes/install.php HTTP/1.1" 200 6 "https://avocor.eu/wp-includes/install.php" "Mozilla/5.0 (Windows NT 10.0; Win64; x64) AppleWebKit/537.36 (KHTML, like Gecko) Chrome/58.0.3029.110 Safari/537.3"
20.171.207.222 - - [23/Oct/2025:15:25:52 +0300] "GET /amp.php?products/176pc12063 HTTP/1.1" 200 470307 "-" "Mozilla/5.0 AppleWebKit/537.36 (KHTML, like Gecko; compatible; GPTBot/1.2; +https://openai.com/gptbot)"
20.171.207.222 - - [23/Oct/2025:15:25:53 +0300] "GET /amp.php?products/76iv453 HTTP/1.1" 200 462943 "-" "Mozilla/5.0 AppleWebKit/537.36 (KHTML, like Gecko; compatible; GPTBot/1.2; +https://openai.com/gptbot)"
144.76.19.75 - - [23/Oct/2025:15:25:54 +0300] "GET /amp.php?m003048355?srsltid=AfmBOosfZIrtiTNi7omFC7_MrbFPBeXiI_iCVl1aKA-V-3PAHaDTyu HTTP/1.1" 200 472755 "-" "Mozilla/5.0 (compatible; BLEXBot/1.0; +https://help.seranking.com/en/blex-crawler)"
20.171.207.222 - - [23/Oct/2025:15:25:55 +0300] "GET /amp.php?products/136lo18837 HTTP/1.1" 200 461484 "-" "Mozilla/5.0 AppleWebKit/537.36 (KHTML, like Gecko; compatible; GPTBot/1.2; +https://openai.com/gptbot)"
74.91.19.178 - - [23/Oct/2025:15:25:57 +0300] "GET /wp-includes/install.php HTTP/1.1" 200 6 "https://avocor.eu/wp-includes/install.php" "Mozilla/5.0 (Windows NT 10.0; Win64; x64) AppleWebKit/537.36 (KHTML, like Gecko) Chrome/58.0.3029.110 Safari/537.3"
20.171.207.222 - - [23/Oct/2025:15:25:57 +0300] "GET /amp.php?products/291cn20820 HTTP/1.1" 200 466503 "-" "Mozilla/5.0 AppleWebKit/537.36 (KHTML, like Gecko; compatible; GPTBot/1.2; +https://openai.com/gptbot)"
144.76.19.75 - - [23/Oct/2025:15:25:58 +0300] "GET /amp.php?m056022954?srsltid=AfmBOoOMNplifUKO1tHOsE_YvnmeBBmKy_YyCa00CQ-J-pHOOp6K2I HTTP/1.1" 200 492099 "-" "Mozilla/5.0 (compatible; BLEXBot/1.0; +https://help.seranking.com/en/blex-crawler)"
20.171.207.222 - - [23/Oct/2025:15:25:59 +0300] "GET /amp.php?products/264eo26373 HTTP/1.1" 200 463134 "-" "Mozilla/5.0 AppleWebKit/537.36 (KHTML, like Gecko; compatible; GPTBot/1.2; +https://openai.com/gptbot)"
74.91.19.178 - - [23/Oct/2025:15:26:02 +0300] "GET /wp-includes/install.php HTTP/1.1" 200 6 "https://avocor.eu/wp-includes/install.php" "Mozilla/5.0 (Windows NT 10.0; Win64; x64) AppleWebKit/537.36 (KHTML, like Gecko) Chrome/58.0.3029.110 Safari/537.3"
20.171.207.222 - - [23/Oct/2025:15:26:01 +0300] "GET /amp.php?products/164zs47861 HTTP/1.1" 200 467865 "-" "Mozilla/5.0 AppleWebKit/537.36 (KHTML, like Gecko; compatible; GPTBot/1.2; +https://openai.com/gptbot)"
144.76.19.75 - - [23/Oct/2025:15:26:02 +0300] "GET /amp.php?m003048359?srsltid=AfmBOoSWpIbIDztQ3PAHaD_2zMBA4ZmAD_jpUHG2OH-Q-rC4OJC90F HTTP/1.1" 200 467826 "-" "Mozilla/5.0 (compatible; BLEXBot/1.0; +https://help.seranking.com/en/blex-crawler)"
20.171.207.222 - - [23/Oct/2025:15:26:03 +0300] "GET /amp.php?products/123ms40520 HTTP/1.1" 200 460546 "-" "Mozilla/5.0 AppleWebKit/537.36 (KHTML, like Gecko; compatible; GPTBot/1.2; +https://openai.com/gptbot)"
20.171.207.222 - - [23/Oct/2025:15:26:05 +0300] "GET /amp.php?products/155ps35798 HTTP/1.1" 200 472737 "-" "Mozilla/5.0 AppleWebKit/537.36 (KHTML, like Gecko; compatible; GPTBot/1.2; +https://openai.com/gptbot)"
74.91.19.178 - - [23/Oct/2025:15:26:07 +0300] "GET /wp-includes/install.php HTTP/1.1" 200 6 "https://avocor.eu/wp-includes/install.php" "Mozilla/5.0 (Windows NT 10.0; Win64; x64) AppleWebKit/537.36 (KHTML, like Gecko) Chrome/58.0.3029.110 Safari/537.3"
144.76.19.75 - - [23/Oct/2025:15:26:07 +0300] "GET /amp.php?m056022958?srsltid=AfmBOoGuqQwsPlZspHOOp6_gQQdyfVPrC_ppz6Jmnj-S-oyWxkAUMb HTTP/1.1" 200 467171 "-" "Mozilla/5.0 (compatible; BLEXBot/1.0; +https://help.seranking.com/en/blex-crawler)"
74.91.19.178 - - [23/Oct/2025:15:26:08 +0300] "GET /wp-includes/install.php HTTP/1.1" 200 6 "https://avocor.eu/wp-includes/install.php" "Mozilla/5.0 (Windows NT 10.0; Win64; x64) AppleWebKit/537.36 (KHTML, like Gecko) Chrome/58.0.3029.110 Safari/537.3"
20.171.207.222 - - [23/Oct/2025:15:26:07 +0300] "GET /amp.php?products/100es18853 HTTP/1.1" 200 464505 "-" "Mozilla/5.0 AppleWebKit/537.36 (KHTML, like Gecko; compatible; GPTBot/1.2; +https://openai.com/gptbot)"
74.91.19.178 - - [23/Oct/2025:15:24:43 +0300] "GET /wp-includes/install.php HTTP/1.1" 200 - "https://avocor.eu/wp-includes/install.php" "Mozilla/5.0 (Windows NT 10.0; Win64; x64) AppleWebKit/537.36 (KHTML, like Gecko) Chrome/58.0.3029.110 Safari/537.3"
20.171.207.222 - - [23/Oct/2025:15:26:09 +0300] "GET /amp.php?products/145kk22114 HTTP/1.1" 200 461019 "-" "Mozilla/5.0 AppleWebKit/537.36 (KHTML, like Gecko; compatible; GPTBot/1.2; +https://openai.com/gptbot)"
144.76.19.75 - - [23/Oct/2025:15:26:11 +0300] "GET /amp.php?m003048361?srsltid=AfmBOoEdQAhYjnwJjpUHG2_2J8Cz18AyN_rC4OJC90-F-mI0Ky2Zm5 HTTP/1.1" 200 463412 "-" "Mozilla/5.0 (compatible; BLEXBot/1.0; +https://help.seranking.com/en/blex-crawler)"
20.171.207.222 - - [23/Oct/2025:15:26:11 +0300] "GET /amp.php?products/291do20452 HTTP/1.1" 200 461523 "-" "Mozilla/5.0 AppleWebKit/537.36 (KHTML, like Gecko; compatible; GPTBot/1.2; +https://openai.com/gptbot)"
20.171.207.222 - - [23/Oct/2025:15:26:13 +0300] "GET /amp.php?products/136ce18853 HTTP/1.1" 200 461759 "-" "Mozilla/5.0 AppleWebKit/537.36 (KHTML, like Gecko; compatible; GPTBot/1.2; +https://openai.com/gptbot)"
74.91.19.178 - - [23/Oct/2025:15:26:15 +0300] "GET /wp-includes/install.php HTTP/1.1" 200 6 "https://avocor.eu/wp-includes/install.php" "Mozilla/5.0 (Windows NT 10.0; Win64; x64) AppleWebKit/537.36 (KHTML, like Gecko) Chrome/58.0.3029.110 Safari/537.3"
144.76.19.75 - - [23/Oct/2025:15:26:15 +0300] "GET /amp.php?m056022962?srsltid=AfmBOoKZlZzhzHkgoyWxkA_DAGJRryvrM_nu9JzMKz-Y-ZKzr6zczU HTTP/1.1" 200 471945 "-" "Mozilla/5.0 (compatible; BLEXBot/1.0; +https://help.seranking.com/en/blex-crawler)"
20.171.207.222 - - [23/Oct/2025:15:26:15 +0300] "GET /amp.php?products/60df39991 HTTP/1.1" 200 464627 "-" "Mozilla/5.0 AppleWebKit/537.36 (KHTML, like Gecko; compatible; GPTBot/1.2; +https://openai.com/gptbot)"
20.171.207.222 - - [23/Oct/2025:15:26:17 +0300] "GET /amp.php?products/123ee40666 HTTP/1.1" 200 465505 "-" "Mozilla/5.0 AppleWebKit/537.36 (KHTML, like Gecko; compatible; GPTBot/1.2; +https://openai.com/gptbot)"
20.171.207.222 - - [23/Oct/2025:15:26:19 +0300] "GET /amp.php?products/181zo11578 HTTP/1.1" 200 460893 "-" "Mozilla/5.0 AppleWebKit/537.36 (KHTML, like Gecko; compatible; GPTBot/1.2; +https://openai.com/gptbot)"
144.76.19.75 - - [23/Oct/2025:15:26:19 +0300] "GET /amp.php?m003048365?srsltid=AfmBOoUAWrvPShLEmI0Ky2_8okhlmsbIs_x850MNQc-H-aVbJZfJAp HTTP/1.1" 200 466393 "-" "Mozilla/5.0 (compatible; BLEXBot/1.0; +https://help.seranking.com/en/blex-crawler)"
20.171.207.222 - - [23/Oct/2025:15:26:21 +0300] "GET /amp.php?products/155sr34898 HTTP/1.1" 200 464149 "-" "Mozilla/5.0 AppleWebKit/537.36 (KHTML, like Gecko; compatible; GPTBot/1.2; +https://openai.com/gptbot)"
74.91.19.178 - - [23/Oct/2025:15:26:22 +0300] "GET /wp-includes/install.php HTTP/1.1" 200 6 "https://avocor.eu/wp-includes/install.php" "Mozilla/5.0 (Windows NT 10.0; Win64; x64) AppleWebKit/537.36 (KHTML, like Gecko) Chrome/58.0.3029.110 Safari/537.3"
74.91.19.178 - - [23/Oct/2025:15:26:23 +0300] "GET /wp-includes/install.php HTTP/1.1" 200 6 "https://avocor.eu/wp-includes/install.php" "Mozilla/5.0 (Windows NT 10.0; Win64; x64) AppleWebKit/537.36 (KHTML, like Gecko) Chrome/58.0.3029.110 Safari/537.3"
20.171.207.222 - - [23/Oct/2025:15:26:22 +0300] "GET /amp.php?products/291qo396 HTTP/1.1" 200 466524 "-" "Mozilla/5.0 AppleWebKit/537.36 (KHTML, like Gecko; compatible; GPTBot/1.2; +https://openai.com/gptbot)"
144.76.19.75 - - [23/Oct/2025:15:26:23 +0300] "GET /amp.php?m056022974?srsltid=AfmBOouBFailuzAO0EsDOW_dXPMnObKXD_mrvtDU2m-Z-ctkfU5Znx HTTP/1.1" 200 467681 "-" "Mozilla/5.0 (compatible; BLEXBot/1.0; +https://help.seranking.com/en/blex-crawler)"
20.171.207.222 - - [23/Oct/2025:15:26:24 +0300] "GET /amp.php?products/196qp12157 HTTP/1.1" 200 469974 "-" "Mozilla/5.0 AppleWebKit/537.36 (KHTML, like Gecko; compatible; GPTBot/1.2; +https://openai.com/gptbot)"
74.91.19.178 - - [23/Oct/2025:15:26:26 +0300] "GET /wp-includes/install.php HTTP/1.1" 200 6 "https://avocor.eu/wp-includes/install.php" "Mozilla/5.0 (Windows NT 10.0; Win64; x64) AppleWebKit/537.36 (KHTML, like Gecko) Chrome/58.0.3029.110 Safari/537.3"
20.171.207.222 - - [23/Oct/2025:15:26:26 +0300] "GET /amp.php?products/218op18707 HTTP/1.1" 200 466138 "-" "Mozilla/5.0 AppleWebKit/537.36 (KHTML, like Gecko; compatible; GPTBot/1.2; +https://openai.com/gptbot)"
144.76.19.75 - - [23/Oct/2025:15:26:28 +0300] "GET /amp.php?m003048367?srsltid=AfmBOoZysFysBWhzx850MN_gNWvTVDTm3_aVbJZfJA-Z-zdkWdyr3h HTTP/1.1" 200 473819 "-" "Mozilla/5.0 (compatible; BLEXBot/1.0; +https://help.seranking.com/en/blex-crawler)"
20.171.207.222 - - [23/Oct/2025:15:26:28 +0300] "GET /amp.php?products/285pf12168 HTTP/1.1" 200 465036 "-" "Mozilla/5.0 AppleWebKit/537.36 (KHTML, like Gecko; compatible; GPTBot/1.2; +https://openai.com/gptbot)"
74.91.19.178 - - [23/Oct/2025:15:26:30 +0300] "GET /wp-includes/install.php HTTP/1.1" 200 6 "https://avocor.eu/wp-includes/install.php" "Mozilla/5.0 (Windows NT 10.0; Win64; x64) AppleWebKit/537.36 (KHTML, like Gecko) Chrome/58.0.3029.110 Safari/537.3"
20.171.207.222 - - [23/Oct/2025:15:26:30 +0300] "GET /amp.php?products/278dh45441 HTTP/1.1" 200 470155 "-" "Mozilla/5.0 AppleWebKit/537.36 (KHTML, like Gecko; compatible; GPTBot/1.2; +https://openai.com/gptbot)"
20.171.207.222 - - [23/Oct/2025:15:26:32 +0300] "GET /amp.php?products/123ma40734 HTTP/1.1" 200 463968 "-" "Mozilla/5.0 AppleWebKit/537.36 (KHTML, like Gecko; compatible; GPTBot/1.2; +https://openai.com/gptbot)"
144.76.19.75 - - [23/Oct/2025:15:26:32 +0300] "GET /amp.php?m056022988?srsltid=AfmBOosoSpXtPsKcwNi5bq_ZT086qSlcn_DMCsrcgN-O-v6bnIlNkM HTTP/1.1" 200 465994 "-" "Mozilla/5.0 (compatible; BLEXBot/1.0; +https://help.seranking.com/en/blex-crawler)"
74.91.19.178 - - [23/Oct/2025:15:26:34 +0300] "GET /wp-includes/install.php HTTP/1.1" 200 6 "https://avocor.eu/wp-includes/install.php" "Mozilla/5.0 (Windows NT 10.0; Win64; x64) AppleWebKit/537.36 (KHTML, like Gecko) Chrome/58.0.3029.110 Safari/537.3"
20.171.207.222 - - [23/Oct/2025:15:26:34 +0300] "GET /amp.php?products/164xp1697 HTTP/1.1" 200 463963 "-" "Mozilla/5.0 AppleWebKit/537.36 (KHTML, like Gecko; compatible; GPTBot/1.2; +https://openai.com/gptbot)"
20.171.207.222 - - [23/Oct/2025:15:26:36 +0300] "GET /amp.php?products/181cr11756 HTTP/1.1" 200 460417 "-" "Mozilla/5.0 AppleWebKit/537.36 (KHTML, like Gecko; compatible; GPTBot/1.2; +https://openai.com/gptbot)"
144.76.19.75 - - [23/Oct/2025:15:26:36 +0300] "GET /amp.php?m003048369?srsltid=AfmBOovptOnmXofMaVbJZf_Vvg5TgczBM_zdkWdyr3-P-KsHphUJwR HTTP/1.1" 200 462527 "-" "Mozilla/5.0 (compatible; BLEXBot/1.0; +https://help.seranking.com/en/blex-crawler)"
20.171.207.222 - - [23/Oct/2025:15:26:38 +0300] "GET /amp.php?products/129at23144 HTTP/1.1" 200 462304 "-" "Mozilla/5.0 AppleWebKit/537.36 (KHTML, like Gecko; compatible; GPTBot/1.2; +https://openai.com/gptbot)"
74.91.19.178 - - [23/Oct/2025:15:26:40 +0300] "GET /wp-includes/install.php HTTP/1.1" 200 6 "https://avocor.eu/wp-includes/install.php" "Mozilla/5.0 (Windows NT 10.0; Win64; x64) AppleWebKit/537.36 (KHTML, like Gecko) Chrome/58.0.3029.110 Safari/537.3"
20.171.207.222 - - [23/Oct/2025:15:26:40 +0300] "GET /amp.php?products/196tz12971 HTTP/1.1" 200 469704 "-" "Mozilla/5.0 AppleWebKit/537.36 (KHTML, like Gecko; compatible; GPTBot/1.2; +https://openai.com/gptbot)"
74.91.19.178 - - [23/Oct/2025:15:26:42 +0300] "GET /wp-includes/install.php HTTP/1.1" 200 6 "https://avocor.eu/wp-includes/install.php" "Mozilla/5.0 (Windows NT 10.0; Win64; x64) AppleWebKit/537.36 (KHTML, like Gecko) Chrome/58.0.3029.110 Safari/537.3"
144.76.19.75 - - [23/Oct/2025:15:26:41 +0300] "GET /amp.php?m056022990?srsltid=AfmBOosqMjyEtPmXDMCsrc_aRyxlYNeCz_v6bnIlNk-K-sAqwma5BP HTTP/1.1" 200 497757 "-" "Mozilla/5.0 (compatible; BLEXBot/1.0; +https://help.seranking.com/en/blex-crawler)"
20.171.207.222 - - [23/Oct/2025:15:26:41 +0300] "GET /amp.php?products/243ia30124 HTTP/1.1" 200 462528 "-" "Mozilla/5.0 AppleWebKit/537.36 (KHTML, like Gecko; compatible; GPTBot/1.2; +https://openai.com/gptbot)"
20.171.207.222 - - [23/Oct/2025:15:26:43 +0300] "GET /amp.php?products/228ic15829 HTTP/1.1" 200 463781 "-" "Mozilla/5.0 AppleWebKit/537.36 (KHTML, like Gecko; compatible; GPTBot/1.2; +https://openai.com/gptbot)"
74.91.19.178 - - [23/Oct/2025:15:26:46 +0300] "GET /wp-includes/install.php HTTP/1.1" 200 6 "https://avocor.eu/wp-includes/install.php" "Mozilla/5.0 (Windows NT 10.0; Win64; x64) AppleWebKit/537.36 (KHTML, like Gecko) Chrome/58.0.3029.110 Safari/537.3"
144.76.19.75 - - [23/Oct/2025:15:26:45 +0300] "GET /amp.php?m003048371?srsltid=AfmBOoFKnRHlkfrUzdkWdy_pfsptlIGhK_KsHphUJw-H-gwbqL9Ogt HTTP/1.1" 200 464999 "-" "Mozilla/5.0 (compatible; BLEXBot/1.0; +https://help.seranking.com/en/blex-crawler)"
20.171.207.222 - - [23/Oct/2025:15:26:45 +0300] "GET /amp.php?products/252fu12621 HTTP/1.1" 200 465879 "-" "Mozilla/5.0 AppleWebKit/537.36 (KHTML, like Gecko; compatible; GPTBot/1.2; +https://openai.com/gptbot)"
74.91.19.178 - - [23/Oct/2025:15:26:46 +0300] "GET /wp-includes/install.php HTTP/1.1" 200 6 "https://avocor.eu/wp-includes/install.php" "Mozilla/5.0 (Windows NT 10.0; Win64; x64) AppleWebKit/537.36 (KHTML, like Gecko) Chrome/58.0.3029.110 Safari/537.3"
20.171.207.222 - - [23/Oct/2025:15:26:47 +0300] "GET /amp.php?products/263mh11208 HTTP/1.1" 200 470360 "-" "Mozilla/5.0 AppleWebKit/537.36 (KHTML, like Gecko; compatible; GPTBot/1.2; +https://openai.com/gptbot)"
20.171.207.222 - - [23/Oct/2025:15:26:49 +0300] "GET /amp.php?products/181yr21568 HTTP/1.1" 200 463982 "-" "Mozilla/5.0 AppleWebKit/537.36 (KHTML, like Gecko; compatible; GPTBot/1.2; +https://openai.com/gptbot)"
144.76.19.75 - - [23/Oct/2025:15:26:50 +0300] "GET /amp.php?m056022992?srsltid=AfmBOoHjIQvsZHrTv6bnIl_SejKcvfFDY_sAqwma5B-E-9yfx5ti34 HTTP/1.1" 200 466164 "-" "Mozilla/5.0 (compatible; BLEXBot/1.0; +https://help.seranking.com/en/blex-crawler)"
74.91.19.178 - - [23/Oct/2025:15:26:52 +0300] "GET /wp-includes/install.php HTTP/1.1" 200 6 "https://avocor.eu/wp-includes/install.php" "Mozilla/5.0 (Windows NT 10.0; Win64; x64) AppleWebKit/537.36 (KHTML, like Gecko) Chrome/58.0.3029.110 Safari/537.3"
20.171.207.222 - - [23/Oct/2025:15:26:51 +0300] "GET /amp.php?products/166pt14765 HTTP/1.1" 200 461938 "-" "Mozilla/5.0 AppleWebKit/537.36 (KHTML, like Gecko; compatible; GPTBot/1.2; +https://openai.com/gptbot)"
74.91.19.178 - - [23/Oct/2025:15:26:53 +0300] "GET /wp-includes/install.php HTTP/1.1" 200 6 "https://avocor.eu/wp-includes/install.php" "Mozilla/5.0 (Windows NT 10.0; Win64; x64) AppleWebKit/537.36 (KHTML, like Gecko) Chrome/58.0.3029.110 Safari/537.3"
20.171.207.222 - - [23/Oct/2025:15:26:53 +0300] "GET /amp.php?products/216ka29729 HTTP/1.1" 200 461598 "-" "Mozilla/5.0 AppleWebKit/537.36 (KHTML, like Gecko; compatible; GPTBot/1.2; +https://openai.com/gptbot)"
144.76.19.75 - - [23/Oct/2025:15:26:54 +0300] "GET /amp.php?m003048373?srsltid=AfmBOoeVOFpkHcqpKsHphU_KBsodwGSBv_gwbqL9Og-T-RAlgx6UTz HTTP/1.1" 200 462414 "-" "Mozilla/5.0 (compatible; BLEXBot/1.0; +https://help.seranking.com/en/blex-crawler)"
74.91.19.178 - - [23/Oct/2025:15:26:55 +0300] "GET /wp-includes/install.php HTTP/1.1" 200 6 "https://avocor.eu/wp-includes/install.php" "Mozilla/5.0 (Windows NT 10.0; Win64; x64) AppleWebKit/537.36 (KHTML, like Gecko) Chrome/58.0.3029.110 Safari/537.3"
20.171.207.222 - - [23/Oct/2025:15:26:55 +0300] "GET /amp.php?products/181pg21566 HTTP/1.1" 200 463351 "-" "Mozilla/5.0 AppleWebKit/537.36 (KHTML, like Gecko; compatible; GPTBot/1.2; +https://openai.com/gptbot)"
20.171.207.222 - - [23/Oct/2025:15:26:57 +0300] "GET /amp.php?products/243sn30674 HTTP/1.1" 200 466032 "-" "Mozilla/5.0 AppleWebKit/537.36 (KHTML, like Gecko; compatible; GPTBot/1.2; +https://openai.com/gptbot)"
144.76.19.75 - - [23/Oct/2025:15:26:58 +0300] "GET /amp.php?m056022996?srsltid=AfmBOoiTMyQdKrzH9yfx5t_JPai2Bhb8h_epuq2gy6-X-Tnr6SZ68H HTTP/1.1" 200 470597 "-" "Mozilla/5.0 (compatible; BLEXBot/1.0; +https://help.seranking.com/en/blex-crawler)"
20.171.207.222 - - [23/Oct/2025:15:26:59 +0300] "GET /amp.php?products/138xt36223 HTTP/1.1" 200 470751 "-" "Mozilla/5.0 AppleWebKit/537.36 (KHTML, like Gecko; compatible; GPTBot/1.2; +https://openai.com/gptbot)"
20.171.207.222 - - [23/Oct/2025:15:27:01 +0300] "GET /amp.php?products/190px14403 HTTP/1.1" 200 463905 "-" "Mozilla/5.0 AppleWebKit/537.36 (KHTML, like Gecko; compatible; GPTBot/1.2; +https://openai.com/gptbot)"
144.76.19.75 - - [23/Oct/2025:15:27:03 +0300] "GET /amp.php?m003048375?srsltid=AfmBOojofEratZyIgwbqL9_kyvK7C9a3B_RAlgx6UT-G-eQCWFTZyl HTTP/1.1" 200 463365 "-" "Mozilla/5.0 (compatible; BLEXBot/1.0; +https://help.seranking.com/en/blex-crawler)"
20.171.207.222 - - [23/Oct/2025:15:27:03 +0300] "GET /amp.php?products/228pd15995 HTTP/1.1" 200 465544 "-" "Mozilla/5.0 AppleWebKit/537.36 (KHTML, like Gecko; compatible; GPTBot/1.2; +https://openai.com/gptbot)"
20.171.207.222 - - [23/Oct/2025:15:27:05 +0300] "GET /amp.php?products/263yj11102 HTTP/1.1" 200 489207 "-" "Mozilla/5.0 AppleWebKit/537.36 (KHTML, like Gecko; compatible; GPTBot/1.2; +https://openai.com/gptbot)"
20.171.207.222 - - [23/Oct/2025:15:27:07 +0300] "GET /amp.php?products/181pp21570 HTTP/1.1" 200 462625 "-" "Mozilla/5.0 AppleWebKit/537.36 (KHTML, like Gecko; compatible; GPTBot/1.2; +https://openai.com/gptbot)"
144.76.19.75 - - [23/Oct/2025:15:27:07 +0300] "GET /amp.php?m056023000?srsltid=AfmBOoZftZvNqLjuTnr6SZ_QXlgJlzyWW_QaIsa1BZ-C-t2kZ3EEU4 HTTP/1.1" 200 466299 "-" "Mozilla/5.0 (compatible; BLEXBot/1.0; +https://help.seranking.com/en/blex-crawler)"
20.171.207.222 - - [23/Oct/2025:15:27:09 +0300] "GET /amp.php?products/175oy40540 HTTP/1.1" 200 463715 "-" "Mozilla/5.0 AppleWebKit/537.36 (KHTML, like Gecko; compatible; GPTBot/1.2; +https://openai.com/gptbot)"
20.171.207.222 - - [23/Oct/2025:15:27:11 +0300] "GET /amp.php?products/122gy31183 HTTP/1.1" 200 460813 "-" "Mozilla/5.0 AppleWebKit/537.36 (KHTML, like Gecko; compatible; GPTBot/1.2; +https://openai.com/gptbot)"
144.76.19.75 - - [23/Oct/2025:15:27:11 +0300] "GET /amp.php?m003048377?srsltid=AfmBOoPiTcGOAVpfRAlgx6_FY7wNSMufb_eQCWFTZy-Q-XPvLOh7J2 HTTP/1.1" 200 463379 "-" "Mozilla/5.0 (compatible; BLEXBot/1.0; +https://help.seranking.com/en/blex-crawler)"
20.171.207.222 - - [23/Oct/2025:15:27:12 +0300] "GET /amp.php?m201000349?srsltid=AfmBOoUqBkOJuGpFJDRd8H_R6DBsNARv9_Vb0d1qHM-M-i1KNYBV6e HTTP/1.1" 200 465762 "-" "Mozilla/5.0 AppleWebKit/537.36 (KHTML, like Gecko; compatible; GPTBot/1.2; +https://openai.com/gptbot)"
74.91.19.178 - - [23/Oct/2025:15:27:14 +0300] "GET /wp-includes/install.php HTTP/1.1" 200 6 "https://avocor.eu/wp-includes/install.php" "Mozilla/5.0 (Windows NT 10.0; Win64; x64) AppleWebKit/537.36 (KHTML, like Gecko) Chrome/58.0.3029.110 Safari/537.3"
20.171.207.222 - - [23/Oct/2025:15:27:14 +0300] "GET /amp.php?products/111fl41960 HTTP/1.1" 200 462949 "-" "Mozilla/5.0 AppleWebKit/537.36 (KHTML, like Gecko; compatible; GPTBot/1.2; +https://openai.com/gptbot)"
144.76.19.75 - - [23/Oct/2025:15:27:15 +0300] "GET /amp.php?m056023004?srsltid=AfmBOoBrzmmnTmnpt2kZ3E_qkGgmmvHIe_825ssnya-C-WkkMJCLZg HTTP/1.1" 200 467004 "-" "Mozilla/5.0 (compatible; BLEXBot/1.0; +https://help.seranking.com/en/blex-crawler)"
20.171.207.222 - - [23/Oct/2025:15:27:16 +0300] "GET /amp.php?m228016158?srsltid=AfmBOokdCGYDFZCQXTti0H_ZviMtQnAst_S924KamY-Z-Yka3fdk60 HTTP/1.1" 200 466503 "-" "Mozilla/5.0 AppleWebKit/537.36 (KHTML, like Gecko; compatible; GPTBot/1.2; +https://openai.com/gptbot)"
74.91.19.178 - - [23/Oct/2025:15:27:19 +0300] "GET /wp-includes/install.php HTTP/1.1" 200 6 "https://avocor.eu/wp-includes/install.php" "Mozilla/5.0 (Windows NT 10.0; Win64; x64) AppleWebKit/537.36 (KHTML, like Gecko) Chrome/58.0.3029.110 Safari/537.3"
20.171.207.222 - - [23/Oct/2025:15:27:18 +0300] "GET /amp.php?products/228ti16155 HTTP/1.1" 200 475213 "-" "Mozilla/5.0 AppleWebKit/537.36 (KHTML, like Gecko; compatible; GPTBot/1.2; +https://openai.com/gptbot)"
144.76.19.75 - - [23/Oct/2025:15:27:20 +0300] "GET /amp.php?m003048379?srsltid=AfmBOoQkOMeMvKXheQCWFT_qL6YZhx1qV_XPvLOh7J-Z-jokl6dcaU HTTP/1.1" 200 463613 "-" "Mozilla/5.0 (compatible; BLEXBot/1.0; +https://help.seranking.com/en/blex-crawler)"
20.171.207.222 - - [23/Oct/2025:15:27:20 +0300] "GET /amp.php?products/142yv24311 HTTP/1.1" 200 470813 "-" "Mozilla/5.0 AppleWebKit/537.36 (KHTML, like Gecko; compatible; GPTBot/1.2; +https://openai.com/gptbot)"
20.171.207.222 - - [23/Oct/2025:15:27:22 +0300] "GET /amp.php?products/198mo30363 HTTP/1.1" 200 463151 "-" "Mozilla/5.0 AppleWebKit/537.36 (KHTML, like Gecko; compatible; GPTBot/1.2; +https://openai.com/gptbot)"
144.76.19.75 - - [23/Oct/2025:15:27:24 +0300] "GET /amp.php?m056023010?srsltid=AfmBOoYQXvUqzucW8NUGJD_CNwuUMY5rv_rKVh732w-W-goAkf8d1o HTTP/1.1" 200 473532 "-" "Mozilla/5.0 (compatible; BLEXBot/1.0; +https://help.seranking.com/en/blex-crawler)"
20.171.207.222 - - [23/Oct/2025:15:27:25 +0300] "GET /amp.php?products/197ip49484 HTTP/1.1" 200 472675 "-" "Mozilla/5.0 AppleWebKit/537.36 (KHTML, like Gecko; compatible; GPTBot/1.2; +https://openai.com/gptbot)"
74.91.19.178 - - [23/Oct/2025:15:27:26 +0300] "GET /wp-includes/install.php HTTP/1.1" 200 6 "https://avocor.eu/wp-includes/install.php" "Mozilla/5.0 (Windows NT 10.0; Win64; x64) AppleWebKit/537.36 (KHTML, like Gecko) Chrome/58.0.3029.110 Safari/537.3"
20.171.207.222 - - [23/Oct/2025:15:27:27 +0300] "GET /amp.php?products/295sl39656 HTTP/1.1" 200 463796 "-" "Mozilla/5.0 AppleWebKit/537.36 (KHTML, like Gecko; compatible; GPTBot/1.2; +https://openai.com/gptbot)"
144.76.19.75 - - [23/Oct/2025:15:27:28 +0300] "GET /amp.php?m003048381?srsltid=AfmBOoXKHGEKFPcWXPvLOh_jNGRqKCF3D_jokl6dca-Z-YB7qT20Od HTTP/1.1" 200 465070 "-" "Mozilla/5.0 (compatible; BLEXBot/1.0; +https://help.seranking.com/en/blex-crawler)"
20.171.207.222 - - [23/Oct/2025:15:27:29 +0300] "GET /amp.php?products/275kp24456 HTTP/1.1" 200 464892 "-" "Mozilla/5.0 AppleWebKit/537.36 (KHTML, like Gecko; compatible; GPTBot/1.2; +https://openai.com/gptbot)"
74.91.19.178 - - [23/Oct/2025:15:27:30 +0300] "GET /wp-includes/install.php HTTP/1.1" 200 6 "https://avocor.eu/wp-includes/install.php" "Mozilla/5.0 (Windows NT 10.0; Win64; x64) AppleWebKit/537.36 (KHTML, like Gecko) Chrome/58.0.3029.110 Safari/537.3"
20.171.207.222 - - [23/Oct/2025:15:27:30 +0300] "GET /amp.php?products/220ua25955 HTTP/1.1" 200 463010 "-" "Mozilla/5.0 AppleWebKit/537.36 (KHTML, like Gecko; compatible; GPTBot/1.2; +https://openai.com/gptbot)"
20.171.207.222 - - [23/Oct/2025:15:27:32 +0300] "GET /amp.php?products/142hu24123 HTTP/1.1" 200 464126 "-" "Mozilla/5.0 AppleWebKit/537.36 (KHTML, like Gecko; compatible; GPTBot/1.2; +https://openai.com/gptbot)"
144.76.19.75 - - [23/Oct/2025:15:27:33 +0300] "GET /amp.php?m056023012?srsltid=AfmBOoKpCyBixIpDrKVh73_2uDeH7pkrD_goAkf8d1-K-uNeMk3lb5 HTTP/1.1" 200 468386 "-" "Mozilla/5.0 (compatible; BLEXBot/1.0; +https://help.seranking.com/en/blex-crawler)"
20.171.207.222 - - [23/Oct/2025:15:27:34 +0300] "GET /amp.php?products/142zh24129 HTTP/1.1" 200 477015 "-" "Mozilla/5.0 AppleWebKit/537.36 (KHTML, like Gecko; compatible; GPTBot/1.2; +https://openai.com/gptbot)"
74.91.19.178 - - [23/Oct/2025:15:27:35 +0300] "GET /wp-includes/install.php HTTP/1.1" 200 6 "https://avocor.eu/wp-includes/install.php" "Mozilla/5.0 (Windows NT 10.0; Win64; x64) AppleWebKit/537.36 (KHTML, like Gecko) Chrome/58.0.3029.110 Safari/537.3"
74.91.19.178 - - [23/Oct/2025:15:27:35 +0300] "GET /wp-includes/install.php HTTP/1.1" 200 6 "https://avocor.eu/wp-includes/install.php" "Mozilla/5.0 (Windows NT 10.0; Win64; x64) AppleWebKit/537.36 (KHTML, like Gecko) Chrome/58.0.3029.110 Safari/537.3"
74.91.19.178 - - [23/Oct/2025:15:27:36 +0300] "GET /wp-includes/install.php HTTP/1.1" 200 6 "https://avocor.eu/wp-includes/install.php" "Mozilla/5.0 (Windows NT 10.0; Win64; x64) AppleWebKit/537.36 (KHTML, like Gecko) Chrome/58.0.3029.110 Safari/537.3"
20.171.207.222 - - [23/Oct/2025:15:27:36 +0300] "GET /amp.php?products/198do30063 HTTP/1.1" 200 463363 "-" "Mozilla/5.0 AppleWebKit/537.36 (KHTML, like Gecko; compatible; GPTBot/1.2; +https://openai.com/gptbot)"
74.91.19.178 - - [23/Oct/2025:15:26:10 +0300] "GET /wp-includes/install.php HTTP/1.1" 200 - "https://avocor.eu/wp-includes/install.php" "Mozilla/5.0 (Windows NT 10.0; Win64; x64) AppleWebKit/537.36 (KHTML, like Gecko) Chrome/58.0.3029.110 Safari/537.3"
144.76.19.75 - - [23/Oct/2025:15:27:37 +0300] "GET /amp.php?m003048383?srsltid=AfmBOoUbQWnljLtNjokl6d_mECwg3TsPt_YB7qT20O-R-YnEVUdtrw HTTP/1.1" 200 465186 "-" "Mozilla/5.0 (compatible; BLEXBot/1.0; +https://help.seranking.com/en/blex-crawler)"
20.171.207.222 - - [23/Oct/2025:15:27:38 +0300] "GET /amp.php?products/228tl15781 HTTP/1.1" 200 471433 "-" "Mozilla/5.0 AppleWebKit/537.36 (KHTML, like Gecko; compatible; GPTBot/1.2; +https://openai.com/gptbot)"
20.171.207.222 - - [23/Oct/2025:15:27:40 +0300] "GET /amp.php?products/228tr15779 HTTP/1.1" 200 474486 "-" "Mozilla/5.0 AppleWebKit/537.36 (KHTML, like Gecko; compatible; GPTBot/1.2; +https://openai.com/gptbot)"
144.76.19.75 - - [23/Oct/2025:15:27:41 +0300] "GET /amp.php?m056023014?srsltid=AfmBOokMpRZwcWKigoAkf8_C2ODeBqCZs_uNeMk3lb-A-YasT9euar HTTP/1.1" 200 471712 "-" "Mozilla/5.0 (compatible; BLEXBot/1.0; +https://help.seranking.com/en/blex-crawler)"
20.171.207.222 - - [23/Oct/2025:15:27:42 +0300] "GET /amp.php?products/197ol49476 HTTP/1.1" 200 464491 "-" "Mozilla/5.0 AppleWebKit/537.36 (KHTML, like Gecko; compatible; GPTBot/1.2; +https://openai.com/gptbot)"
20.171.207.222 - - [23/Oct/2025:15:27:43 +0300] "GET /amp.php?products/161pm33718 HTTP/1.1" 200 464831 "-" "Mozilla/5.0 AppleWebKit/537.36 (KHTML, like Gecko; compatible; GPTBot/1.2; +https://openai.com/gptbot)"
20.171.207.222 - - [23/Oct/2025:15:27:45 +0300] "GET /amp.php?products/168td47817 HTTP/1.1" 200 470018 "-" "Mozilla/5.0 AppleWebKit/537.36 (KHTML, like Gecko; compatible; GPTBot/1.2; +https://openai.com/gptbot)"
144.76.19.75 - - [23/Oct/2025:15:27:45 +0300] "GET /amp.php?m003048385?srsltid=AfmBOoTgpzqiAEpUYB7qT2_gSh8YsqcUy_YnEVUdtr-T-F5AfcNWWR HTTP/1.1" 200 462730 "-" "Mozilla/5.0 (compatible; BLEXBot/1.0; +https://help.seranking.com/en/blex-crawler)"
20.171.207.222 - - [23/Oct/2025:15:27:47 +0300] "GET /amp.php?m087025593?srsltid=AfmBOoNdDgxRniAAkidsDm_TMFV2bHshm_EbKH2BYU-H-Mve1UHpCt HTTP/1.1" 200 476015 "-" "Mozilla/5.0 AppleWebKit/537.36 (KHTML, like Gecko; compatible; GPTBot/1.2; +https://openai.com/gptbot)"
20.171.207.222 - - [23/Oct/2025:15:27:49 +0300] "GET /amp.php?products/144nd43327 HTTP/1.1" 200 461799 "-" "Mozilla/5.0 AppleWebKit/537.36 (KHTML, like Gecko; compatible; GPTBot/1.2; +https://openai.com/gptbot)"
144.76.19.75 - - [23/Oct/2025:15:27:50 +0300] "GET /amp.php?m056023016?srsltid=AfmBOoSvhKnlSAtduNeMk3_kXLpFU8SLz_YasT9eua-I-GngCqyxHR HTTP/1.1" 200 468212 "-" "Mozilla/5.0 (compatible; BLEXBot/1.0; +https://help.seranking.com/en/blex-crawler)"
20.171.207.222 - - [23/Oct/2025:15:27:51 +0300] "GET /amp.php?products/142sl24725 HTTP/1.1" 200 465435 "-" "Mozilla/5.0 AppleWebKit/537.36 (KHTML, like Gecko; compatible; GPTBot/1.2; +https://openai.com/gptbot)"
74.91.19.178 - - [23/Oct/2025:15:27:53 +0300] "GET /wp-includes/install.php HTTP/1.1" 200 6 "https://avocor.eu/wp-includes/install.php" "Mozilla/5.0 (Windows NT 10.0; Win64; x64) AppleWebKit/537.36 (KHTML, like Gecko) Chrome/58.0.3029.110 Safari/537.3"
20.171.207.222 - - [23/Oct/2025:15:27:53 +0300] "GET /amp.php?products/142bc24717 HTTP/1.1" 200 463682 "-" "Mozilla/5.0 AppleWebKit/537.36 (KHTML, like Gecko; compatible; GPTBot/1.2; +https://openai.com/gptbot)"
144.76.19.75 - - [23/Oct/2025:15:27:54 +0300] "GET /amp.php?m003048387?srsltid=AfmBOoKbRVYMJdSnYnEVUd_4wtbr3n22R_F5AfcNWW-P-9cGobbjzV HTTP/1.1" 200 463610 "-" "Mozilla/5.0 (compatible; BLEXBot/1.0; +https://help.seranking.com/en/blex-crawler)"
20.171.207.222 - - [23/Oct/2025:15:27:54 +0300] "GET /amp.php?products/142ng24125 HTTP/1.1" 200 464204 "-" "Mozilla/5.0 AppleWebKit/537.36 (KHTML, like Gecko; compatible; GPTBot/1.2; +https://openai.com/gptbot)"
74.91.19.178 - - [23/Oct/2025:15:27:56 +0300] "GET /wp-includes/install.php HTTP/1.1" 200 6 "https://avocor.eu/wp-includes/install.php" "Mozilla/5.0 (Windows NT 10.0; Win64; x64) AppleWebKit/537.36 (KHTML, like Gecko) Chrome/58.0.3029.110 Safari/537.3"
20.171.207.222 - - [23/Oct/2025:15:27:56 +0300] "GET /amp.php?products/167dt22322 HTTP/1.1" 200 492620 "-" "Mozilla/5.0 AppleWebKit/537.36 (KHTML, like Gecko; compatible; GPTBot/1.2; +https://openai.com/gptbot)"
74.91.19.178 - - [23/Oct/2025:15:27:58 +0300] "GET /wp-includes/install.php HTTP/1.1" 200 6 "https://avocor.eu/wp-includes/install.php" "Mozilla/5.0 (Windows NT 10.0; Win64; x64) AppleWebKit/537.36 (KHTML, like Gecko) Chrome/58.0.3029.110 Safari/537.3"
20.171.207.222 - - [23/Oct/2025:15:27:58 +0300] "GET /amp.php?m192002682?srsltid=AfmBOozKtwuPBrdrdZzseU_asJXfBaw9N_XeFiKvm0-F-lhoYuf4pI HTTP/1.1" 200 481181 "-" "Mozilla/5.0 AppleWebKit/537.36 (KHTML, like Gecko; compatible; GPTBot/1.2; +https://openai.com/gptbot)"
144.76.19.75 - - [23/Oct/2025:15:27:59 +0300] "GET /amp.php?m056023020?srsltid=AfmBOoJQlzKVRLjeGngCqy_yIY5j4ubhK_o95r3vks-S-V5kiYBgyd HTTP/1.1" 200 468144 "-" "Mozilla/5.0 (compatible; BLEXBot/1.0; +https://help.seranking.com/en/blex-crawler)"
74.91.19.178 - - [23/Oct/2025:15:28:00 +0300] "GET /wp-includes/install.php HTTP/1.1" 200 6 "https://avocor.eu/wp-includes/install.php" "Mozilla/5.0 (Windows NT 10.0; Win64; x64) AppleWebKit/537.36 (KHTML, like Gecko) Chrome/58.0.3029.110 Safari/537.3"
20.171.207.222 - - [23/Oct/2025:15:28:00 +0300] "GET /amp.php?products/272zs37021 HTTP/1.1" 200 467291 "-" "Mozilla/5.0 AppleWebKit/537.36 (KHTML, like Gecko; compatible; GPTBot/1.2; +https://openai.com/gptbot)"
74.91.19.178 - - [23/Oct/2025:15:28:01 +0300] "GET /wp-includes/install.php HTTP/1.1" 200 6 "https://avocor.eu/wp-includes/install.php" "Mozilla/5.0 (Windows NT 10.0; Win64; x64) AppleWebKit/537.36 (KHTML, like Gecko) Chrome/58.0.3029.110 Safari/537.3"
74.91.19.178 - - [23/Oct/2025:15:28:02 +0300] "GET /wp-includes/install.php HTTP/1.1" 200 6 "https://avocor.eu/wp-includes/install.php" "Mozilla/5.0 (Windows NT 10.0; Win64; x64) AppleWebKit/537.36 (KHTML, like Gecko) Chrome/58.0.3029.110 Safari/537.3"
20.171.207.222 - - [23/Oct/2025:15:28:02 +0300] "GET /amp.php?products/144ib43409 HTTP/1.1" 200 465282 "-" "Mozilla/5.0 AppleWebKit/537.36 (KHTML, like Gecko; compatible; GPTBot/1.2; +https://openai.com/gptbot)"
144.76.19.75 - - [23/Oct/2025:15:28:03 +0300] "GET /amp.php?m003048389?srsltid=AfmBOohckWKaxHTWF5AfcN_9UtmABBj1R_9cGobbjz-Q-ri66WXazj HTTP/1.1" 200 464719 "-" "Mozilla/5.0 (compatible; BLEXBot/1.0; +https://help.seranking.com/en/blex-crawler)"
20.171.207.222 - - [23/Oct/2025:15:28:04 +0300] "GET /amp.php?products/232ad38717 HTTP/1.1" 200 466674 "-" "Mozilla/5.0 AppleWebKit/537.36 (KHTML, like Gecko; compatible; GPTBot/1.2; +https://openai.com/gptbot)"
20.171.207.222 - - [23/Oct/2025:15:28:06 +0300] "GET /amp.php?products/142uv24051 HTTP/1.1" 200 463799 "-" "Mozilla/5.0 AppleWebKit/537.36 (KHTML, like Gecko; compatible; GPTBot/1.2; +https://openai.com/gptbot)"
144.76.19.75 - - [23/Oct/2025:15:28:07 +0300] "GET /amp.php?m056023024?srsltid=AfmBOohJCuIYfWcjV5kiYB_St4kYTAow6_MRk1mh49-X-ryOPocQGR HTTP/1.1" 200 464069 "-" "Mozilla/5.0 (compatible; BLEXBot/1.0; +https://help.seranking.com/en/blex-crawler)"
66.249.72.235 - - [23/Oct/2025:15:28:07 +0300] "GET /tradition/provoke78/nmwnw-11898/ HTTP/1.1" 200 561688 "-" "Mozilla/5.0 (Linux; Android 6.0.1; Nexus 5X Build/MMB29P) AppleWebKit/537.36 (KHTML, like Gecko) Chrome/141.0.7390.107 Mobile Safari/537.36 (compatible; GoogleOther)"
20.171.207.222 - - [23/Oct/2025:15:28:08 +0300] "GET /amp.php?products/142je24127 HTTP/1.1" 200 461911 "-" "Mozilla/5.0 AppleWebKit/537.36 (KHTML, like Gecko; compatible; GPTBot/1.2; +https://openai.com/gptbot)"
74.91.19.178 - - [23/Oct/2025:15:28:10 +0300] "GET /wp-includes/install.php HTTP/1.1" 200 6 "https://avocor.eu/wp-includes/install.php" "Mozilla/5.0 (Windows NT 10.0; Win64; x64) AppleWebKit/537.36 (KHTML, like Gecko) Chrome/58.0.3029.110 Safari/537.3"
20.171.207.222 - - [23/Oct/2025:15:28:10 +0300] "GET /amp.php?products/142om24249 HTTP/1.1" 200 462546 "-" "Mozilla/5.0 AppleWebKit/537.36 (KHTML, like Gecko; compatible; GPTBot/1.2; +https://openai.com/gptbot)"
144.76.19.75 - - [23/Oct/2025:15:28:11 +0300] "GET /amp.php?m003048391?srsltid=AfmBOoZaLVEchvjt9cGobb_6U7ccu2JxR_ri66WXaz-C-KKXEIt5FL HTTP/1.1" 200 464797 "-" "Mozilla/5.0 (compatible; BLEXBot/1.0; +https://help.seranking.com/en/blex-crawler)"
74.91.19.178 - - [23/Oct/2025:15:28:12 +0300] "GET /wp-includes/install.php HTTP/1.1" 200 6 "https://avocor.eu/wp-includes/install.php" "Mozilla/5.0 (Windows NT 10.0; Win64; x64) AppleWebKit/537.36 (KHTML, like Gecko) Chrome/58.0.3029.110 Safari/537.3"
20.171.207.222 - - [23/Oct/2025:15:28:13 +0300] "GET /amp.php?products/228pb42755 HTTP/1.1" 200 462915 "-" "Mozilla/5.0 AppleWebKit/537.36 (KHTML, like Gecko; compatible; GPTBot/1.2; +https://openai.com/gptbot)"
77.75.76.170 - - [23/Oct/2025:15:28:14 +0300] "GET /068011829.htm HTTP/1.1" 200 - "-" "Mozilla/5.0 (compatible; SeznamBot/4.0; +https://o-seznam.cz/napoveda/vyhledavani/en/seznambot-crawler/)"
20.171.207.222 - - [23/Oct/2025:15:28:14 +0300] "GET /amp.php?products/142tg24245 HTTP/1.1" 200 465307 "-" "Mozilla/5.0 AppleWebKit/537.36 (KHTML, like Gecko; compatible; GPTBot/1.2; +https://openai.com/gptbot)"
77.75.76.170 - - [23/Oct/2025:15:28:16 +0300] "GET /q-~63ClPUZNaAi8pzIiazTNYDgIZLzgDXvz37312/ HTTP/1.1" 200 - "-" "Mozilla/5.0 (compatible; SeznamBot/4.0; +https://o-seznam.cz/napoveda/vyhledavani/en/seznambot-crawler/)"
144.76.19.75 - - [23/Oct/2025:15:28:16 +0300] "GET /amp.php?m056023028?srsltid=AfmBOoyMgLyiGTTsryOPoc_S4FXCvGatr_nNYLui9H-X-6vphAEKih HTTP/1.1" 200 473282 "-" "Mozilla/5.0 (compatible; BLEXBot/1.0; +https://help.seranking.com/en/blex-crawler)"
20.171.207.222 - - [23/Oct/2025:15:28:16 +0300] "GET /amp.php?products/168um40443 HTTP/1.1" 200 464613 "-" "Mozilla/5.0 AppleWebKit/537.36 (KHTML, like Gecko; compatible; GPTBot/1.2; +https://openai.com/gptbot)"
20.171.207.222 - - [23/Oct/2025:15:28:18 +0300] "GET /amp.php?products/142la24137 HTTP/1.1" 200 474727 "-" "Mozilla/5.0 AppleWebKit/537.36 (KHTML, like Gecko; compatible; GPTBot/1.2; +https://openai.com/gptbot)"
74.91.19.178 - - [23/Oct/2025:15:28:19 +0300] "GET /wp-includes/install.php HTTP/1.1" 200 6 "https://avocor.eu/wp-includes/install.php" "Mozilla/5.0 (Windows NT 10.0; Win64; x64) AppleWebKit/537.36 (KHTML, like Gecko) Chrome/58.0.3029.110 Safari/537.3"
144.76.19.75 - - [23/Oct/2025:15:28:20 +0300] "GET /amp.php?m003048393?srsltid=AfmBOoUwlMnpLCRFri66WX_FRRcC6KGvT_KKXEIt5F-I-NigreRIHu HTTP/1.1" 200 465030 "-" "Mozilla/5.0 (compatible; BLEXBot/1.0; +https://help.seranking.com/en/blex-crawler)"
20.171.207.222 - - [23/Oct/2025:15:28:20 +0300] "GET /amp.php?products/247dp10428 HTTP/1.1" 200 463313 "-" "Mozilla/5.0 AppleWebKit/537.36 (KHTML, like Gecko; compatible; GPTBot/1.2; +https://openai.com/gptbot)"
74.91.19.178 - - [23/Oct/2025:15:28:22 +0300] "GET /wp-includes/install.php HTTP/1.1" 200 6 "https://avocor.eu/wp-includes/install.php" "Mozilla/5.0 (Windows NT 10.0; Win64; x64) AppleWebKit/537.36 (KHTML, like Gecko) Chrome/58.0.3029.110 Safari/537.3"
20.171.207.222 - - [23/Oct/2025:15:28:22 +0300] "GET /amp.php?products/232ab37025 HTTP/1.1" 200 467931 "-" "Mozilla/5.0 AppleWebKit/537.36 (KHTML, like Gecko; compatible; GPTBot/1.2; +https://openai.com/gptbot)"
144.76.19.75 - - [23/Oct/2025:15:28:24 +0300] "GET /amp.php?m056023030?srsltid=AfmBOobaJJoCCKSGnNYLui_z8YE4QBJm4_6vphAEKi-J-Bao2zFa3L HTTP/1.1" 200 477604 "-" "Mozilla/5.0 (compatible; BLEXBot/1.0; +https://help.seranking.com/en/blex-crawler)"
20.171.207.222 - - [23/Oct/2025:15:28:24 +0300] "GET /amp.php?products/142ir24163 HTTP/1.1" 200 465022 "-" "Mozilla/5.0 AppleWebKit/537.36 (KHTML, like Gecko; compatible; GPTBot/1.2; +https://openai.com/gptbot)"
