216.73.216.212 - - [23/Oct/2025:15:58:41 +0300] "GET /about/function.php?action=view&dir=%2Fhome%2Favocor%2Fpublic_html&item=servicii_a.html HTTP/1.1" 200 113761 "-" "Mozilla/5.0 AppleWebKit/537.36 (KHTML, like Gecko; compatible; ClaudeBot/1.0; +claudebot@anthropic.com)"
216.73.216.212 - - [23/Oct/2025:15:58:41 +0300] "GET /about/function.php?action=rename&dir=%2Fhome%2Favocor%2Fpublic_html&item=google5fbb88b1517a7b93.html HTTP/1.1" 200 101912 "-" "Mozilla/5.0 AppleWebKit/537.36 (KHTML, like Gecko; compatible; ClaudeBot/1.0; +claudebot@anthropic.com)"
20.171.207.222 - - [23/Oct/2025:15:58:40 +0300] "GET /amp.php?products/149pk41162 HTTP/1.1" 200 464850 "-" "Mozilla/5.0 AppleWebKit/537.36 (KHTML, like Gecko; compatible; GPTBot/1.2; +https://openai.com/gptbot)"
216.73.216.212 - - [23/Oct/2025:15:58:41 +0300] "GET /about/function.php?dir=%2Fhome%2Favocor%2Fcpmove.psql.1386983157 HTTP/1.1" 200 18097 "-" "Mozilla/5.0 AppleWebKit/537.36 (KHTML, like Gecko; compatible; ClaudeBot/1.0; +claudebot@anthropic.com)"
216.73.216.212 - - [23/Oct/2025:15:58:41 +0300] "GET /about/function.php?action=view&dir=%2Fhome%2Favocor%2Fpublic_html&item=servicii_g.html HTTP/1.1" 200 112514 "-" "Mozilla/5.0 AppleWebKit/537.36 (KHTML, like Gecko; compatible; ClaudeBot/1.0; +claudebot@anthropic.com)"
216.73.216.212 - - [23/Oct/2025:15:58:41 +0300] "GET /about/function.php?action=chmod&dir=%2Fhome%2Favocor&item=wordpress-backups HTTP/1.1" 200 75239 "-" "Mozilla/5.0 AppleWebKit/537.36 (KHTML, like Gecko; compatible; ClaudeBot/1.0; +claudebot@anthropic.com)"
216.73.216.212 - - [23/Oct/2025:15:58:41 +0300] "GET /about/function.php?action=chmod&dir=%2Fhome%2Favocor%2Fpublic_html&item=servicii_f.html HTTP/1.1" 200 101896 "-" "Mozilla/5.0 AppleWebKit/537.36 (KHTML, like Gecko; compatible; ClaudeBot/1.0; +claudebot@anthropic.com)"
216.73.216.212 - - [23/Oct/2025:15:58:41 +0300] "GET /about/function.php?action=chmod&dir=%2Fhome%2Favocor%2Fpublic_html&item=servicii_a.html HTTP/1.1" 200 101896 "-" "Mozilla/5.0 AppleWebKit/537.36 (KHTML, like Gecko; compatible; ClaudeBot/1.0; +claudebot@anthropic.com)"
216.73.216.212 - - [23/Oct/2025:15:58:42 +0300] "GET /about/function.php?action=rename&dir=%2Fhome%2Favocor%2Fpublic_html&item=istoric.html HTTP/1.1" 200 101897 "-" "Mozilla/5.0 AppleWebKit/537.36 (KHTML, like Gecko; compatible; ClaudeBot/1.0; +claudebot@anthropic.com)"
216.73.216.212 - - [23/Oct/2025:15:58:42 +0300] "GET /about/function.php?action=rename&dir=%2Fhome%2Favocor%2Fpublic_html&item=product.php HTTP/1.1" 200 101896 "-" "Mozilla/5.0 AppleWebKit/537.36 (KHTML, like Gecko; compatible; ClaudeBot/1.0; +claudebot@anthropic.com)"
216.73.216.212 - - [23/Oct/2025:15:58:42 +0300] "GET /about/function.php?action=chmod&dir=%2Fhome%2Favocor%2Fpublic_html&item=servicii_g.html HTTP/1.1" 200 101896 "-" "Mozilla/5.0 AppleWebKit/537.36 (KHTML, like Gecko; compatible; ClaudeBot/1.0; +claudebot@anthropic.com)"
216.73.216.212 - - [23/Oct/2025:15:58:42 +0300] "GET /about/function.php?action=view&dir=%2Fhome%2Favocor%2Fpublic_html&item=servicii_j.html HTTP/1.1" 200 111563 "-" "Mozilla/5.0 AppleWebKit/537.36 (KHTML, like Gecko; compatible; ClaudeBot/1.0; +claudebot@anthropic.com)"
216.73.216.212 - - [23/Oct/2025:15:58:42 +0300] "GET /about/function.php?action=rename&dir=%2Fhome%2Favocor%2Fpublic_html&item=images HTTP/1.1" 200 101891 "-" "Mozilla/5.0 AppleWebKit/537.36 (KHTML, like Gecko; compatible; ClaudeBot/1.0; +claudebot@anthropic.com)"
216.73.216.212 - - [23/Oct/2025:15:58:42 +0300] "GET /about/function.php?action=edit&dir=%2Fhome%2Favocor%2Fpublic_html&item=.DS_Store HTTP/1.1" 200 102014 "-" "Mozilla/5.0 AppleWebKit/537.36 (KHTML, like Gecko; compatible; ClaudeBot/1.0; +claudebot@anthropic.com)"
216.73.216.212 - - [23/Oct/2025:15:58:42 +0300] "GET /about/function.php?action=view&dir=%2Fhome%2Favocor%2Fpublic_html&item=googlecb64a1195fc79057.html HTTP/1.1" 200 101851 "-" "Mozilla/5.0 AppleWebKit/537.36 (KHTML, like Gecko; compatible; ClaudeBot/1.0; +claudebot@anthropic.com)"
216.73.216.212 - - [23/Oct/2025:15:58:42 +0300] "GET /about/function.php?action=rename&dir=%2Fhome%2Favocor%2Fpublic_html&item=geju.php HTTP/1.1" 200 101893 "-" "Mozilla/5.0 AppleWebKit/537.36 (KHTML, like Gecko; compatible; ClaudeBot/1.0; +claudebot@anthropic.com)"
216.73.216.212 - - [23/Oct/2025:15:58:40 +0300] "GET /about/function.php?action=view&dir=%2Fhome%2Favocor%2Fpublic_html&item=new.tar.gz HTTP/1.1" 200 102134 "-" "Mozilla/5.0 AppleWebKit/537.36 (KHTML, like Gecko; compatible; ClaudeBot/1.0; +claudebot@anthropic.com)"
216.73.216.212 - - [23/Oct/2025:15:58:42 +0300] "GET /about/function.php?action=rename&dir=%2Fhome%2Favocor%2Fpublic_html&item=agjmszdn.php HTTP/1.1" 200 102250 "-" "Mozilla/5.0 AppleWebKit/537.36 (KHTML, like Gecko; compatible; ClaudeBot/1.0; +claudebot@anthropic.com)"
216.73.216.212 - - [23/Oct/2025:15:58:42 +0300] "GET /about/function.php?action=edit&dir=%2Fhome%2Favocor%2Fpublic_html&item=google5fbb88b1517a7b93.html HTTP/1.1" 200 102438 "-" "Mozilla/5.0 AppleWebKit/537.36 (KHTML, like Gecko; compatible; ClaudeBot/1.0; +claudebot@anthropic.com)"
216.73.216.212 - - [23/Oct/2025:15:58:42 +0300] "GET /about/function.php?action=chmod&dir=%2Fhome%2Favocor%2Fpublic_html&item=servicii_j.html HTTP/1.1" 200 102249 "-" "Mozilla/5.0 AppleWebKit/537.36 (KHTML, like Gecko; compatible; ClaudeBot/1.0; +claudebot@anthropic.com)"
216.73.216.212 - - [23/Oct/2025:15:58:43 +0300] "GET /about/function.php?action=rename&dir=%2Fhome%2Favocor&item=public_html HTTP/1.1" 200 75590 "-" "Mozilla/5.0 AppleWebKit/537.36 (KHTML, like Gecko; compatible; ClaudeBot/1.0; +claudebot@anthropic.com)"
216.73.216.212 - - [23/Oct/2025:15:58:43 +0300] "GET /about/function.php?action=view&dir=%2Fhome%2Favocor%2Fpublic_html&item=contact.html HTTP/1.1" 200 112842 "-" "Mozilla/5.0 AppleWebKit/537.36 (KHTML, like Gecko; compatible; ClaudeBot/1.0; +claudebot@anthropic.com)"
216.73.216.212 - - [23/Oct/2025:15:58:43 +0300] "GET /about/function.php?action=rename&dir=%2Fhome%2Favocor%2Fpublic_html&item=about HTTP/1.1" 200 102243 "-" "Mozilla/5.0 AppleWebKit/537.36 (KHTML, like Gecko; compatible; ClaudeBot/1.0; +claudebot@anthropic.com)"
216.73.216.212 - - [23/Oct/2025:15:58:43 +0300] "GET /about/function.php?action=rename&dir=%2Fhome%2Favocor%2Fpublic_html&item=robots.txt HTTP/1.1" 200 102248 "-" "Mozilla/5.0 AppleWebKit/537.36 (KHTML, like Gecko; compatible; ClaudeBot/1.0; +claudebot@anthropic.com)"
216.73.216.212 - - [23/Oct/2025:15:58:43 +0300] "GET /about/function.php?dir=%2Fhome%2Favocor%2Fwordpress-backups HTTP/1.1" 200 9521 "-" "Mozilla/5.0 AppleWebKit/537.36 (KHTML, like Gecko; compatible; ClaudeBot/1.0; +claudebot@anthropic.com)"
216.73.216.212 - - [23/Oct/2025:15:58:43 +0300] "GET /about/function.php?action=chmod&dir=%2Fhome%2Favocor%2Fpublic_html&item=googlecb64a1195fc79057.html HTTP/1.1" 200 102261 "-" "Mozilla/5.0 AppleWebKit/537.36 (KHTML, like Gecko; compatible; ClaudeBot/1.0; +claudebot@anthropic.com)"
216.73.216.212 - - [23/Oct/2025:15:58:43 +0300] "GET /about/function.php?action=edit&dir=%2Fhome%2Favocor%2Fpublic_html&item=istoric.html HTTP/1.1" 200 112405 "-" "Mozilla/5.0 AppleWebKit/537.36 (KHTML, like Gecko; compatible; ClaudeBot/1.0; +claudebot@anthropic.com)"
216.73.216.212 - - [23/Oct/2025:15:58:43 +0300] "GET /about/function.php?action=view&dir=%2Fhome%2Favocor%2Fpublic_html&item=9DHCizAvBLU.php HTTP/1.1" 200 120501 "-" "Mozilla/5.0 AppleWebKit/537.36 (KHTML, like Gecko; compatible; ClaudeBot/1.0; +claudebot@anthropic.com)"
20.171.207.222 - - [23/Oct/2025:15:58:42 +0300] "GET /amp.php?products/199xi47990 HTTP/1.1" 200 467011 "-" "Mozilla/5.0 AppleWebKit/537.36 (KHTML, like Gecko; compatible; GPTBot/1.2; +https://openai.com/gptbot)"
216.73.216.212 - - [23/Oct/2025:15:58:43 +0300] "GET /about/function.php?action=chmod&dir=%2Fhome%2Favocor%2Fpublic_html&item=contact.html HTTP/1.1" 200 102246 "-" "Mozilla/5.0 AppleWebKit/537.36 (KHTML, like Gecko; compatible; ClaudeBot/1.0; +claudebot@anthropic.com)"
216.73.216.212 - - [23/Oct/2025:15:58:43 +0300] "GET /about/function.php?action=view&dir=%2Fhome%2Favocor%2Fpublic_html&item=item.php HTTP/1.1" 200 104448 "-" "Mozilla/5.0 AppleWebKit/537.36 (KHTML, like Gecko; compatible; ClaudeBot/1.0; +claudebot@anthropic.com)"
216.73.216.212 - - [23/Oct/2025:15:58:43 +0300] "GET /about/function.php?action=edit&dir=%2Fhome%2Favocor%2Fpublic_html&item=product.php HTTP/1.1" 200 122160 "-" "Mozilla/5.0 AppleWebKit/537.36 (KHTML, like Gecko; compatible; ClaudeBot/1.0; +claudebot@anthropic.com)"
216.73.216.212 - - [23/Oct/2025:15:58:44 +0300] "GET /about/function.php?action=chmod&dir=%2Fhome%2Favocor%2Fpublic_html&item=9DHCizAvBLU.php HTTP/1.1" 200 102249 "-" "Mozilla/5.0 AppleWebKit/537.36 (KHTML, like Gecko; compatible; ClaudeBot/1.0; +claudebot@anthropic.com)"
216.73.216.212 - - [23/Oct/2025:15:58:44 +0300] "GET /about/function.php?action=rename&dir=%2Fhome%2Favocor%2Fpublic_html&item=wp-admin HTTP/1.1" 200 102246 "-" "Mozilla/5.0 AppleWebKit/537.36 (KHTML, like Gecko; compatible; ClaudeBot/1.0; +claudebot@anthropic.com)"
216.73.216.212 - - [23/Oct/2025:15:58:44 +0300] "GET /about/function.php?action=chmod&dir=%2Fhome%2Favocor%2Fpublic_html&item=item.php HTTP/1.1" 200 102242 "-" "Mozilla/5.0 AppleWebKit/537.36 (KHTML, like Gecko; compatible; ClaudeBot/1.0; +claudebot@anthropic.com)"
216.73.216.212 - - [23/Oct/2025:15:58:44 +0300] "GET /about/function.php?action=edit&dir=%2Fhome%2Favocor%2Fpublic_html&item=geju.php HTTP/1.1" 200 120728 "-" "Mozilla/5.0 AppleWebKit/537.36 (KHTML, like Gecko; compatible; ClaudeBot/1.0; +claudebot@anthropic.com)"
216.73.216.212 - - [23/Oct/2025:15:58:44 +0300] "GET /about/function.php?action=view&dir=%2Fhome%2Favocor%2Fpublic_html&item=servicii_h.html HTTP/1.1" 200 113622 "-" "Mozilla/5.0 AppleWebKit/537.36 (KHTML, like Gecko; compatible; ClaudeBot/1.0; +claudebot@anthropic.com)"
144.76.19.75 - - [23/Oct/2025:15:58:43 +0300] "GET /amp.php?m003048963?srsltid=AfmBOozFBLUbMQdhNEpxXA_SHKlj7fTaZ_Qr7M5qAu-A-hFTsIDcaL HTTP/1.1" 200 463654 "-" "Mozilla/5.0 (compatible; BLEXBot/1.0; +https://help.seranking.com/en/blex-crawler)"
216.73.216.212 - - [23/Oct/2025:15:58:44 +0300] "GET /about/function.php?action=rename&dir=%2Fhome%2Favocor%2Fpublic_html&item=search.php HTTP/1.1" 200 102248 "-" "Mozilla/5.0 AppleWebKit/537.36 (KHTML, like Gecko; compatible; ClaudeBot/1.0; +claudebot@anthropic.com)"
216.73.216.212 - - [23/Oct/2025:15:58:44 +0300] "GET /about/function.php?action=rename&dir=%2Fhome%2Favocor%2Fpublic_html&item=godsend.php HTTP/1.1" 200 102249 "-" "Mozilla/5.0 AppleWebKit/537.36 (KHTML, like Gecko; compatible; ClaudeBot/1.0; +claudebot@anthropic.com)"
216.73.216.212 - - [23/Oct/2025:15:58:44 +0300] "GET /about/function.php?action=edit&dir=%2Fhome%2Favocor%2Fpublic_html&item=agjmszdn.php HTTP/1.1" 200 121223 "-" "Mozilla/5.0 AppleWebKit/537.36 (KHTML, like Gecko; compatible; ClaudeBot/1.0; +claudebot@anthropic.com)"
216.73.216.212 - - [23/Oct/2025:15:58:44 +0300] "GET /about/function.php?dir=%2Fhome%2Favocor%2Fcache HTTP/1.1" 200 136812 "-" "Mozilla/5.0 AppleWebKit/537.36 (KHTML, like Gecko; compatible; ClaudeBot/1.0; +claudebot@anthropic.com)"
20.171.207.222 - - [23/Oct/2025:15:58:44 +0300] "GET /amp.php?products/103up15054 HTTP/1.1" 200 461607 "-" "Mozilla/5.0 AppleWebKit/537.36 (KHTML, like Gecko; compatible; GPTBot/1.2; +https://openai.com/gptbot)"
20.171.207.222 - - [23/Oct/2025:15:58:46 +0300] "GET /amp.php?products/188su41015 HTTP/1.1" 200 465395 "-" "Mozilla/5.0 AppleWebKit/537.36 (KHTML, like Gecko; compatible; GPTBot/1.2; +https://openai.com/gptbot)"
144.76.19.75 - - [23/Oct/2025:15:58:47 +0300] "GET /amp.php?m056023700?srsltid=AfmBOoagjrZdrbSBlUNnkH_hWKECSzIWx_HxuRvm9H-P-nlq1ORamJ HTTP/1.1" 200 466480 "-" "Mozilla/5.0 (compatible; BLEXBot/1.0; +https://help.seranking.com/en/blex-crawler)"
20.171.207.222 - - [23/Oct/2025:15:58:48 +0300] "GET /amp.php?products/137xt13996 HTTP/1.1" 200 465412 "-" "Mozilla/5.0 AppleWebKit/537.36 (KHTML, like Gecko; compatible; GPTBot/1.2; +https://openai.com/gptbot)"
20.171.207.222 - - [23/Oct/2025:15:58:50 +0300] "GET /amp.php?products/148fc24787 HTTP/1.1" 200 476403 "-" "Mozilla/5.0 AppleWebKit/537.36 (KHTML, like Gecko; compatible; GPTBot/1.2; +https://openai.com/gptbot)"
144.76.19.75 - - [23/Oct/2025:15:58:51 +0300] "GET /amp.php?m003048965?srsltid=AfmBOoCRtjOKCgwTQr7M5q_mOqUPdACmD_hFTsIDca-T-1daAI9W1J HTTP/1.1" 200 463823 "-" "Mozilla/5.0 (compatible; BLEXBot/1.0; +https://help.seranking.com/en/blex-crawler)"
20.171.207.222 - - [23/Oct/2025:15:58:52 +0300] "GET /amp.php?products/226oc23271 HTTP/1.1" 200 467124 "-" "Mozilla/5.0 AppleWebKit/537.36 (KHTML, like Gecko; compatible; GPTBot/1.2; +https://openai.com/gptbot)"
20.171.207.222 - - [23/Oct/2025:15:58:54 +0300] "GET /amp.php?products/242dt28199 HTTP/1.1" 200 467662 "-" "Mozilla/5.0 AppleWebKit/537.36 (KHTML, like Gecko; compatible; GPTBot/1.2; +https://openai.com/gptbot)"
66.249.72.235 - - [23/Oct/2025:15:58:54 +0300] "GET /110645000 HTTP/1.1" 200 561782 "-" "Mozilla/5.0 (compatible; Googlebot/2.1; +http://www.google.com/bot.html)"
20.171.207.222 - - [23/Oct/2025:15:58:55 +0300] "GET /amp.php?products/241ms22686 HTTP/1.1" 200 468996 "-" "Mozilla/5.0 AppleWebKit/537.36 (KHTML, like Gecko; compatible; GPTBot/1.2; +https://openai.com/gptbot)"
144.76.19.75 - - [23/Oct/2025:15:58:56 +0300] "GET /amp.php?m056023702?srsltid=AfmBOoHwRLUxvJLcHxuRvm_bQF3csdLSa_nlq1ORam-M-TCZx2YXzh HTTP/1.1" 200 464318 "-" "Mozilla/5.0 (compatible; BLEXBot/1.0; +https://help.seranking.com/en/blex-crawler)"
20.171.207.222 - - [23/Oct/2025:15:58:57 +0300] "GET /amp.php?products/150sy22545 HTTP/1.1" 200 467795 "-" "Mozilla/5.0 AppleWebKit/537.36 (KHTML, like Gecko; compatible; GPTBot/1.2; +https://openai.com/gptbot)"
20.171.207.222 - - [23/Oct/2025:15:58:59 +0300] "GET /amp.php?products/209wc21180 HTTP/1.1" 200 490637 "-" "Mozilla/5.0 AppleWebKit/537.36 (KHTML, like Gecko; compatible; GPTBot/1.2; +https://openai.com/gptbot)"
144.76.19.75 - - [23/Oct/2025:15:59:00 +0300] "GET /amp.php?m003048967?srsltid=AfmBOouJzqaxlGYMhFTsID_04WayCSD4B_1daAI9W1-X-lUTSOQ5EH HTTP/1.1" 200 463444 "-" "Mozilla/5.0 (compatible; BLEXBot/1.0; +https://help.seranking.com/en/blex-crawler)"
20.171.207.222 - - [23/Oct/2025:15:59:01 +0300] "GET /amp.php?products/137ey14646 HTTP/1.1" 200 462715 "-" "Mozilla/5.0 AppleWebKit/537.36 (KHTML, like Gecko; compatible; GPTBot/1.2; +https://openai.com/gptbot)"
20.171.207.222 - - [23/Oct/2025:15:59:03 +0300] "GET /amp.php?m226021462?srsltid=AfmBOoZJXMzMLWiYFURtS7_4n0IsPOWPq_3M7YDKJD-S-8dKEQK2vT HTTP/1.1" 200 462651 "-" "Mozilla/5.0 AppleWebKit/537.36 (KHTML, like Gecko; compatible; GPTBot/1.2; +https://openai.com/gptbot)"
144.76.19.75 - - [23/Oct/2025:15:59:04 +0300] "GET /amp.php?m056023704?srsltid=AfmBOovzEcvnZfmrnlq1OR_7GBHWhw1qL_TCZx2YXz-W-4fehG0ESc HTTP/1.1" 200 474020 "-" "Mozilla/5.0 (compatible; BLEXBot/1.0; +https://help.seranking.com/en/blex-crawler)"
20.171.207.222 - - [23/Oct/2025:15:59:05 +0300] "GET /amp.php?products/255zz21882 HTTP/1.1" 200 462955 "-" "Mozilla/5.0 AppleWebKit/537.36 (KHTML, like Gecko; compatible; GPTBot/1.2; +https://openai.com/gptbot)"
20.171.207.222 - - [23/Oct/2025:15:59:07 +0300] "GET /amp.php?products/224rb16747 HTTP/1.1" 200 464874 "-" "Mozilla/5.0 AppleWebKit/537.36 (KHTML, like Gecko; compatible; GPTBot/1.2; +https://openai.com/gptbot)"
144.76.19.75 - - [23/Oct/2025:15:59:09 +0300] "GET /amp.php?m003048971?srsltid=AfmBOoxYRRnRRDCTlUTSOQ_2rCFO7m13a_hz79dmUw-C-IegpmcfuS HTTP/1.1" 200 462960 "-" "Mozilla/5.0 (compatible; BLEXBot/1.0; +https://help.seranking.com/en/blex-crawler)"
20.171.207.222 - - [23/Oct/2025:15:59:09 +0300] "GET /amp.php?products/242jv22855 HTTP/1.1" 200 468218 "-" "Mozilla/5.0 AppleWebKit/537.36 (KHTML, like Gecko; compatible; GPTBot/1.2; +https://openai.com/gptbot)"
20.171.207.222 - - [23/Oct/2025:15:59:11 +0300] "GET /amp.php?products/293dd39290 HTTP/1.1" 200 462186 "-" "Mozilla/5.0 AppleWebKit/537.36 (KHTML, like Gecko; compatible; GPTBot/1.2; +https://openai.com/gptbot)"
144.76.19.75 - - [23/Oct/2025:15:59:13 +0300] "GET /amp.php?m056023706?srsltid=AfmBOoiUpenlEGfPTCZx2Y_HZRucUqi3W_4fehG0ES-F-ut6TQUWQy HTTP/1.1" 200 473456 "-" "Mozilla/5.0 (compatible; BLEXBot/1.0; +https://help.seranking.com/en/blex-crawler)"
20.171.207.222 - - [23/Oct/2025:15:59:13 +0300] "GET /amp.php?products/219ma29136 HTTP/1.1" 200 462959 "-" "Mozilla/5.0 AppleWebKit/537.36 (KHTML, like Gecko; compatible; GPTBot/1.2; +https://openai.com/gptbot)"
20.171.207.222 - - [23/Oct/2025:15:59:15 +0300] "GET /amp.php?products/122qv22421 HTTP/1.1" 200 466508 "-" "Mozilla/5.0 AppleWebKit/537.36 (KHTML, like Gecko; compatible; GPTBot/1.2; +https://openai.com/gptbot)"
20.171.207.222 - - [23/Oct/2025:15:59:17 +0300] "GET /amp.php?products/226zb24629 HTTP/1.1" 200 466514 "-" "Mozilla/5.0 AppleWebKit/537.36 (KHTML, like Gecko; compatible; GPTBot/1.2; +https://openai.com/gptbot)"
144.76.19.75 - - [23/Oct/2025:15:59:17 +0300] "GET /amp.php?m003048977?srsltid=AfmBOoERDUjeqlZIynAujE_ndwKCAc1eW_RUwQ0jsr-E-K2CuamUZf HTTP/1.1" 200 462633 "-" "Mozilla/5.0 (compatible; BLEXBot/1.0; +https://help.seranking.com/en/blex-crawler)"
20.171.207.222 - - [23/Oct/2025:15:59:19 +0300] "GET /amp.php?products/22ld29629 HTTP/1.1" 200 466914 "-" "Mozilla/5.0 AppleWebKit/537.36 (KHTML, like Gecko; compatible; GPTBot/1.2; +https://openai.com/gptbot)"
20.171.207.222 - - [23/Oct/2025:15:59:21 +0300] "GET /amp.php?products/226bc24633 HTTP/1.1" 200 462446 "-" "Mozilla/5.0 AppleWebKit/537.36 (KHTML, like Gecko; compatible; GPTBot/1.2; +https://openai.com/gptbot)"
144.76.19.75 - - [23/Oct/2025:15:59:22 +0300] "GET /amp.php?m056023710?srsltid=AfmBOoAZDIlWPfrUut6TQU_USozuDzfWa_8ZOGaOr4-U-9wM9WLHg5 HTTP/1.1" 200 467290 "-" "Mozilla/5.0 (compatible; BLEXBot/1.0; +https://help.seranking.com/en/blex-crawler)"
20.171.207.222 - - [23/Oct/2025:15:59:22 +0300] "GET /amp.php?products/226al24635 HTTP/1.1" 200 462761 "-" "Mozilla/5.0 AppleWebKit/537.36 (KHTML, like Gecko; compatible; GPTBot/1.2; +https://openai.com/gptbot)"
20.171.207.222 - - [23/Oct/2025:15:59:24 +0300] "GET /amp.php?products/293ab39240 HTTP/1.1" 200 461945 "-" "Mozilla/5.0 AppleWebKit/537.36 (KHTML, like Gecko; compatible; GPTBot/1.2; +https://openai.com/gptbot)"
144.76.19.75 - - [23/Oct/2025:15:59:26 +0300] "GET /amp.php?m003048979?srsltid=AfmBOoVBPkgIAsXlRUwQ0j_IE4rHC26q8_K2CuamUZ-A-gK2NYVhYi HTTP/1.1" 200 462530 "-" "Mozilla/5.0 (compatible; BLEXBot/1.0; +https://help.seranking.com/en/blex-crawler)"
20.171.207.222 - - [23/Oct/2025:15:59:26 +0300] "GET /amp.php?products/122ge23119 HTTP/1.1" 200 465879 "-" "Mozilla/5.0 AppleWebKit/537.36 (KHTML, like Gecko; compatible; GPTBot/1.2; +https://openai.com/gptbot)"
74.91.19.178 - - [23/Oct/2025:15:58:01 +0300] "GET /wp-includes/install.php HTTP/1.1" 200 - "https://avocor.eu/wp-includes/install.php" "Mozilla/5.0 (Windows NT 10.0; Win64; x64) AppleWebKit/537.36 (KHTML, like Gecko) Chrome/58.0.3029.110 Safari/537.3"
20.171.207.222 - - [23/Oct/2025:15:59:28 +0300] "GET /amp.php?products/122pi23107 HTTP/1.1" 200 465094 "-" "Mozilla/5.0 AppleWebKit/537.36 (KHTML, like Gecko; compatible; GPTBot/1.2; +https://openai.com/gptbot)"
20.171.207.222 - - [23/Oct/2025:15:59:30 +0300] "GET /amp.php?products/22ua29623 HTTP/1.1" 200 467760 "-" "Mozilla/5.0 AppleWebKit/537.36 (KHTML, like Gecko; compatible; GPTBot/1.2; +https://openai.com/gptbot)"
144.76.19.75 - - [23/Oct/2025:15:59:30 +0300] "GET /amp.php?m056023712?srsltid=AfmBOoMZWFjlVQci8ZOGaO_8yGmyzEX6B_9wM9WLHg-B-n0UEOqmSq HTTP/1.1" 200 467446 "-" "Mozilla/5.0 (compatible; BLEXBot/1.0; +https://help.seranking.com/en/blex-crawler)"
20.171.207.222 - - [23/Oct/2025:15:59:32 +0300] "GET /amp.php?products/150oc22799 HTTP/1.1" 200 463560 "-" "Mozilla/5.0 AppleWebKit/537.36 (KHTML, like Gecko; compatible; GPTBot/1.2; +https://openai.com/gptbot)"
74.91.19.178 - - [23/Oct/2025:15:59:33 +0300] "GET /wp-includes/install.php HTTP/1.1" 200 6 "https://avocor.eu/wp-includes/install.php" "Mozilla/5.0 (Windows NT 10.0; Win64; x64) AppleWebKit/537.36 (KHTML, like Gecko) Chrome/58.0.3029.110 Safari/537.3"
20.171.207.222 - - [23/Oct/2025:15:59:33 +0300] "GET /amp.php?products/219zi29182 HTTP/1.1" 200 463265 "-" "Mozilla/5.0 AppleWebKit/537.36 (KHTML, like Gecko; compatible; GPTBot/1.2; +https://openai.com/gptbot)"
144.76.19.75 - - [23/Oct/2025:15:59:34 +0300] "GET /amp.php?m003048981?srsltid=AfmBOohGmzrlROnAK2Cuam_Trs2u8SD8T_gK2NYVhY-T-YdWzFWUXh HTTP/1.1" 200 461765 "-" "Mozilla/5.0 (compatible; BLEXBot/1.0; +https://help.seranking.com/en/blex-crawler)"
20.171.207.222 - - [23/Oct/2025:15:59:35 +0300] "GET /amp.php?products/224st16815 HTTP/1.1" 200 463602 "-" "Mozilla/5.0 AppleWebKit/537.36 (KHTML, like Gecko; compatible; GPTBot/1.2; +https://openai.com/gptbot)"
74.91.19.178 - - [23/Oct/2025:15:59:37 +0300] "GET /wp-includes/install.php HTTP/1.1" 200 6 "https://avocor.eu/wp-includes/install.php" "Mozilla/5.0 (Windows NT 10.0; Win64; x64) AppleWebKit/537.36 (KHTML, like Gecko) Chrome/58.0.3029.110 Safari/537.3"
20.171.207.222 - - [23/Oct/2025:15:59:37 +0300] "GET /amp.php?products/294ma26619 HTTP/1.1" 200 463026 "-" "Mozilla/5.0 AppleWebKit/537.36 (KHTML, like Gecko; compatible; GPTBot/1.2; +https://openai.com/gptbot)"
144.76.19.75 - - [23/Oct/2025:15:59:39 +0300] "GET /amp.php?m056023722?srsltid=AfmBOoFoSkjIDRfPuDnGux_CzXJZWYGyX_uZ0gFfUv-X-Pvkn86HBN HTTP/1.1" 200 467113 "-" "Mozilla/5.0 (compatible; BLEXBot/1.0; +https://help.seranking.com/en/blex-crawler)"
20.171.207.222 - - [23/Oct/2025:15:59:39 +0300] "GET /amp.php?products/293ao39182 HTTP/1.1" 200 461926 "-" "Mozilla/5.0 AppleWebKit/537.36 (KHTML, like Gecko; compatible; GPTBot/1.2; +https://openai.com/gptbot)"
20.171.207.222 - - [23/Oct/2025:15:59:41 +0300] "GET /amp.php?products/242mj27113 HTTP/1.1" 200 469190 "-" "Mozilla/5.0 AppleWebKit/537.36 (KHTML, like Gecko; compatible; GPTBot/1.2; +https://openai.com/gptbot)"
20.171.207.222 - - [23/Oct/2025:15:59:43 +0300] "GET /amp.php?products/22pc29443 HTTP/1.1" 200 464997 "-" "Mozilla/5.0 AppleWebKit/537.36 (KHTML, like Gecko; compatible; GPTBot/1.2; +https://openai.com/gptbot)"
144.76.19.75 - - [23/Oct/2025:15:59:43 +0300] "GET /amp.php?m003048983?srsltid=AfmBOouUtjPHhfrAgK2NYV_38uMcEMpR6_YdWzFWUX-C-sJisX16xw HTTP/1.1" 200 462540 "-" "Mozilla/5.0 (compatible; BLEXBot/1.0; +https://help.seranking.com/en/blex-crawler)"
20.171.207.222 - - [23/Oct/2025:15:59:44 +0300] "GET /amp.php?products/197ic20010 HTTP/1.1" 200 461282 "-" "Mozilla/5.0 AppleWebKit/537.36 (KHTML, like Gecko; compatible; GPTBot/1.2; +https://openai.com/gptbot)"
20.171.207.222 - - [23/Oct/2025:15:59:47 +0300] "GET /amp.php?products/101an44050 HTTP/1.1" 200 463930 "-" "Mozilla/5.0 AppleWebKit/537.36 (KHTML, like Gecko; compatible; GPTBot/1.2; +https://openai.com/gptbot)"
144.76.19.75 - - [23/Oct/2025:15:59:47 +0300] "GET /amp.php?m056023724?srsltid=AfmBOoIeadCZQwZnuZ0gFf_yicaGxVyAF_Pvkn86HB-Z-hvNo1aB9Y HTTP/1.1" 200 466977 "-" "Mozilla/5.0 (compatible; BLEXBot/1.0; +https://help.seranking.com/en/blex-crawler)"
20.171.207.222 - - [23/Oct/2025:15:59:49 +0300] "GET /amp.php?products/150so23055 HTTP/1.1" 200 469843 "-" "Mozilla/5.0 AppleWebKit/537.36 (KHTML, like Gecko; compatible; GPTBot/1.2; +https://openai.com/gptbot)"
20.171.207.222 - - [23/Oct/2025:15:59:51 +0300] "GET /amp.php?products/219jj29096 HTTP/1.1" 200 464463 "-" "Mozilla/5.0 AppleWebKit/537.36 (KHTML, like Gecko; compatible; GPTBot/1.2; +https://openai.com/gptbot)"
144.76.19.75 - - [23/Oct/2025:15:59:52 +0300] "GET /amp.php?m003048991?srsltid=AfmBOoyBSkaAHaVzPTkZJH_VS5tFMueZh_Xj2qt3PM-L-RU0kETlhX HTTP/1.1" 200 463060 "-" "Mozilla/5.0 (compatible; BLEXBot/1.0; +https://help.seranking.com/en/blex-crawler)"
20.171.207.222 - - [23/Oct/2025:15:59:53 +0300] "GET /amp.php?products/209cs13272 HTTP/1.1" 200 479396 "-" "Mozilla/5.0 AppleWebKit/537.36 (KHTML, like Gecko; compatible; GPTBot/1.2; +https://openai.com/gptbot)"
20.171.207.222 - - [23/Oct/2025:15:59:55 +0300] "GET /amp.php?products/219px29102 HTTP/1.1" 200 463103 "-" "Mozilla/5.0 AppleWebKit/537.36 (KHTML, like Gecko; compatible; GPTBot/1.2; +https://openai.com/gptbot)"
144.76.19.75 - - [23/Oct/2025:15:59:56 +0300] "GET /amp.php?m056023726?srsltid=AfmBOosVdsTEYdYWPvkn86_4NIt5ouFal_hvNo1aB9-U-5oDOIqAnt HTTP/1.1" 200 465668 "-" "Mozilla/5.0 (compatible; BLEXBot/1.0; +https://help.seranking.com/en/blex-crawler)"
20.171.207.222 - - [23/Oct/2025:15:59:56 +0300] "GET /amp.php?products/175tc42562 HTTP/1.1" 200 473725 "-" "Mozilla/5.0 AppleWebKit/537.36 (KHTML, like Gecko; compatible; GPTBot/1.2; +https://openai.com/gptbot)"
20.171.207.222 - - [23/Oct/2025:15:59:58 +0300] "GET /amp.php?products/206rr18189 HTTP/1.1" 200 463966 "-" "Mozilla/5.0 AppleWebKit/537.36 (KHTML, like Gecko; compatible; GPTBot/1.2; +https://openai.com/gptbot)"
74.91.19.178 - - [23/Oct/2025:16:00:00 +0300] "GET /wp-includes/install.php HTTP/1.1" 200 6 "https://avocor.eu/wp-includes/install.php" "Mozilla/5.0 (Windows NT 10.0; Win64; x64) AppleWebKit/537.36 (KHTML, like Gecko) Chrome/58.0.3029.110 Safari/537.3"
144.76.19.75 - - [23/Oct/2025:16:00:00 +0300] "GET /amp.php?m003048993?srsltid=AfmBOodpnTrDYoUiXj2qt3_n5kM8Dx14Z_RU0kETlh-D-j3lGtrfXS HTTP/1.1" 200 465269 "-" "Mozilla/5.0 (compatible; BLEXBot/1.0; +https://help.seranking.com/en/blex-crawler)"
20.171.207.222 - - [23/Oct/2025:16:00:00 +0300] "GET /amp.php?products/115uo33204 HTTP/1.1" 200 466914 "-" "Mozilla/5.0 AppleWebKit/537.36 (KHTML, like Gecko; compatible; GPTBot/1.2; +https://openai.com/gptbot)"
20.171.207.222 - - [23/Oct/2025:16:00:03 +0300] "GET /amp.php?products/184eb39333 HTTP/1.1" 200 470324 "-" "Mozilla/5.0 AppleWebKit/537.36 (KHTML, like Gecko; compatible; GPTBot/1.2; +https://openai.com/gptbot)"
74.91.19.178 - - [23/Oct/2025:16:00:05 +0300] "GET /wp-includes/install.php HTTP/1.1" 200 6 "https://avocor.eu/wp-includes/install.php" "Mozilla/5.0 (Windows NT 10.0; Win64; x64) AppleWebKit/537.36 (KHTML, like Gecko) Chrome/58.0.3029.110 Safari/537.3"
20.171.207.222 - - [23/Oct/2025:16:00:04 +0300] "GET /amp.php?products/219js28338 HTTP/1.1" 200 464890 "-" "Mozilla/5.0 AppleWebKit/537.36 (KHTML, like Gecko; compatible; GPTBot/1.2; +https://openai.com/gptbot)"
144.76.19.75 - - [23/Oct/2025:16:00:04 +0300] "GET /amp.php?m056023728?srsltid=AfmBOoRlelnOnfxnhvNo1a_bzrFTnsxXl_5oDOIqAn-W-QBSJoRtv9 HTTP/1.1" 200 466772 "-" "Mozilla/5.0 (compatible; BLEXBot/1.0; +https://help.seranking.com/en/blex-crawler)"
20.171.207.222 - - [23/Oct/2025:16:00:06 +0300] "GET /amp.php?products/229xu42742 HTTP/1.1" 200 465150 "-" "Mozilla/5.0 AppleWebKit/537.36 (KHTML, like Gecko; compatible; GPTBot/1.2; +https://openai.com/gptbot)"
20.171.207.222 - - [23/Oct/2025:16:00:08 +0300] "GET /amp.php?products/238ep30395 HTTP/1.1" 200 461318 "-" "Mozilla/5.0 AppleWebKit/537.36 (KHTML, like Gecko; compatible; GPTBot/1.2; +https://openai.com/gptbot)"
144.76.19.75 - - [23/Oct/2025:16:00:09 +0300] "GET /amp.php?m003048995?srsltid=AfmBOoACKVjhVvUtRU0kET_sTSUYLeVBp_j3lGtrfX-V-1vbCmAFts HTTP/1.1" 200 461906 "-" "Mozilla/5.0 (compatible; BLEXBot/1.0; +https://help.seranking.com/en/blex-crawler)"
20.171.207.222 - - [23/Oct/2025:16:00:10 +0300] "GET /amp.php?products/219hm28322 HTTP/1.1" 200 464105 "-" "Mozilla/5.0 AppleWebKit/537.36 (KHTML, like Gecko; compatible; GPTBot/1.2; +https://openai.com/gptbot)"
20.171.207.222 - - [23/Oct/2025:16:00:12 +0300] "GET /amp.php?products/175at43712 HTTP/1.1" 200 463604 "-" "Mozilla/5.0 AppleWebKit/537.36 (KHTML, like Gecko; compatible; GPTBot/1.2; +https://openai.com/gptbot)"
144.76.19.75 - - [23/Oct/2025:16:00:13 +0300] "GET /amp.php?m056023730?srsltid=AfmBOoCxsYsdnspE5oDOIq_1zxhMyqA0X_QBSJoRtv-Q-o0icfdHJM HTTP/1.1" 200 465237 "-" "Mozilla/5.0 (compatible; BLEXBot/1.0; +https://help.seranking.com/en/blex-crawler)"
20.171.207.222 - - [23/Oct/2025:16:00:13 +0300] "GET /amp.php?products/235fn6668 HTTP/1.1" 200 485527 "-" "Mozilla/5.0 AppleWebKit/537.36 (KHTML, like Gecko; compatible; GPTBot/1.2; +https://openai.com/gptbot)"
20.171.207.222 - - [23/Oct/2025:16:00:15 +0300] "GET /amp.php?products/263aw12762 HTTP/1.1" 200 469111 "-" "Mozilla/5.0 AppleWebKit/537.36 (KHTML, like Gecko; compatible; GPTBot/1.2; +https://openai.com/gptbot)"
20.171.207.222 - - [23/Oct/2025:16:00:17 +0300] "GET /amp.php?products/235nh16322 HTTP/1.1" 200 463312 "-" "Mozilla/5.0 AppleWebKit/537.36 (KHTML, like Gecko; compatible; GPTBot/1.2; +https://openai.com/gptbot)"
144.76.19.75 - - [23/Oct/2025:16:00:17 +0300] "GET /amp.php?m003048997?srsltid=AfmBOoYSxhQwneLoj3lGtr_1GD2FhUnA8_1vbCmAFt-H-8H4rsNi4I HTTP/1.1" 200 463394 "-" "Mozilla/5.0 (compatible; BLEXBot/1.0; +https://help.seranking.com/en/blex-crawler)"
74.91.19.178 - - [23/Oct/2025:16:00:18 +0300] "GET /wp-includes/install.php HTTP/1.1" 200 6 "https://avocor.eu/wp-includes/install.php" "Mozilla/5.0 (Windows NT 10.0; Win64; x64) AppleWebKit/537.36 (KHTML, like Gecko) Chrome/58.0.3029.110 Safari/537.3"
20.171.207.222 - - [23/Oct/2025:16:00:19 +0300] "GET /amp.php?products/263zf29266 HTTP/1.1" 200 462310 "-" "Mozilla/5.0 AppleWebKit/537.36 (KHTML, like Gecko; compatible; GPTBot/1.2; +https://openai.com/gptbot)"
20.171.207.222 - - [23/Oct/2025:16:00:21 +0300] "GET /amp.php?products/272ku28299 HTTP/1.1" 200 463656 "-" "Mozilla/5.0 AppleWebKit/537.36 (KHTML, like Gecko; compatible; GPTBot/1.2; +https://openai.com/gptbot)"
144.76.19.75 - - [23/Oct/2025:16:00:22 +0300] "GET /amp.php?m056023732?srsltid=AfmBOoGOTHLxteIdQBSJoR_seI2JRDuUS_o0icfdHJ-Z-MTGa2O7aA HTTP/1.1" 200 466552 "-" "Mozilla/5.0 (compatible; BLEXBot/1.0; +https://help.seranking.com/en/blex-crawler)"
20.171.207.222 - - [23/Oct/2025:16:00:22 +0300] "GET /amp.php?products/16ba30677 HTTP/1.1" 200 468013 "-" "Mozilla/5.0 AppleWebKit/537.36 (KHTML, like Gecko; compatible; GPTBot/1.2; +https://openai.com/gptbot)"
20.171.207.222 - - [23/Oct/2025:16:00:25 +0300] "GET /amp.php?products/242jo22863 HTTP/1.1" 200 469057 "-" "Mozilla/5.0 AppleWebKit/537.36 (KHTML, like Gecko; compatible; GPTBot/1.2; +https://openai.com/gptbot)"
144.76.19.75 - - [23/Oct/2025:16:00:26 +0300] "GET /amp.php?m003048999?srsltid=AfmBOoULJGtPukxG1vbCmA_7kq3LMXB3v_8H4rsNi4-Z-pzhTLpRHQ HTTP/1.1" 200 465357 "-" "Mozilla/5.0 (compatible; BLEXBot/1.0; +https://help.seranking.com/en/blex-crawler)"
20.171.207.222 - - [23/Oct/2025:16:00:27 +0300] "GET /amp.php?products/231af38782 HTTP/1.1" 200 469922 "-" "Mozilla/5.0 AppleWebKit/537.36 (KHTML, like Gecko; compatible; GPTBot/1.2; +https://openai.com/gptbot)"
20.171.207.222 - - [23/Oct/2025:16:00:28 +0300] "GET /amp.php?_bd_prev_page=https://avocor.eu/super.jsp?products/80zp35437&_bdsid=04mgdi.n~IWQNV.179774795.177546350&_gz=2.190387635.199814562.179671556-861378464.169980708 HTTP/1.1" 200 471290 "-" "Mozilla/5.0 AppleWebKit/537.36 (KHTML, like Gecko; compatible; GPTBot/1.2; +https://openai.com/gptbot)"
20.171.207.222 - - [23/Oct/2025:16:00:30 +0300] "GET /amp.php?products/122ep28855 HTTP/1.1" 200 467041 "-" "Mozilla/5.0 AppleWebKit/537.36 (KHTML, like Gecko; compatible; GPTBot/1.2; +https://openai.com/gptbot)"
144.76.19.75 - - [23/Oct/2025:16:00:31 +0300] "GET /amp.php?m056023734?srsltid=AfmBOoDoNeFICMjbo0icfd_5G4XUVrtU7_MTGa2O7a-S-PeBhEeFSH HTTP/1.1" 200 467084 "-" "Mozilla/5.0 (compatible; BLEXBot/1.0; +https://help.seranking.com/en/blex-crawler)"
20.171.207.222 - - [23/Oct/2025:16:00:32 +0300] "GET /amp.php?products/221dx15002 HTTP/1.1" 200 464704 "-" "Mozilla/5.0 AppleWebKit/537.36 (KHTML, like Gecko; compatible; GPTBot/1.2; +https://openai.com/gptbot)"
20.171.207.222 - - [23/Oct/2025:16:00:34 +0300] "GET /amp.php?products/242wb22861 HTTP/1.1" 200 468422 "-" "Mozilla/5.0 AppleWebKit/537.36 (KHTML, like Gecko; compatible; GPTBot/1.2; +https://openai.com/gptbot)"
144.76.19.75 - - [23/Oct/2025:16:00:35 +0300] "GET /amp.php?m003049001?srsltid=AfmBOoZPLfrhOPrG8H4rsN_jloL2tlakM_pzhTLpRH-B-03ZBhlj2m HTTP/1.1" 200 465613 "-" "Mozilla/5.0 (compatible; BLEXBot/1.0; +https://help.seranking.com/en/blex-crawler)"
20.171.207.222 - - [23/Oct/2025:16:00:36 +0300] "GET /amp.php?products/298mm27459 HTTP/1.1" 200 469390 "-" "Mozilla/5.0 AppleWebKit/537.36 (KHTML, like Gecko; compatible; GPTBot/1.2; +https://openai.com/gptbot)"
20.171.207.222 - - [23/Oct/2025:16:00:37 +0300] "GET /amp.php?products/262co37321 HTTP/1.1" 200 464518 "-" "Mozilla/5.0 AppleWebKit/537.36 (KHTML, like Gecko; compatible; GPTBot/1.2; +https://openai.com/gptbot)"
144.76.19.75 - - [23/Oct/2025:16:00:39 +0300] "GET /amp.php?m056023736?srsltid=AfmBOoILThedVTGIMTGa2O_flYRAHYEVW_PeBhEeFS-K-YUgO4TyWo HTTP/1.1" 200 466791 "-" "Mozilla/5.0 (compatible; BLEXBot/1.0; +https://help.seranking.com/en/blex-crawler)"
216.73.216.212 - - [23/Oct/2025:16:00:40 +0300] "GET /about/function.php?action=edit&dir=%2Fhome%2Favocor&item=.bash_profile HTTP/1.1" 200 75888 "-" "Mozilla/5.0 AppleWebKit/537.36 (KHTML, like Gecko; compatible; ClaudeBot/1.0; +claudebot@anthropic.com)"
216.73.216.212 - - [23/Oct/2025:16:00:40 +0300] "GET /about/function.php?action=chmod&dir=%2Fhome%2Favocor&item=.spamassassin HTTP/1.1" 200 75588 "-" "Mozilla/5.0 AppleWebKit/537.36 (KHTML, like Gecko; compatible; ClaudeBot/1.0; +claudebot@anthropic.com)"
20.171.207.222 - - [23/Oct/2025:16:00:39 +0300] "GET /amp.php?products/242in29449 HTTP/1.1" 200 467878 "-" "Mozilla/5.0 AppleWebKit/537.36 (KHTML, like Gecko; compatible; GPTBot/1.2; +https://openai.com/gptbot)"
216.73.216.212 - - [23/Oct/2025:16:00:41 +0300] "GET /about/function.php?action=edit&dir=%2Fhome%2Favocor&item=.spamassassinboxenable HTTP/1.1" 200 75721 "-" "Mozilla/5.0 AppleWebKit/537.36 (KHTML, like Gecko; compatible; ClaudeBot/1.0; +claudebot@anthropic.com)"
216.73.216.212 - - [23/Oct/2025:16:00:41 +0300] "GET /about/function.php?action=chmod&dir=%2Fhome%2Favocor&item=mail HTTP/1.1" 200 75579 "-" "Mozilla/5.0 AppleWebKit/537.36 (KHTML, like Gecko; compatible; ClaudeBot/1.0; +claudebot@anthropic.com)"
216.73.216.212 - - [23/Oct/2025:16:00:41 +0300] "GET /about/function.php?dir=%2Fhome%2Favocor%2F.mozilla HTTP/1.1" 200 11958 "-" "Mozilla/5.0 AppleWebKit/537.36 (KHTML, like Gecko; compatible; ClaudeBot/1.0; +claudebot@anthropic.com)"
216.73.216.212 - - [23/Oct/2025:16:00:41 +0300] "GET /about/function.php?dir=%2F%2Fhome HTTP/1.1" 200 7250 "-" "Mozilla/5.0 AppleWebKit/537.36 (KHTML, like Gecko; compatible; ClaudeBot/1.0; +claudebot@anthropic.com)"
216.73.216.212 - - [23/Oct/2025:16:00:41 +0300] "GET /about/function.php?action=rename&dir=%2Fhome%2Favocor&item=.htaccess HTTP/1.1" 200 75588 "-" "Mozilla/5.0 AppleWebKit/537.36 (KHTML, like Gecko; compatible; ClaudeBot/1.0; +claudebot@anthropic.com)"
216.73.216.212 - - [23/Oct/2025:16:00:41 +0300] "GET /about/function.php?action=view&dir=%2Fhome%2Favocor&item=cpbackup-exclude.conf HTTP/1.1" 200 75487 "-" "Mozilla/5.0 AppleWebKit/537.36 (KHTML, like Gecko; compatible; ClaudeBot/1.0; +claudebot@anthropic.com)"
216.73.216.212 - - [23/Oct/2025:16:00:41 +0300] "GET /about/function.php?action=edit&dir=%2Fhome%2Favocor&item=.bashrc HTTP/1.1" 200 75830 "-" "Mozilla/5.0 AppleWebKit/537.36 (KHTML, like Gecko; compatible; ClaudeBot/1.0; +claudebot@anthropic.com)"
216.73.216.212 - - [23/Oct/2025:16:00:41 +0300] "GET /about/function.php?action=view&dir=%2Fhome%2Favocor&item=.spamassassinenable HTTP/1.1" 200 75484 "-" "Mozilla/5.0 AppleWebKit/537.36 (KHTML, like Gecko; compatible; ClaudeBot/1.0; +claudebot@anthropic.com)"
216.73.216.212 - - [23/Oct/2025:16:00:41 +0300] "GET /about/function.php?action=chmod&dir=%2Fhome%2Favocor&item=.subaccounts HTTP/1.1" 200 75234 "-" "Mozilla/5.0 AppleWebKit/537.36 (KHTML, like Gecko; compatible; ClaudeBot/1.0; +claudebot@anthropic.com)"
216.73.216.212 - - [23/Oct/2025:16:00:41 +0300] "GET /about/function.php?dir=%2Fhome%2Favocor%2F.cpaddons HTTP/1.1" 200 10391 "-" "Mozilla/5.0 AppleWebKit/537.36 (KHTML, like Gecko; compatible; ClaudeBot/1.0; +claudebot@anthropic.com)"
216.73.216.212 - - [23/Oct/2025:16:00:41 +0300] "GET /about/function.php?action=rename&dir=%2Fhome%2Favocor&item=ssl HTTP/1.1" 200 75582 "-" "Mozilla/5.0 AppleWebKit/537.36 (KHTML, like Gecko; compatible; ClaudeBot/1.0; +claudebot@anthropic.com)"
216.73.216.212 - - [23/Oct/2025:16:00:41 +0300] "GET /about/function.php?action=chmod&dir=%2Fhome%2Favocor&item=.trash HTTP/1.1" 200 75581 "-" "Mozilla/5.0 AppleWebKit/537.36 (KHTML, like Gecko; compatible; ClaudeBot/1.0; +claudebot@anthropic.com)"
216.73.216.212 - - [23/Oct/2025:16:00:41 +0300] "GET /about/function.php?action=view&dir=%2Fhome%2Favocor&item=.spamassassinboxenable HTTP/1.1" 200 75487 "-" "Mozilla/5.0 AppleWebKit/537.36 (KHTML, like Gecko; compatible; ClaudeBot/1.0; +claudebot@anthropic.com)"
216.73.216.212 - - [23/Oct/2025:16:00:41 +0300] "GET /about/function.php?action=rename&dir=%2Fhome%2Favocor&item=.bash_logout HTTP/1.1" 200 75238 "-" "Mozilla/5.0 AppleWebKit/537.36 (KHTML, like Gecko; compatible; ClaudeBot/1.0; +claudebot@anthropic.com)"
216.73.216.212 - - [23/Oct/2025:16:00:41 +0300] "GET /about/function.php?action=view&dir=%2Fhome%2Favocor&item=.bash_profile HTTP/1.1" 200 75654 "-" "Mozilla/5.0 AppleWebKit/537.36 (KHTML, like Gecko; compatible; ClaudeBot/1.0; +claudebot@anthropic.com)"
216.73.216.212 - - [23/Oct/2025:16:00:41 +0300] "GET /about/function.php?action=chmod&dir=%2Fhome%2Favocor&item=cpbackup-exclude.conf HTTP/1.1" 200 75596 "-" "Mozilla/5.0 AppleWebKit/537.36 (KHTML, like Gecko; compatible; ClaudeBot/1.0; +claudebot@anthropic.com)"
216.73.216.212 - - [23/Oct/2025:16:00:41 +0300] "GET /about/function.php?action=rename&dir=%2Fhome%2Favocor&item=cpmove.psql.1385734384 HTTP/1.1" 200 75601 "-" "Mozilla/5.0 AppleWebKit/537.36 (KHTML, like Gecko; compatible; ClaudeBot/1.0; +claudebot@anthropic.com)"
216.73.216.212 - - [23/Oct/2025:16:00:42 +0300] "GET /about/function.php?action=chmod&dir=%2Fhome%2Favocor&item=.spamassassinenable HTTP/1.1" 200 75594 "-" "Mozilla/5.0 AppleWebKit/537.36 (KHTML, like Gecko; compatible; ClaudeBot/1.0; +claudebot@anthropic.com)"
216.73.216.212 - - [23/Oct/2025:16:00:42 +0300] "GET /about/function.php?action=rename&dir=%2Fhome%2Favocor&item=.cl.selector HTTP/1.1" 200 75591 "-" "Mozilla/5.0 AppleWebKit/537.36 (KHTML, like Gecko; compatible; ClaudeBot/1.0; +claudebot@anthropic.com)"
216.73.216.212 - - [23/Oct/2025:16:00:42 +0300] "GET /about/function.php?action=rename&dir=%2Fhome%2Favocor&item=.sqmailattach HTTP/1.1" 200 75592 "-" "Mozilla/5.0 AppleWebKit/537.36 (KHTML, like Gecko; compatible; ClaudeBot/1.0; +claudebot@anthropic.com)"
216.73.216.212 - - [23/Oct/2025:16:00:42 +0300] "GET /about/function.php?action=rename&dir=%2Fhome%2Favocor&item=public_ftp HTTP/1.1" 200 75589 "-" "Mozilla/5.0 AppleWebKit/537.36 (KHTML, like Gecko; compatible; ClaudeBot/1.0; +claudebot@anthropic.com)"
216.73.216.212 - - [23/Oct/2025:16:00:42 +0300] "GET /about/function.php?action=rename&dir=%2Fhome%2Favocor&item=access-logs HTTP/1.1" 200 75590 "-" "Mozilla/5.0 AppleWebKit/537.36 (KHTML, like Gecko; compatible; ClaudeBot/1.0; +claudebot@anthropic.com)"
216.73.216.212 - - [23/Oct/2025:16:00:42 +0300] "GET /about/function.php?action=chmod&dir=%2Fhome%2Favocor&item=.spamassassinboxenable HTTP/1.1" 200 75597 "-" "Mozilla/5.0 AppleWebKit/537.36 (KHTML, like Gecko; compatible; ClaudeBot/1.0; +claudebot@anthropic.com)"
216.73.216.212 - - [23/Oct/2025:16:00:42 +0300] "GET /about/function.php?action=rename&dir=%2Fhome%2Favocor&item=.cpanel HTTP/1.1" 200 75586 "-" "Mozilla/5.0 AppleWebKit/537.36 (KHTML, like Gecko; compatible; ClaudeBot/1.0; +claudebot@anthropic.com)"
216.73.216.212 - - [23/Oct/2025:16:00:42 +0300] "GET /about/function.php?dir=%2Fhome%2Favocor%2F.koality HTTP/1.1" 200 9503 "-" "Mozilla/5.0 AppleWebKit/537.36 (KHTML, like Gecko; compatible; ClaudeBot/1.0; +claudebot@anthropic.com)"
216.73.216.212 - - [23/Oct/2025:16:00:42 +0300] "GET /about/function.php?dir=%2Fhome%2Favocor%2F.cphorde HTTP/1.1" 200 14741 "-" "Mozilla/5.0 AppleWebKit/537.36 (KHTML, like Gecko; compatible; ClaudeBot/1.0; +claudebot@anthropic.com)"
216.73.216.212 - - [23/Oct/2025:16:00:42 +0300] "GET /about/function.php?action=rename&dir=%2Fhome%2Favocor&item=logs HTTP/1.1" 200 75583 "-" "Mozilla/5.0 AppleWebKit/537.36 (KHTML, like Gecko; compatible; ClaudeBot/1.0; +claudebot@anthropic.com)"
20.171.207.222 - - [23/Oct/2025:16:00:41 +0300] "GET /amp.php?products/43dr832 HTTP/1.1" 200 472446 "-" "Mozilla/5.0 AppleWebKit/537.36 (KHTML, like Gecko; compatible; GPTBot/1.2; +https://openai.com/gptbot)"
216.73.216.212 - - [23/Oct/2025:16:00:42 +0300] "GET /about/function.php?dir=%2F%2Fhome2 HTTP/1.1" 200 16215 "-" "Mozilla/5.0 AppleWebKit/537.36 (KHTML, like Gecko; compatible; ClaudeBot/1.0; +claudebot@anthropic.com)"
216.73.216.212 - - [23/Oct/2025:16:00:43 +0300] "GET /about/function.php?action=edit&dir=%2Fhome%2Favocor&item=.htaccess HTTP/1.1" 200 76027 "-" "Mozilla/5.0 AppleWebKit/537.36 (KHTML, like Gecko; compatible; ClaudeBot/1.0; +claudebot@anthropic.com)"
216.73.216.212 - - [23/Oct/2025:16:00:43 +0300] "GET /about/function.php?action=chmod&dir=%2Fhome%2Favocor&item=.bash_profile HTTP/1.1" 200 75588 "-" "Mozilla/5.0 AppleWebKit/537.36 (KHTML, like Gecko; compatible; ClaudeBot/1.0; +claudebot@anthropic.com)"
216.73.216.212 - - [23/Oct/2025:16:00:43 +0300] "GET /about/function.php?action=rename&dir=%2Fhome%2Favocor&item=cpmove.psql.1386983157 HTTP/1.1" 200 75601 "-" "Mozilla/5.0 AppleWebKit/537.36 (KHTML, like Gecko; compatible; ClaudeBot/1.0; +claudebot@anthropic.com)"
216.73.216.212 - - [23/Oct/2025:16:00:43 +0300] "GET /about/function.php?action=chmod&dir=%2Fhome%2Favocor&item=.sqmaildata HTTP/1.1" 200 75586 "-" "Mozilla/5.0 AppleWebKit/537.36 (KHTML, like Gecko; compatible; ClaudeBot/1.0; +claudebot@anthropic.com)"
216.73.216.212 - - [23/Oct/2025:16:00:43 +0300] "GET /about/function.php?dir=%2Fhome%2Favocor%2F.spamassassin HTTP/1.1" 200 16699 "-" "Mozilla/5.0 AppleWebKit/537.36 (KHTML, like Gecko; compatible; ClaudeBot/1.0; +claudebot@anthropic.com)"
216.73.216.212 - - [23/Oct/2025:16:00:43 +0300] "GET /about/function.php?action=view&dir=%2Fhome%2Favocor&item=.bashrc HTTP/1.1" 200 75596 "-" "Mozilla/5.0 AppleWebKit/537.36 (KHTML, like Gecko; compatible; ClaudeBot/1.0; +claudebot@anthropic.com)"
216.73.216.212 - - [23/Oct/2025:16:00:43 +0300] "GET /about/function.php?action=edit&dir=%2Fhome%2Favocor&item=.bash_logout HTTP/1.1" 200 75744 "-" "Mozilla/5.0 AppleWebKit/537.36 (KHTML, like Gecko; compatible; ClaudeBot/1.0; +claudebot@anthropic.com)"
216.73.216.212 - - [23/Oct/2025:16:00:43 +0300] "GET /about/function.php?dir=%2Fhome%2Favocor%2F.caldav HTTP/1.1" 200 17154 "-" "Mozilla/5.0 AppleWebKit/537.36 (KHTML, like Gecko; compatible; ClaudeBot/1.0; +claudebot@anthropic.com)"
216.73.216.212 - - [23/Oct/2025:16:00:43 +0300] "GET /about/function.php?action=rename&dir=%2Fhome%2Favocor&item=cpmove.psql HTTP/1.1" 200 75590 "-" "Mozilla/5.0 AppleWebKit/537.36 (KHTML, like Gecko; compatible; ClaudeBot/1.0; +claudebot@anthropic.com)"
216.73.216.212 - - [23/Oct/2025:16:00:43 +0300] "GET /about/function.php?action=rename&dir=%2Fhome%2Favocor%2Fpublic_html&item=ZolQ5uzwYqR.php HTTP/1.1" 200 102253 "-" "Mozilla/5.0 AppleWebKit/537.36 (KHTML, like Gecko; compatible; ClaudeBot/1.0; +claudebot@anthropic.com)"
216.73.216.212 - - [23/Oct/2025:16:00:43 +0300] "GET /about/function.php?action=chmod&dir=%2Fhome%2Favocor&item=.bashrc HTTP/1.1" 200 75582 "-" "Mozilla/5.0 AppleWebKit/537.36 (KHTML, like Gecko; compatible; ClaudeBot/1.0; +claudebot@anthropic.com)"
216.73.216.212 - - [23/Oct/2025:16:00:44 +0300] "GET /about/function.php?action=rename&dir=%2Fhome%2Favocor&item=tmp HTTP/1.1" 200 75582 "-" "Mozilla/5.0 AppleWebKit/537.36 (KHTML, like Gecko; compatible; ClaudeBot/1.0; +claudebot@anthropic.com)"
216.73.216.212 - - [23/Oct/2025:16:00:44 +0300] "GET /about/function.php?dir=%2Fhome%2Favocor%2F.trash HTTP/1.1" 200 9499 "-" "Mozilla/5.0 AppleWebKit/537.36 (KHTML, like Gecko; compatible; ClaudeBot/1.0; +claudebot@anthropic.com)"
216.73.216.212 - - [23/Oct/2025:16:00:44 +0300] "GET /about/function.php?dir=%2Fhome%2Favocor%2F.subaccounts HTTP/1.1" 200 10959 "-" "Mozilla/5.0 AppleWebKit/537.36 (KHTML, like Gecko; compatible; ClaudeBot/1.0; +claudebot@anthropic.com)"
216.73.216.212 - - [23/Oct/2025:16:00:44 +0300] "GET /about/function.php?action=rename&dir=%2Fhome%2Favocor%2Fpublic_html&item=.well-known HTTP/1.1" 200 102249 "-" "Mozilla/5.0 AppleWebKit/537.36 (KHTML, like Gecko; compatible; ClaudeBot/1.0; +claudebot@anthropic.com)"
216.73.216.212 - - [23/Oct/2025:16:00:44 +0300] "GET /about/function.php?dir=%2Fhome%2Favocor%2Fwww HTTP/1.1" 200 99127 "-" "Mozilla/5.0 AppleWebKit/537.36 (KHTML, like Gecko; compatible; ClaudeBot/1.0; +claudebot@anthropic.com)"
216.73.216.212 - - [23/Oct/2025:16:00:44 +0300] "GET /about/function.php?dir=%2Fhome%2Favocor%2Fmail HTTP/1.1" 200 42519 "-" "Mozilla/5.0 AppleWebKit/537.36 (KHTML, like Gecko; compatible; ClaudeBot/1.0; +claudebot@anthropic.com)"
216.73.216.212 - - [23/Oct/2025:16:00:44 +0300] "GET /about/function.php?action=chmod&dir=%2Fhome%2Favocor&item=.razor HTTP/1.1" 200 75581 "-" "Mozilla/5.0 AppleWebKit/537.36 (KHTML, like Gecko; compatible; ClaudeBot/1.0; +claudebot@anthropic.com)"
144.76.19.75 - - [23/Oct/2025:16:00:43 +0300] "GET /amp.php?m003049003?srsltid=AfmBOosAEXmvofIopzhTLp_FjaUKZB8mV_03ZBhlj2-Y-D9rj1yJSP HTTP/1.1" 200 464845 "-" "Mozilla/5.0 (compatible; BLEXBot/1.0; +https://help.seranking.com/en/blex-crawler)"
216.73.216.212 - - [23/Oct/2025:16:00:44 +0300] "GET /about/function.php?dir=%2Fhome%2Favocor%2Flogs HTTP/1.1" 200 20755 "-" "Mozilla/5.0 AppleWebKit/537.36 (KHTML, like Gecko; compatible; ClaudeBot/1.0; +claudebot@anthropic.com)"
20.171.207.222 - - [23/Oct/2025:16:00:43 +0300] "GET /amp.php?products/242fe29455 HTTP/1.1" 200 469065 "-" "Mozilla/5.0 AppleWebKit/537.36 (KHTML, like Gecko; compatible; GPTBot/1.2; +https://openai.com/gptbot)"
216.73.216.212 - - [23/Oct/2025:16:00:44 +0300] "GET /about/function.php?action=rename&dir=%2Fhome%2Favocor&item=.emacs HTTP/1.1" 200 75232 "-" "Mozilla/5.0 AppleWebKit/537.36 (KHTML, like Gecko; compatible; ClaudeBot/1.0; +claudebot@anthropic.com)"
216.73.216.212 - - [23/Oct/2025:16:00:44 +0300] "GET /about/function.php?action=rename&dir=%2Fhome%2Favocor&item=.wp-toolkit HTTP/1.1" 200 75237 "-" "Mozilla/5.0 AppleWebKit/537.36 (KHTML, like Gecko; compatible; ClaudeBot/1.0; +claudebot@anthropic.com)"
216.73.216.212 - - [23/Oct/2025:16:00:44 +0300] "GET /about/function.php?action=rename&dir=%2Fhome%2Favocor%2Fpublic_html&item=WQ6rgkZtFUX.php HTTP/1.1" 200 102253 "-" "Mozilla/5.0 AppleWebKit/537.36 (KHTML, like Gecko; compatible; ClaudeBot/1.0; +claudebot@anthropic.com)"
216.73.216.212 - - [23/Oct/2025:16:00:45 +0300] "GET /about/function.php?action=view&dir=%2Fhome%2Favocor&item=.htaccess HTTP/1.1" 200 75793 "-" "Mozilla/5.0 AppleWebKit/537.36 (KHTML, like Gecko; compatible; ClaudeBot/1.0; +claudebot@anthropic.com)"
216.73.216.212 - - [23/Oct/2025:16:00:45 +0300] "GET /about/function.php?action=chmod&dir=%2Fhome%2Favocor&item=var HTTP/1.1" 200 75578 "-" "Mozilla/5.0 AppleWebKit/537.36 (KHTML, like Gecko; compatible; ClaudeBot/1.0; +claudebot@anthropic.com)"
216.73.216.212 - - [23/Oct/2025:16:00:45 +0300] "GET /about/function.php?dir=%2Fhome%2Favocor%2F.sqmaildata HTTP/1.1" 200 12484 "-" "Mozilla/5.0 AppleWebKit/537.36 (KHTML, like Gecko; compatible; ClaudeBot/1.0; +claudebot@anthropic.com)"
216.73.216.212 - - [23/Oct/2025:16:00:45 +0300] "GET /about/function.php?action=edit&dir=%2Fhome%2Favocor%2Fpublic_html&item=ZolQ5uzwYqR.php HTTP/1.1" 200 120735 "-" "Mozilla/5.0 AppleWebKit/537.36 (KHTML, like Gecko; compatible; ClaudeBot/1.0; +claudebot@anthropic.com)"
216.73.216.212 - - [23/Oct/2025:16:00:45 +0300] "GET /about/function.php?action=rename&dir=%2Fhome%2Favocor%2Fpublic_html&item=cuvxevzm.php HTTP/1.1" 200 102250 "-" "Mozilla/5.0 AppleWebKit/537.36 (KHTML, like Gecko; compatible; ClaudeBot/1.0; +claudebot@anthropic.com)"
216.73.216.212 - - [23/Oct/2025:16:00:45 +0300] "GET /about/function.php?dir=%2Fhome%2Favocor%2Fetc HTTP/1.1" 200 20708 "-" "Mozilla/5.0 AppleWebKit/537.36 (KHTML, like Gecko; compatible; ClaudeBot/1.0; +claudebot@anthropic.com)"
216.73.216.212 - - [23/Oct/2025:16:00:45 +0300] "GET /about/function.php?action=edit&dir=%2Fhome%2Favocor&item=.emacs HTTP/1.1" 200 76250 "-" "Mozilla/5.0 AppleWebKit/537.36 (KHTML, like Gecko; compatible; ClaudeBot/1.0; +claudebot@anthropic.com)"
216.73.216.212 - - [23/Oct/2025:16:00:45 +0300] "GET /about/function.php?action=chmod&dir=%2Fhome%2Favocor&item=.htaccess HTTP/1.1" 200 75584 "-" "Mozilla/5.0 AppleWebKit/537.36 (KHTML, like Gecko; compatible; ClaudeBot/1.0; +claudebot@anthropic.com)"
216.73.216.212 - - [23/Oct/2025:16:00:45 +0300] "GET /about/function.php?action=rename&dir=%2Fhome%2Favocor%2Fpublic_html&item=servicii_b.html HTTP/1.1" 200 102253 "-" "Mozilla/5.0 AppleWebKit/537.36 (KHTML, like Gecko; compatible; ClaudeBot/1.0; +claudebot@anthropic.com)"
216.73.216.212 - - [23/Oct/2025:16:00:45 +0300] "GET /about/function.php?action=view&dir=%2Fhome%2Favocor&item=.bash_logout HTTP/1.1" 200 75510 "-" "Mozilla/5.0 AppleWebKit/537.36 (KHTML, like Gecko; compatible; ClaudeBot/1.0; +claudebot@anthropic.com)"
20.171.207.222 - - [23/Oct/2025:16:00:45 +0300] "GET /amp.php?products/137cy33400 HTTP/1.1" 200 463522 "-" "Mozilla/5.0 AppleWebKit/537.36 (KHTML, like Gecko; compatible; GPTBot/1.2; +https://openai.com/gptbot)"
20.171.207.222 - - [23/Oct/2025:16:00:47 +0300] "GET /amp.php?products/122kh48211 HTTP/1.1" 200 464928 "-" "Mozilla/5.0 AppleWebKit/537.36 (KHTML, like Gecko; compatible; GPTBot/1.2; +https://openai.com/gptbot)"
144.76.19.75 - - [23/Oct/2025:16:00:48 +0300] "GET /amp.php?m056023738?srsltid=AfmBOohpIDwrLHpqPeBhEe_esDWeUuCAX_YUgO4TyW-Q-eGs231y2X HTTP/1.1" 200 464982 "-" "Mozilla/5.0 (compatible; BLEXBot/1.0; +https://help.seranking.com/en/blex-crawler)"
20.171.207.222 - - [23/Oct/2025:16:00:49 +0300] "GET /amp.php?products/122zu48215 HTTP/1.1" 200 464178 "-" "Mozilla/5.0 AppleWebKit/537.36 (KHTML, like Gecko; compatible; GPTBot/1.2; +https://openai.com/gptbot)"
