20.171.207.222 - - [23/Oct/2025:16:14:41 +0300] "GET /amp.php?products/170ns7423 HTTP/1.1" 200 482872 "-" "Mozilla/5.0 AppleWebKit/537.36 (KHTML, like Gecko; compatible; GPTBot/1.2; +https://openai.com/gptbot)"
20.171.207.222 - - [23/Oct/2025:16:14:43 +0300] "GET /amp.php?products/123mv19328 HTTP/1.1" 200 479740 "-" "Mozilla/5.0 AppleWebKit/537.36 (KHTML, like Gecko; compatible; GPTBot/1.2; +https://openai.com/gptbot)"
74.91.19.178 - - [23/Oct/2025:16:14:44 +0300] "GET /wp-includes/install.php HTTP/1.1" 200 6 "https://avocor.eu/wp-includes/install.php" "Mozilla/5.0 (Windows NT 10.0; Win64; x64) AppleWebKit/537.36 (KHTML, like Gecko) Chrome/58.0.3029.110 Safari/537.3"
144.76.19.75 - - [23/Oct/2025:16:14:44 +0300] "GET /amp.php?m056024048?srsltid=AfmBOojdrGWDRRSzHpn2n0_X0r09j67hA_VNV17Z63-K-EDFfwvn05 HTTP/1.1" 200 478019 "-" "Mozilla/5.0 (compatible; BLEXBot/1.0; +https://help.seranking.com/en/blex-crawler)"
20.171.207.222 - - [23/Oct/2025:16:14:45 +0300] "GET /amp.php?products/281hf27128 HTTP/1.1" 200 464340 "-" "Mozilla/5.0 AppleWebKit/537.36 (KHTML, like Gecko; compatible; GPTBot/1.2; +https://openai.com/gptbot)"
54.38.147.144 - - [23/Oct/2025:16:14:48 +0300] "GET /about/function.php?dir=/home/avocor/public_html&item=ZolQ5uzwYqR.php&action=view HTTP/1.1" 200 120501 "-" "Mozilla/5.0 (compatible; AhrefsBot/7.0; +http://ahrefs.com/robot/)"
20.171.207.222 - - [23/Oct/2025:16:14:47 +0300] "GET /amp.php?products/192az28949 HTTP/1.1" 200 479583 "-" "Mozilla/5.0 AppleWebKit/537.36 (KHTML, like Gecko; compatible; GPTBot/1.2; +https://openai.com/gptbot)"
74.91.19.178 - - [23/Oct/2025:16:13:22 +0300] "GET /wp-includes/install.php HTTP/1.1" 200 - "https://avocor.eu/wp-includes/install.php" "Mozilla/5.0 (Windows NT 10.0; Win64; x64) AppleWebKit/537.36 (KHTML, like Gecko) Chrome/58.0.3029.110 Safari/537.3"
144.76.19.75 - - [23/Oct/2025:16:14:48 +0300] "GET /amp.php?m003049263?srsltid=AfmBOoJMDuOhjSLT9Dih9R_HDMK6Pzwi9_X5zpvKO4-V-9MfuNY1kx HTTP/1.1" 200 462178 "-" "Mozilla/5.0 (compatible; BLEXBot/1.0; +https://help.seranking.com/en/blex-crawler)"
20.171.207.222 - - [23/Oct/2025:16:14:49 +0300] "GET /amp.php?products/271sd32866 HTTP/1.1" 200 466814 "-" "Mozilla/5.0 AppleWebKit/537.36 (KHTML, like Gecko; compatible; GPTBot/1.2; +https://openai.com/gptbot)"
20.171.207.222 - - [23/Oct/2025:16:14:51 +0300] "GET /amp.php?products/240vd25407 HTTP/1.1" 200 462710 "-" "Mozilla/5.0 AppleWebKit/537.36 (KHTML, like Gecko; compatible; GPTBot/1.2; +https://openai.com/gptbot)"
144.76.19.75 - - [23/Oct/2025:16:14:53 +0300] "GET /amp.php?m056024052?srsltid=AfmBOoJtLqKtamzoEDFfwv_tE2nu3Y78S_KQ5iUYug-Z-YWMniCK3o HTTP/1.1" 200 474076 "-" "Mozilla/5.0 (compatible; BLEXBot/1.0; +https://help.seranking.com/en/blex-crawler)"
20.171.207.222 - - [23/Oct/2025:16:14:53 +0300] "GET /amp.php?products/234pt23225 HTTP/1.1" 200 461796 "-" "Mozilla/5.0 AppleWebKit/537.36 (KHTML, like Gecko; compatible; GPTBot/1.2; +https://openai.com/gptbot)"
20.171.207.222 - - [23/Oct/2025:16:14:55 +0300] "GET /amp.php?products/234xc41641 HTTP/1.1" 200 476218 "-" "Mozilla/5.0 AppleWebKit/537.36 (KHTML, like Gecko; compatible; GPTBot/1.2; +https://openai.com/gptbot)"
20.171.207.222 - - [23/Oct/2025:16:14:56 +0300] "GET /amp.php?products/251pj23636 HTTP/1.1" 200 463197 "-" "Mozilla/5.0 AppleWebKit/537.36 (KHTML, like Gecko; compatible; GPTBot/1.2; +https://openai.com/gptbot)"
144.76.19.75 - - [23/Oct/2025:16:14:57 +0300] "GET /amp.php?m003049265?srsltid=AfmBOoLRdyCtkmvwX5zpvK_8fhHRczBJi_9MfuNY1k-N-463aAVg3i HTTP/1.1" 200 460792 "-" "Mozilla/5.0 (compatible; BLEXBot/1.0; +https://help.seranking.com/en/blex-crawler)"
20.171.207.222 - - [23/Oct/2025:16:14:58 +0300] "GET /amp.php?products/299uy17512 HTTP/1.1" 200 467467 "-" "Mozilla/5.0 AppleWebKit/537.36 (KHTML, like Gecko; compatible; GPTBot/1.2; +https://openai.com/gptbot)"
20.171.207.222 - - [23/Oct/2025:16:15:00 +0300] "GET /amp.php?products/123cb21536 HTTP/1.1" 200 470596 "-" "Mozilla/5.0 AppleWebKit/537.36 (KHTML, like Gecko; compatible; GPTBot/1.2; +https://openai.com/gptbot)"
144.76.19.75 - - [23/Oct/2025:16:15:01 +0300] "GET /amp.php?m056024054?srsltid=AfmBOoseGibXDLHKKQ5iUY_mJYw94kXpU_YWMniCK3-X-Q0UFMj7JR HTTP/1.1" 200 465651 "-" "Mozilla/5.0 (compatible; BLEXBot/1.0; +https://help.seranking.com/en/blex-crawler)"
20.171.207.222 - - [23/Oct/2025:16:15:02 +0300] "GET /amp.php?products/297um43226 HTTP/1.1" 200 464036 "-" "Mozilla/5.0 AppleWebKit/537.36 (KHTML, like Gecko; compatible; GPTBot/1.2; +https://openai.com/gptbot)"
20.171.207.222 - - [23/Oct/2025:16:15:04 +0300] "GET /amp.php?products/234pv39953 HTTP/1.1" 200 477985 "-" "Mozilla/5.0 AppleWebKit/537.36 (KHTML, like Gecko; compatible; GPTBot/1.2; +https://openai.com/gptbot)"
144.76.19.75 - - [23/Oct/2025:16:15:05 +0300] "GET /amp.php?m003049267?srsltid=AfmBOoUaIznPRpgY9MfuNY_NaxZJLTEZU_463aAVg3-I-UCkh3U4Uo HTTP/1.1" 200 463262 "-" "Mozilla/5.0 (compatible; BLEXBot/1.0; +https://help.seranking.com/en/blex-crawler)"
20.171.207.222 - - [23/Oct/2025:16:15:06 +0300] "GET /amp.php?products/103sd32732 HTTP/1.1" 200 464246 "-" "Mozilla/5.0 AppleWebKit/537.36 (KHTML, like Gecko; compatible; GPTBot/1.2; +https://openai.com/gptbot)"
77.75.76.170 - - [23/Oct/2025:16:15:09 +0300] "GET /024033763.htm HTTP/1.1" 200 - "-" "Mozilla/5.0 (compatible; SeznamBot/4.0; +https://o-seznam.cz/napoveda/vyhledavani/en/seznambot-crawler/)"
20.171.207.222 - - [23/Oct/2025:16:15:08 +0300] "GET /amp.php?products/5kt38788 HTTP/1.1" 200 463600 "-" "Mozilla/5.0 AppleWebKit/537.36 (KHTML, like Gecko; compatible; GPTBot/1.2; +https://openai.com/gptbot)"
77.75.76.170 - - [23/Oct/2025:16:15:10 +0300] "GET /071014270.htm HTTP/1.1" 200 - "-" "Mozilla/5.0 (compatible; SeznamBot/4.0; +https://o-seznam.cz/napoveda/vyhledavani/en/seznambot-crawler/)"
77.75.76.170 - - [23/Oct/2025:16:15:11 +0300] "GET /demand/a97?pid=40235 HTTP/1.1" 200 - "-" "Mozilla/5.0 (compatible; SeznamBot/4.0; +https://o-seznam.cz/napoveda/vyhledavani/en/seznambot-crawler/)"
144.76.19.75 - - [23/Oct/2025:16:15:10 +0300] "GET /amp.php?m056024056?srsltid=AfmBOoJeTEombwIFYWMniC_KGtusgLjkN_Q0UFMj7J-Y-ERbIzNKiX HTTP/1.1" 200 466219 "-" "Mozilla/5.0 (compatible; BLEXBot/1.0; +https://help.seranking.com/en/blex-crawler)"
20.171.207.222 - - [23/Oct/2025:16:15:10 +0300] "GET /amp.php?products/234vv38121 HTTP/1.1" 200 477143 "-" "Mozilla/5.0 AppleWebKit/537.36 (KHTML, like Gecko; compatible; GPTBot/1.2; +https://openai.com/gptbot)"
20.171.207.222 - - [23/Oct/2025:16:15:12 +0300] "GET /amp.php?products/110sx44821 HTTP/1.1" 200 467674 "-" "Mozilla/5.0 AppleWebKit/537.36 (KHTML, like Gecko; compatible; GPTBot/1.2; +https://openai.com/gptbot)"
20.171.207.222 - - [23/Oct/2025:16:15:14 +0300] "GET /amp.php?products/234pu38117 HTTP/1.1" 200 478491 "-" "Mozilla/5.0 AppleWebKit/537.36 (KHTML, like Gecko; compatible; GPTBot/1.2; +https://openai.com/gptbot)"
144.76.19.75 - - [23/Oct/2025:16:15:14 +0300] "GET /amp.php?m003049269?srsltid=AfmBOoLBnhvUOIEW463aAV_vyj4RQyKyl_UCkh3U4U-O-sQ7McMUNV HTTP/1.1" 200 463978 "-" "Mozilla/5.0 (compatible; BLEXBot/1.0; +https://help.seranking.com/en/blex-crawler)"
20.171.207.222 - - [23/Oct/2025:16:15:16 +0300] "GET /amp.php?products/128me10201 HTTP/1.1" 200 485741 "-" "Mozilla/5.0 AppleWebKit/537.36 (KHTML, like Gecko; compatible; GPTBot/1.2; +https://openai.com/gptbot)"
20.171.207.222 - - [23/Oct/2025:16:15:18 +0300] "GET /amp.php?products/234vb24141 HTTP/1.1" 200 460844 "-" "Mozilla/5.0 AppleWebKit/537.36 (KHTML, like Gecko; compatible; GPTBot/1.2; +https://openai.com/gptbot)"
144.76.19.75 - - [23/Oct/2025:16:15:18 +0300] "GET /amp.php?m056024058?srsltid=AfmBOonbZHnYcvTsQ0UFMj_inFExOTdoB_ERbIzNKi-M-E8c9oXtTn HTTP/1.1" 200 467115 "-" "Mozilla/5.0 (compatible; BLEXBot/1.0; +https://help.seranking.com/en/blex-crawler)"
77.75.76.170 - - [23/Oct/2025:16:15:20 +0300] "GET /051004268.htm HTTP/1.1" 200 - "-" "Mozilla/5.0 (compatible; SeznamBot/4.0; +https://o-seznam.cz/napoveda/vyhledavani/en/seznambot-crawler/)"
20.171.207.222 - - [23/Oct/2025:16:15:20 +0300] "GET /amp.php?products/140wm41843 HTTP/1.1" 200 488682 "-" "Mozilla/5.0 AppleWebKit/537.36 (KHTML, like Gecko; compatible; GPTBot/1.2; +https://openai.com/gptbot)"
20.171.207.222 - - [23/Oct/2025:16:15:22 +0300] "GET /amp.php?products/38qc34343 HTTP/1.1" 200 479803 "-" "Mozilla/5.0 AppleWebKit/537.36 (KHTML, like Gecko; compatible; GPTBot/1.2; +https://openai.com/gptbot)"
144.76.19.75 - - [23/Oct/2025:16:15:23 +0300] "GET /amp.php?m003049271?srsltid=AfmBOoKdQYieMuzHUCkh3U_41eLEREwVj_sQ7McMUN-I-snQn42kMs HTTP/1.1" 200 464293 "-" "Mozilla/5.0 (compatible; BLEXBot/1.0; +https://help.seranking.com/en/blex-crawler)"
20.171.207.222 - - [23/Oct/2025:16:15:24 +0300] "GET /amp.php?category/542_543_10812/1 HTTP/1.1" 200 108980 "-" "Mozilla/5.0 AppleWebKit/537.36 (KHTML, like Gecko; compatible; GPTBot/1.2; +https://openai.com/gptbot)"
74.91.19.178 - - [23/Oct/2025:16:15:25 +0300] "GET /wp-includes/install.php HTTP/1.1" 200 6 "https://avocor.eu/wp-includes/install.php" "Mozilla/5.0 (Windows NT 10.0; Win64; x64) AppleWebKit/537.36 (KHTML, like Gecko) Chrome/58.0.3029.110 Safari/537.3"
20.171.207.222 - - [23/Oct/2025:16:15:25 +0300] "GET /amp.php?products/184kw40009 HTTP/1.1" 200 469838 "-" "Mozilla/5.0 AppleWebKit/537.36 (KHTML, like Gecko; compatible; GPTBot/1.2; +https://openai.com/gptbot)"
20.171.207.222 - - [23/Oct/2025:16:15:27 +0300] "GET /amp.php?products/100pm1203 HTTP/1.1" 200 465692 "-" "Mozilla/5.0 AppleWebKit/537.36 (KHTML, like Gecko; compatible; GPTBot/1.2; +https://openai.com/gptbot)"
144.76.19.75 - - [23/Oct/2025:16:15:27 +0300] "GET /amp.php?m056024060?srsltid=AfmBOoMRBpVmvQRXERbIzN_6ZFe18xUjg_E8c9oXtT-S-4uHVDMyH6 HTTP/1.1" 200 473807 "-" "Mozilla/5.0 (compatible; BLEXBot/1.0; +https://help.seranking.com/en/blex-crawler)"
74.91.19.178 - - [23/Oct/2025:16:15:30 +0300] "GET /wp-includes/install.php HTTP/1.1" 200 6 "https://avocor.eu/wp-includes/install.php" "Mozilla/5.0 (Windows NT 10.0; Win64; x64) AppleWebKit/537.36 (KHTML, like Gecko) Chrome/58.0.3029.110 Safari/537.3"
20.171.207.222 - - [23/Oct/2025:16:15:29 +0300] "GET /amp.php?products/110ro44291 HTTP/1.1" 200 467378 "-" "Mozilla/5.0 AppleWebKit/537.36 (KHTML, like Gecko; compatible; GPTBot/1.2; +https://openai.com/gptbot)"
20.171.207.222 - - [23/Oct/2025:16:15:31 +0300] "GET /amp.php?products/299zp11512 HTTP/1.1" 200 471744 "-" "Mozilla/5.0 AppleWebKit/537.36 (KHTML, like Gecko; compatible; GPTBot/1.2; +https://openai.com/gptbot)"
144.76.19.75 - - [23/Oct/2025:16:15:31 +0300] "GET /amp.php?m003049273?srsltid=AfmBOoYJNKsdnOfEsQ7McM_AYcucRnotY_snQn42kM-K-9PKWTqzlC HTTP/1.1" 200 463293 "-" "Mozilla/5.0 (compatible; BLEXBot/1.0; +https://help.seranking.com/en/blex-crawler)"
20.171.207.222 - - [23/Oct/2025:16:15:33 +0300] "GET /amp.php?products/233wo16326 HTTP/1.1" 200 466781 "-" "Mozilla/5.0 AppleWebKit/537.36 (KHTML, like Gecko; compatible; GPTBot/1.2; +https://openai.com/gptbot)"
20.171.207.222 - - [23/Oct/2025:16:15:35 +0300] "GET /amp.php?products/232up23411 HTTP/1.1" 200 465563 "-" "Mozilla/5.0 AppleWebKit/537.36 (KHTML, like Gecko; compatible; GPTBot/1.2; +https://openai.com/gptbot)"
144.76.19.75 - - [23/Oct/2025:16:15:35 +0300] "GET /amp.php?m056024062?srsltid=AfmBOooIrTakPpIME8c9oX_OEQC2UrACX_4uHVDMyH-G-ZmjGVZCuK HTTP/1.1" 200 472482 "-" "Mozilla/5.0 (compatible; BLEXBot/1.0; +https://help.seranking.com/en/blex-crawler)"
20.171.207.222 - - [23/Oct/2025:16:15:37 +0300] "GET /amp.php?products/274cs17829 HTTP/1.1" 200 461755 "-" "Mozilla/5.0 AppleWebKit/537.36 (KHTML, like Gecko; compatible; GPTBot/1.2; +https://openai.com/gptbot)"
20.171.207.222 - - [23/Oct/2025:16:15:39 +0300] "GET /amp.php?products/62yt49381 HTTP/1.1" 200 484571 "-" "Mozilla/5.0 AppleWebKit/537.36 (KHTML, like Gecko; compatible; GPTBot/1.2; +https://openai.com/gptbot)"
144.76.19.75 - - [23/Oct/2025:16:15:40 +0300] "GET /amp.php?m003049275?srsltid=AfmBOoxhObbVSKYzsnQn42_d6dpgw5EuB_9PKWTqzl-A-hdj17v4q6 HTTP/1.1" 200 464038 "-" "Mozilla/5.0 (compatible; BLEXBot/1.0; +https://help.seranking.com/en/blex-crawler)"
20.171.207.222 - - [23/Oct/2025:16:15:40 +0300] "GET /amp.php?products/242iu14173 HTTP/1.1" 200 468310 "-" "Mozilla/5.0 AppleWebKit/537.36 (KHTML, like Gecko; compatible; GPTBot/1.2; +https://openai.com/gptbot)"
20.171.207.222 - - [23/Oct/2025:16:15:42 +0300] "GET /amp.php?category/542_543_10812/3 HTTP/1.1" 200 107016 "-" "Mozilla/5.0 AppleWebKit/537.36 (KHTML, like Gecko; compatible; GPTBot/1.2; +https://openai.com/gptbot)"
20.171.207.222 - - [23/Oct/2025:16:15:44 +0300] "GET /amp.php?products/184bw40283 HTTP/1.1" 200 474595 "-" "Mozilla/5.0 AppleWebKit/537.36 (KHTML, like Gecko; compatible; GPTBot/1.2; +https://openai.com/gptbot)"
144.76.19.75 - - [23/Oct/2025:16:15:44 +0300] "GET /amp.php?m056024064?srsltid=AfmBOooMGpIUZfRF4uHVDM_X2pRPq2Kt0_ZmjGVZCu-S-hGOlRprGx HTTP/1.1" 200 466354 "-" "Mozilla/5.0 (compatible; BLEXBot/1.0; +https://help.seranking.com/en/blex-crawler)"
20.171.207.222 - - [23/Oct/2025:16:15:46 +0300] "GET /amp.php?category/542_543_10812/4 HTTP/1.1" 200 102002 "-" "Mozilla/5.0 AppleWebKit/537.36 (KHTML, like Gecko; compatible; GPTBot/1.2; +https://openai.com/gptbot)"
20.171.207.222 - - [23/Oct/2025:16:15:47 +0300] "GET /amp.php?products/232zb24623 HTTP/1.1" 200 462166 "-" "Mozilla/5.0 AppleWebKit/537.36 (KHTML, like Gecko; compatible; GPTBot/1.2; +https://openai.com/gptbot)"
144.76.19.75 - - [23/Oct/2025:16:15:48 +0300] "GET /amp.php?m003049277?srsltid=AfmBOoeZnrdviCMa9PKWTq_rRxILEao03_hdj17v4q-U-0u4W9BGMi HTTP/1.1" 200 460803 "-" "Mozilla/5.0 (compatible; BLEXBot/1.0; +https://help.seranking.com/en/blex-crawler)"
20.171.207.222 - - [23/Oct/2025:16:15:49 +0300] "GET /amp.php?category/542_543_10812/2 HTTP/1.1" 200 104485 "-" "Mozilla/5.0 AppleWebKit/537.36 (KHTML, like Gecko; compatible; GPTBot/1.2; +https://openai.com/gptbot)"
20.171.207.222 - - [23/Oct/2025:16:15:50 +0300] "GET /amp.php?products/232pt24607 HTTP/1.1" 200 465228 "-" "Mozilla/5.0 AppleWebKit/537.36 (KHTML, like Gecko; compatible; GPTBot/1.2; +https://openai.com/gptbot)"
20.171.207.222 - - [23/Oct/2025:16:15:52 +0300] "GET /amp.php?products/233cb20484 HTTP/1.1" 200 463232 "-" "Mozilla/5.0 AppleWebKit/537.36 (KHTML, like Gecko; compatible; GPTBot/1.2; +https://openai.com/gptbot)"
144.76.19.75 - - [23/Oct/2025:16:15:53 +0300] "GET /amp.php?m056024066?srsltid=AfmBOoxPyAEwLuDaZmjGVZ_ywEvHVUtE3_hGOlRprG-B-V3DxSomQV HTTP/1.1" 200 472933 "-" "Mozilla/5.0 (compatible; BLEXBot/1.0; +https://help.seranking.com/en/blex-crawler)"
20.171.207.222 - - [23/Oct/2025:16:15:54 +0300] "GET /amp.php?products/62vw49777 HTTP/1.1" 200 468951 "-" "Mozilla/5.0 AppleWebKit/537.36 (KHTML, like Gecko; compatible; GPTBot/1.2; +https://openai.com/gptbot)"
20.171.207.222 - - [23/Oct/2025:16:15:56 +0300] "GET /amp.php?category/542_543_10812/6 HTTP/1.1" 200 79581 "-" "Mozilla/5.0 AppleWebKit/537.36 (KHTML, like Gecko; compatible; GPTBot/1.2; +https://openai.com/gptbot)"
144.76.19.75 - - [23/Oct/2025:16:15:57 +0300] "GET /amp.php?m003049279?srsltid=AfmBOoZMkgtoBxeRhdj17v_MsO8HvSoE5_0u4W9BGM-L-FXgRIEe7V HTTP/1.1" 200 468574 "-" "Mozilla/5.0 (compatible; BLEXBot/1.0; +https://help.seranking.com/en/blex-crawler)"
20.171.207.222 - - [23/Oct/2025:16:15:58 +0300] "GET /amp.php?category/542_543_10812/5 HTTP/1.1" 200 103427 "-" "Mozilla/5.0 AppleWebKit/537.36 (KHTML, like Gecko; compatible; GPTBot/1.2; +https://openai.com/gptbot)"
20.171.207.222 - - [23/Oct/2025:16:15:59 +0300] "GET /amp.php?products/242rs15561 HTTP/1.1" 200 465237 "-" "Mozilla/5.0 AppleWebKit/537.36 (KHTML, like Gecko; compatible; GPTBot/1.2; +https://openai.com/gptbot)"
144.76.19.75 - - [23/Oct/2025:16:16:01 +0300] "GET /amp.php?m056024068?srsltid=AfmBOoLVHaUHcjNPhGOlRp_HEoaR6HX8E_V3DxSomQ-L-MDtQZjP7i HTTP/1.1" 200 463608 "-" "Mozilla/5.0 (compatible; BLEXBot/1.0; +https://help.seranking.com/en/blex-crawler)"
20.171.207.222 - - [23/Oct/2025:16:16:01 +0300] "GET /amp.php?products/180yc46777 HTTP/1.1" 200 462470 "-" "Mozilla/5.0 AppleWebKit/537.36 (KHTML, like Gecko; compatible; GPTBot/1.2; +https://openai.com/gptbot)"
20.171.207.222 - - [23/Oct/2025:16:16:03 +0300] "GET /amp.php?products/121tt18074 HTTP/1.1" 200 470442 "-" "Mozilla/5.0 AppleWebKit/537.36 (KHTML, like Gecko; compatible; GPTBot/1.2; +https://openai.com/gptbot)"
20.171.207.222 - - [23/Oct/2025:16:16:05 +0300] "GET /amp.php?products/232uy23801 HTTP/1.1" 200 463890 "-" "Mozilla/5.0 AppleWebKit/537.36 (KHTML, like Gecko; compatible; GPTBot/1.2; +https://openai.com/gptbot)"
144.76.19.75 - - [23/Oct/2025:16:16:06 +0300] "GET /amp.php?m003049281?srsltid=AfmBOoWrdafRYuIf0u4W9B_y0FImnLX91_FXgRIEe7-L-ULNuFZJqN HTTP/1.1" 200 464484 "-" "Mozilla/5.0 (compatible; BLEXBot/1.0; +https://help.seranking.com/en/blex-crawler)"
20.171.207.222 - - [23/Oct/2025:16:16:07 +0300] "GET /amp.php?products/232aw24613 HTTP/1.1" 200 468856 "-" "Mozilla/5.0 AppleWebKit/537.36 (KHTML, like Gecko; compatible; GPTBot/1.2; +https://openai.com/gptbot)"
77.75.76.170 - - [23/Oct/2025:16:16:08 +0300] "GET /037010208.htm HTTP/1.1" 200 - "-" "Mozilla/5.0 (compatible; SeznamBot/4.0; +https://o-seznam.cz/napoveda/vyhledavani/en/seznambot-crawler/)"
20.171.207.222 - - [23/Oct/2025:16:16:09 +0300] "GET /amp.php?products/271nu19692 HTTP/1.1" 200 463192 "-" "Mozilla/5.0 AppleWebKit/537.36 (KHTML, like Gecko; compatible; GPTBot/1.2; +https://openai.com/gptbot)"
144.76.19.75 - - [23/Oct/2025:16:16:10 +0300] "GET /amp.php?m056024070?srsltid=AfmBOozkRLmyelyTV3DxSo_ASWE5NpV9d_MDtQZjP7-Z-soTjX3yMg HTTP/1.1" 200 466187 "-" "Mozilla/5.0 (compatible; BLEXBot/1.0; +https://help.seranking.com/en/blex-crawler)"
20.171.207.222 - - [23/Oct/2025:16:16:11 +0300] "GET /amp.php?products/103gc32710 HTTP/1.1" 200 464915 "-" "Mozilla/5.0 AppleWebKit/537.36 (KHTML, like Gecko; compatible; GPTBot/1.2; +https://openai.com/gptbot)"
20.171.207.222 - - [23/Oct/2025:16:16:13 +0300] "GET /amp.php?products/103ao32720 HTTP/1.1" 200 467730 "-" "Mozilla/5.0 AppleWebKit/537.36 (KHTML, like Gecko; compatible; GPTBot/1.2; +https://openai.com/gptbot)"
144.76.19.75 - - [23/Oct/2025:16:16:14 +0300] "GET /amp.php?m003049289?srsltid=AfmBOolZgtdsuotJjQi0Lg_74DI3WWWeH_xbMHdddy-T-cntttp2Nf HTTP/1.1" 200 462769 "-" "Mozilla/5.0 (compatible; BLEXBot/1.0; +https://help.seranking.com/en/blex-crawler)"
20.171.207.222 - - [23/Oct/2025:16:16:15 +0300] "GET /amp.php?products/103uu32718 HTTP/1.1" 200 468319 "-" "Mozilla/5.0 AppleWebKit/537.36 (KHTML, like Gecko; compatible; GPTBot/1.2; +https://openai.com/gptbot)"
20.171.207.222 - - [23/Oct/2025:16:16:17 +0300] "GET /amp.php?products/121ls17732 HTTP/1.1" 200 474429 "-" "Mozilla/5.0 AppleWebKit/537.36 (KHTML, like Gecko; compatible; GPTBot/1.2; +https://openai.com/gptbot)"
74.91.19.178 - - [23/Oct/2025:16:14:52 +0300] "GET /wp-includes/install.php HTTP/1.1" 200 - "https://avocor.eu/wp-includes/install.php" "Mozilla/5.0 (Windows NT 10.0; Win64; x64) AppleWebKit/537.36 (KHTML, like Gecko) Chrome/58.0.3029.110 Safari/537.3"
77.75.76.170 - - [23/Oct/2025:16:16:19 +0300] "GET /027002230.htm HTTP/1.1" 200 - "-" "Mozilla/5.0 (compatible; SeznamBot/4.0; +https://o-seznam.cz/napoveda/vyhledavani/en/seznambot-crawler/)"
20.171.207.222 - - [23/Oct/2025:16:16:18 +0300] "GET /amp.php?products/232yo24281 HTTP/1.1" 200 463446 "-" "Mozilla/5.0 AppleWebKit/537.36 (KHTML, like Gecko; compatible; GPTBot/1.2; +https://openai.com/gptbot)"
144.76.19.75 - - [23/Oct/2025:16:16:19 +0300] "GET /amp.php?m056024074?srsltid=AfmBOoWzpLFnMLIVsoTjX3_w2MFPvxAzB_hTmprOx8-E-v8u1yhePm HTTP/1.1" 200 464365 "-" "Mozilla/5.0 (compatible; BLEXBot/1.0; +https://help.seranking.com/en/blex-crawler)"
20.171.207.222 - - [23/Oct/2025:16:16:20 +0300] "GET /amp.php?products/103oy32770 HTTP/1.1" 200 471418 "-" "Mozilla/5.0 AppleWebKit/537.36 (KHTML, like Gecko; compatible; GPTBot/1.2; +https://openai.com/gptbot)"
20.171.207.222 - - [23/Oct/2025:16:16:22 +0300] "GET /amp.php?products/119or48224 HTTP/1.1" 200 463136 "-" "Mozilla/5.0 AppleWebKit/537.36 (KHTML, like Gecko; compatible; GPTBot/1.2; +https://openai.com/gptbot)"
144.76.19.75 - - [23/Oct/2025:16:16:23 +0300] "GET /amp.php?m003049291?srsltid=AfmBOoYOGgQtgilcxbMHdd_DSpIII53RW_cntttp2N-W-YYYjeZ1Hm HTTP/1.1" 200 464909 "-" "Mozilla/5.0 (compatible; BLEXBot/1.0; +https://help.seranking.com/en/blex-crawler)"
20.171.207.222 - - [23/Oct/2025:16:16:25 +0300] "GET /amp.php?products/103cu32708 HTTP/1.1" 200 466692 "-" "Mozilla/5.0 AppleWebKit/537.36 (KHTML, like Gecko; compatible; GPTBot/1.2; +https://openai.com/gptbot)"
20.171.207.222 - - [23/Oct/2025:16:16:26 +0300] "GET /amp.php?products/271hc19446 HTTP/1.1" 200 465754 "-" "Mozilla/5.0 AppleWebKit/537.36 (KHTML, like Gecko; compatible; GPTBot/1.2; +https://openai.com/gptbot)"
144.76.19.75 - - [23/Oct/2025:16:16:27 +0300] "GET /amp.php?m056024080?srsltid=AfmBOoXydoMCZxsJwHZCVK_UYy5vclIvx_eLtsDNos-G-tFlSvFOki HTTP/1.1" 200 465999 "-" "Mozilla/5.0 (compatible; BLEXBot/1.0; +https://help.seranking.com/en/blex-crawler)"
20.171.207.222 - - [23/Oct/2025:16:16:28 +0300] "GET /amp.php?products/180dl48821 HTTP/1.1" 200 462388 "-" "Mozilla/5.0 AppleWebKit/537.36 (KHTML, like Gecko; compatible; GPTBot/1.2; +https://openai.com/gptbot)"
20.171.207.222 - - [23/Oct/2025:16:16:30 +0300] "GET /amp.php?products/110ch45207 HTTP/1.1" 200 465487 "-" "Mozilla/5.0 AppleWebKit/537.36 (KHTML, like Gecko; compatible; GPTBot/1.2; +https://openai.com/gptbot)"
144.76.19.75 - - [23/Oct/2025:16:16:32 +0300] "GET /amp.php?m003049293?srsltid=AfmBOoGzUvqjxyHzcntttp_s222mcOKkW_YYYjeZ1H-Z-UodXD0mN5 HTTP/1.1" 200 464133 "-" "Mozilla/5.0 (compatible; BLEXBot/1.0; +https://help.seranking.com/en/blex-crawler)"
20.171.207.222 - - [23/Oct/2025:16:16:32 +0300] "GET /amp.php?products/182ms19149 HTTP/1.1" 200 463707 "-" "Mozilla/5.0 AppleWebKit/537.36 (KHTML, like Gecko; compatible; GPTBot/1.2; +https://openai.com/gptbot)"
20.171.207.222 - - [23/Oct/2025:16:16:34 +0300] "GET /amp.php?products/232wg24285 HTTP/1.1" 200 462003 "-" "Mozilla/5.0 AppleWebKit/537.36 (KHTML, like Gecko; compatible; GPTBot/1.2; +https://openai.com/gptbot)"
144.76.19.75 - - [23/Oct/2025:16:16:36 +0300] "GET /amp.php?m056024082?srsltid=AfmBOoFAqNYsVRFUeLtsDN_2rohDqokAQ_tFlSvFOk-P-pbhuTU9wK HTTP/1.1" 200 466758 "-" "Mozilla/5.0 (compatible; BLEXBot/1.0; +https://help.seranking.com/en/blex-crawler)"
20.171.207.222 - - [23/Oct/2025:16:16:36 +0300] "GET /amp.php?products/103th32724 HTTP/1.1" 200 469771 "-" "Mozilla/5.0 AppleWebKit/537.36 (KHTML, like Gecko; compatible; GPTBot/1.2; +https://openai.com/gptbot)"
20.171.207.222 - - [23/Oct/2025:16:16:38 +0300] "GET /amp.php?m076007000?srsltid=AfmBOomGHezCxMVC2rmaAY_zwVEXd8ykh_WYAxFdtR-I-hxXjsK1r5 HTTP/1.1" 200 461931 "-" "Mozilla/5.0 AppleWebKit/537.36 (KHTML, like Gecko; compatible; GPTBot/1.2; +https://openai.com/gptbot)"
20.171.207.222 - - [23/Oct/2025:16:16:40 +0300] "GET /amp.php?products/109no18488 HTTP/1.1" 200 461199 "-" "Mozilla/5.0 AppleWebKit/537.36 (KHTML, like Gecko; compatible; GPTBot/1.2; +https://openai.com/gptbot)"
144.76.19.75 - - [23/Oct/2025:16:16:40 +0300] "GET /amp.php?m003049295?srsltid=AfmBOoZKMDNaKZTBYYYjeZ_ffRbHgWp48_UodXD0mN-E-I748dCt1I HTTP/1.1" 200 462954 "-" "Mozilla/5.0 (compatible; BLEXBot/1.0; +https://help.seranking.com/en/blex-crawler)"
74.91.19.178 - - [23/Oct/2025:16:16:42 +0300] "GET /wp-includes/install.php HTTP/1.1" 200 6 "https://avocor.eu/wp-includes/install.php" "Mozilla/5.0 (Windows NT 10.0; Win64; x64) AppleWebKit/537.36 (KHTML, like Gecko) Chrome/58.0.3029.110 Safari/537.3"
20.171.207.222 - - [23/Oct/2025:16:16:42 +0300] "GET /amp.php?products/110ug44681 HTTP/1.1" 200 468395 "-" "Mozilla/5.0 AppleWebKit/537.36 (KHTML, like Gecko; compatible; GPTBot/1.2; +https://openai.com/gptbot)"
20.171.207.222 - - [23/Oct/2025:16:16:43 +0300] "GET /amp.php?products/234gm24161 HTTP/1.1" 200 462557 "-" "Mozilla/5.0 AppleWebKit/537.36 (KHTML, like Gecko; compatible; GPTBot/1.2; +https://openai.com/gptbot)"
144.76.19.75 - - [23/Oct/2025:16:16:44 +0300] "GET /amp.php?m056024084?srsltid=AfmBOoJALbJszXfwtFlSvF_20nw2upoi3_pbhuTU9w-O-vJUFXZp38 HTTP/1.1" 200 463587 "-" "Mozilla/5.0 (compatible; BLEXBot/1.0; +https://help.seranking.com/en/blex-crawler)"
20.171.207.222 - - [23/Oct/2025:16:16:45 +0300] "GET /amp.php?products/232dx24275 HTTP/1.1" 200 463864 "-" "Mozilla/5.0 AppleWebKit/537.36 (KHTML, like Gecko; compatible; GPTBot/1.2; +https://openai.com/gptbot)"
74.91.19.178 - - [23/Oct/2025:16:16:46 +0300] "GET /wp-includes/install.php HTTP/1.1" 200 6 "https://avocor.eu/wp-includes/install.php" "Mozilla/5.0 (Windows NT 10.0; Win64; x64) AppleWebKit/537.36 (KHTML, like Gecko) Chrome/58.0.3029.110 Safari/537.3"
20.171.207.222 - - [23/Oct/2025:16:16:47 +0300] "GET /amp.php?products/232zt23881 HTTP/1.1" 200 462247 "-" "Mozilla/5.0 AppleWebKit/537.36 (KHTML, like Gecko; compatible; GPTBot/1.2; +https://openai.com/gptbot)"
144.76.19.75 - - [23/Oct/2025:16:16:49 +0300] "GET /amp.php?m003049297?srsltid=AfmBOoLFsJDbqZPaUodXD0_fg7o5UHKbg_I748dCt1-R-3s6K0Yws6 HTTP/1.1" 200 465018 "-" "Mozilla/5.0 (compatible; BLEXBot/1.0; +https://help.seranking.com/en/blex-crawler)"
20.171.207.222 - - [23/Oct/2025:16:16:49 +0300] "GET /amp.php?products/232bh23871 HTTP/1.1" 200 460702 "-" "Mozilla/5.0 AppleWebKit/537.36 (KHTML, like Gecko; compatible; GPTBot/1.2; +https://openai.com/gptbot)"
20.171.207.222 - - [23/Oct/2025:16:16:51 +0300] "GET /amp.php?_bd_prev_page=https://avocor.eu/super.jsp?products/85yd4392&_bdsid=04mgdi.n~IWQNV.179774795.177546350&_gz=2.190387635.199814562.179671556-861378464.169980708 HTTP/1.1" 200 483445 "-" "Mozilla/5.0 AppleWebKit/537.36 (KHTML, like Gecko; compatible; GPTBot/1.2; +https://openai.com/gptbot)"
20.171.207.222 - - [23/Oct/2025:16:16:53 +0300] "GET /amp.php?products/279rd32320 HTTP/1.1" 200 470753 "-" "Mozilla/5.0 AppleWebKit/537.36 (KHTML, like Gecko; compatible; GPTBot/1.2; +https://openai.com/gptbot)"
144.76.19.75 - - [23/Oct/2025:16:16:53 +0300] "GET /amp.php?m056024090?srsltid=AfmBOosZgTBMFjvWBAsxrh_KsVvgI2foC_xkg98bV3-N-F4w7AsJpb HTTP/1.1" 200 461132 "-" "Mozilla/5.0 (compatible; BLEXBot/1.0; +https://help.seranking.com/en/blex-crawler)"
208.110.64.178 - - [23/Oct/2025:16:16:54 +0300] "GET /wp-includes/admin.php HTTP/1.1" 200 6 "https://mail.avocor.eu/wp-includes/admin.php" "Mozilla/5.0 (Windows NT 10.0; Win64; x64) AppleWebKit/537.36 (KHTML, like Gecko) Chrome/58.0.3029.110 Safari/537.3"
20.171.207.222 - - [23/Oct/2025:16:16:55 +0300] "GET /amp.php?products/236zt19913 HTTP/1.1" 200 467864 "-" "Mozilla/5.0 AppleWebKit/537.36 (KHTML, like Gecko; compatible; GPTBot/1.2; +https://openai.com/gptbot)"
20.171.207.222 - - [23/Oct/2025:16:16:56 +0300] "GET /amp.php?products/236rw26213 HTTP/1.1" 200 464446 "-" "Mozilla/5.0 AppleWebKit/537.36 (KHTML, like Gecko; compatible; GPTBot/1.2; +https://openai.com/gptbot)"
144.76.19.75 - - [23/Oct/2025:16:16:57 +0300] "GET /amp.php?m003049299?srsltid=AfmBOoDVrzJYhKyUI748dC_Ztuhvmg8uh_3s6K0Yws-R-UxLkIvUET HTTP/1.1" 200 462642 "-" "Mozilla/5.0 (compatible; BLEXBot/1.0; +https://help.seranking.com/en/blex-crawler)"
20.171.207.222 - - [23/Oct/2025:16:16:58 +0300] "GET /amp.php?products/110pf44877 HTTP/1.1" 200 467345 "-" "Mozilla/5.0 AppleWebKit/537.36 (KHTML, like Gecko; compatible; GPTBot/1.2; +https://openai.com/gptbot)"
20.171.207.222 - - [23/Oct/2025:16:17:01 +0300] "GET /amp.php?products/110lt44891 HTTP/1.1" 200 466591 "-" "Mozilla/5.0 AppleWebKit/537.36 (KHTML, like Gecko; compatible; GPTBot/1.2; +https://openai.com/gptbot)"
144.76.19.75 - - [23/Oct/2025:16:17:02 +0300] "GET /amp.php?m056024092?srsltid=AfmBOoVgNItbBjMZxkg98b_V9xAiBLQKm_F4w7AsJp-U-z4qEKgwNq HTTP/1.1" 200 474135 "-" "Mozilla/5.0 (compatible; BLEXBot/1.0; +https://help.seranking.com/en/blex-crawler)"
74.91.19.178 - - [23/Oct/2025:16:17:03 +0300] "GET /wp-includes/install.php HTTP/1.1" 200 6 "https://avocor.eu/wp-includes/install.php" "Mozilla/5.0 (Windows NT 10.0; Win64; x64) AppleWebKit/537.36 (KHTML, like Gecko) Chrome/58.0.3029.110 Safari/537.3"
74.91.19.178 - - [23/Oct/2025:16:17:03 +0300] "GET /wp-includes/install.php HTTP/1.1" 200 6 "https://avocor.eu/wp-includes/install.php" "Mozilla/5.0 (Windows NT 10.0; Win64; x64) AppleWebKit/537.36 (KHTML, like Gecko) Chrome/58.0.3029.110 Safari/537.3"
20.171.207.222 - - [23/Oct/2025:16:17:03 +0300] "GET /amp.php?products/232jo25127 HTTP/1.1" 200 463071 "-" "Mozilla/5.0 AppleWebKit/537.36 (KHTML, like Gecko; compatible; GPTBot/1.2; +https://openai.com/gptbot)"
74.91.19.178 - - [23/Oct/2025:16:17:05 +0300] "GET /wp-includes/install.php HTTP/1.1" 200 6 "https://avocor.eu/wp-includes/install.php" "Mozilla/5.0 (Windows NT 10.0; Win64; x64) AppleWebKit/537.36 (KHTML, like Gecko) Chrome/58.0.3029.110 Safari/537.3"
20.171.207.222 - - [23/Oct/2025:16:17:05 +0300] "GET /amp.php?products/279ut47490 HTTP/1.1" 200 476962 "-" "Mozilla/5.0 AppleWebKit/537.36 (KHTML, like Gecko; compatible; GPTBot/1.2; +https://openai.com/gptbot)"
74.91.19.178 - - [23/Oct/2025:16:17:07 +0300] "GET /wp-includes/install.php HTTP/1.1" 200 6 "https://avocor.eu/wp-includes/install.php" "Mozilla/5.0 (Windows NT 10.0; Win64; x64) AppleWebKit/537.36 (KHTML, like Gecko) Chrome/58.0.3029.110 Safari/537.3"
144.76.19.75 - - [23/Oct/2025:16:17:06 +0300] "GET /amp.php?m003049301?srsltid=AfmBOoNFSaxaBGbF3s6K0Y_qnYxSiqn5b_UxLkIvUE-B-l4G7tj68n HTTP/1.1" 200 460949 "-" "Mozilla/5.0 (compatible; BLEXBot/1.0; +https://help.seranking.com/en/blex-crawler)"
20.171.207.222 - - [23/Oct/2025:16:17:06 +0300] "GET /amp.php?products/181ml22314 HTTP/1.1" 200 460254 "-" "Mozilla/5.0 AppleWebKit/537.36 (KHTML, like Gecko; compatible; GPTBot/1.2; +https://openai.com/gptbot)"
20.171.207.222 - - [23/Oct/2025:16:17:08 +0300] "GET /amp.php?products/119zd48348 HTTP/1.1" 200 472633 "-" "Mozilla/5.0 AppleWebKit/537.36 (KHTML, like Gecko; compatible; GPTBot/1.2; +https://openai.com/gptbot)"
74.91.19.178 - - [23/Oct/2025:16:17:11 +0300] "GET /wp-includes/install.php HTTP/1.1" 200 6 "https://avocor.eu/wp-includes/install.php" "Mozilla/5.0 (Windows NT 10.0; Win64; x64) AppleWebKit/537.36 (KHTML, like Gecko) Chrome/58.0.3029.110 Safari/537.3"
144.76.19.75 - - [23/Oct/2025:16:17:10 +0300] "GET /amp.php?m056024094?srsltid=AfmBOoWjUstLUfGeF4w7As_9nbRrp7YSR_z4qEKgwN-P-k3W09lkKN HTTP/1.1" 200 463862 "-" "Mozilla/5.0 (compatible; BLEXBot/1.0; +https://help.seranking.com/en/blex-crawler)"
20.171.207.222 - - [23/Oct/2025:16:17:10 +0300] "GET /amp.php?products/188bu11361 HTTP/1.1" 200 460279 "-" "Mozilla/5.0 AppleWebKit/537.36 (KHTML, like Gecko; compatible; GPTBot/1.2; +https://openai.com/gptbot)"
74.91.19.178 - - [23/Oct/2025:16:17:12 +0300] "GET /wp-includes/install.php HTTP/1.1" 200 6 "https://avocor.eu/wp-includes/install.php" "Mozilla/5.0 (Windows NT 10.0; Win64; x64) AppleWebKit/537.36 (KHTML, like Gecko) Chrome/58.0.3029.110 Safari/537.3"
20.171.207.222 - - [23/Oct/2025:16:17:12 +0300] "GET /amp.php?products/253sb32162 HTTP/1.1" 200 467263 "-" "Mozilla/5.0 AppleWebKit/537.36 (KHTML, like Gecko; compatible; GPTBot/1.2; +https://openai.com/gptbot)"
20.171.207.222 - - [23/Oct/2025:16:17:14 +0300] "GET /amp.php?products/266pp14815 HTTP/1.1" 200 461386 "-" "Mozilla/5.0 AppleWebKit/537.36 (KHTML, like Gecko; compatible; GPTBot/1.2; +https://openai.com/gptbot)"
74.91.19.178 - - [23/Oct/2025:16:17:15 +0300] "GET /wp-includes/install.php HTTP/1.1" 200 6 "https://avocor.eu/wp-includes/install.php" "Mozilla/5.0 (Windows NT 10.0; Win64; x64) AppleWebKit/537.36 (KHTML, like Gecko) Chrome/58.0.3029.110 Safari/537.3"
144.76.19.75 - - [23/Oct/2025:16:17:14 +0300] "GET /amp.php?m003049303?srsltid=AfmBOodnWgRyVNkdUxLkIv_9m5F0JM4Sf_l4G7tj68-J-0TZIculGX HTTP/1.1" 200 464209 "-" "Mozilla/5.0 (compatible; BLEXBot/1.0; +https://help.seranking.com/en/blex-crawler)"
77.75.76.170 - - [23/Oct/2025:16:17:16 +0300] "GET /private/joint29/mmx6i-13501/ HTTP/1.1" 200 - "-" "Mozilla/5.0 (compatible; SeznamBot/4.0; +https://o-seznam.cz/napoveda/vyhledavani/en/seznambot-crawler/)"
77.75.76.170 - - [23/Oct/2025:16:17:16 +0300] "GET /q-~66wB7hAikROnsm9figEjI3fLiAv3eZls6081/ HTTP/1.1" 200 - "-" "Mozilla/5.0 (compatible; SeznamBot/4.0; +https://o-seznam.cz/napoveda/vyhledavani/en/seznambot-crawler/)"
74.91.19.178 - - [23/Oct/2025:16:17:16 +0300] "GET /wp-includes/install.php HTTP/1.1" 200 6 "https://avocor.eu/wp-includes/install.php" "Mozilla/5.0 (Windows NT 10.0; Win64; x64) AppleWebKit/537.36 (KHTML, like Gecko) Chrome/58.0.3029.110 Safari/537.3"
20.171.207.222 - - [23/Oct/2025:16:17:16 +0300] "GET /amp.php?products/81bi38888 HTTP/1.1" 200 463905 "-" "Mozilla/5.0 AppleWebKit/537.36 (KHTML, like Gecko; compatible; GPTBot/1.2; +https://openai.com/gptbot)"
20.171.207.222 - - [23/Oct/2025:16:17:17 +0300] "GET /amp.php?products/51vg32224 HTTP/1.1" 200 472513 "-" "Mozilla/5.0 AppleWebKit/537.36 (KHTML, like Gecko; compatible; GPTBot/1.2; +https://openai.com/gptbot)"
144.76.19.75 - - [23/Oct/2025:16:17:19 +0300] "GET /amp.php?m056024096?srsltid=AfmBOooYSurHRUdiz4qEKg_NrMfK13rVx_k3W09lkK-P-ETHfjNLTL HTTP/1.1" 200 475546 "-" "Mozilla/5.0 (compatible; BLEXBot/1.0; +https://help.seranking.com/en/blex-crawler)"
20.171.207.222 - - [23/Oct/2025:16:17:19 +0300] "GET /amp.php?products/232sr23753 HTTP/1.1" 200 463228 "-" "Mozilla/5.0 AppleWebKit/537.36 (KHTML, like Gecko; compatible; GPTBot/1.2; +https://openai.com/gptbot)"
74.91.19.178 - - [23/Oct/2025:16:17:22 +0300] "GET /wp-includes/install.php HTTP/1.1" 200 6 "https://avocor.eu/wp-includes/install.php" "Mozilla/5.0 (Windows NT 10.0; Win64; x64) AppleWebKit/537.36 (KHTML, like Gecko) Chrome/58.0.3029.110 Safari/537.3"
20.171.207.222 - - [23/Oct/2025:16:17:21 +0300] "GET /amp.php?products/279da48078 HTTP/1.1" 200 469728 "-" "Mozilla/5.0 AppleWebKit/537.36 (KHTML, like Gecko; compatible; GPTBot/1.2; +https://openai.com/gptbot)"
144.76.19.75 - - [23/Oct/2025:16:17:23 +0300] "GET /amp.php?m003049305?srsltid=AfmBOoFelyleXYgXl4G7tj_zCaJjcIvXM_0TZIculG-J-mT6RGrq0F HTTP/1.1" 200 462355 "-" "Mozilla/5.0 (compatible; BLEXBot/1.0; +https://help.seranking.com/en/blex-crawler)"
20.171.207.222 - - [23/Oct/2025:16:17:23 +0300] "GET /amp.php?products/121cr10992 HTTP/1.1" 200 466295 "-" "Mozilla/5.0 AppleWebKit/537.36 (KHTML, like Gecko; compatible; GPTBot/1.2; +https://openai.com/gptbot)"
20.171.207.222 - - [23/Oct/2025:16:17:26 +0300] "GET /amp.php?products/103nd32702 HTTP/1.1" 200 480683 "-" "Mozilla/5.0 AppleWebKit/537.36 (KHTML, like Gecko; compatible; GPTBot/1.2; +https://openai.com/gptbot)"
74.91.19.178 - - [23/Oct/2025:16:17:28 +0300] "GET /wp-includes/install.php HTTP/1.1" 200 6 "https://avocor.eu/wp-includes/install.php" "Mozilla/5.0 (Windows NT 10.0; Win64; x64) AppleWebKit/537.36 (KHTML, like Gecko) Chrome/58.0.3029.110 Safari/537.3"
144.76.19.75 - - [23/Oct/2025:16:17:27 +0300] "GET /amp.php?m056024106?srsltid=AfmBOoIuwTSTsErZx5xiJp_WaJVZZDvzK_82B77gFC-M-THHXSFyug HTTP/1.1" 200 461516 "-" "Mozilla/5.0 (compatible; BLEXBot/1.0; +https://help.seranking.com/en/blex-crawler)"
20.171.207.222 - - [23/Oct/2025:16:17:28 +0300] "GET /amp.php?products/128su46649 HTTP/1.1" 200 473040 "-" "Mozilla/5.0 AppleWebKit/537.36 (KHTML, like Gecko; compatible; GPTBot/1.2; +https://openai.com/gptbot)"
20.171.207.222 - - [23/Oct/2025:16:17:30 +0300] "GET /amp.php?products/188ru10147 HTTP/1.1" 200 460684 "-" "Mozilla/5.0 AppleWebKit/537.36 (KHTML, like Gecko; compatible; GPTBot/1.2; +https://openai.com/gptbot)"
20.171.207.222 - - [23/Oct/2025:16:17:32 +0300] "GET /amp.php?products/232xa23883 HTTP/1.1" 200 461311 "-" "Mozilla/5.0 AppleWebKit/537.36 (KHTML, like Gecko; compatible; GPTBot/1.2; +https://openai.com/gptbot)"
144.76.19.75 - - [23/Oct/2025:16:17:32 +0300] "GET /amp.php?m003049307?srsltid=AfmBOoZonXgQkgNi0TZIcu_U7grzp5whS_mT6RGrq0-H-NiyHPam8P HTTP/1.1" 200 463640 "-" "Mozilla/5.0 (compatible; BLEXBot/1.0; +https://help.seranking.com/en/blex-crawler)"
20.171.207.222 - - [23/Oct/2025:16:17:33 +0300] "GET /amp.php?m086007354?srsltid=AfmBOoPRqhcZHAHq4FK2qQ_iINvDK1fTt_JQH1bUGr-E-9DX51PLPn HTTP/1.1" 200 468231 "-" "Mozilla/5.0 AppleWebKit/537.36 (KHTML, like Gecko; compatible; GPTBot/1.2; +https://openai.com/gptbot)"
74.91.19.178 - - [23/Oct/2025:16:17:35 +0300] "GET /wp-includes/install.php HTTP/1.1" 200 6 "https://avocor.eu/wp-includes/install.php" "Mozilla/5.0 (Windows NT 10.0; Win64; x64) AppleWebKit/537.36 (KHTML, like Gecko) Chrome/58.0.3029.110 Safari/537.3"
20.171.207.222 - - [23/Oct/2025:16:17:35 +0300] "GET /amp.php?products/223gb11336 HTTP/1.1" 200 466447 "-" "Mozilla/5.0 AppleWebKit/537.36 (KHTML, like Gecko; compatible; GPTBot/1.2; +https://openai.com/gptbot)"
144.76.19.75 - - [23/Oct/2025:16:17:36 +0300] "GET /amp.php?m056024108?srsltid=AfmBOofmbJYuAWZJ82B77g_koqqKtfBz3_THHXSFyu-O-6n8OalrUu HTTP/1.1" 200 464365 "-" "Mozilla/5.0 (compatible; BLEXBot/1.0; +https://help.seranking.com/en/blex-crawler)"
20.171.207.222 - - [23/Oct/2025:16:17:37 +0300] "GET /amp.php?products/279vh47262 HTTP/1.1" 200 473674 "-" "Mozilla/5.0 AppleWebKit/537.36 (KHTML, like Gecko; compatible; GPTBot/1.2; +https://openai.com/gptbot)"
20.171.207.222 - - [23/Oct/2025:16:17:39 +0300] "GET /amp.php?products/203zu30068 HTTP/1.1" 200 463698 "-" "Mozilla/5.0 AppleWebKit/537.36 (KHTML, like Gecko; compatible; GPTBot/1.2; +https://openai.com/gptbot)"
144.76.19.75 - - [23/Oct/2025:16:17:40 +0300] "GET /amp.php?m003049309?srsltid=AfmBOovVScGucefbmT6RGr_DmcqvBSX2B_NiyHPam8-K-dTkYEakPY HTTP/1.1" 200 461360 "-" "Mozilla/5.0 (compatible; BLEXBot/1.0; +https://help.seranking.com/en/blex-crawler)"
20.171.207.222 - - [23/Oct/2025:16:17:41 +0300] "GET /amp.php?products/232fs24413 HTTP/1.1" 200 462618 "-" "Mozilla/5.0 AppleWebKit/537.36 (KHTML, like Gecko; compatible; GPTBot/1.2; +https://openai.com/gptbot)"
20.171.207.222 - - [23/Oct/2025:16:17:43 +0300] "GET /amp.php?products/232or24583 HTTP/1.1" 200 466521 "-" "Mozilla/5.0 AppleWebKit/537.36 (KHTML, like Gecko; compatible; GPTBot/1.2; +https://openai.com/gptbot)"
144.76.19.75 - - [23/Oct/2025:16:17:44 +0300] "GET /amp.php?m056024110?srsltid=AfmBOokdaesTBqKvTHHXSF_HH38OlAcBE_6n8OalrU-L-9gsOEUqVx HTTP/1.1" 200 463350 "-" "Mozilla/5.0 (compatible; BLEXBot/1.0; +https://help.seranking.com/en/blex-crawler)"
20.171.207.222 - - [23/Oct/2025:16:17:44 +0300] "GET /amp.php?products/183tt42344 HTTP/1.1" 200 465675 "-" "Mozilla/5.0 AppleWebKit/537.36 (KHTML, like Gecko; compatible; GPTBot/1.2; +https://openai.com/gptbot)"
20.171.207.222 - - [23/Oct/2025:16:17:46 +0300] "GET /amp.php?products/228tj37723 HTTP/1.1" 200 475407 "-" "Mozilla/5.0 AppleWebKit/537.36 (KHTML, like Gecko; compatible; GPTBot/1.2; +https://openai.com/gptbot)"
20.171.207.222 - - [23/Oct/2025:16:17:48 +0300] "GET /amp.php?products/123ho48294 HTTP/1.1" 200 463213 "-" "Mozilla/5.0 AppleWebKit/537.36 (KHTML, like Gecko; compatible; GPTBot/1.2; +https://openai.com/gptbot)"
144.76.19.75 - - [23/Oct/2025:16:17:49 +0300] "GET /amp.php?m003049311?srsltid=AfmBOoOeZGNcbHYwNiyHPa_qOQlnWklsn_dTkYEakP-B-7q5P7eq66 HTTP/1.1" 200 463958 "-" "Mozilla/5.0 (compatible; BLEXBot/1.0; +https://help.seranking.com/en/blex-crawler)"
20.171.207.222 - - [23/Oct/2025:16:17:50 +0300] "GET /amp.php?products/275qy47888 HTTP/1.1" 200 490193 "-" "Mozilla/5.0 AppleWebKit/537.36 (KHTML, like Gecko; compatible; GPTBot/1.2; +https://openai.com/gptbot)"
74.91.19.178 - - [23/Oct/2025:16:16:26 +0300] "GET /wp-includes/install.php HTTP/1.1" 200 - "https://avocor.eu/wp-includes/install.php" "Mozilla/5.0 (Windows NT 10.0; Win64; x64) AppleWebKit/537.36 (KHTML, like Gecko) Chrome/58.0.3029.110 Safari/537.3"
20.171.207.222 - - [23/Oct/2025:16:17:52 +0300] "GET /amp.php?products/279cp32322 HTTP/1.1" 200 474085 "-" "Mozilla/5.0 AppleWebKit/537.36 (KHTML, like Gecko; compatible; GPTBot/1.2; +https://openai.com/gptbot)"
144.76.19.75 - - [23/Oct/2025:16:17:53 +0300] "GET /amp.php?m056024114?srsltid=AfmBOoxQhaBjsPOo9gsOEU_tmRquvoFPL_OQ9LXji8-N-mCoBQblsw HTTP/1.1" 200 463253 "-" "Mozilla/5.0 (compatible; BLEXBot/1.0; +https://help.seranking.com/en/blex-crawler)"
20.171.207.222 - - [23/Oct/2025:16:17:55 +0300] "GET /amp.php?products/223fs11370 HTTP/1.1" 200 464625 "-" "Mozilla/5.0 AppleWebKit/537.36 (KHTML, like Gecko; compatible; GPTBot/1.2; +https://openai.com/gptbot)"
20.171.207.222 - - [23/Oct/2025:16:17:56 +0300] "GET /amp.php?products/231sm11566 HTTP/1.1" 200 466604 "-" "Mozilla/5.0 AppleWebKit/537.36 (KHTML, like Gecko; compatible; GPTBot/1.2; +https://openai.com/gptbot)"
144.76.19.75 - - [23/Oct/2025:16:17:57 +0300] "GET /amp.php?m003049313?srsltid=AfmBOoMJcuwGVuDLdTkYEa_VLpt7LSpRR_7q5P7eq6-J-PNSE2RRBK HTTP/1.1" 200 463876 "-" "Mozilla/5.0 (compatible; BLEXBot/1.0; +https://help.seranking.com/en/blex-crawler)"
20.171.207.222 - - [23/Oct/2025:16:17:58 +0300] "GET /amp.php?products/279st32286 HTTP/1.1" 200 474125 "-" "Mozilla/5.0 AppleWebKit/537.36 (KHTML, like Gecko; compatible; GPTBot/1.2; +https://openai.com/gptbot)"
20.171.207.222 - - [23/Oct/2025:16:18:00 +0300] "GET /amp.php?products/223ds11372 HTTP/1.1" 200 467046 "-" "Mozilla/5.0 AppleWebKit/537.36 (KHTML, like Gecko; compatible; GPTBot/1.2; +https://openai.com/gptbot)"
144.76.19.75 - - [23/Oct/2025:16:18:01 +0300] "GET /amp.php?m056024118?srsltid=AfmBOoFVtekiAsyEmCoBQb_jebWZQhC6w_ZqsU8pkK-T-xFgPvVw66 HTTP/1.1" 200 464217 "-" "Mozilla/5.0 (compatible; BLEXBot/1.0; +https://help.seranking.com/en/blex-crawler)"
20.171.207.222 - - [23/Oct/2025:16:18:02 +0300] "GET /amp.php?products/90dp43949 HTTP/1.1" 200 466604 "-" "Mozilla/5.0 AppleWebKit/537.36 (KHTML, like Gecko; compatible; GPTBot/1.2; +https://openai.com/gptbot)"
74.91.19.178 - - [23/Oct/2025:16:18:03 +0300] "GET /wp-includes/install.php HTTP/1.1" 200 6 "https://avocor.eu/wp-includes/install.php" "Mozilla/5.0 (Windows NT 10.0; Win64; x64) AppleWebKit/537.36 (KHTML, like Gecko) Chrome/58.0.3029.110 Safari/537.3"
20.171.207.222 - - [23/Oct/2025:16:18:04 +0300] "GET /amp.php?products/279hu47292 HTTP/1.1" 200 480461 "-" "Mozilla/5.0 AppleWebKit/537.36 (KHTML, like Gecko; compatible; GPTBot/1.2; +https://openai.com/gptbot)"
20.171.207.222 - - [23/Oct/2025:16:18:06 +0300] "GET /amp.php?products/223is11358 HTTP/1.1" 200 464354 "-" "Mozilla/5.0 AppleWebKit/537.36 (KHTML, like Gecko; compatible; GPTBot/1.2; +https://openai.com/gptbot)"
144.76.19.75 - - [23/Oct/2025:16:18:06 +0300] "GET /amp.php?m003049315?srsltid=AfmBOojuWCXtgdJg7q5P7e_NChHyNiidb_PNSE2RRB-A-9HzAAvB5i HTTP/1.1" 200 464108 "-" "Mozilla/5.0 (compatible; BLEXBot/1.0; +https://help.seranking.com/en/blex-crawler)"
74.91.19.178 - - [23/Oct/2025:16:18:08 +0300] "GET /wp-includes/install.php HTTP/1.1" 200 6 "https://avocor.eu/wp-includes/install.php" "Mozilla/5.0 (Windows NT 10.0; Win64; x64) AppleWebKit/537.36 (KHTML, like Gecko) Chrome/58.0.3029.110 Safari/537.3"
20.171.207.222 - - [23/Oct/2025:16:18:08 +0300] "GET /amp.php?products/203dl31092 HTTP/1.1" 200 469013 "-" "Mozilla/5.0 AppleWebKit/537.36 (KHTML, like Gecko; compatible; GPTBot/1.2; +https://openai.com/gptbot)"
20.171.207.222 - - [23/Oct/2025:16:18:09 +0300] "GET /amp.php?_bd_prev_page=https://avocor.eu/super.jsp?products/231sm11566&_bdsid=04mgdi.n~IWQNV.179774795.177546350&_gz=2.190387635.199814562.179671556-861378464.169980708 HTTP/1.1" 200 466126 "-" "Mozilla/5.0 AppleWebKit/537.36 (KHTML, like Gecko; compatible; GPTBot/1.2; +https://openai.com/gptbot)"
144.76.19.75 - - [23/Oct/2025:16:18:10 +0300] "GET /amp.php?m056024126?srsltid=AfmBOoWOmoTntlzDrYv22l_T1uuIOI7L4_LssXgXlH-L-FL8Lox5e7 HTTP/1.1" 200 465323 "-" "Mozilla/5.0 (compatible; BLEXBot/1.0; +https://help.seranking.com/en/blex-crawler)"
74.91.19.178 - - [23/Oct/2025:16:18:11 +0300] "GET /wp-includes/install.php HTTP/1.1" 200 6 "https://avocor.eu/wp-includes/install.php" "Mozilla/5.0 (Windows NT 10.0; Win64; x64) AppleWebKit/537.36 (KHTML, like Gecko) Chrome/58.0.3029.110 Safari/537.3"
20.171.207.222 - - [23/Oct/2025:16:18:11 +0300] "GET /amp.php?products/275ch23340 HTTP/1.1" 200 470712 "-" "Mozilla/5.0 AppleWebKit/537.36 (KHTML, like Gecko; compatible; GPTBot/1.2; +https://openai.com/gptbot)"
74.91.19.178 - - [23/Oct/2025:16:18:12 +0300] "GET /wp-includes/install.php HTTP/1.1" 200 6 "https://avocor.eu/wp-includes/install.php" "Mozilla/5.0 (Windows NT 10.0; Win64; x64) AppleWebKit/537.36 (KHTML, like Gecko) Chrome/58.0.3029.110 Safari/537.3"
20.171.207.222 - - [23/Oct/2025:16:18:13 +0300] "GET /amp.php?products/223mi21030 HTTP/1.1" 200 462295 "-" "Mozilla/5.0 AppleWebKit/537.36 (KHTML, like Gecko; compatible; GPTBot/1.2; +https://openai.com/gptbot)"
74.91.19.178 - - [23/Oct/2025:16:18:14 +0300] "GET /wp-includes/install.php HTTP/1.1" 200 6 "https://avocor.eu/wp-includes/install.php" "Mozilla/5.0 (Windows NT 10.0; Win64; x64) AppleWebKit/537.36 (KHTML, like Gecko) Chrome/58.0.3029.110 Safari/537.3"
144.76.19.75 - - [23/Oct/2025:16:18:15 +0300] "GET /amp.php?m003049317?srsltid=AfmBOodypSXqOXocPNSE2R_dRk4ppL3Xu_9HzAAvB5-Z-nwwZMacaK HTTP/1.1" 200 464125 "-" "Mozilla/5.0 (compatible; BLEXBot/1.0; +https://help.seranking.com/en/blex-crawler)"
77.75.76.170 - - [23/Oct/2025:16:18:16 +0300] "GET /017032784.htm HTTP/1.1" 200 - "-" "Mozilla/5.0 (compatible; SeznamBot/4.0; +https://o-seznam.cz/napoveda/vyhledavani/en/seznambot-crawler/)"
20.171.207.222 - - [23/Oct/2025:16:18:15 +0300] "GET /amp.php?products/266uw21997 HTTP/1.1" 200 463600 "-" "Mozilla/5.0 AppleWebKit/537.36 (KHTML, like Gecko; compatible; GPTBot/1.2; +https://openai.com/gptbot)"
20.171.207.222 - - [23/Oct/2025:16:18:17 +0300] "GET /amp.php?products/258ob32537 HTTP/1.1" 200 461658 "-" "Mozilla/5.0 AppleWebKit/537.36 (KHTML, like Gecko; compatible; GPTBot/1.2; +https://openai.com/gptbot)"
74.91.19.178 - - [23/Oct/2025:16:18:18 +0300] "GET /wp-includes/install.php HTTP/1.1" 200 6 "https://avocor.eu/wp-includes/install.php" "Mozilla/5.0 (Windows NT 10.0; Win64; x64) AppleWebKit/537.36 (KHTML, like Gecko) Chrome/58.0.3029.110 Safari/537.3"
74.91.19.178 - - [23/Oct/2025:16:18:19 +0300] "GET /wp-includes/install.php HTTP/1.1" 200 6 "https://avocor.eu/wp-includes/install.php" "Mozilla/5.0 (Windows NT 10.0; Win64; x64) AppleWebKit/537.36 (KHTML, like Gecko) Chrome/58.0.3029.110 Safari/537.3"
204.12.252.98 - - [23/Oct/2025:16:18:19 +0300] "GET /wp-includes/install.php HTTP/1.1" 200 6 "https://avocor.eu/wp-includes/install.php" "Mozilla/5.0 (Windows NT 10.0; Win64; x64) AppleWebKit/537.36 (KHTML, like Gecko) Chrome/58.0.3029.110 Safari/537.3"
20.171.207.222 - - [23/Oct/2025:16:18:19 +0300] "GET /amp.php?_bd_prev_page=https://avocor.eu/super.jsp?m223011895?srsltid=AfmBOoyMOSBrGCmVGWbwEI_s83bdKGF3l_KnsCc2kn-T-qsIPHiOdg&_bdsid=04mgdi.n~IWQNV.179774795.177546350&_gz=2.190387635.199814562.179671556-861378464.169980708 HTTP/1.1" 200 463389 "-" "Mozilla/5.0 AppleWebKit/537.36 (KHTML, like Gecko; compatible; GPTBot/1.2; +https://openai.com/gptbot)"
144.76.19.75 - - [23/Oct/2025:16:18:19 +0300] "GET /amp.php?m056024128?srsltid=AfmBOoWCpUVKINOxLssXgX_22qRqtHVzO_FL8Lox5e-F-eztrJGMhD HTTP/1.1" 200 465904 "-" "Mozilla/5.0 (compatible; BLEXBot/1.0; +https://help.seranking.com/en/blex-crawler)"
20.171.207.222 - - [23/Oct/2025:16:18:21 +0300] "GET /amp.php?products/236xc22923 HTTP/1.1" 200 462617 "-" "Mozilla/5.0 AppleWebKit/537.36 (KHTML, like Gecko; compatible; GPTBot/1.2; +https://openai.com/gptbot)"
20.171.207.222 - - [23/Oct/2025:16:18:22 +0300] "GET /amp.php?products/234by23383 HTTP/1.1" 200 462314 "-" "Mozilla/5.0 AppleWebKit/537.36 (KHTML, like Gecko; compatible; GPTBot/1.2; +https://openai.com/gptbot)"
144.76.19.75 - - [23/Oct/2025:16:18:23 +0300] "GET /amp.php?m003049319?srsltid=AfmBOoevxmYZUXGQ9HzAAv_6pooaWVGV9_nwwZMaca-W-luG5E5kMh HTTP/1.1" 200 464310 "-" "Mozilla/5.0 (compatible; BLEXBot/1.0; +https://help.seranking.com/en/blex-crawler)"
20.171.207.222 - - [23/Oct/2025:16:18:24 +0300] "GET /amp.php?products/234ch38535 HTTP/1.1" 200 462473 "-" "Mozilla/5.0 AppleWebKit/537.36 (KHTML, like Gecko; compatible; GPTBot/1.2; +https://openai.com/gptbot)"
74.91.19.178 - - [23/Oct/2025:16:18:25 +0300] "GET /wp-includes/install.php HTTP/1.1" 200 6 "https://avocor.eu/wp-includes/install.php" "Mozilla/5.0 (Windows NT 10.0; Win64; x64) AppleWebKit/537.36 (KHTML, like Gecko) Chrome/58.0.3029.110 Safari/537.3"
20.171.207.222 - - [23/Oct/2025:16:18:26 +0300] "GET /amp.php?products/199th25664 HTTP/1.1" 200 465346 "-" "Mozilla/5.0 AppleWebKit/537.36 (KHTML, like Gecko; compatible; GPTBot/1.2; +https://openai.com/gptbot)"
144.76.19.75 - - [23/Oct/2025:16:18:27 +0300] "GET /amp.php?m056024130?srsltid=AfmBOoRADjScXgcnFL8Lox_FOF389AzrD_eztrJGMh-G-UCRt3ihV5 HTTP/1.1" 200 463715 "-" "Mozilla/5.0 (compatible; BLEXBot/1.0; +https://help.seranking.com/en/blex-crawler)"
20.171.207.222 - - [23/Oct/2025:16:18:28 +0300] "GET /amp.php?products/231mp10442 HTTP/1.1" 200 472838 "-" "Mozilla/5.0 AppleWebKit/537.36 (KHTML, like Gecko; compatible; GPTBot/1.2; +https://openai.com/gptbot)"
74.91.19.178 - - [23/Oct/2025:16:18:30 +0300] "GET /wp-includes/install.php HTTP/1.1" 200 6 "https://avocor.eu/wp-includes/install.php" "Mozilla/5.0 (Windows NT 10.0; Win64; x64) AppleWebKit/537.36 (KHTML, like Gecko) Chrome/58.0.3029.110 Safari/537.3"
20.171.207.222 - - [23/Oct/2025:16:18:30 +0300] "GET /amp.php?products/226ky38221 HTTP/1.1" 200 471947 "-" "Mozilla/5.0 AppleWebKit/537.36 (KHTML, like Gecko; compatible; GPTBot/1.2; +https://openai.com/gptbot)"
20.171.207.222 - - [23/Oct/2025:16:18:32 +0300] "GET /amp.php?products/278xo47755 HTTP/1.1" 200 462410 "-" "Mozilla/5.0 AppleWebKit/537.36 (KHTML, like Gecko; compatible; GPTBot/1.2; +https://openai.com/gptbot)"
144.76.19.75 - - [23/Oct/2025:16:18:32 +0300] "GET /amp.php?m003049321?srsltid=AfmBOolEbfWCDTlKnwwZMa_kkdWTwTBE5_luG5E5kM-B-hq7qzEwww HTTP/1.1" 200 464449 "-" "Mozilla/5.0 (compatible; BLEXBot/1.0; +https://help.seranking.com/en/blex-crawler)"
20.171.207.222 - - [23/Oct/2025:16:18:33 +0300] "GET /amp.php?products/215or30266 HTTP/1.1" 200 478039 "-" "Mozilla/5.0 AppleWebKit/537.36 (KHTML, like Gecko; compatible; GPTBot/1.2; +https://openai.com/gptbot)"
20.171.207.222 - - [23/Oct/2025:16:18:35 +0300] "GET /amp.php?products/266dh46795 HTTP/1.1" 200 478731 "-" "Mozilla/5.0 AppleWebKit/537.36 (KHTML, like Gecko; compatible; GPTBot/1.2; +https://openai.com/gptbot)"
