77.75.76.170 - - [23/Oct/2025:16:54:21 +0300] "GET /say/experience7/mrp36-16441/ HTTP/1.1" 200 - "-" "Mozilla/5.0 (compatible; SeznamBot/4.0; +https://o-seznam.cz/napoveda/vyhledavani/en/seznambot-crawler/)"
77.75.76.170 - - [23/Oct/2025:16:54:21 +0300] "GET /059000158.htm HTTP/1.1" 200 - "-" "Mozilla/5.0 (compatible; SeznamBot/4.0; +https://o-seznam.cz/napoveda/vyhledavani/en/seznambot-crawler/)"
20.171.207.222 - - [23/Oct/2025:16:54:21 +0300] "GET /amp.php?products/212kf48883 HTTP/1.1" 200 462740 "-" "Mozilla/5.0 AppleWebKit/537.36 (KHTML, like Gecko; compatible; GPTBot/1.2; +https://openai.com/gptbot)"
77.75.76.170 - - [23/Oct/2025:16:54:23 +0300] "GET /round/begin16/lpzwf-44828/ HTTP/1.1" 200 - "-" "Mozilla/5.0 (compatible; SeznamBot/4.0; +https://o-seznam.cz/napoveda/vyhledavani/en/seznambot-crawler/)"
144.76.19.75 - - [23/Oct/2025:16:54:22 +0300] "GET /amp.php?m056024900?srsltid=AfmBOoHLZJCcgLcPSJBZWB_n8KX8zVtAW_gRDg8ZQl-P-YQ5j6MbHO HTTP/1.1" 200 461334 "-" "Mozilla/5.0 (compatible; BLEXBot/1.0; +https://help.seranking.com/en/blex-crawler)"
74.91.19.178 - - [23/Oct/2025:16:52:57 +0300] "GET /wp-includes/install.php HTTP/1.1" 200 - "https://avocor.eu/wp-includes/install.php" "Mozilla/5.0 (Windows NT 10.0; Win64; x64) AppleWebKit/537.36 (KHTML, like Gecko) Chrome/58.0.3029.110 Safari/537.3"
20.171.207.222 - - [23/Oct/2025:16:54:23 +0300] "GET /amp.php?products/223lb13416 HTTP/1.1" 200 465418 "-" "Mozilla/5.0 AppleWebKit/537.36 (KHTML, like Gecko; compatible; GPTBot/1.2; +https://openai.com/gptbot)"
77.75.76.170 - - [23/Oct/2025:16:54:25 +0300] "GET /028033727.htm HTTP/1.1" 200 - "-" "Mozilla/5.0 (compatible; SeznamBot/4.0; +https://o-seznam.cz/napoveda/vyhledavani/en/seznambot-crawler/)"
77.75.76.170 - - [23/Oct/2025:16:54:25 +0300] "GET /001006646.htm HTTP/1.1" 200 - "-" "Mozilla/5.0 (compatible; SeznamBot/4.0; +https://o-seznam.cz/napoveda/vyhledavani/en/seznambot-crawler/)"
77.75.76.170 - - [23/Oct/2025:16:54:25 +0300] "GET /056012447.htm HTTP/1.1" 200 - "-" "Mozilla/5.0 (compatible; SeznamBot/4.0; +https://o-seznam.cz/napoveda/vyhledavani/en/seznambot-crawler/)"
77.75.76.170 - - [23/Oct/2025:16:54:26 +0300] "GET /q-~1tgqpNvUfapErVxyEQxYm8eTSCeSNts16284/ HTTP/1.1" 200 - "-" "Mozilla/5.0 (compatible; SeznamBot/4.0; +https://o-seznam.cz/napoveda/vyhledavani/en/seznambot-crawler/)"
77.75.76.170 - - [23/Oct/2025:16:54:26 +0300] "GET /059025270.htm HTTP/1.1" 200 - "-" "Mozilla/5.0 (compatible; SeznamBot/4.0; +https://o-seznam.cz/napoveda/vyhledavani/en/seznambot-crawler/)"
20.171.207.222 - - [23/Oct/2025:16:54:25 +0300] "GET /amp.php?products/184vu35543 HTTP/1.1" 200 462665 "-" "Mozilla/5.0 AppleWebKit/537.36 (KHTML, like Gecko; compatible; GPTBot/1.2; +https://openai.com/gptbot)"
77.75.76.170 - - [23/Oct/2025:16:54:26 +0300] "GET /occupy/great60/bbjyi-40070/ HTTP/1.1" 403 - "-" "Mozilla/5.0 (compatible; SeznamBot/4.0; +https://o-seznam.cz/napoveda/vyhledavani/en/seznambot-crawler/)"
77.75.76.170 - - [23/Oct/2025:16:54:26 +0300] "GET /brain/render70/8hsar-22190/ HTTP/1.1" 200 - "-" "Mozilla/5.0 (compatible; SeznamBot/4.0; +https://o-seznam.cz/napoveda/vyhledavani/en/seznambot-crawler/)"
77.75.76.170 - - [23/Oct/2025:16:54:27 +0300] "GET /038023303.htm HTTP/1.1" 200 - "-" "Mozilla/5.0 (compatible; SeznamBot/4.0; +https://o-seznam.cz/napoveda/vyhledavani/en/seznambot-crawler/)"
77.75.76.170 - - [23/Oct/2025:16:54:27 +0300] "GET /053037104.htm HTTP/1.1" 200 - "-" "Mozilla/5.0 (compatible; SeznamBot/4.0; +https://o-seznam.cz/napoveda/vyhledavani/en/seznambot-crawler/)"
144.76.19.75 - - [23/Oct/2025:16:54:26 +0300] "GET /amp.php?m004000078?srsltid=AfmBOoDwBppXPjcWaPY9t8_i09C1o2qFT_oZNQISpf-S-VAqEkdsit HTTP/1.1" 200 468272 "-" "Mozilla/5.0 (compatible; BLEXBot/1.0; +https://help.seranking.com/en/blex-crawler)"
77.75.76.170 - - [23/Oct/2025:16:54:27 +0300] "GET /026020321.htm HTTP/1.1" 200 - "-" "Mozilla/5.0 (compatible; SeznamBot/4.0; +https://o-seznam.cz/napoveda/vyhledavani/en/seznambot-crawler/)"
20.171.207.222 - - [23/Oct/2025:16:54:27 +0300] "GET /amp.php?products/162me25615 HTTP/1.1" 200 463781 "-" "Mozilla/5.0 AppleWebKit/537.36 (KHTML, like Gecko; compatible; GPTBot/1.2; +https://openai.com/gptbot)"
77.75.76.170 - - [23/Oct/2025:16:54:28 +0300] "GET /005025188.htm HTTP/1.1" 200 - "-" "Mozilla/5.0 (compatible; SeznamBot/4.0; +https://o-seznam.cz/napoveda/vyhledavani/en/seznambot-crawler/)"
77.75.76.170 - - [23/Oct/2025:16:54:28 +0300] "GET /024039271.htm HTTP/1.1" 200 - "-" "Mozilla/5.0 (compatible; SeznamBot/4.0; +https://o-seznam.cz/napoveda/vyhledavani/en/seznambot-crawler/)"
77.75.76.170 - - [23/Oct/2025:16:54:28 +0300] "GET /024045415.htm HTTP/1.1" 200 - "-" "Mozilla/5.0 (compatible; SeznamBot/4.0; +https://o-seznam.cz/napoveda/vyhledavani/en/seznambot-crawler/)"
77.75.76.170 - - [23/Oct/2025:16:54:28 +0300] "GET /038035583.htm HTTP/1.1" 200 - "-" "Mozilla/5.0 (compatible; SeznamBot/4.0; +https://o-seznam.cz/napoveda/vyhledavani/en/seznambot-crawler/)"
77.75.76.170 - - [23/Oct/2025:16:54:29 +0300] "GET /036018525.htm HTTP/1.1" 200 - "-" "Mozilla/5.0 (compatible; SeznamBot/4.0; +https://o-seznam.cz/napoveda/vyhledavani/en/seznambot-crawler/)"
77.75.76.170 - - [23/Oct/2025:16:54:29 +0300] "GET /030003441.htm HTTP/1.1" 200 - "-" "Mozilla/5.0 (compatible; SeznamBot/4.0; +https://o-seznam.cz/napoveda/vyhledavani/en/seznambot-crawler/)"
77.75.76.170 - - [23/Oct/2025:16:54:29 +0300] "GET /044015543.htm HTTP/1.1" 200 - "-" "Mozilla/5.0 (compatible; SeznamBot/4.0; +https://o-seznam.cz/napoveda/vyhledavani/en/seznambot-crawler/)"
77.75.76.170 - - [23/Oct/2025:16:54:30 +0300] "GET /066038145.htm HTTP/1.1" 200 - "-" "Mozilla/5.0 (compatible; SeznamBot/4.0; +https://o-seznam.cz/napoveda/vyhledavani/en/seznambot-crawler/)"
20.171.207.222 - - [23/Oct/2025:16:54:29 +0300] "GET /amp.php?products/162it25101 HTTP/1.1" 200 462026 "-" "Mozilla/5.0 AppleWebKit/537.36 (KHTML, like Gecko; compatible; GPTBot/1.2; +https://openai.com/gptbot)"
77.75.76.170 - - [23/Oct/2025:16:54:30 +0300] "GET /smart/well67/kt3m1-32801/ HTTP/1.1" 200 - "-" "Mozilla/5.0 (compatible; SeznamBot/4.0; +https://o-seznam.cz/napoveda/vyhledavani/en/seznambot-crawler/)"
77.75.76.170 - - [23/Oct/2025:16:54:30 +0300] "GET /056003837.htm HTTP/1.1" 200 - "-" "Mozilla/5.0 (compatible; SeznamBot/4.0; +https://o-seznam.cz/napoveda/vyhledavani/en/seznambot-crawler/)"
77.75.76.170 - - [23/Oct/2025:16:54:30 +0300] "GET /031027850.htm HTTP/1.1" 200 - "-" "Mozilla/5.0 (compatible; SeznamBot/4.0; +https://o-seznam.cz/napoveda/vyhledavani/en/seznambot-crawler/)"
77.75.76.170 - - [23/Oct/2025:16:54:30 +0300] "GET /066015181.htm HTTP/1.1" 200 - "-" "Mozilla/5.0 (compatible; SeznamBot/4.0; +https://o-seznam.cz/napoveda/vyhledavani/en/seznambot-crawler/)"
74.91.19.178 - - [23/Oct/2025:16:54:30 +0300] "GET /wp-includes/install.php HTTP/1.1" 200 6 "https://avocor.eu/wp-includes/install.php" "Mozilla/5.0 (Windows NT 10.0; Win64; x64) AppleWebKit/537.36 (KHTML, like Gecko) Chrome/58.0.3029.110 Safari/537.3"
77.75.76.170 - - [23/Oct/2025:16:54:30 +0300] "GET /085025764.htm HTTP/1.1" 200 - "-" "Mozilla/5.0 (compatible; SeznamBot/4.0; +https://o-seznam.cz/napoveda/vyhledavani/en/seznambot-crawler/)"
77.75.76.170 - - [23/Oct/2025:16:54:31 +0300] "GET /050001889.htm HTTP/1.1" 200 - "-" "Mozilla/5.0 (compatible; SeznamBot/4.0; +https://o-seznam.cz/napoveda/vyhledavani/en/seznambot-crawler/)"
77.75.76.170 - - [23/Oct/2025:16:54:31 +0300] "GET /near/extensive44/8u5z1-15852/ HTTP/1.1" 200 - "-" "Mozilla/5.0 (compatible; SeznamBot/4.0; +https://o-seznam.cz/napoveda/vyhledavani/en/seznambot-crawler/)"
77.75.76.170 - - [23/Oct/2025:16:54:31 +0300] "GET /046037325.htm HTTP/1.1" 200 - "-" "Mozilla/5.0 (compatible; SeznamBot/4.0; +https://o-seznam.cz/napoveda/vyhledavani/en/seznambot-crawler/)"
144.76.19.75 - - [23/Oct/2025:16:54:30 +0300] "GET /amp.php?m056024902?srsltid=AfmBOoFJHFHOYoMDgRDg8Z_y7b659N3XK_YQ5j6MbH-F-9K4YdbCaY HTTP/1.1" 200 461628 "-" "Mozilla/5.0 (compatible; BLEXBot/1.0; +https://help.seranking.com/en/blex-crawler)"
77.75.76.170 - - [23/Oct/2025:16:54:32 +0300] "GET /045033430.htm HTTP/1.1" 200 - "-" "Mozilla/5.0 (compatible; SeznamBot/4.0; +https://o-seznam.cz/napoveda/vyhledavani/en/seznambot-crawler/)"
20.171.207.222 - - [23/Oct/2025:16:54:31 +0300] "GET /amp.php?products/223cp13404 HTTP/1.1" 200 465099 "-" "Mozilla/5.0 AppleWebKit/537.36 (KHTML, like Gecko; compatible; GPTBot/1.2; +https://openai.com/gptbot)"
77.75.76.170 - - [23/Oct/2025:16:54:32 +0300] "GET /059016578.htm HTTP/1.1" 200 - "-" "Mozilla/5.0 (compatible; SeznamBot/4.0; +https://o-seznam.cz/napoveda/vyhledavani/en/seznambot-crawler/)"
77.75.76.170 - - [23/Oct/2025:16:54:32 +0300] "GET /q-~7RivZdGBck3MDpEXruVaMaRFJmzQV6n31050/ HTTP/1.1" 200 - "-" "Mozilla/5.0 (compatible; SeznamBot/4.0; +https://o-seznam.cz/napoveda/vyhledavani/en/seznambot-crawler/)"
77.75.76.170 - - [23/Oct/2025:16:54:33 +0300] "GET /064044055.htm HTTP/1.1" 200 - "-" "Mozilla/5.0 (compatible; SeznamBot/4.0; +https://o-seznam.cz/napoveda/vyhledavani/en/seznambot-crawler/)"
20.171.207.222 - - [23/Oct/2025:16:54:33 +0300] "GET /amp.php?products/157vt14424 HTTP/1.1" 200 464339 "-" "Mozilla/5.0 AppleWebKit/537.36 (KHTML, like Gecko; compatible; GPTBot/1.2; +https://openai.com/gptbot)"
144.76.19.75 - - [23/Oct/2025:16:54:35 +0300] "GET /amp.php?m004000080?srsltid=AfmBOoHvjqJvnSHdoZNQIS_2FeGPXyADS_VAqEkdsi-A-q0zXZUH0N HTTP/1.1" 200 467212 "-" "Mozilla/5.0 (compatible; BLEXBot/1.0; +https://help.seranking.com/en/blex-crawler)"
20.171.207.222 - - [23/Oct/2025:16:54:35 +0300] "GET /amp.php?_bd_prev_page=https://avocor.eu/super.jsp?m212020860?srsltid=AfmBOonWxwAIUPnJKK9nge_RFKv7nipKl_rNW5DYQN-D-12okWq4JC&_bdsid=04mgdi.n~IWQNV.179774795.177546350&_gz=2.190387635.199814562.179671556-861378464.169980708 HTTP/1.1" 200 461753 "-" "Mozilla/5.0 AppleWebKit/537.36 (KHTML, like Gecko; compatible; GPTBot/1.2; +https://openai.com/gptbot)"
20.171.207.222 - - [23/Oct/2025:16:54:37 +0300] "GET /amp.php?products/223ap17330 HTTP/1.1" 200 461891 "-" "Mozilla/5.0 AppleWebKit/537.36 (KHTML, like Gecko; compatible; GPTBot/1.2; +https://openai.com/gptbot)"
74.91.19.178 - - [23/Oct/2025:16:54:38 +0300] "GET /wp-includes/install.php HTTP/1.1" 200 6 "https://avocor.eu/wp-includes/install.php" "Mozilla/5.0 (Windows NT 10.0; Win64; x64) AppleWebKit/537.36 (KHTML, like Gecko) Chrome/58.0.3029.110 Safari/537.3"
144.76.19.75 - - [23/Oct/2025:16:54:39 +0300] "GET /amp.php?m056024904?srsltid=AfmBOoLGnrkVDTYpYQ5j6M_z8fc95kNH9_9K4YdbCa-E-xDs0AhDtD HTTP/1.1" 200 466154 "-" "Mozilla/5.0 (compatible; BLEXBot/1.0; +https://help.seranking.com/en/blex-crawler)"
20.171.207.222 - - [23/Oct/2025:16:54:39 +0300] "GET /amp.php?products/212ra20885 HTTP/1.1" 200 463118 "-" "Mozilla/5.0 AppleWebKit/537.36 (KHTML, like Gecko; compatible; GPTBot/1.2; +https://openai.com/gptbot)"
20.171.207.222 - - [23/Oct/2025:16:54:41 +0300] "GET /amp.php?products/150px36255 HTTP/1.1" 200 466016 "-" "Mozilla/5.0 AppleWebKit/537.36 (KHTML, like Gecko; compatible; GPTBot/1.2; +https://openai.com/gptbot)"
20.171.207.222 - - [23/Oct/2025:16:54:43 +0300] "GET /amp.php?products/189rt25898 HTTP/1.1" 200 463213 "-" "Mozilla/5.0 AppleWebKit/537.36 (KHTML, like Gecko; compatible; GPTBot/1.2; +https://openai.com/gptbot)"
144.76.19.75 - - [23/Oct/2025:16:54:43 +0300] "GET /amp.php?m004000082?srsltid=AfmBOolDOjpsmlDGVAqEkd_e50FCxXv0N_q0zXZUH0-P-PJr9k8Su2 HTTP/1.1" 200 465773 "-" "Mozilla/5.0 (compatible; BLEXBot/1.0; +https://help.seranking.com/en/blex-crawler)"
20.171.207.222 - - [23/Oct/2025:16:54:44 +0300] "GET /amp.php?products/184fm35381 HTTP/1.1" 200 469364 "-" "Mozilla/5.0 AppleWebKit/537.36 (KHTML, like Gecko; compatible; GPTBot/1.2; +https://openai.com/gptbot)"
20.171.207.222 - - [23/Oct/2025:16:54:46 +0300] "GET /amp.php?products/162uo25657 HTTP/1.1" 200 463744 "-" "Mozilla/5.0 AppleWebKit/537.36 (KHTML, like Gecko; compatible; GPTBot/1.2; +https://openai.com/gptbot)"
144.76.19.75 - - [23/Oct/2025:16:54:47 +0300] "GET /amp.php?m056024906?srsltid=AfmBOocjlQFPkBOs9K4Ydb_Rpf8uzif0f_xDs0AhDt-I-8KcOX6Xa2 HTTP/1.1" 200 467330 "-" "Mozilla/5.0 (compatible; BLEXBot/1.0; +https://help.seranking.com/en/blex-crawler)"
20.171.207.222 - - [23/Oct/2025:16:54:48 +0300] "GET /amp.php?products/212tt48945 HTTP/1.1" 200 462771 "-" "Mozilla/5.0 AppleWebKit/537.36 (KHTML, like Gecko; compatible; GPTBot/1.2; +https://openai.com/gptbot)"
20.171.207.222 - - [23/Oct/2025:16:54:50 +0300] "GET /amp.php?products/157zz14410 HTTP/1.1" 200 461814 "-" "Mozilla/5.0 AppleWebKit/537.36 (KHTML, like Gecko; compatible; GPTBot/1.2; +https://openai.com/gptbot)"
144.76.19.75 - - [23/Oct/2025:16:54:52 +0300] "GET /amp.php?m004000084?srsltid=AfmBOonfkOmMfgriq0zXZU_qx160EqN9o_PJr9k8Su-B-hyKaIzWlq HTTP/1.1" 200 467823 "-" "Mozilla/5.0 (compatible; BLEXBot/1.0; +https://help.seranking.com/en/blex-crawler)"
20.171.207.222 - - [23/Oct/2025:16:54:52 +0300] "GET /amp.php?products/162vh25659 HTTP/1.1" 200 465470 "-" "Mozilla/5.0 AppleWebKit/537.36 (KHTML, like Gecko; compatible; GPTBot/1.2; +https://openai.com/gptbot)"
20.171.207.222 - - [23/Oct/2025:16:54:54 +0300] "GET /amp.php?products/227il26298 HTTP/1.1" 200 465169 "-" "Mozilla/5.0 AppleWebKit/537.36 (KHTML, like Gecko; compatible; GPTBot/1.2; +https://openai.com/gptbot)"
20.171.207.222 - - [23/Oct/2025:16:54:56 +0300] "GET /amp.php?products/212dr48959 HTTP/1.1" 200 462882 "-" "Mozilla/5.0 AppleWebKit/537.36 (KHTML, like Gecko; compatible; GPTBot/1.2; +https://openai.com/gptbot)"
144.76.19.75 - - [23/Oct/2025:16:54:56 +0300] "GET /amp.php?m056024908?srsltid=AfmBOoPAdNWFUZXdxDs0Ah_L4CH1LKLOq_8KcOX6Xa-Y-PlMVMZjgl HTTP/1.1" 200 464791 "-" "Mozilla/5.0 (compatible; BLEXBot/1.0; +https://help.seranking.com/en/blex-crawler)"
20.171.207.222 - - [23/Oct/2025:16:54:58 +0300] "GET /amp.php?_bd_prev_page=https://avocor.eu/super.jsp?m004001088?srsltid=AfmBOocZkIgIjKjNYdr5xK_DgPXNEKzqz_ZyCKx6X1-D-vPb8hkhz9&_bdsid=04mgdi.n~IWQNV.179774795.177546350&_gz=2.190387635.199814562.179671556-861378464.169980708 HTTP/1.1" 200 477097 "-" "Mozilla/5.0 AppleWebKit/537.36 (KHTML, like Gecko; compatible; GPTBot/1.2; +https://openai.com/gptbot)"
20.171.207.222 - - [23/Oct/2025:16:54:59 +0300] "GET /amp.php?products/140kp44139 HTTP/1.1" 200 465468 "-" "Mozilla/5.0 AppleWebKit/537.36 (KHTML, like Gecko; compatible; GPTBot/1.2; +https://openai.com/gptbot)"
144.76.19.75 - - [23/Oct/2025:16:55:00 +0300] "GET /amp.php?m004000086?srsltid=AfmBOodfamfraVBxPJr9k8_i5xvj0eq49_hyKaIzWl-I-9rn1Xjw4s HTTP/1.1" 200 467497 "-" "Mozilla/5.0 (compatible; BLEXBot/1.0; +https://help.seranking.com/en/blex-crawler)"
77.75.76.170 - - [23/Oct/2025:16:55:02 +0300] "GET /023016018.htm HTTP/1.1" 200 - "-" "Mozilla/5.0 (compatible; SeznamBot/4.0; +https://o-seznam.cz/napoveda/vyhledavani/en/seznambot-crawler/)"
20.171.207.222 - - [23/Oct/2025:16:55:01 +0300] "GET /amp.php?products/164cu25771 HTTP/1.1" 200 464208 "-" "Mozilla/5.0 AppleWebKit/537.36 (KHTML, like Gecko; compatible; GPTBot/1.2; +https://openai.com/gptbot)"
77.75.76.170 - - [23/Oct/2025:16:55:03 +0300] "GET /047030860.htm HTTP/1.1" 200 - "-" "Mozilla/5.0 (compatible; SeznamBot/4.0; +https://o-seznam.cz/napoveda/vyhledavani/en/seznambot-crawler/)"
77.75.76.170 - - [23/Oct/2025:16:55:04 +0300] "GET /082009257.htm HTTP/1.1" 200 - "-" "Mozilla/5.0 (compatible; SeznamBot/4.0; +https://o-seznam.cz/napoveda/vyhledavani/en/seznambot-crawler/)"
20.171.207.222 - - [23/Oct/2025:16:55:03 +0300] "GET /amp.php?products/224mh31411 HTTP/1.1" 200 464266 "-" "Mozilla/5.0 AppleWebKit/537.36 (KHTML, like Gecko; compatible; GPTBot/1.2; +https://openai.com/gptbot)"
77.75.76.170 - - [23/Oct/2025:16:55:05 +0300] "GET /066031911.htm HTTP/1.1" 200 - "-" "Mozilla/5.0 (compatible; SeznamBot/4.0; +https://o-seznam.cz/napoveda/vyhledavani/en/seznambot-crawler/)"
77.75.76.170 - - [23/Oct/2025:16:55:05 +0300] "GET /q-~99Q3QgjazMztyadIHyurkyvlOrtuDBqp28948/ HTTP/1.1" 200 - "-" "Mozilla/5.0 (compatible; SeznamBot/4.0; +https://o-seznam.cz/napoveda/vyhledavani/en/seznambot-crawler/)"
77.75.76.170 - - [23/Oct/2025:16:55:06 +0300] "GET /accident/really19/u8wc4-46959/ HTTP/1.1" 200 - "-" "Mozilla/5.0 (compatible; SeznamBot/4.0; +https://o-seznam.cz/napoveda/vyhledavani/en/seznambot-crawler/)"
144.76.19.75 - - [23/Oct/2025:16:55:05 +0300] "GET /amp.php?m056024910?srsltid=AfmBOoQvcjCmurvf8KcOX6_9pkH7Hyuqk_PlMVMZjg-E-ocozXOhIz HTTP/1.1" 200 464916 "-" "Mozilla/5.0 (compatible; BLEXBot/1.0; +https://help.seranking.com/en/blex-crawler)"
20.171.207.222 - - [23/Oct/2025:16:55:05 +0300] "GET /amp.php?products/252sn27387 HTTP/1.1" 200 463869 "-" "Mozilla/5.0 AppleWebKit/537.36 (KHTML, like Gecko; compatible; GPTBot/1.2; +https://openai.com/gptbot)"
77.75.76.170 - - [23/Oct/2025:16:55:08 +0300] "GET /q-~49Lt5BqUOWraEedrCeuz0GgqIpTl5hLU6340/ HTTP/1.1" 200 - "-" "Mozilla/5.0 (compatible; SeznamBot/4.0; +https://o-seznam.cz/napoveda/vyhledavani/en/seznambot-crawler/)"
20.171.207.222 - - [23/Oct/2025:16:55:07 +0300] "GET /amp.php?products/254cp42125 HTTP/1.1" 200 473037 "-" "Mozilla/5.0 AppleWebKit/537.36 (KHTML, like Gecko; compatible; GPTBot/1.2; +https://openai.com/gptbot)"
77.75.76.170 - - [23/Oct/2025:16:55:09 +0300] "GET /football/stimulus51/ia6gw-49453/ HTTP/1.1" 200 - "-" "Mozilla/5.0 (compatible; SeznamBot/4.0; +https://o-seznam.cz/napoveda/vyhledavani/en/seznambot-crawler/)"
77.75.76.170 - - [23/Oct/2025:16:55:09 +0300] "GET /051008560.htm HTTP/1.1" 200 - "-" "Mozilla/5.0 (compatible; SeznamBot/4.0; +https://o-seznam.cz/napoveda/vyhledavani/en/seznambot-crawler/)"
77.75.76.170 - - [23/Oct/2025:16:55:09 +0300] "GET /soften/dangerous52/5h14n-5152/ HTTP/1.1" 200 - "-" "Mozilla/5.0 (compatible; SeznamBot/4.0; +https://o-seznam.cz/napoveda/vyhledavani/en/seznambot-crawler/)"
77.75.76.170 - - [23/Oct/2025:16:55:10 +0300] "GET /penalty/shadow18/yg2ah-32924/ HTTP/1.1" 200 - "-" "Mozilla/5.0 (compatible; SeznamBot/4.0; +https://o-seznam.cz/napoveda/vyhledavani/en/seznambot-crawler/)"
20.171.207.222 - - [23/Oct/2025:16:55:09 +0300] "GET /amp.php?products/244sc35857 HTTP/1.1" 200 462600 "-" "Mozilla/5.0 AppleWebKit/537.36 (KHTML, like Gecko; compatible; GPTBot/1.2; +https://openai.com/gptbot)"
77.75.76.170 - - [23/Oct/2025:16:55:10 +0300] "GET /q-~97rvQ3yPG4nwN3zFrT5AuNhlkHL4O87k16564/ HTTP/1.1" 200 - "-" "Mozilla/5.0 (compatible; SeznamBot/4.0; +https://o-seznam.cz/napoveda/vyhledavani/en/seznambot-crawler/)"
144.76.19.75 - - [23/Oct/2025:16:55:09 +0300] "GET /amp.php?m004000088?srsltid=AfmBOoHxjylgUCZShyKaIz_1me59cYZWd_9rn1Xjw4-C-FzZYupGtA HTTP/1.1" 200 465135 "-" "Mozilla/5.0 (compatible; BLEXBot/1.0; +https://help.seranking.com/en/blex-crawler)"
77.75.76.170 - - [23/Oct/2025:16:55:11 +0300] "GET /q-~90fYzfvrNupU06YnCBg7Z4D12N9oKC5l7315/ HTTP/1.1" 200 - "-" "Mozilla/5.0 (compatible; SeznamBot/4.0; +https://o-seznam.cz/napoveda/vyhledavani/en/seznambot-crawler/)"
77.75.76.170 - - [23/Oct/2025:16:55:11 +0300] "GET /fur/c104?pid=15160 HTTP/1.1" 200 - "-" "Mozilla/5.0 (compatible; SeznamBot/4.0; +https://o-seznam.cz/napoveda/vyhledavani/en/seznambot-crawler/)"
77.75.76.170 - - [23/Oct/2025:16:55:11 +0300] "GET /secure/related66/iljxj-20698/ HTTP/1.1" 200 - "-" "Mozilla/5.0 (compatible; SeznamBot/4.0; +https://o-seznam.cz/napoveda/vyhledavani/en/seznambot-crawler/)"
77.75.76.170 - - [23/Oct/2025:16:55:12 +0300] "GET /017013656.htm HTTP/1.1" 200 - "-" "Mozilla/5.0 (compatible; SeznamBot/4.0; +https://o-seznam.cz/napoveda/vyhledavani/en/seznambot-crawler/)"
20.171.207.222 - - [23/Oct/2025:16:55:11 +0300] "GET /amp.php?products/255zg22502 HTTP/1.1" 200 464251 "-" "Mozilla/5.0 AppleWebKit/537.36 (KHTML, like Gecko; compatible; GPTBot/1.2; +https://openai.com/gptbot)"
77.75.76.170 - - [23/Oct/2025:16:55:13 +0300] "GET /005030512.htm HTTP/1.1" 200 - "-" "Mozilla/5.0 (compatible; SeznamBot/4.0; +https://o-seznam.cz/napoveda/vyhledavani/en/seznambot-crawler/)"
77.75.76.170 - - [23/Oct/2025:16:55:13 +0300] "GET /031022932.htm HTTP/1.1" 200 - "-" "Mozilla/5.0 (compatible; SeznamBot/4.0; +https://o-seznam.cz/napoveda/vyhledavani/en/seznambot-crawler/)"
20.171.207.222 - - [23/Oct/2025:16:55:12 +0300] "GET /amp.php?products/129at26132 HTTP/1.1" 200 463638 "-" "Mozilla/5.0 AppleWebKit/537.36 (KHTML, like Gecko; compatible; GPTBot/1.2; +https://openai.com/gptbot)"
77.75.76.170 - - [23/Oct/2025:16:55:14 +0300] "GET /q-~21IrGtIS2uqRvXImzK1DCCX95OPIOr7P20560/ HTTP/1.1" 200 - "-" "Mozilla/5.0 (compatible; SeznamBot/4.0; +https://o-seznam.cz/napoveda/vyhledavani/en/seznambot-crawler/)"
77.75.76.170 - - [23/Oct/2025:16:55:14 +0300] "GET /072043359.htm HTTP/1.1" 200 - "-" "Mozilla/5.0 (compatible; SeznamBot/4.0; +https://o-seznam.cz/napoveda/vyhledavani/en/seznambot-crawler/)"
77.75.76.170 - - [23/Oct/2025:16:55:14 +0300] "GET /048032241.htm HTTP/1.1" 200 - "-" "Mozilla/5.0 (compatible; SeznamBot/4.0; +https://o-seznam.cz/napoveda/vyhledavani/en/seznambot-crawler/)"
144.76.19.75 - - [23/Oct/2025:16:55:13 +0300] "GET /amp.php?m056024912?srsltid=AfmBOohJtBrGkwxGPlMVMZ_VB9BiGNVMi_ocozXOhI-H-NEycMnEuH HTTP/1.1" 200 466723 "-" "Mozilla/5.0 (compatible; BLEXBot/1.0; +https://help.seranking.com/en/blex-crawler)"
77.75.76.170 - - [23/Oct/2025:16:55:15 +0300] "GET /casino/person15/876ya-48759/ HTTP/1.1" 200 - "-" "Mozilla/5.0 (compatible; SeznamBot/4.0; +https://o-seznam.cz/napoveda/vyhledavani/en/seznambot-crawler/)"
77.75.76.170 - - [23/Oct/2025:16:55:15 +0300] "GET /q-~75wmuSBH5yINIxoqsObjp01LBDYQQKhj7216/ HTTP/1.1" 200 - "-" "Mozilla/5.0 (compatible; SeznamBot/4.0; +https://o-seznam.cz/napoveda/vyhledavani/en/seznambot-crawler/)"
20.171.207.222 - - [23/Oct/2025:16:55:14 +0300] "GET /amp.php?products/251xd27922 HTTP/1.1" 200 463999 "-" "Mozilla/5.0 AppleWebKit/537.36 (KHTML, like Gecko; compatible; GPTBot/1.2; +https://openai.com/gptbot)"
77.75.76.170 - - [23/Oct/2025:16:55:16 +0300] "GET /024049167.htm HTTP/1.1" 200 - "-" "Mozilla/5.0 (compatible; SeznamBot/4.0; +https://o-seznam.cz/napoveda/vyhledavani/en/seznambot-crawler/)"
77.75.76.170 - - [23/Oct/2025:16:55:16 +0300] "GET /061011556.htm HTTP/1.1" 200 - "-" "Mozilla/5.0 (compatible; SeznamBot/4.0; +https://o-seznam.cz/napoveda/vyhledavani/en/seznambot-crawler/)"
77.75.76.170 - - [23/Oct/2025:16:55:17 +0300] "GET /066030657.htm HTTP/1.1" 200 - "-" "Mozilla/5.0 (compatible; SeznamBot/4.0; +https://o-seznam.cz/napoveda/vyhledavani/en/seznambot-crawler/)"
77.75.76.170 - - [23/Oct/2025:16:55:17 +0300] "GET /001024104.htm HTTP/1.1" 200 - "-" "Mozilla/5.0 (compatible; SeznamBot/4.0; +https://o-seznam.cz/napoveda/vyhledavani/en/seznambot-crawler/)"
77.75.76.170 - - [23/Oct/2025:16:55:17 +0300] "GET /q-~70cubxqaTeUreeaprJWI4YWfePQIfduq6235/ HTTP/1.1" 200 - "-" "Mozilla/5.0 (compatible; SeznamBot/4.0; +https://o-seznam.cz/napoveda/vyhledavani/en/seznambot-crawler/)"
20.171.207.222 - - [23/Oct/2025:16:55:16 +0300] "GET /amp.php?products/252tn24993 HTTP/1.1" 200 464168 "-" "Mozilla/5.0 AppleWebKit/537.36 (KHTML, like Gecko; compatible; GPTBot/1.2; +https://openai.com/gptbot)"
77.75.76.170 - - [23/Oct/2025:16:55:18 +0300] "GET /057015184.htm HTTP/1.1" 200 - "-" "Mozilla/5.0 (compatible; SeznamBot/4.0; +https://o-seznam.cz/napoveda/vyhledavani/en/seznambot-crawler/)"
77.75.76.170 - - [23/Oct/2025:16:55:18 +0300] "GET /capacity/e94?pid=5456 HTTP/1.1" 200 - "-" "Mozilla/5.0 (compatible; SeznamBot/4.0; +https://o-seznam.cz/napoveda/vyhledavani/en/seznambot-crawler/)"
77.75.76.170 - - [23/Oct/2025:16:55:18 +0300] "GET /063006616.htm HTTP/1.1" 200 - "-" "Mozilla/5.0 (compatible; SeznamBot/4.0; +https://o-seznam.cz/napoveda/vyhledavani/en/seznambot-crawler/)"
77.75.76.170 - - [23/Oct/2025:16:55:18 +0300] "GET /065002288.htm HTTP/1.1" 200 - "-" "Mozilla/5.0 (compatible; SeznamBot/4.0; +https://o-seznam.cz/napoveda/vyhledavani/en/seznambot-crawler/)"
77.75.76.170 - - [23/Oct/2025:16:55:19 +0300] "GET /011038620.htm HTTP/1.1" 200 - "-" "Mozilla/5.0 (compatible; SeznamBot/4.0; +https://o-seznam.cz/napoveda/vyhledavani/en/seznambot-crawler/)"
144.76.19.75 - - [23/Oct/2025:16:55:18 +0300] "GET /amp.php?m004000090?srsltid=AfmBOoAeYvnUCmkx9rn1Xj_PVCsbApvR0_FzZYupGt-M-d4fTJrlOA HTTP/1.1" 200 467162 "-" "Mozilla/5.0 (compatible; BLEXBot/1.0; +https://help.seranking.com/en/blex-crawler)"
20.171.207.222 - - [23/Oct/2025:16:55:18 +0300] "GET /amp.php?products/114hv46599 HTTP/1.1" 200 460748 "-" "Mozilla/5.0 AppleWebKit/537.36 (KHTML, like Gecko; compatible; GPTBot/1.2; +https://openai.com/gptbot)"
74.91.19.178 - - [23/Oct/2025:16:55:19 +0300] "GET /wp-includes/install.php HTTP/1.1" 200 6 "https://avocor.eu/wp-includes/install.php" "Mozilla/5.0 (Windows NT 10.0; Win64; x64) AppleWebKit/537.36 (KHTML, like Gecko) Chrome/58.0.3029.110 Safari/537.3"
77.75.76.170 - - [23/Oct/2025:16:55:20 +0300] "GET /005042860.htm HTTP/1.1" 200 - "-" "Mozilla/5.0 (compatible; SeznamBot/4.0; +https://o-seznam.cz/napoveda/vyhledavani/en/seznambot-crawler/)"
77.75.76.170 - - [23/Oct/2025:16:55:20 +0300] "GET /008025409.htm HTTP/1.1" 200 - "-" "Mozilla/5.0 (compatible; SeznamBot/4.0; +https://o-seznam.cz/napoveda/vyhledavani/en/seznambot-crawler/)"
77.75.76.170 - - [23/Oct/2025:16:55:20 +0300] "GET /063016982.htm HTTP/1.1" 200 - "-" "Mozilla/5.0 (compatible; SeznamBot/4.0; +https://o-seznam.cz/napoveda/vyhledavani/en/seznambot-crawler/)"
20.171.207.222 - - [23/Oct/2025:16:55:20 +0300] "GET /amp.php?products/244yr36411 HTTP/1.1" 200 474063 "-" "Mozilla/5.0 AppleWebKit/537.36 (KHTML, like Gecko; compatible; GPTBot/1.2; +https://openai.com/gptbot)"
77.75.76.170 - - [23/Oct/2025:16:55:22 +0300] "GET /organizational/your80/sizkx-12874/ HTTP/1.1" 200 - "-" "Mozilla/5.0 (compatible; SeznamBot/4.0; +https://o-seznam.cz/napoveda/vyhledavani/en/seznambot-crawler/)"
20.171.207.222 - - [23/Oct/2025:16:55:22 +0300] "GET /amp.php?products/263id11672 HTTP/1.1" 200 475574 "-" "Mozilla/5.0 AppleWebKit/537.36 (KHTML, like Gecko; compatible; GPTBot/1.2; +https://openai.com/gptbot)"
77.75.76.170 - - [23/Oct/2025:16:55:23 +0300] "GET /q-~64fMyq0LXsCt4IBLjtsHQgSUrtOXh7yB26937/ HTTP/1.1" 200 - "-" "Mozilla/5.0 (compatible; SeznamBot/4.0; +https://o-seznam.cz/napoveda/vyhledavani/en/seznambot-crawler/)"
144.76.19.75 - - [23/Oct/2025:16:55:22 +0300] "GET /amp.php?m056024914?srsltid=AfmBOoKtSTEJisgEocozXO_OUaEgCmaLe_NEycMnEu-S-jxWG01Fr5 HTTP/1.1" 200 464803 "-" "Mozilla/5.0 (compatible; BLEXBot/1.0; +https://help.seranking.com/en/blex-crawler)"
17.246.19.204 - - [23/Oct/2025:16:55:23 +0300] "GET /pitch/legitimate19/fejid-21115/ HTTP/1.1" 200 - "-" "Mozilla/5.0 (Macintosh; Intel Mac OS X 10_15_7) AppleWebKit/605.1.15 (KHTML, like Gecko) Version/17.4 Safari/605.1.15 (Applebot/0.1; +http://www.apple.com/go/applebot)"
77.75.76.170 - - [23/Oct/2025:16:55:23 +0300] "GET /rifle/f104?pid=14022 HTTP/1.1" 200 - "-" "Mozilla/5.0 (compatible; SeznamBot/4.0; +https://o-seznam.cz/napoveda/vyhledavani/en/seznambot-crawler/)"
17.246.19.204 - - [23/Oct/2025:16:55:24 +0300] "GET /008003173.htm HTTP/1.1" 200 - "-" "Mozilla/5.0 (Macintosh; Intel Mac OS X 10_15_7) AppleWebKit/605.1.15 (KHTML, like Gecko) Version/17.4 Safari/605.1.15 (Applebot/0.1; +http://www.apple.com/go/applebot)"
77.75.76.170 - - [23/Oct/2025:16:55:24 +0300] "GET /088022181.htm HTTP/1.1" 200 - "-" "Mozilla/5.0 (compatible; SeznamBot/4.0; +https://o-seznam.cz/napoveda/vyhledavani/en/seznambot-crawler/)"
20.171.207.222 - - [23/Oct/2025:16:55:23 +0300] "GET /amp.php?products/142ch23473 HTTP/1.1" 200 466261 "-" "Mozilla/5.0 AppleWebKit/537.36 (KHTML, like Gecko; compatible; GPTBot/1.2; +https://openai.com/gptbot)"
77.75.76.170 - - [23/Oct/2025:16:55:25 +0300] "GET /015022064.htm HTTP/1.1" 200 - "-" "Mozilla/5.0 (compatible; SeznamBot/4.0; +https://o-seznam.cz/napoveda/vyhledavani/en/seznambot-crawler/)"
77.75.76.170 - - [23/Oct/2025:16:55:25 +0300] "GET /001003610.htm HTTP/1.1" 200 - "-" "Mozilla/5.0 (compatible; SeznamBot/4.0; +https://o-seznam.cz/napoveda/vyhledavani/en/seznambot-crawler/)"
77.75.76.170 - - [23/Oct/2025:16:55:25 +0300] "GET /005039232.htm HTTP/1.1" 200 - "-" "Mozilla/5.0 (compatible; SeznamBot/4.0; +https://o-seznam.cz/napoveda/vyhledavani/en/seznambot-crawler/)"
77.75.76.170 - - [23/Oct/2025:16:55:26 +0300] "GET /chaos/operator105/3viyw-1833/ HTTP/1.1" 200 - "-" "Mozilla/5.0 (compatible; SeznamBot/4.0; +https://o-seznam.cz/napoveda/vyhledavani/en/seznambot-crawler/)"
77.75.76.170 - - [23/Oct/2025:16:55:26 +0300] "GET /filter/z81?pid=33333 HTTP/1.1" 200 - "-" "Mozilla/5.0 (compatible; SeznamBot/4.0; +https://o-seznam.cz/napoveda/vyhledavani/en/seznambot-crawler/)"
20.171.207.222 - - [23/Oct/2025:16:55:25 +0300] "GET /amp.php?products/212pz46229 HTTP/1.1" 200 461453 "-" "Mozilla/5.0 AppleWebKit/537.36 (KHTML, like Gecko; compatible; GPTBot/1.2; +https://openai.com/gptbot)"
77.75.76.170 - - [23/Oct/2025:16:55:26 +0300] "GET /052016999.htm HTTP/1.1" 200 - "-" "Mozilla/5.0 (compatible; SeznamBot/4.0; +https://o-seznam.cz/napoveda/vyhledavani/en/seznambot-crawler/)"
77.75.76.170 - - [23/Oct/2025:16:55:26 +0300] "GET /053039868.htm HTTP/1.1" 200 - "-" "Mozilla/5.0 (compatible; SeznamBot/4.0; +https://o-seznam.cz/napoveda/vyhledavani/en/seznambot-crawler/)"
77.75.76.170 - - [23/Oct/2025:16:55:27 +0300] "GET /032000463.htm HTTP/1.1" 200 - "-" "Mozilla/5.0 (compatible; SeznamBot/4.0; +https://o-seznam.cz/napoveda/vyhledavani/en/seznambot-crawler/)"
144.76.19.75 - - [23/Oct/2025:16:55:26 +0300] "GET /amp.php?m004000092?srsltid=AfmBOojUJSAuSDoTFzZYup_Ver8APIoSj_d4fTJrlO-Z-YnAj1Lr2t HTTP/1.1" 200 464620 "-" "Mozilla/5.0 (compatible; BLEXBot/1.0; +https://help.seranking.com/en/blex-crawler)"
77.75.76.170 - - [23/Oct/2025:16:55:28 +0300] "GET /008022925.htm HTTP/1.1" 200 - "-" "Mozilla/5.0 (compatible; SeznamBot/4.0; +https://o-seznam.cz/napoveda/vyhledavani/en/seznambot-crawler/)"
77.75.76.170 - - [23/Oct/2025:16:55:28 +0300] "GET /034014003.htm HTTP/1.1" 200 - "-" "Mozilla/5.0 (compatible; SeznamBot/4.0; +https://o-seznam.cz/napoveda/vyhledavani/en/seznambot-crawler/)"
20.171.207.222 - - [23/Oct/2025:16:55:27 +0300] "GET /amp.php?products/129ct26102 HTTP/1.1" 200 466326 "-" "Mozilla/5.0 AppleWebKit/537.36 (KHTML, like Gecko; compatible; GPTBot/1.2; +https://openai.com/gptbot)"
77.75.76.170 - - [23/Oct/2025:16:55:28 +0300] "GET /divorce/rolling26/gae2e-24222/ HTTP/1.1" 200 - "-" "Mozilla/5.0 (compatible; SeznamBot/4.0; +https://o-seznam.cz/napoveda/vyhledavani/en/seznambot-crawler/)"
77.75.76.170 - - [23/Oct/2025:16:55:28 +0300] "GET /003021750.htm HTTP/1.1" 200 - "-" "Mozilla/5.0 (compatible; SeznamBot/4.0; +https://o-seznam.cz/napoveda/vyhledavani/en/seznambot-crawler/)"
77.75.76.170 - - [23/Oct/2025:16:55:29 +0300] "GET /push/dangerous73/6oz6w-34245/ HTTP/1.1" 200 - "-" "Mozilla/5.0 (compatible; SeznamBot/4.0; +https://o-seznam.cz/napoveda/vyhledavani/en/seznambot-crawler/)"
77.75.76.170 - - [23/Oct/2025:16:55:29 +0300] "GET /067005378.htm HTTP/1.1" 200 - "-" "Mozilla/5.0 (compatible; SeznamBot/4.0; +https://o-seznam.cz/napoveda/vyhledavani/en/seznambot-crawler/)"
77.75.76.170 - - [23/Oct/2025:16:55:30 +0300] "GET /033022296.htm HTTP/1.1" 200 - "-" "Mozilla/5.0 (compatible; SeznamBot/4.0; +https://o-seznam.cz/napoveda/vyhledavani/en/seznambot-crawler/)"
20.171.207.222 - - [23/Oct/2025:16:55:29 +0300] "GET /amp.php?products/173ld24774 HTTP/1.1" 200 462444 "-" "Mozilla/5.0 AppleWebKit/537.36 (KHTML, like Gecko; compatible; GPTBot/1.2; +https://openai.com/gptbot)"
77.75.76.170 - - [23/Oct/2025:16:55:30 +0300] "GET /062029181.htm HTTP/1.1" 200 - "-" "Mozilla/5.0 (compatible; SeznamBot/4.0; +https://o-seznam.cz/napoveda/vyhledavani/en/seznambot-crawler/)"
77.75.76.170 - - [23/Oct/2025:16:55:31 +0300] "GET /062035755.htm HTTP/1.1" 200 - "-" "Mozilla/5.0 (compatible; SeznamBot/4.0; +https://o-seznam.cz/napoveda/vyhledavani/en/seznambot-crawler/)"
77.75.76.170 - - [23/Oct/2025:16:55:31 +0300] "GET /q-~78aWWMW51OKS7MBsPimcgFNBFNCQjZai2311/ HTTP/1.1" 200 - "-" "Mozilla/5.0 (compatible; SeznamBot/4.0; +https://o-seznam.cz/napoveda/vyhledavani/en/seznambot-crawler/)"
77.75.76.170 - - [23/Oct/2025:16:55:31 +0300] "GET /046005337.htm HTTP/1.1" 200 - "-" "Mozilla/5.0 (compatible; SeznamBot/4.0; +https://o-seznam.cz/napoveda/vyhledavani/en/seznambot-crawler/)"
77.75.76.170 - - [23/Oct/2025:16:55:31 +0300] "GET /rib/facility1/glilc-521/ HTTP/1.1" 200 - "-" "Mozilla/5.0 (compatible; SeznamBot/4.0; +https://o-seznam.cz/napoveda/vyhledavani/en/seznambot-crawler/)"
77.75.76.170 - - [23/Oct/2025:16:55:31 +0300] "GET /020021003.htm HTTP/1.1" 200 - "-" "Mozilla/5.0 (compatible; SeznamBot/4.0; +https://o-seznam.cz/napoveda/vyhledavani/en/seznambot-crawler/)"
77.75.76.170 - - [23/Oct/2025:16:55:31 +0300] "GET /017030948.htm HTTP/1.1" 200 - "-" "Mozilla/5.0 (compatible; SeznamBot/4.0; +https://o-seznam.cz/napoveda/vyhledavani/en/seznambot-crawler/)"
144.76.19.75 - - [23/Oct/2025:16:55:30 +0300] "GET /amp.php?m056024916?srsltid=AfmBOouesgBlPQVjNEycMn_9BNzl9aMA6_jxWG01Fr-L-NnPLfVc2H HTTP/1.1" 200 471787 "-" "Mozilla/5.0 (compatible; BLEXBot/1.0; +https://help.seranking.com/en/blex-crawler)"
20.171.207.222 - - [23/Oct/2025:16:55:31 +0300] "GET /amp.php?products/114ph48131 HTTP/1.1" 200 461291 "-" "Mozilla/5.0 AppleWebKit/537.36 (KHTML, like Gecko; compatible; GPTBot/1.2; +https://openai.com/gptbot)"
77.75.76.170 - - [23/Oct/2025:16:55:32 +0300] "GET /030016189.htm HTTP/1.1" 200 - "-" "Mozilla/5.0 (compatible; SeznamBot/4.0; +https://o-seznam.cz/napoveda/vyhledavani/en/seznambot-crawler/)"
77.75.76.170 - - [23/Oct/2025:16:55:32 +0300] "GET /significance/extensive28/43r4w-11888/ HTTP/1.1" 200 - "-" "Mozilla/5.0 (compatible; SeznamBot/4.0; +https://o-seznam.cz/napoveda/vyhledavani/en/seznambot-crawler/)"
77.75.76.170 - - [23/Oct/2025:16:55:32 +0300] "GET /027044648.htm HTTP/1.1" 200 - "-" "Mozilla/5.0 (compatible; SeznamBot/4.0; +https://o-seznam.cz/napoveda/vyhledavani/en/seznambot-crawler/)"
77.75.76.170 - - [23/Oct/2025:16:55:33 +0300] "GET /035022580.htm HTTP/1.1" 200 - "-" "Mozilla/5.0 (compatible; SeznamBot/4.0; +https://o-seznam.cz/napoveda/vyhledavani/en/seznambot-crawler/)"
20.171.207.222 - - [23/Oct/2025:16:55:33 +0300] "GET /amp.php?products/263oz11696 HTTP/1.1" 200 476371 "-" "Mozilla/5.0 AppleWebKit/537.36 (KHTML, like Gecko; compatible; GPTBot/1.2; +https://openai.com/gptbot)"
20.171.207.222 - - [23/Oct/2025:16:55:34 +0300] "GET /amp.php?products/255of18628 HTTP/1.1" 200 462186 "-" "Mozilla/5.0 AppleWebKit/537.36 (KHTML, like Gecko; compatible; GPTBot/1.2; +https://openai.com/gptbot)"
144.76.19.75 - - [23/Oct/2025:16:55:35 +0300] "GET /amp.php?m004000094?srsltid=AfmBOoaEKcLBbCDJd4fTJr_UQyXnordcC_YnAj1Lr2-T-50HUQimrU HTTP/1.1" 200 463862 "-" "Mozilla/5.0 (compatible; BLEXBot/1.0; +https://help.seranking.com/en/blex-crawler)"
20.171.207.222 - - [23/Oct/2025:16:55:36 +0300] "GET /amp.php?products/244hw36645 HTTP/1.1" 200 476732 "-" "Mozilla/5.0 AppleWebKit/537.36 (KHTML, like Gecko; compatible; GPTBot/1.2; +https://openai.com/gptbot)"
20.171.207.222 - - [23/Oct/2025:16:55:38 +0300] "GET /amp.php?products/142ay24611 HTTP/1.1" 200 464025 "-" "Mozilla/5.0 AppleWebKit/537.36 (KHTML, like Gecko; compatible; GPTBot/1.2; +https://openai.com/gptbot)"
144.76.19.75 - - [23/Oct/2025:16:55:39 +0300] "GET /amp.php?m056024918?srsltid=AfmBOobftPKmJfmGjxWG01_bfVGYMpUX1_NnPLfVc2-G-nmSQIpubl HTTP/1.1" 200 468826 "-" "Mozilla/5.0 (compatible; BLEXBot/1.0; +https://help.seranking.com/en/blex-crawler)"
20.171.207.222 - - [23/Oct/2025:16:55:40 +0300] "GET /amp.php?products/244tl36653 HTTP/1.1" 200 476591 "-" "Mozilla/5.0 AppleWebKit/537.36 (KHTML, like Gecko; compatible; GPTBot/1.2; +https://openai.com/gptbot)"
20.171.207.222 - - [23/Oct/2025:16:55:42 +0300] "GET /amp.php?products/114ho48303 HTTP/1.1" 200 460349 "-" "Mozilla/5.0 AppleWebKit/537.36 (KHTML, like Gecko; compatible; GPTBot/1.2; +https://openai.com/gptbot)"
144.76.19.75 - - [23/Oct/2025:16:55:43 +0300] "GET /amp.php?m004000096?srsltid=AfmBOoziBIZpVsSuYnAj1L_AlnUqxj5yq_50HUQimr-T-1QCVzlQ7I HTTP/1.1" 200 463457 "-" "Mozilla/5.0 (compatible; BLEXBot/1.0; +https://help.seranking.com/en/blex-crawler)"
20.171.207.222 - - [23/Oct/2025:16:55:44 +0300] "GET /amp.php?products/263yu11618 HTTP/1.1" 200 475350 "-" "Mozilla/5.0 AppleWebKit/537.36 (KHTML, like Gecko; compatible; GPTBot/1.2; +https://openai.com/gptbot)"
20.171.207.222 - - [23/Oct/2025:16:55:46 +0300] "GET /amp.php?_bd_prev_page=https://avocor.eu/super.jsp?m129026645?srsltid=AfmBOoMEYNlTUtMWMPTj70_y4fk9jEmZG_a2msvdNO-L-yB2TNlFAw&_bdsid=04mgdi.n~IWQNV.179774795.177546350&_gz=2.190387635.199814562.179671556-861378464.169980708 HTTP/1.1" 200 465972 "-" "Mozilla/5.0 AppleWebKit/537.36 (KHTML, like Gecko; compatible; GPTBot/1.2; +https://openai.com/gptbot)"
144.76.19.75 - - [23/Oct/2025:16:55:47 +0300] "GET /amp.php?m056024920?srsltid=AfmBOotVPtjUXaqdNnPLfV_hJ1LmxvtfH_nmSQIpub-Q-E5VXty3nL HTTP/1.1" 200 466452 "-" "Mozilla/5.0 (compatible; BLEXBot/1.0; +https://help.seranking.com/en/blex-crawler)"
20.171.207.222 - - [23/Oct/2025:16:55:48 +0300] "GET /amp.php?products/114wb48133 HTTP/1.1" 200 461016 "-" "Mozilla/5.0 AppleWebKit/537.36 (KHTML, like Gecko; compatible; GPTBot/1.2; +https://openai.com/gptbot)"
20.171.207.222 - - [23/Oct/2025:16:55:49 +0300] "GET /amp.php?products/273cc37410 HTTP/1.1" 200 463678 "-" "Mozilla/5.0 AppleWebKit/537.36 (KHTML, like Gecko; compatible; GPTBot/1.2; +https://openai.com/gptbot)"
20.171.207.222 - - [23/Oct/2025:16:55:51 +0300] "GET /amp.php?products/244qa36113 HTTP/1.1" 200 476342 "-" "Mozilla/5.0 AppleWebKit/537.36 (KHTML, like Gecko; compatible; GPTBot/1.2; +https://openai.com/gptbot)"
144.76.19.75 - - [23/Oct/2025:16:55:52 +0300] "GET /amp.php?m004000098?srsltid=AfmBOoMrTqUNOeEz50HUQi_LaVNgkTVnL_1QCVzlQ7-K-IFMjJ3SkZ HTTP/1.1" 200 464586 "-" "Mozilla/5.0 (compatible; BLEXBot/1.0; +https://help.seranking.com/en/blex-crawler)"
20.171.207.222 - - [23/Oct/2025:16:55:53 +0300] "GET /amp.php?products/122az16627 HTTP/1.1" 200 470678 "-" "Mozilla/5.0 AppleWebKit/537.36 (KHTML, like Gecko; compatible; GPTBot/1.2; +https://openai.com/gptbot)"
74.91.19.178 - - [23/Oct/2025:16:55:54 +0300] "GET /wp-includes/install.php HTTP/1.1" 200 6 "https://avocor.eu/wp-includes/install.php" "Mozilla/5.0 (Windows NT 10.0; Win64; x64) AppleWebKit/537.36 (KHTML, like Gecko) Chrome/58.0.3029.110 Safari/537.3"
74.91.19.178 - - [23/Oct/2025:16:55:54 +0300] "GET /wp-includes/install.php HTTP/1.1" 200 6 "https://avocor.eu/wp-includes/install.php" "Mozilla/5.0 (Windows NT 10.0; Win64; x64) AppleWebKit/537.36 (KHTML, like Gecko) Chrome/58.0.3029.110 Safari/537.3"
74.91.19.178 - - [23/Oct/2025:16:54:28 +0300] "GET /wp-includes/install.php HTTP/1.1" 200 - "https://avocor.eu/wp-includes/install.php" "Mozilla/5.0 (Windows NT 10.0; Win64; x64) AppleWebKit/537.36 (KHTML, like Gecko) Chrome/58.0.3029.110 Safari/537.3"
20.171.207.222 - - [23/Oct/2025:16:55:55 +0300] "GET /amp.php?products/255rt19020 HTTP/1.1" 200 462822 "-" "Mozilla/5.0 AppleWebKit/537.36 (KHTML, like Gecko; compatible; GPTBot/1.2; +https://openai.com/gptbot)"
144.76.19.75 - - [23/Oct/2025:16:55:56 +0300] "GET /amp.php?m056024924?srsltid=AfmBOofFltbAtwEAE5VXty_VDaOiMuSgi_fF5qXlkK-B-kMqinlMvX HTTP/1.1" 200 472120 "-" "Mozilla/5.0 (compatible; BLEXBot/1.0; +https://help.seranking.com/en/blex-crawler)"
20.171.207.222 - - [23/Oct/2025:16:55:57 +0300] "GET /amp.php?products/263xh11600 HTTP/1.1" 200 475350 "-" "Mozilla/5.0 AppleWebKit/537.36 (KHTML, like Gecko; compatible; GPTBot/1.2; +https://openai.com/gptbot)"
20.171.207.222 - - [23/Oct/2025:16:55:58 +0300] "GET /amp.php?products/161ke21544 HTTP/1.1" 200 462404 "-" "Mozilla/5.0 AppleWebKit/537.36 (KHTML, like Gecko; compatible; GPTBot/1.2; +https://openai.com/gptbot)"
77.75.76.170 - - [23/Oct/2025:16:56:01 +0300] "GET /041028982.htm HTTP/1.1" 200 - "-" "Mozilla/5.0 (compatible; SeznamBot/4.0; +https://o-seznam.cz/napoveda/vyhledavani/en/seznambot-crawler/)"
77.75.76.170 - - [23/Oct/2025:16:56:01 +0300] "GET /030033485.htm HTTP/1.1" 200 - "-" "Mozilla/5.0 (compatible; SeznamBot/4.0; +https://o-seznam.cz/napoveda/vyhledavani/en/seznambot-crawler/)"
77.75.76.170 - - [23/Oct/2025:16:56:01 +0300] "GET /012041049.htm HTTP/1.1" 200 - "-" "Mozilla/5.0 (compatible; SeznamBot/4.0; +https://o-seznam.cz/napoveda/vyhledavani/en/seznambot-crawler/)"
144.76.19.75 - - [23/Oct/2025:16:56:00 +0300] "GET /amp.php?m004000100?srsltid=AfmBOoEciGRNuevM1QCVzl_2o8tz2fEGJ_IFMjJ3Sk-N-u7KM0hEuB HTTP/1.1" 200 468435 "-" "Mozilla/5.0 (compatible; BLEXBot/1.0; +https://help.seranking.com/en/blex-crawler)"
20.171.207.222 - - [23/Oct/2025:16:56:00 +0300] "GET /amp.php?products/300hu25525 HTTP/1.1" 200 466900 "-" "Mozilla/5.0 AppleWebKit/537.36 (KHTML, like Gecko; compatible; GPTBot/1.2; +https://openai.com/gptbot)"
20.171.207.222 - - [23/Oct/2025:16:56:02 +0300] "GET /amp.php?products/114yr48047 HTTP/1.1" 200 461345 "-" "Mozilla/5.0 AppleWebKit/537.36 (KHTML, like Gecko; compatible; GPTBot/1.2; +https://openai.com/gptbot)"
77.75.76.170 - - [23/Oct/2025:16:56:04 +0300] "GET /stuff/education72/n9qir-35514/ HTTP/1.1" 200 - "-" "Mozilla/5.0 (compatible; SeznamBot/4.0; +https://o-seznam.cz/napoveda/vyhledavani/en/seznambot-crawler/)"
20.171.207.222 - - [23/Oct/2025:16:56:04 +0300] "GET /amp.php?products/244iq35777 HTTP/1.1" 200 483371 "-" "Mozilla/5.0 AppleWebKit/537.36 (KHTML, like Gecko; compatible; GPTBot/1.2; +https://openai.com/gptbot)"
144.76.19.75 - - [23/Oct/2025:16:56:04 +0300] "GET /amp.php?m056024926?srsltid=AfmBOotxKaWayXuZfF5qXl_8mI3QwkI7V_kMqinlMv-M-riOH7pIOl HTTP/1.1" 200 462716 "-" "Mozilla/5.0 (compatible; BLEXBot/1.0; +https://help.seranking.com/en/blex-crawler)"
51.195.244.75 - - [23/Oct/2025:16:56:06 +0300] "GET /about/function.php?dir=/home/avocor/public_html&item=wp-content&action=rename HTTP/1.1" 200 102248 "-" "Mozilla/5.0 (compatible; AhrefsBot/7.0; +http://ahrefs.com/robot/)"
20.171.207.222 - - [23/Oct/2025:16:56:05 +0300] "GET /amp.php?_bd_prev_page=https://avocor.eu/super.jsp?m255019297?srsltid=AfmBOocbUcifLBQROUOJku_U1EBFoKvMC_pX7jJOVa-D-xi25dU71Z&_bdsid=04mgdi.n~IWQNV.179774795.177546350&_gz=2.190387635.199814562.179671556-861378464.169980708 HTTP/1.1" 200 463398 "-" "Mozilla/5.0 AppleWebKit/537.36 (KHTML, like Gecko; compatible; GPTBot/1.2; +https://openai.com/gptbot)"
77.75.76.170 - - [23/Oct/2025:16:56:07 +0300] "GET /dad/active40/iym1r-32292/ HTTP/1.1" 200 - "-" "Mozilla/5.0 (compatible; SeznamBot/4.0; +https://o-seznam.cz/napoveda/vyhledavani/en/seznambot-crawler/)"
77.75.76.170 - - [23/Oct/2025:16:56:08 +0300] "GET /017022214.htm HTTP/1.1" 200 - "-" "Mozilla/5.0 (compatible; SeznamBot/4.0; +https://o-seznam.cz/napoveda/vyhledavani/en/seznambot-crawler/)"
20.171.207.222 - - [23/Oct/2025:16:56:07 +0300] "GET /amp.php?products/244zp35755 HTTP/1.1" 200 471168 "-" "Mozilla/5.0 AppleWebKit/537.36 (KHTML, like Gecko; compatible; GPTBot/1.2; +https://openai.com/gptbot)"
77.75.76.170 - - [23/Oct/2025:16:56:09 +0300] "GET /034002789.htm HTTP/1.1" 200 - "-" "Mozilla/5.0 (compatible; SeznamBot/4.0; +https://o-seznam.cz/napoveda/vyhledavani/en/seznambot-crawler/)"
144.76.19.75 - - [23/Oct/2025:16:56:09 +0300] "GET /amp.php?m004000102?srsltid=AfmBOoIEFgkoCpzhIFMjJ3_nINr1xB7In_u7KM0hEu-P-jhflHM8Dg HTTP/1.1" 200 467332 "-" "Mozilla/5.0 (compatible; BLEXBot/1.0; +https://help.seranking.com/en/blex-crawler)"
20.171.207.222 - - [23/Oct/2025:16:56:09 +0300] "GET /amp.php?products/255zi19292 HTTP/1.1" 200 461370 "-" "Mozilla/5.0 AppleWebKit/537.36 (KHTML, like Gecko; compatible; GPTBot/1.2; +https://openai.com/gptbot)"
77.75.76.170 - - [23/Oct/2025:16:56:10 +0300] "GET /026027111.htm HTTP/1.1" 200 - "-" "Mozilla/5.0 (compatible; SeznamBot/4.0; +https://o-seznam.cz/napoveda/vyhledavani/en/seznambot-crawler/)"
77.75.76.170 - - [23/Oct/2025:16:56:11 +0300] "GET /066024211.htm HTTP/1.1" 200 - "-" "Mozilla/5.0 (compatible; SeznamBot/4.0; +https://o-seznam.cz/napoveda/vyhledavani/en/seznambot-crawler/)"
77.75.76.170 - - [23/Oct/2025:16:56:11 +0300] "GET /q-~66VgTaEBPSmFnkxqZAsgDzjluatKEs5L23441/ HTTP/1.1" 200 - "-" "Mozilla/5.0 (compatible; SeznamBot/4.0; +https://o-seznam.cz/napoveda/vyhledavani/en/seznambot-crawler/)"
20.171.207.222 - - [23/Oct/2025:16:56:11 +0300] "GET /amp.php?products/227ic35542 HTTP/1.1" 200 470702 "-" "Mozilla/5.0 AppleWebKit/537.36 (KHTML, like Gecko; compatible; GPTBot/1.2; +https://openai.com/gptbot)"
77.75.76.170 - - [23/Oct/2025:16:56:12 +0300] "GET /apart/cross49/35p9u-18737/ HTTP/1.1" 200 - "-" "Mozilla/5.0 (compatible; SeznamBot/4.0; +https://o-seznam.cz/napoveda/vyhledavani/en/seznambot-crawler/)"
77.75.76.170 - - [23/Oct/2025:16:56:13 +0300] "GET /060027197.htm HTTP/1.1" 200 - "-" "Mozilla/5.0 (compatible; SeznamBot/4.0; +https://o-seznam.cz/napoveda/vyhledavani/en/seznambot-crawler/)"
77.75.76.170 - - [23/Oct/2025:16:56:13 +0300] "GET /060047497.htm HTTP/1.1" 200 - "-" "Mozilla/5.0 (compatible; SeznamBot/4.0; +https://o-seznam.cz/napoveda/vyhledavani/en/seznambot-crawler/)"
144.76.19.75 - - [23/Oct/2025:16:56:13 +0300] "GET /amp.php?m056024928?srsltid=AfmBOoKVauhnoyHVkMqinl_iLZDeif5DF_riOH7pIO-K-V8dXtVli0 HTTP/1.1" 200 472188 "-" "Mozilla/5.0 (compatible; BLEXBot/1.0; +https://help.seranking.com/en/blex-crawler)"
20.171.207.222 - - [23/Oct/2025:16:56:13 +0300] "GET /amp.php?products/157bw48882 HTTP/1.1" 200 462315 "-" "Mozilla/5.0 AppleWebKit/537.36 (KHTML, like Gecko; compatible; GPTBot/1.2; +https://openai.com/gptbot)"
77.75.76.170 - - [23/Oct/2025:16:56:14 +0300] "GET /027015708.htm HTTP/1.1" 200 - "-" "Mozilla/5.0 (compatible; SeznamBot/4.0; +https://o-seznam.cz/napoveda/vyhledavani/en/seznambot-crawler/)"
77.75.76.170 - - [23/Oct/2025:16:56:15 +0300] "GET /040028295.htm HTTP/1.1" 200 - "-" "Mozilla/5.0 (compatible; SeznamBot/4.0; +https://o-seznam.cz/napoveda/vyhledavani/en/seznambot-crawler/)"
77.75.76.170 - - [23/Oct/2025:16:56:15 +0300] "GET /050045301.htm HTTP/1.1" 200 - "-" "Mozilla/5.0 (compatible; SeznamBot/4.0; +https://o-seznam.cz/napoveda/vyhledavani/en/seznambot-crawler/)"
77.75.76.170 - - [23/Oct/2025:16:56:15 +0300] "GET /001013762.htm HTTP/1.1" 200 - "-" "Mozilla/5.0 (compatible; SeznamBot/4.0; +https://o-seznam.cz/napoveda/vyhledavani/en/seznambot-crawler/)"
20.171.207.222 - - [23/Oct/2025:16:56:15 +0300] "GET /amp.php?products/255py19294 HTTP/1.1" 200 461936 "-" "Mozilla/5.0 AppleWebKit/537.36 (KHTML, like Gecko; compatible; GPTBot/1.2; +https://openai.com/gptbot)"
77.75.76.170 - - [23/Oct/2025:16:56:16 +0300] "GET /017030372.htm HTTP/1.1" 200 - "-" "Mozilla/5.0 (compatible; SeznamBot/4.0; +https://o-seznam.cz/napoveda/vyhledavani/en/seznambot-crawler/)"
77.75.76.170 - - [23/Oct/2025:16:56:17 +0300] "GET /016017017.htm HTTP/1.1" 200 - "-" "Mozilla/5.0 (compatible; SeznamBot/4.0; +https://o-seznam.cz/napoveda/vyhledavani/en/seznambot-crawler/)"
20.171.207.222 - - [23/Oct/2025:16:56:17 +0300] "GET /amp.php?products/114cr48043 HTTP/1.1" 200 461287 "-" "Mozilla/5.0 AppleWebKit/537.36 (KHTML, like Gecko; compatible; GPTBot/1.2; +https://openai.com/gptbot)"
77.75.76.170 - - [23/Oct/2025:16:56:18 +0300] "GET /diagnose/relation1/2ms7m-16509/ HTTP/1.1" 200 - "-" "Mozilla/5.0 (compatible; SeznamBot/4.0; +https://o-seznam.cz/napoveda/vyhledavani/en/seznambot-crawler/)"
144.76.19.75 - - [23/Oct/2025:16:56:17 +0300] "GET /amp.php?m004000104?srsltid=AfmBOoEPogoxhnTpu7KM0h_70iUdwRVXA_jhflHM8D-A-CM8zfcDnw HTTP/1.1" 200 469058 "-" "Mozilla/5.0 (compatible; BLEXBot/1.0; +https://help.seranking.com/en/blex-crawler)"
77.75.76.170 - - [23/Oct/2025:16:56:18 +0300] "GET /067020822.htm HTTP/1.1" 200 - "-" "Mozilla/5.0 (compatible; SeznamBot/4.0; +https://o-seznam.cz/napoveda/vyhledavani/en/seznambot-crawler/)"
77.75.76.170 - - [23/Oct/2025:16:56:18 +0300] "GET /054034935.htm HTTP/1.1" 200 - "-" "Mozilla/5.0 (compatible; SeznamBot/4.0; +https://o-seznam.cz/napoveda/vyhledavani/en/seznambot-crawler/)"
77.75.76.170 - - [23/Oct/2025:16:56:19 +0300] "GET /072013635.htm HTTP/1.1" 200 - "-" "Mozilla/5.0 (compatible; SeznamBot/4.0; +https://o-seznam.cz/napoveda/vyhledavani/en/seznambot-crawler/)"
20.171.207.222 - - [23/Oct/2025:16:56:19 +0300] "GET /amp.php?products/239ob28488 HTTP/1.1" 200 461039 "-" "Mozilla/5.0 AppleWebKit/537.36 (KHTML, like Gecko; compatible; GPTBot/1.2; +https://openai.com/gptbot)"
77.75.76.170 - - [23/Oct/2025:16:56:20 +0300] "GET /emotionally/p31?pid=40213 HTTP/1.1" 200 - "-" "Mozilla/5.0 (compatible; SeznamBot/4.0; +https://o-seznam.cz/napoveda/vyhledavani/en/seznambot-crawler/)"
77.75.76.170 - - [23/Oct/2025:16:56:21 +0300] "GET /he/concert52/sx267-9970/ HTTP/1.1" 200 - "-" "Mozilla/5.0 (compatible; SeznamBot/4.0; +https://o-seznam.cz/napoveda/vyhledavani/en/seznambot-crawler/)"
20.171.207.222 - - [23/Oct/2025:16:56:20 +0300] "GET /amp.php?products/276rl13633 HTTP/1.1" 200 462135 "-" "Mozilla/5.0 AppleWebKit/537.36 (KHTML, like Gecko; compatible; GPTBot/1.2; +https://openai.com/gptbot)"
77.75.76.170 - - [23/Oct/2025:16:56:21 +0300] "GET /034008403.htm HTTP/1.1" 200 - "-" "Mozilla/5.0 (compatible; SeznamBot/4.0; +https://o-seznam.cz/napoveda/vyhledavani/en/seznambot-crawler/)"
66.249.72.236 - - [23/Oct/2025:16:56:21 +0300] "GET /mortgage/consist1/rg52s-135/ HTTP/1.1" 200 570317 "-" "Mozilla/5.0 (Linux; Android 6.0.1; Nexus 5X Build/MMB29P) AppleWebKit/537.36 (KHTML, like Gecko) Chrome/141.0.7390.107 Mobile Safari/537.36 (compatible; Googlebot/2.1; +http://www.google.com/bot.html)"
144.76.19.75 - - [23/Oct/2025:16:56:21 +0300] "GET /amp.php?m056024932?srsltid=AfmBOoNiwKoSUGzUV8dXtV_ceodIQE9YW_oa6RYzJQ-L-FzZq2Cdki HTTP/1.1" 200 467394 "-" "Mozilla/5.0 (compatible; BLEXBot/1.0; +https://help.seranking.com/en/blex-crawler)"
77.75.76.170 - - [23/Oct/2025:16:56:22 +0300] "GET /deadly/juror48/ksjo3-49982/ HTTP/1.1" 200 - "-" "Mozilla/5.0 (compatible; SeznamBot/4.0; +https://o-seznam.cz/napoveda/vyhledavani/en/seznambot-crawler/)"
77.75.76.170 - - [23/Oct/2025:16:56:23 +0300] "GET /054024169.htm HTTP/1.1" 200 - "-" "Mozilla/5.0 (compatible; SeznamBot/4.0; +https://o-seznam.cz/napoveda/vyhledavani/en/seznambot-crawler/)"
20.171.207.222 - - [23/Oct/2025:16:56:22 +0300] "GET /amp.php?products/255dk18820 HTTP/1.1" 200 468659 "-" "Mozilla/5.0 AppleWebKit/537.36 (KHTML, like Gecko; compatible; GPTBot/1.2; +https://openai.com/gptbot)"
