144.76.19.75 - - [23/Oct/2025:16:06:44 +0300] "GET /amp.php?m056023850?srsltid=AfmBOodDUPcxwGIbreOYPg_WinzAoQFmA_gQGRFU9L-W-FixX8yis1 HTTP/1.1" 200 472553 "-" "Mozilla/5.0 (compatible; BLEXBot/1.0; +https://help.seranking.com/en/blex-crawler)"
20.171.207.222 - - [23/Oct/2025:16:06:43 +0300] "GET /amp.php?products/122pr29833 HTTP/1.1" 200 468140 "-" "Mozilla/5.0 AppleWebKit/537.36 (KHTML, like Gecko; compatible; GPTBot/1.2; +https://openai.com/gptbot)"
20.171.207.222 - - [23/Oct/2025:16:06:55 +0300] "GET /amp.php?products/140ka40161 HTTP/1.1" 200 461160 "-" "Mozilla/5.0 AppleWebKit/537.36 (KHTML, like Gecko; compatible; GPTBot/1.2; +https://openai.com/gptbot)"
20.171.207.222 - - [23/Oct/2025:16:06:57 +0300] "GET /amp.php?products/242hj24971 HTTP/1.1" 200 468766 "-" "Mozilla/5.0 AppleWebKit/537.36 (KHTML, like Gecko; compatible; GPTBot/1.2; +https://openai.com/gptbot)"
144.76.19.75 - - [23/Oct/2025:16:06:57 +0300] "GET /amp.php?m003049125?srsltid=AfmBOoXZBWEDTqlqBuw19P_Trzf4kTAgR_vanX8b7P-R-VhkSKG4fN HTTP/1.1" 200 460844 "-" "Mozilla/5.0 (compatible; BLEXBot/1.0; +https://help.seranking.com/en/blex-crawler)"
20.171.207.222 - - [23/Oct/2025:16:06:59 +0300] "GET /amp.php?products/109pg27282 HTTP/1.1" 200 463031 "-" "Mozilla/5.0 AppleWebKit/537.36 (KHTML, like Gecko; compatible; GPTBot/1.2; +https://openai.com/gptbot)"
20.171.207.222 - - [23/Oct/2025:16:07:01 +0300] "GET /amp.php?products/151rh40124 HTTP/1.1" 200 491185 "-" "Mozilla/5.0 AppleWebKit/537.36 (KHTML, like Gecko; compatible; GPTBot/1.2; +https://openai.com/gptbot)"
77.75.76.170 - - [23/Oct/2025:16:07:02 +0300] "GET /004010601.htm HTTP/1.1" 200 - "-" "Mozilla/5.0 (compatible; SeznamBot/4.0; +https://o-seznam.cz/napoveda/vyhledavani/en/seznambot-crawler/)"
144.76.19.75 - - [23/Oct/2025:16:07:02 +0300] "GET /amp.php?m056023852?srsltid=AfmBOoiFStpgHOFOgQGRFU_bVTxcZBTmd_FixX8yis-A-4Pl3bVGvs HTTP/1.1" 200 473747 "-" "Mozilla/5.0 (compatible; BLEXBot/1.0; +https://help.seranking.com/en/blex-crawler)"
20.171.207.222 - - [23/Oct/2025:16:07:03 +0300] "GET /amp.php?products/112fl30211 HTTP/1.1" 200 463702 "-" "Mozilla/5.0 AppleWebKit/537.36 (KHTML, like Gecko; compatible; GPTBot/1.2; +https://openai.com/gptbot)"
20.171.207.222 - - [23/Oct/2025:16:07:04 +0300] "GET /amp.php?products/113pq41502 HTTP/1.1" 200 460587 "-" "Mozilla/5.0 AppleWebKit/537.36 (KHTML, like Gecko; compatible; GPTBot/1.2; +https://openai.com/gptbot)"
144.76.19.75 - - [23/Oct/2025:16:07:06 +0300] "GET /amp.php?m003049127?srsltid=AfmBOoLSdPBtUtHwvanX8b_9o2Kwt5erC_VhkSKG4f-N-JLIFqmaZH HTTP/1.1" 200 463637 "-" "Mozilla/5.0 (compatible; BLEXBot/1.0; +https://help.seranking.com/en/blex-crawler)"
20.171.207.222 - - [23/Oct/2025:16:07:06 +0300] "GET /amp.php?m016022592?srsltid=AfmBOozlmVnNygOasD52ZL_9hyuP7y91c_UHSa3HDx-B-c8mEkNHFe HTTP/1.1" 200 468484 "-" "Mozilla/5.0 AppleWebKit/537.36 (KHTML, like Gecko; compatible; GPTBot/1.2; +https://openai.com/gptbot)"
20.171.207.222 - - [23/Oct/2025:16:07:08 +0300] "GET /amp.php?products/225nz20800 HTTP/1.1" 200 461753 "-" "Mozilla/5.0 AppleWebKit/537.36 (KHTML, like Gecko; compatible; GPTBot/1.2; +https://openai.com/gptbot)"
74.91.19.178 - - [23/Oct/2025:16:05:42 +0300] "GET /wp-includes/install.php HTTP/1.1" 200 - "https://avocor.eu/wp-includes/install.php" "Mozilla/5.0 (Windows NT 10.0; Win64; x64) AppleWebKit/537.36 (KHTML, like Gecko) Chrome/58.0.3029.110 Safari/537.3"
20.171.207.222 - - [23/Oct/2025:16:07:10 +0300] "GET /amp.php?products/245ut37388 HTTP/1.1" 200 467787 "-" "Mozilla/5.0 AppleWebKit/537.36 (KHTML, like Gecko; compatible; GPTBot/1.2; +https://openai.com/gptbot)"
144.76.19.75 - - [23/Oct/2025:16:07:11 +0300] "GET /amp.php?m056023854?srsltid=AfmBOopBQfVKgKVaFixX8y_LxSgzLCHuk_4Pl3bVGv-G-s6mAdEhIj HTTP/1.1" 200 465010 "-" "Mozilla/5.0 (compatible; BLEXBot/1.0; +https://help.seranking.com/en/blex-crawler)"
20.171.207.222 - - [23/Oct/2025:16:07:12 +0300] "GET /amp.php?products/242ae21477 HTTP/1.1" 200 470013 "-" "Mozilla/5.0 AppleWebKit/537.36 (KHTML, like Gecko; compatible; GPTBot/1.2; +https://openai.com/gptbot)"
20.171.207.222 - - [23/Oct/2025:16:07:15 +0300] "GET /amp.php?products/242au21489 HTTP/1.1" 200 470053 "-" "Mozilla/5.0 AppleWebKit/537.36 (KHTML, like Gecko; compatible; GPTBot/1.2; +https://openai.com/gptbot)"
144.76.19.75 - - [23/Oct/2025:16:07:15 +0300] "GET /amp.php?m003049129?srsltid=AfmBOoZYZsKwZcaBVhkSKG_WbirY9lRy0_JLIFqmaZ-V-3qnTIhJm0 HTTP/1.1" 200 464292 "-" "Mozilla/5.0 (compatible; BLEXBot/1.0; +https://help.seranking.com/en/blex-crawler)"
20.171.207.222 - - [23/Oct/2025:16:07:16 +0300] "GET /amp.php?category/1916_1917_6291/1 HTTP/1.1" 200 83843 "-" "Mozilla/5.0 AppleWebKit/537.36 (KHTML, like Gecko; compatible; GPTBot/1.2; +https://openai.com/gptbot)"
208.110.64.178 - - [23/Oct/2025:16:07:18 +0300] "GET /wp-includes/install.php HTTP/1.1" 200 6 "https://avocor.eu/wp-includes/install.php" "Mozilla/5.0 (Windows NT 10.0; Win64; x64) AppleWebKit/537.36 (KHTML, like Gecko) Chrome/58.0.3029.110 Safari/537.3"
20.171.207.222 - - [23/Oct/2025:16:07:18 +0300] "GET /amp.php?products/112zc29149 HTTP/1.1" 200 463081 "-" "Mozilla/5.0 AppleWebKit/537.36 (KHTML, like Gecko; compatible; GPTBot/1.2; +https://openai.com/gptbot)"
144.76.19.75 - - [23/Oct/2025:16:07:19 +0300] "GET /amp.php?m056023856?srsltid=AfmBOoNDNRWxrYEp4Pl3bV_UmgxyFPCVh_s6mAdEhI-E-bAL2nRmws HTTP/1.1" 200 466489 "-" "Mozilla/5.0 (compatible; BLEXBot/1.0; +https://help.seranking.com/en/blex-crawler)"
20.171.207.222 - - [23/Oct/2025:16:07:20 +0300] "GET /amp.php?products/112sh29165 HTTP/1.1" 200 462945 "-" "Mozilla/5.0 AppleWebKit/537.36 (KHTML, like Gecko; compatible; GPTBot/1.2; +https://openai.com/gptbot)"
74.91.19.178 - - [23/Oct/2025:16:07:22 +0300] "GET /wp-includes/install.php HTTP/1.1" 200 6 "https://avocor.eu/wp-includes/install.php" "Mozilla/5.0 (Windows NT 10.0; Win64; x64) AppleWebKit/537.36 (KHTML, like Gecko) Chrome/58.0.3029.110 Safari/537.3"
20.171.207.222 - - [23/Oct/2025:16:07:22 +0300] "GET /amp.php?products/112iv29141 HTTP/1.1" 200 463628 "-" "Mozilla/5.0 AppleWebKit/537.36 (KHTML, like Gecko; compatible; GPTBot/1.2; +https://openai.com/gptbot)"
144.76.19.75 - - [23/Oct/2025:16:07:23 +0300] "GET /amp.php?m003049131?srsltid=AfmBOoKoqIDakfavJLIFqm_epW3KnUQt6_3qnTIhJm-Z-p6f3jbcag HTTP/1.1" 200 463964 "-" "Mozilla/5.0 (compatible; BLEXBot/1.0; +https://help.seranking.com/en/blex-crawler)"
20.171.207.222 - - [23/Oct/2025:16:07:24 +0300] "GET /amp.php?products/238pz31385 HTTP/1.1" 200 484042 "-" "Mozilla/5.0 AppleWebKit/537.36 (KHTML, like Gecko; compatible; GPTBot/1.2; +https://openai.com/gptbot)"
74.91.19.178 - - [23/Oct/2025:16:07:25 +0300] "GET /wp-includes/install.php HTTP/1.1" 200 6 "https://avocor.eu/wp-includes/install.php" "Mozilla/5.0 (Windows NT 10.0; Win64; x64) AppleWebKit/537.36 (KHTML, like Gecko) Chrome/58.0.3029.110 Safari/537.3"
77.75.76.170 - - [23/Oct/2025:16:07:25 +0300] "GET /seller/g94?pid=10106 HTTP/1.1" 200 - "-" "Mozilla/5.0 (compatible; SeznamBot/4.0; +https://o-seznam.cz/napoveda/vyhledavani/en/seznambot-crawler/)"
74.91.19.178 - - [23/Oct/2025:16:07:25 +0300] "GET /wp-includes/install.php HTTP/1.1" 200 6 "https://avocor.eu/wp-includes/install.php" "Mozilla/5.0 (Windows NT 10.0; Win64; x64) AppleWebKit/537.36 (KHTML, like Gecko) Chrome/58.0.3029.110 Safari/537.3"
20.171.207.222 - - [23/Oct/2025:16:07:26 +0300] "GET /amp.php?products/245ix32292 HTTP/1.1" 200 473360 "-" "Mozilla/5.0 AppleWebKit/537.36 (KHTML, like Gecko; compatible; GPTBot/1.2; +https://openai.com/gptbot)"
144.76.19.75 - - [23/Oct/2025:16:07:28 +0300] "GET /amp.php?m056023858?srsltid=AfmBOoRTQtbLQDels6mAdE_VMrAkq4UVC_bAL2nRmw-W-xPZ3CLGLS HTTP/1.1" 200 467573 "-" "Mozilla/5.0 (compatible; BLEXBot/1.0; +https://help.seranking.com/en/blex-crawler)"
20.171.207.222 - - [23/Oct/2025:16:07:28 +0300] "GET /amp.php?products/289do38190 HTTP/1.1" 200 462250 "-" "Mozilla/5.0 AppleWebKit/537.36 (KHTML, like Gecko; compatible; GPTBot/1.2; +https://openai.com/gptbot)"
74.91.19.178 - - [23/Oct/2025:16:07:29 +0300] "GET /wp-includes/install.php HTTP/1.1" 200 6 "https://avocor.eu/wp-includes/install.php" "Mozilla/5.0 (Windows NT 10.0; Win64; x64) AppleWebKit/537.36 (KHTML, like Gecko) Chrome/58.0.3029.110 Safari/537.3"
74.91.19.178 - - [23/Oct/2025:16:07:30 +0300] "GET /wp-includes/install.php HTTP/1.1" 200 6 "https://avocor.eu/wp-includes/install.php" "Mozilla/5.0 (Windows NT 10.0; Win64; x64) AppleWebKit/537.36 (KHTML, like Gecko) Chrome/58.0.3029.110 Safari/537.3"
74.91.19.178 - - [23/Oct/2025:16:07:30 +0300] "GET /wp-includes/install.php HTTP/1.1" 200 6 "https://avocor.eu/wp-includes/install.php" "Mozilla/5.0 (Windows NT 10.0; Win64; x64) AppleWebKit/537.36 (KHTML, like Gecko) Chrome/58.0.3029.110 Safari/537.3"
20.171.207.222 - - [23/Oct/2025:16:07:30 +0300] "GET /amp.php?products/281cn44406 HTTP/1.1" 200 484258 "-" "Mozilla/5.0 AppleWebKit/537.36 (KHTML, like Gecko; compatible; GPTBot/1.2; +https://openai.com/gptbot)"
20.171.207.222 - - [23/Oct/2025:16:07:31 +0300] "GET /amp.php?products/41pp22278 HTTP/1.1" 200 466417 "-" "Mozilla/5.0 AppleWebKit/537.36 (KHTML, like Gecko; compatible; GPTBot/1.2; +https://openai.com/gptbot)"
144.76.19.75 - - [23/Oct/2025:16:07:32 +0300] "GET /amp.php?m003049133?srsltid=AfmBOoMwkMtYBIwB3qnTIh_kijzx8ZNhv_p6f3jbca-E-p1IGMXW1i HTTP/1.1" 200 464758 "-" "Mozilla/5.0 (compatible; BLEXBot/1.0; +https://help.seranking.com/en/blex-crawler)"
74.91.19.178 - - [23/Oct/2025:16:07:33 +0300] "GET /wp-includes/install.php HTTP/1.1" 200 6 "https://avocor.eu/wp-includes/install.php" "Mozilla/5.0 (Windows NT 10.0; Win64; x64) AppleWebKit/537.36 (KHTML, like Gecko) Chrome/58.0.3029.110 Safari/537.3"
20.171.207.222 - - [23/Oct/2025:16:07:33 +0300] "GET /amp.php?products/41ye22298 HTTP/1.1" 200 478545 "-" "Mozilla/5.0 AppleWebKit/537.36 (KHTML, like Gecko; compatible; GPTBot/1.2; +https://openai.com/gptbot)"
66.249.75.102 - - [23/Oct/2025:16:07:35 +0300] "GET /125009200.htm HTTP/1.1" 200 196592 "-" "Mozilla/5.0 (Linux; Android 6.0.1; Nexus 5X Build/MMB29P) AppleWebKit/537.36 (KHTML, like Gecko) Chrome/141.0.7390.107 Mobile Safari/537.36 (compatible; Googlebot/2.1; +http://www.google.com/bot.html)"
20.171.207.222 - - [23/Oct/2025:16:07:35 +0300] "GET /amp.php?products/242jb25269 HTTP/1.1" 200 464665 "-" "Mozilla/5.0 AppleWebKit/537.36 (KHTML, like Gecko; compatible; GPTBot/1.2; +https://openai.com/gptbot)"
66.249.75.104 - - [23/Oct/2025:16:07:36 +0300] "GET /125009200.htm HTTP/1.1" 200 197204 "-" "Mozilla/5.0 (compatible; Googlebot/2.1; +http://www.google.com/bot.html)"
144.76.19.75 - - [23/Oct/2025:16:07:36 +0300] "GET /amp.php?m056023866?srsltid=AfmBOoevlaaDXPPqS6Q6mE_wawxSg2koN_AnyV8Oqz-B-g8OVbt6Dc HTTP/1.1" 200 463316 "-" "Mozilla/5.0 (compatible; BLEXBot/1.0; +https://help.seranking.com/en/blex-crawler)"
74.91.19.178 - - [23/Oct/2025:16:07:38 +0300] "GET /wp-includes/install.php HTTP/1.1" 200 6 "https://avocor.eu/wp-includes/install.php" "Mozilla/5.0 (Windows NT 10.0; Win64; x64) AppleWebKit/537.36 (KHTML, like Gecko) Chrome/58.0.3029.110 Safari/537.3"
20.171.207.222 - - [23/Oct/2025:16:07:37 +0300] "GET /amp.php?products/112js30773 HTTP/1.1" 200 471461 "-" "Mozilla/5.0 AppleWebKit/537.36 (KHTML, like Gecko; compatible; GPTBot/1.2; +https://openai.com/gptbot)"
20.171.207.222 - - [23/Oct/2025:16:07:39 +0300] "GET /amp.php?products/245dq32324 HTTP/1.1" 200 463271 "-" "Mozilla/5.0 AppleWebKit/537.36 (KHTML, like Gecko; compatible; GPTBot/1.2; +https://openai.com/gptbot)"
144.76.19.75 - - [23/Oct/2025:16:07:40 +0300] "GET /amp.php?m003049135?srsltid=AfmBOoxpcdabraxep6f3jb_L79HF0K394_p1IGMXW1-F-aDSyj2PTU HTTP/1.1" 200 465088 "-" "Mozilla/5.0 (compatible; BLEXBot/1.0; +https://help.seranking.com/en/blex-crawler)"
20.171.207.222 - - [23/Oct/2025:16:07:41 +0300] "GET /amp.php?products/191xu18494 HTTP/1.1" 200 484205 "-" "Mozilla/5.0 AppleWebKit/537.36 (KHTML, like Gecko; compatible; GPTBot/1.2; +https://openai.com/gptbot)"
20.171.207.222 - - [23/Oct/2025:16:07:42 +0300] "GET /amp.php?products/183zz27178 HTTP/1.1" 200 464136 "-" "Mozilla/5.0 AppleWebKit/537.36 (KHTML, like Gecko; compatible; GPTBot/1.2; +https://openai.com/gptbot)"
20.171.207.222 - - [23/Oct/2025:16:07:44 +0300] "GET /amp.php?products/242xb25283 HTTP/1.1" 200 467172 "-" "Mozilla/5.0 AppleWebKit/537.36 (KHTML, like Gecko; compatible; GPTBot/1.2; +https://openai.com/gptbot)"
144.76.19.75 - - [23/Oct/2025:16:07:45 +0300] "GET /amp.php?m056023868?srsltid=AfmBOoxtEEbppOHOAnyV8O_FgikIayUGo_g8OVbt6D-K-p5RWbONv2 HTTP/1.1" 200 465568 "-" "Mozilla/5.0 (compatible; BLEXBot/1.0; +https://help.seranking.com/en/blex-crawler)"
20.171.207.222 - - [23/Oct/2025:16:07:46 +0300] "GET /amp.php?products/289ub38244 HTTP/1.1" 200 465457 "-" "Mozilla/5.0 AppleWebKit/537.36 (KHTML, like Gecko; compatible; GPTBot/1.2; +https://openai.com/gptbot)"
20.171.207.222 - - [23/Oct/2025:16:07:48 +0300] "GET /amp.php?products/151af40174 HTTP/1.1" 200 480732 "-" "Mozilla/5.0 AppleWebKit/537.36 (KHTML, like Gecko; compatible; GPTBot/1.2; +https://openai.com/gptbot)"
144.76.19.75 - - [23/Oct/2025:16:07:49 +0300] "GET /amp.php?m003049137?srsltid=AfmBOoeBdKVWZyXRp1IGMX_udg3EluGym_aDSyj2PT-Z-NacE4Tf2Z HTTP/1.1" 200 463788 "-" "Mozilla/5.0 (compatible; BLEXBot/1.0; +https://help.seranking.com/en/blex-crawler)"
20.171.207.222 - - [23/Oct/2025:16:07:50 +0300] "GET /amp.php?products/242sa22119 HTTP/1.1" 200 466575 "-" "Mozilla/5.0 AppleWebKit/537.36 (KHTML, like Gecko; compatible; GPTBot/1.2; +https://openai.com/gptbot)"
20.171.207.222 - - [23/Oct/2025:16:07:52 +0300] "GET /amp.php?products/116ap18667 HTTP/1.1" 200 468266 "-" "Mozilla/5.0 AppleWebKit/537.36 (KHTML, like Gecko; compatible; GPTBot/1.2; +https://openai.com/gptbot)"
74.91.19.178 - - [23/Oct/2025:16:07:53 +0300] "GET /wp-includes/install.php HTTP/1.1" 200 6 "https://avocor.eu/wp-includes/install.php" "Mozilla/5.0 (Windows NT 10.0; Win64; x64) AppleWebKit/537.36 (KHTML, like Gecko) Chrome/58.0.3029.110 Safari/537.3"
144.76.19.75 - - [23/Oct/2025:16:07:53 +0300] "GET /amp.php?m056023870?srsltid=AfmBOoKKQPrbWbaqg8OVbt_MrUilXtnbI_p5RWbONv-L-qy4WEw7It HTTP/1.1" 200 463369 "-" "Mozilla/5.0 (compatible; BLEXBot/1.0; +https://help.seranking.com/en/blex-crawler)"
20.171.207.222 - - [23/Oct/2025:16:07:53 +0300] "GET /amp.php?products/115hp48554 HTTP/1.1" 200 473505 "-" "Mozilla/5.0 AppleWebKit/537.36 (KHTML, like Gecko; compatible; GPTBot/1.2; +https://openai.com/gptbot)"
20.171.207.222 - - [23/Oct/2025:16:07:55 +0300] "GET /amp.php?_bd_prev_page=https://avocor.eu/super.jsp?products/191dg20400&_bdsid=04mgdi.n~IWQNV.179774795.177546350&_gz=2.190387635.199814562.179671556-861378464.169980708 HTTP/1.1" 200 462177 "-" "Mozilla/5.0 AppleWebKit/537.36 (KHTML, like Gecko; compatible; GPTBot/1.2; +https://openai.com/gptbot)"
20.171.207.222 - - [23/Oct/2025:16:07:57 +0300] "GET /amp.php?products/242py22111 HTTP/1.1" 200 467123 "-" "Mozilla/5.0 AppleWebKit/537.36 (KHTML, like Gecko; compatible; GPTBot/1.2; +https://openai.com/gptbot)"
144.76.19.75 - - [23/Oct/2025:16:07:58 +0300] "GET /amp.php?m003049139?srsltid=AfmBOomqdfJaLTXIaDSyj2_7k0aHogyvW_NacE4Tf2-V-9husn6tVu HTTP/1.1" 200 462199 "-" "Mozilla/5.0 (compatible; BLEXBot/1.0; +https://help.seranking.com/en/blex-crawler)"
20.171.207.222 - - [23/Oct/2025:16:07:59 +0300] "GET /amp.php?products/152tp10357 HTTP/1.1" 200 466832 "-" "Mozilla/5.0 AppleWebKit/537.36 (KHTML, like Gecko; compatible; GPTBot/1.2; +https://openai.com/gptbot)"
20.171.207.222 - - [23/Oct/2025:16:08:01 +0300] "GET /amp.php?products/191za20414 HTTP/1.1" 200 466067 "-" "Mozilla/5.0 AppleWebKit/537.36 (KHTML, like Gecko; compatible; GPTBot/1.2; +https://openai.com/gptbot)"
144.76.19.75 - - [23/Oct/2025:16:08:02 +0300] "GET /amp.php?m056023874?srsltid=AfmBOoTiIxHuTEMEqy4WEw_ZfbdRQ7EOW_Kk8afIoN-B-nDyfIP78M HTTP/1.1" 200 471426 "-" "Mozilla/5.0 (compatible; BLEXBot/1.0; +https://help.seranking.com/en/blex-crawler)"
20.171.207.222 - - [23/Oct/2025:16:08:03 +0300] "GET /amp.php?products/152hh15865 HTTP/1.1" 200 473437 "-" "Mozilla/5.0 AppleWebKit/537.36 (KHTML, like Gecko; compatible; GPTBot/1.2; +https://openai.com/gptbot)"
20.171.207.222 - - [23/Oct/2025:16:08:04 +0300] "GET /amp.php?products/173pp14908 HTTP/1.1" 200 463877 "-" "Mozilla/5.0 AppleWebKit/537.36 (KHTML, like Gecko; compatible; GPTBot/1.2; +https://openai.com/gptbot)"
20.171.207.222 - - [23/Oct/2025:16:08:06 +0300] "GET /amp.php?products/20tp24223 HTTP/1.1" 200 469549 "-" "Mozilla/5.0 AppleWebKit/537.36 (KHTML, like Gecko; compatible; GPTBot/1.2; +https://openai.com/gptbot)"
144.76.19.75 - - [23/Oct/2025:16:08:06 +0300] "GET /amp.php?m003049141?srsltid=AfmBOoJobIPFqtCXNacE4T_l1CHwdyfOH_9husn6tV-E-mnqGPVmxU HTTP/1.1" 200 464172 "-" "Mozilla/5.0 (compatible; BLEXBot/1.0; +https://help.seranking.com/en/blex-crawler)"
74.91.19.178 - - [23/Oct/2025:16:08:08 +0300] "GET /wp-includes/install.php HTTP/1.1" 200 6 "https://avocor.eu/wp-includes/install.php" "Mozilla/5.0 (Windows NT 10.0; Win64; x64) AppleWebKit/537.36 (KHTML, like Gecko) Chrome/58.0.3029.110 Safari/537.3"
20.171.207.222 - - [23/Oct/2025:16:08:08 +0300] "GET /amp.php?products/116od18629 HTTP/1.1" 200 463957 "-" "Mozilla/5.0 AppleWebKit/537.36 (KHTML, like Gecko; compatible; GPTBot/1.2; +https://openai.com/gptbot)"
20.171.207.222 - - [23/Oct/2025:16:08:10 +0300] "GET /amp.php?products/191rw33106 HTTP/1.1" 200 462478 "-" "Mozilla/5.0 AppleWebKit/537.36 (KHTML, like Gecko; compatible; GPTBot/1.2; +https://openai.com/gptbot)"
144.76.19.75 - - [23/Oct/2025:16:08:11 +0300] "GET /amp.php?m056023876?srsltid=AfmBOoGynBRQrQJLKk8afI_djy9MrQ6JY_nDyfIP78-U-4G1QWMeKb HTTP/1.1" 200 472762 "-" "Mozilla/5.0 (compatible; BLEXBot/1.0; +https://help.seranking.com/en/blex-crawler)"
20.171.207.222 - - [23/Oct/2025:16:08:12 +0300] "GET /amp.php?products/116zk18631 HTTP/1.1" 200 465537 "-" "Mozilla/5.0 AppleWebKit/537.36 (KHTML, like Gecko; compatible; GPTBot/1.2; +https://openai.com/gptbot)"
74.91.19.178 - - [23/Oct/2025:16:08:14 +0300] "GET /wp-includes/install.php HTTP/1.1" 200 6 "https://avocor.eu/wp-includes/install.php" "Mozilla/5.0 (Windows NT 10.0; Win64; x64) AppleWebKit/537.36 (KHTML, like Gecko) Chrome/58.0.3029.110 Safari/537.3"
20.171.207.222 - - [23/Oct/2025:16:08:14 +0300] "GET /amp.php?products/242sz23415 HTTP/1.1" 200 469259 "-" "Mozilla/5.0 AppleWebKit/537.36 (KHTML, like Gecko; compatible; GPTBot/1.2; +https://openai.com/gptbot)"
144.76.19.75 - - [23/Oct/2025:16:08:15 +0300] "GET /amp.php?m003049143?srsltid=AfmBOoLsfaVgnqAS9husn6_Xgfwh30g6q_mnqGPVmx-V-OEeq5iVoT HTTP/1.1" 200 463679 "-" "Mozilla/5.0 (compatible; BLEXBot/1.0; +https://help.seranking.com/en/blex-crawler)"
20.171.207.222 - - [23/Oct/2025:16:08:16 +0300] "GET /amp.php?products/191ns33100 HTTP/1.1" 200 463517 "-" "Mozilla/5.0 AppleWebKit/537.36 (KHTML, like Gecko; compatible; GPTBot/1.2; +https://openai.com/gptbot)"
20.171.207.222 - - [23/Oct/2025:16:08:18 +0300] "GET /amp.php?products/140rt38089 HTTP/1.1" 200 466043 "-" "Mozilla/5.0 AppleWebKit/537.36 (KHTML, like Gecko; compatible; GPTBot/1.2; +https://openai.com/gptbot)"
144.76.19.75 - - [23/Oct/2025:16:08:19 +0300] "GET /amp.php?m056023880?srsltid=AfmBOoOWPLNLaNSs4G1QWM_ytWhER5djD_YPyXVUH9-E-CS0fjZJgv HTTP/1.1" 200 465921 "-" "Mozilla/5.0 (compatible; BLEXBot/1.0; +https://help.seranking.com/en/blex-crawler)"
20.171.207.222 - - [23/Oct/2025:16:08:20 +0300] "GET /amp.php?category/253_6913_13468/1 HTTP/1.1" 200 102893 "-" "Mozilla/5.0 AppleWebKit/537.36 (KHTML, like Gecko; compatible; GPTBot/1.2; +https://openai.com/gptbot)"
20.171.207.222 - - [23/Oct/2025:16:08:22 +0300] "GET /amp.php?products/173to14904 HTTP/1.1" 200 463882 "-" "Mozilla/5.0 AppleWebKit/537.36 (KHTML, like Gecko; compatible; GPTBot/1.2; +https://openai.com/gptbot)"
144.76.19.75 - - [23/Oct/2025:16:08:23 +0300] "GET /amp.php?m003049145?srsltid=AfmBOoXokrQLcsVNmnqGPV_KqSMInJrp5_OEeq5iVo-N-snSvcgRvZ HTTP/1.1" 200 463116 "-" "Mozilla/5.0 (compatible; BLEXBot/1.0; +https://help.seranking.com/en/blex-crawler)"
20.171.207.222 - - [23/Oct/2025:16:08:24 +0300] "GET /amp.php?products/116nu18627 HTTP/1.1" 200 464226 "-" "Mozilla/5.0 AppleWebKit/537.36 (KHTML, like Gecko; compatible; GPTBot/1.2; +https://openai.com/gptbot)"
20.171.207.222 - - [23/Oct/2025:16:08:26 +0300] "GET /amp.php?products/116hs16881 HTTP/1.1" 200 467095 "-" "Mozilla/5.0 AppleWebKit/537.36 (KHTML, like Gecko; compatible; GPTBot/1.2; +https://openai.com/gptbot)"
74.91.19.178 - - [23/Oct/2025:16:08:27 +0300] "GET /wp-includes/install.php HTTP/1.1" 200 6 "https://avocor.eu/wp-includes/install.php" "Mozilla/5.0 (Windows NT 10.0; Win64; x64) AppleWebKit/537.36 (KHTML, like Gecko) Chrome/58.0.3029.110 Safari/537.3"
20.171.207.222 - - [23/Oct/2025:16:08:27 +0300] "GET /amp.php?products/191qu24216 HTTP/1.1" 200 487409 "-" "Mozilla/5.0 AppleWebKit/537.36 (KHTML, like Gecko; compatible; GPTBot/1.2; +https://openai.com/gptbot)"
144.76.19.75 - - [23/Oct/2025:16:08:28 +0300] "GET /amp.php?m056023884?srsltid=AfmBOoQlHFkRYwliCS0fjZ_wSrvt1qpKJ_R86dtWVs-X-aZpSicjAW HTTP/1.1" 200 466422 "-" "Mozilla/5.0 (compatible; BLEXBot/1.0; +https://help.seranking.com/en/blex-crawler)"
20.171.207.222 - - [23/Oct/2025:16:08:29 +0300] "GET /amp.php?products/178pt25807 HTTP/1.1" 200 461849 "-" "Mozilla/5.0 AppleWebKit/537.36 (KHTML, like Gecko; compatible; GPTBot/1.2; +https://openai.com/gptbot)"
20.171.207.222 - - [23/Oct/2025:16:08:31 +0300] "GET /amp.php?products/84oo1181 HTTP/1.1" 200 464163 "-" "Mozilla/5.0 AppleWebKit/537.36 (KHTML, like Gecko; compatible; GPTBot/1.2; +https://openai.com/gptbot)"
144.76.19.75 - - [23/Oct/2025:16:08:32 +0300] "GET /amp.php?m003049147?srsltid=AfmBOogsPyWYEpjtOEeq5i_XlWBIdCOIa_snSvcgRv-V-tLHa6Lvyw HTTP/1.1" 200 462009 "-" "Mozilla/5.0 (compatible; BLEXBot/1.0; +https://help.seranking.com/en/blex-crawler)"
20.171.207.222 - - [23/Oct/2025:16:08:33 +0300] "GET /amp.php?category/253_6913_13468/4 HTTP/1.1" 200 70650 "-" "Mozilla/5.0 AppleWebKit/537.36 (KHTML, like Gecko; compatible; GPTBot/1.2; +https://openai.com/gptbot)"
20.171.207.222 - - [23/Oct/2025:16:08:34 +0300] "GET /amp.php?products/242nu23721 HTTP/1.1" 200 466883 "-" "Mozilla/5.0 AppleWebKit/537.36 (KHTML, like Gecko; compatible; GPTBot/1.2; +https://openai.com/gptbot)"
20.171.207.222 - - [23/Oct/2025:16:08:36 +0300] "GET /amp.php?category/253_6913_13468/2 HTTP/1.1" 200 101377 "-" "Mozilla/5.0 AppleWebKit/537.36 (KHTML, like Gecko; compatible; GPTBot/1.2; +https://openai.com/gptbot)"
144.76.19.75 - - [23/Oct/2025:16:08:37 +0300] "GET /amp.php?m056023886?srsltid=AfmBOoQgxuOICSXJR86dtW_JBUTigXNfM_aZpSicjA-H-O4fznZNxX HTTP/1.1" 200 472111 "-" "Mozilla/5.0 (compatible; BLEXBot/1.0; +https://help.seranking.com/en/blex-crawler)"
20.171.207.222 - - [23/Oct/2025:16:08:37 +0300] "GET /amp.php?category/253_6913_13468/3 HTTP/1.1" 200 97295 "-" "Mozilla/5.0 AppleWebKit/537.36 (KHTML, like Gecko; compatible; GPTBot/1.2; +https://openai.com/gptbot)"
20.171.207.222 - - [23/Oct/2025:16:08:39 +0300] "GET /amp.php?products/118sg24877 HTTP/1.1" 200 470706 "-" "Mozilla/5.0 AppleWebKit/537.36 (KHTML, like Gecko; compatible; GPTBot/1.2; +https://openai.com/gptbot)"
20.171.207.222 - - [23/Oct/2025:16:08:41 +0300] "GET /amp.php?_bd_prev_page=https://avocor.eu/super.jsp?m002002626?srsltid=AfmBOoenyYGJYaqTptnzgB_lXAhR1LkIn_pumhy1bk-G-GOuNftzZs&_bdsid=04mgdi.n~IWQNV.179774795.177546350&_gz=2.190387635.199814562.179671556-861378464.169980708 HTTP/1.1" 200 462786 "-" "Mozilla/5.0 AppleWebKit/537.36 (KHTML, like Gecko; compatible; GPTBot/1.2; +https://openai.com/gptbot)"
144.76.19.75 - - [23/Oct/2025:16:08:41 +0300] "GET /amp.php?m003049149?srsltid=AfmBOoKxXUFEIYmmsnSvcg_isN2ELNQ4S_tLHa6Lvy-T-mTSkw3Yea HTTP/1.1" 200 463745 "-" "Mozilla/5.0 (compatible; BLEXBot/1.0; +https://help.seranking.com/en/blex-crawler)"
74.91.19.178 - - [23/Oct/2025:16:07:16 +0300] "GET /wp-includes/install.php HTTP/1.1" 200 - "https://avocor.eu/wp-includes/install.php" "Mozilla/5.0 (Windows NT 10.0; Win64; x64) AppleWebKit/537.36 (KHTML, like Gecko) Chrome/58.0.3029.110 Safari/537.3"
20.171.207.222 - - [23/Oct/2025:16:08:43 +0300] "GET /amp.php?products/242in23729 HTTP/1.1" 200 467680 "-" "Mozilla/5.0 AppleWebKit/537.36 (KHTML, like Gecko; compatible; GPTBot/1.2; +https://openai.com/gptbot)"
20.171.207.222 - - [23/Oct/2025:16:08:44 +0300] "GET /amp.php?products/124nr10941 HTTP/1.1" 200 472064 "-" "Mozilla/5.0 AppleWebKit/537.36 (KHTML, like Gecko; compatible; GPTBot/1.2; +https://openai.com/gptbot)"
144.76.19.75 - - [23/Oct/2025:16:08:45 +0300] "GET /amp.php?m056023888?srsltid=AfmBOoGqZOFKeBqsaZpSic_940NTM8yOA_O4fznZNx-Z-BoApkWISA HTTP/1.1" 200 465180 "-" "Mozilla/5.0 (compatible; BLEXBot/1.0; +https://help.seranking.com/en/blex-crawler)"
20.171.207.222 - - [23/Oct/2025:16:08:46 +0300] "GET /amp.php?products/116ya26871 HTTP/1.1" 200 463589 "-" "Mozilla/5.0 AppleWebKit/537.36 (KHTML, like Gecko; compatible; GPTBot/1.2; +https://openai.com/gptbot)"
20.171.207.222 - - [23/Oct/2025:16:08:48 +0300] "GET /amp.php?category/32_9316_10870/8 HTTP/1.1" 200 97533 "-" "Mozilla/5.0 AppleWebKit/537.36 (KHTML, like Gecko; compatible; GPTBot/1.2; +https://openai.com/gptbot)"
20.171.207.222 - - [23/Oct/2025:16:08:49 +0300] "GET /amp.php?products/242uc23545 HTTP/1.1" 200 468338 "-" "Mozilla/5.0 AppleWebKit/537.36 (KHTML, like Gecko; compatible; GPTBot/1.2; +https://openai.com/gptbot)"
144.76.19.75 - - [23/Oct/2025:16:08:49 +0300] "GET /amp.php?m003049151?srsltid=AfmBOosjeyVDhhTYtLHa6L_G08KGrIsPp_mTSkw3Ye-G-PVLhRzZDd HTTP/1.1" 200 464221 "-" "Mozilla/5.0 (compatible; BLEXBot/1.0; +https://help.seranking.com/en/blex-crawler)"
20.171.207.222 - - [23/Oct/2025:16:08:51 +0300] "GET /amp.php?m268010122?srsltid=AfmBOobgDXTKpbgkKpVfIP_3xcjmCN0gY_lvs70eVd-N-aez1Q4G5m HTTP/1.1" 200 462109 "-" "Mozilla/5.0 AppleWebKit/537.36 (KHTML, like Gecko; compatible; GPTBot/1.2; +https://openai.com/gptbot)"
20.171.207.222 - - [23/Oct/2025:16:08:53 +0300] "GET /amp.php?products/268jg10111 HTTP/1.1" 200 463118 "-" "Mozilla/5.0 AppleWebKit/537.36 (KHTML, like Gecko; compatible; GPTBot/1.2; +https://openai.com/gptbot)"
144.76.19.75 - - [23/Oct/2025:16:08:54 +0300] "GET /amp.php?m056023894?srsltid=AfmBOoElaLQAbTYtLD7cUI_j6dEUMhzkq_BUSXjCLJ-J-JZ2ch7XIU HTTP/1.1" 200 466838 "-" "Mozilla/5.0 (compatible; BLEXBot/1.0; +https://help.seranking.com/en/blex-crawler)"
74.91.19.178 - - [23/Oct/2025:16:08:56 +0300] "GET /wp-includes/install.php HTTP/1.1" 200 6 "https://avocor.eu/wp-includes/install.php" "Mozilla/5.0 (Windows NT 10.0; Win64; x64) AppleWebKit/537.36 (KHTML, like Gecko) Chrome/58.0.3029.110 Safari/537.3"
20.171.207.222 - - [23/Oct/2025:16:08:55 +0300] "GET /amp.php?products/126ad43255 HTTP/1.1" 200 465769 "-" "Mozilla/5.0 AppleWebKit/537.36 (KHTML, like Gecko; compatible; GPTBot/1.2; +https://openai.com/gptbot)"
20.171.207.222 - - [23/Oct/2025:16:08:57 +0300] "GET /amp.php?products/173fp14886 HTTP/1.1" 200 463225 "-" "Mozilla/5.0 AppleWebKit/537.36 (KHTML, like Gecko; compatible; GPTBot/1.2; +https://openai.com/gptbot)"
144.76.19.75 - - [23/Oct/2025:16:08:58 +0300] "GET /amp.php?m003049153?srsltid=AfmBOoZNNxssZqcomTSkw3_climSq389s_PVLhRzZD-P-xREKMbcAb HTTP/1.1" 200 461907 "-" "Mozilla/5.0 (compatible; BLEXBot/1.0; +https://help.seranking.com/en/blex-crawler)"
77.75.76.170 - - [23/Oct/2025:16:09:00 +0300] "GET /008038311.htm HTTP/1.1" 200 - "-" "Mozilla/5.0 (compatible; SeznamBot/4.0; +https://o-seznam.cz/napoveda/vyhledavani/en/seznambot-crawler/)"
20.171.207.222 - - [23/Oct/2025:16:08:59 +0300] "GET /amp.php?products/194mk46569 HTTP/1.1" 200 464066 "-" "Mozilla/5.0 AppleWebKit/537.36 (KHTML, like Gecko; compatible; GPTBot/1.2; +https://openai.com/gptbot)"
74.91.19.178 - - [23/Oct/2025:16:09:01 +0300] "GET /wp-includes/install.php HTTP/1.1" 200 6 "https://avocor.eu/wp-includes/install.php" "Mozilla/5.0 (Windows NT 10.0; Win64; x64) AppleWebKit/537.36 (KHTML, like Gecko) Chrome/58.0.3029.110 Safari/537.3"
74.91.19.178 - - [23/Oct/2025:16:09:01 +0300] "GET /wp-includes/install.php HTTP/1.1" 200 6 "https://avocor.eu/wp-includes/install.php" "Mozilla/5.0 (Windows NT 10.0; Win64; x64) AppleWebKit/537.36 (KHTML, like Gecko) Chrome/58.0.3029.110 Safari/537.3"
20.171.207.222 - - [23/Oct/2025:16:09:01 +0300] "GET /amp.php?products/269uu45422 HTTP/1.1" 200 465159 "-" "Mozilla/5.0 AppleWebKit/537.36 (KHTML, like Gecko; compatible; GPTBot/1.2; +https://openai.com/gptbot)"
74.91.19.178 - - [23/Oct/2025:16:09:03 +0300] "GET /wp-includes/install.php HTTP/1.1" 200 6 "https://avocor.eu/wp-includes/install.php" "Mozilla/5.0 (Windows NT 10.0; Win64; x64) AppleWebKit/537.36 (KHTML, like Gecko) Chrome/58.0.3029.110 Safari/537.3"
144.76.19.75 - - [23/Oct/2025:16:09:02 +0300] "GET /amp.php?m056023896?srsltid=AfmBOovRsnUQnXTiBUSXjC_EYuqDmTxgH_JZ2ch7XI-G-GRQgIpjJr HTTP/1.1" 200 467114 "-" "Mozilla/5.0 (compatible; BLEXBot/1.0; +https://help.seranking.com/en/blex-crawler)"
20.171.207.222 - - [23/Oct/2025:16:09:03 +0300] "GET /amp.php?products/130dt18405 HTTP/1.1" 200 469475 "-" "Mozilla/5.0 AppleWebKit/537.36 (KHTML, like Gecko; compatible; GPTBot/1.2; +https://openai.com/gptbot)"
74.91.19.178 - - [23/Oct/2025:16:09:05 +0300] "GET /wp-includes/install.php HTTP/1.1" 200 6 "https://avocor.eu/wp-includes/install.php" "Mozilla/5.0 (Windows NT 10.0; Win64; x64) AppleWebKit/537.36 (KHTML, like Gecko) Chrome/58.0.3029.110 Safari/537.3"
20.171.207.222 - - [23/Oct/2025:16:09:05 +0300] "GET /amp.php?products/242dd27297 HTTP/1.1" 200 467376 "-" "Mozilla/5.0 AppleWebKit/537.36 (KHTML, like Gecko; compatible; GPTBot/1.2; +https://openai.com/gptbot)"
144.76.19.75 - - [23/Oct/2025:16:09:06 +0300] "GET /amp.php?m003049155?srsltid=AfmBOoIKQCQvLDKcPVLhRz_TK1sCqeEPe_xREKMbcA-F-yhLDMODC0 HTTP/1.1" 200 463199 "-" "Mozilla/5.0 (compatible; BLEXBot/1.0; +https://help.seranking.com/en/blex-crawler)"
20.171.207.222 - - [23/Oct/2025:16:09:08 +0300] "GET /amp.php?products/268pp10215 HTTP/1.1" 200 463663 "-" "Mozilla/5.0 AppleWebKit/537.36 (KHTML, like Gecko; compatible; GPTBot/1.2; +https://openai.com/gptbot)"
20.171.207.222 - - [23/Oct/2025:16:09:10 +0300] "GET /amp.php?products/130wy18383 HTTP/1.1" 200 464798 "-" "Mozilla/5.0 AppleWebKit/537.36 (KHTML, like Gecko; compatible; GPTBot/1.2; +https://openai.com/gptbot)"
144.76.19.75 - - [23/Oct/2025:16:09:11 +0300] "GET /amp.php?m056023898?srsltid=AfmBOoBOPqWgeSclJZ2ch7_JCRKgjAF1Z_GRQgIpjJ-K-vr8qWm5Ct HTTP/1.1" 200 466722 "-" "Mozilla/5.0 (compatible; BLEXBot/1.0; +https://help.seranking.com/en/blex-crawler)"
74.91.19.178 - - [23/Oct/2025:16:09:12 +0300] "GET /wp-includes/install.php HTTP/1.1" 200 6 "https://avocor.eu/wp-includes/install.php" "Mozilla/5.0 (Windows NT 10.0; Win64; x64) AppleWebKit/537.36 (KHTML, like Gecko) Chrome/58.0.3029.110 Safari/537.3"
20.171.207.222 - - [23/Oct/2025:16:09:12 +0300] "GET /amp.php?products/273tb22976 HTTP/1.1" 200 461694 "-" "Mozilla/5.0 AppleWebKit/537.36 (KHTML, like Gecko; compatible; GPTBot/1.2; +https://openai.com/gptbot)"
20.171.207.222 - - [23/Oct/2025:16:09:13 +0300] "GET /amp.php?products/242zc23551 HTTP/1.1" 200 469160 "-" "Mozilla/5.0 AppleWebKit/537.36 (KHTML, like Gecko; compatible; GPTBot/1.2; +https://openai.com/gptbot)"
144.76.19.75 - - [23/Oct/2025:16:09:15 +0300] "GET /amp.php?m003049157?srsltid=AfmBOoqzVhLRsJLZxREKMb_IVkWCevCXl_yhLDMODC-N-COBoOI9ZE HTTP/1.1" 200 462678 "-" "Mozilla/5.0 (compatible; BLEXBot/1.0; +https://help.seranking.com/en/blex-crawler)"
20.171.207.222 - - [23/Oct/2025:16:09:15 +0300] "GET /amp.php?products/195at13540 HTTP/1.1" 200 459943 "-" "Mozilla/5.0 AppleWebKit/537.36 (KHTML, like Gecko; compatible; GPTBot/1.2; +https://openai.com/gptbot)"
74.91.19.178 - - [23/Oct/2025:16:09:17 +0300] "GET /wp-includes/install.php HTTP/1.1" 200 6 "https://avocor.eu/wp-includes/install.php" "Mozilla/5.0 (Windows NT 10.0; Win64; x64) AppleWebKit/537.36 (KHTML, like Gecko) Chrome/58.0.3029.110 Safari/537.3"
20.171.207.222 - - [23/Oct/2025:16:09:17 +0300] "GET /amp.php?products/268ru10067 HTTP/1.1" 200 462884 "-" "Mozilla/5.0 AppleWebKit/537.36 (KHTML, like Gecko; compatible; GPTBot/1.2; +https://openai.com/gptbot)"
20.171.207.222 - - [23/Oct/2025:16:09:19 +0300] "GET /amp.php?products/130rg18399 HTTP/1.1" 200 463978 "-" "Mozilla/5.0 AppleWebKit/537.36 (KHTML, like Gecko; compatible; GPTBot/1.2; +https://openai.com/gptbot)"
144.76.19.75 - - [23/Oct/2025:16:09:19 +0300] "GET /amp.php?m056023900?srsltid=AfmBOowixkHVpyKwGRQgIp_Ut7yAG5s4M_vr8qWm5C-B-cQAuIpy3x HTTP/1.1" 200 465261 "-" "Mozilla/5.0 (compatible; BLEXBot/1.0; +https://help.seranking.com/en/blex-crawler)"
20.171.207.222 - - [23/Oct/2025:16:09:21 +0300] "GET /amp.php?products/130sv18373 HTTP/1.1" 200 464150 "-" "Mozilla/5.0 AppleWebKit/537.36 (KHTML, like Gecko; compatible; GPTBot/1.2; +https://openai.com/gptbot)"
74.91.19.178 - - [23/Oct/2025:16:09:22 +0300] "GET /wp-includes/install.php HTTP/1.1" 200 6 "https://avocor.eu/wp-includes/install.php" "Mozilla/5.0 (Windows NT 10.0; Win64; x64) AppleWebKit/537.36 (KHTML, like Gecko) Chrome/58.0.3029.110 Safari/537.3"
20.171.207.222 - - [23/Oct/2025:16:09:23 +0300] "GET /amp.php?products/273ak11912 HTTP/1.1" 200 462257 "-" "Mozilla/5.0 AppleWebKit/537.36 (KHTML, like Gecko; compatible; GPTBot/1.2; +https://openai.com/gptbot)"
144.76.19.75 - - [23/Oct/2025:16:09:23 +0300] "GET /amp.php?m003049159?srsltid=AfmBOobKQhMeiExWyhLDMO_fMjq2j7Xxt_COBoOI9Z-O-fD7wVNzSj HTTP/1.1" 200 462715 "-" "Mozilla/5.0 (compatible; BLEXBot/1.0; +https://help.seranking.com/en/blex-crawler)"
20.171.207.222 - - [23/Oct/2025:16:09:25 +0300] "GET /amp.php?products/119im41500 HTTP/1.1" 200 462499 "-" "Mozilla/5.0 AppleWebKit/537.36 (KHTML, like Gecko; compatible; GPTBot/1.2; +https://openai.com/gptbot)"
20.171.207.222 - - [23/Oct/2025:16:09:26 +0300] "GET /amp.php?products/133hf30740 HTTP/1.1" 200 465243 "-" "Mozilla/5.0 AppleWebKit/537.36 (KHTML, like Gecko; compatible; GPTBot/1.2; +https://openai.com/gptbot)"
74.91.19.178 - - [23/Oct/2025:16:09:28 +0300] "GET /wp-includes/install.php HTTP/1.1" 200 6 "https://avocor.eu/wp-includes/install.php" "Mozilla/5.0 (Windows NT 10.0; Win64; x64) AppleWebKit/537.36 (KHTML, like Gecko) Chrome/58.0.3029.110 Safari/537.3"
144.76.19.75 - - [23/Oct/2025:16:09:28 +0300] "GET /amp.php?m056023902?srsltid=AfmBOoMakbnDJqeLvr8qWm_eIjp78LQUJ_cQAuIpy3-N-JAlNg4Cb1 HTTP/1.1" 200 469475 "-" "Mozilla/5.0 (compatible; BLEXBot/1.0; +https://help.seranking.com/en/blex-crawler)"
20.171.207.222 - - [23/Oct/2025:16:09:28 +0300] "GET /amp.php?products/89wt44494 HTTP/1.1" 200 483250 "-" "Mozilla/5.0 AppleWebKit/537.36 (KHTML, like Gecko; compatible; GPTBot/1.2; +https://openai.com/gptbot)"
20.171.207.222 - - [23/Oct/2025:16:09:30 +0300] "GET /amp.php?products/205ua46576 HTTP/1.1" 200 471084 "-" "Mozilla/5.0 AppleWebKit/537.36 (KHTML, like Gecko; compatible; GPTBot/1.2; +https://openai.com/gptbot)"
20.171.207.222 - - [23/Oct/2025:16:09:32 +0300] "GET /amp.php?products/173am14942 HTTP/1.1" 200 465097 "-" "Mozilla/5.0 AppleWebKit/537.36 (KHTML, like Gecko; compatible; GPTBot/1.2; +https://openai.com/gptbot)"
144.76.19.75 - - [23/Oct/2025:16:09:32 +0300] "GET /amp.php?m003049161?srsltid=AfmBOoUfIrXILgCSCOBoOI_8eZ8oJP3dT_fD7wVNzS-Z-n6skx5Hno HTTP/1.1" 200 463049 "-" "Mozilla/5.0 (compatible; BLEXBot/1.0; +https://help.seranking.com/en/blex-crawler)"
20.171.207.222 - - [23/Oct/2025:16:09:34 +0300] "GET /amp.php?products/116cr28659 HTTP/1.1" 200 464169 "-" "Mozilla/5.0 AppleWebKit/537.36 (KHTML, like Gecko; compatible; GPTBot/1.2; +https://openai.com/gptbot)"
20.171.207.222 - - [23/Oct/2025:16:09:36 +0300] "GET /amp.php?products/112di28373 HTTP/1.1" 200 465791 "-" "Mozilla/5.0 AppleWebKit/537.36 (KHTML, like Gecko; compatible; GPTBot/1.2; +https://openai.com/gptbot)"
144.76.19.75 - - [23/Oct/2025:16:09:36 +0300] "GET /amp.php?m056023904?srsltid=AfmBOoadNBOQfgyvcQAuIp_FNCvqQ6mgP_JAlNg4Cb-R-urx6o19un HTTP/1.1" 200 464112 "-" "Mozilla/5.0 (compatible; BLEXBot/1.0; +https://help.seranking.com/en/blex-crawler)"
20.171.207.222 - - [23/Oct/2025:16:09:38 +0300] "GET /amp.php?products/16zw36637 HTTP/1.1" 200 461525 "-" "Mozilla/5.0 AppleWebKit/537.36 (KHTML, like Gecko; compatible; GPTBot/1.2; +https://openai.com/gptbot)"
20.171.207.222 - - [23/Oct/2025:16:09:39 +0300] "GET /amp.php?products/238sy39973 HTTP/1.1" 200 461872 "-" "Mozilla/5.0 AppleWebKit/537.36 (KHTML, like Gecko; compatible; GPTBot/1.2; +https://openai.com/gptbot)"
144.76.19.75 - - [23/Oct/2025:16:09:41 +0300] "GET /amp.php?m003049163?srsltid=AfmBOovagmLavjfmfD7wVN_Lvn7eNbfvS_n6skx5Hn-D-zM7sLF8yV HTTP/1.1" 200 462648 "-" "Mozilla/5.0 (compatible; BLEXBot/1.0; +https://help.seranking.com/en/blex-crawler)"
20.171.207.222 - - [23/Oct/2025:16:09:41 +0300] "GET /amp.php?products/124sa10889 HTTP/1.1" 200 489065 "-" "Mozilla/5.0 AppleWebKit/537.36 (KHTML, like Gecko; compatible; GPTBot/1.2; +https://openai.com/gptbot)"
74.91.19.178 - - [23/Oct/2025:16:09:44 +0300] "GET /wp-includes/install.php HTTP/1.1" 200 6 "https://avocor.eu/wp-includes/install.php" "Mozilla/5.0 (Windows NT 10.0; Win64; x64) AppleWebKit/537.36 (KHTML, like Gecko) Chrome/58.0.3029.110 Safari/537.3"
20.171.207.222 - - [23/Oct/2025:16:09:43 +0300] "GET /amp.php?products/223au29396 HTTP/1.1" 200 478025 "-" "Mozilla/5.0 AppleWebKit/537.36 (KHTML, like Gecko; compatible; GPTBot/1.2; +https://openai.com/gptbot)"
74.91.19.178 - - [23/Oct/2025:16:09:44 +0300] "GET /wp-includes/install.php HTTP/1.1" 200 6 "https://avocor.eu/wp-includes/install.php" "Mozilla/5.0 (Windows NT 10.0; Win64; x64) AppleWebKit/537.36 (KHTML, like Gecko) Chrome/58.0.3029.110 Safari/537.3"
20.171.207.222 - - [23/Oct/2025:16:09:45 +0300] "GET /amp.php?products/240zc20249 HTTP/1.1" 200 460800 "-" "Mozilla/5.0 AppleWebKit/537.36 (KHTML, like Gecko; compatible; GPTBot/1.2; +https://openai.com/gptbot)"
144.76.19.75 - - [23/Oct/2025:16:09:45 +0300] "GET /amp.php?m056023906?srsltid=AfmBOojNiUWLcQtxJAlNg4_1MNkAOEiMl_urx6o19u-J-JMhwudsLt HTTP/1.1" 200 466333 "-" "Mozilla/5.0 (compatible; BLEXBot/1.0; +https://help.seranking.com/en/blex-crawler)"
20.171.207.222 - - [23/Oct/2025:16:09:47 +0300] "GET /amp.php?products/182ea23983 HTTP/1.1" 200 461435 "-" "Mozilla/5.0 AppleWebKit/537.36 (KHTML, like Gecko; compatible; GPTBot/1.2; +https://openai.com/gptbot)"
20.171.207.222 - - [23/Oct/2025:16:09:49 +0300] "GET /amp.php?products/214di28271 HTTP/1.1" 200 465486 "-" "Mozilla/5.0 AppleWebKit/537.36 (KHTML, like Gecko; compatible; GPTBot/1.2; +https://openai.com/gptbot)"
144.76.19.75 - - [23/Oct/2025:16:09:49 +0300] "GET /amp.php?m003049165?srsltid=AfmBOoYuMblAreZYn6skx5_CfNHjX6rIJ_zM7sLF8y-Z-Mqd3GPTrJ HTTP/1.1" 200 462970 "-" "Mozilla/5.0 (compatible; BLEXBot/1.0; +https://help.seranking.com/en/blex-crawler)"
20.171.207.222 - - [23/Oct/2025:16:09:50 +0300] "GET /amp.php?products/112cr30197 HTTP/1.1" 200 463502 "-" "Mozilla/5.0 AppleWebKit/537.36 (KHTML, like Gecko; compatible; GPTBot/1.2; +https://openai.com/gptbot)"
20.171.207.222 - - [23/Oct/2025:16:09:52 +0300] "GET /amp.php?products/126xh13125 HTTP/1.1" 200 463650 "-" "Mozilla/5.0 AppleWebKit/537.36 (KHTML, like Gecko; compatible; GPTBot/1.2; +https://openai.com/gptbot)"
144.76.19.75 - - [23/Oct/2025:16:09:53 +0300] "GET /amp.php?m056023908?srsltid=AfmBOoBtUrJyPnGJurx6o1_Jd94ENPhZF_JMhwudsL-M-vgcFp2N5d HTTP/1.1" 200 462061 "-" "Mozilla/5.0 (compatible; BLEXBot/1.0; +https://help.seranking.com/en/blex-crawler)"
20.171.207.222 - - [23/Oct/2025:16:09:54 +0300] "GET /amp.php?products/203jy33232 HTTP/1.1" 200 465070 "-" "Mozilla/5.0 AppleWebKit/537.36 (KHTML, like Gecko; compatible; GPTBot/1.2; +https://openai.com/gptbot)"
20.171.207.222 - - [23/Oct/2025:16:09:56 +0300] "GET /amp.php?products/163un12412 HTTP/1.1" 200 475010 "-" "Mozilla/5.0 AppleWebKit/537.36 (KHTML, like Gecko; compatible; GPTBot/1.2; +https://openai.com/gptbot)"
144.76.19.75 - - [23/Oct/2025:16:09:58 +0300] "GET /amp.php?m003049167?srsltid=AfmBOogIcbRakClkzM7sLF_MGpU6ultjK_Mqd3GPTr-M-Yz5uwFsQl HTTP/1.1" 200 464751 "-" "Mozilla/5.0 (compatible; BLEXBot/1.0; +https://help.seranking.com/en/blex-crawler)"
20.171.207.222 - - [23/Oct/2025:16:09:58 +0300] "GET /amp.php?products/293cc14374 HTTP/1.1" 200 471647 "-" "Mozilla/5.0 AppleWebKit/537.36 (KHTML, like Gecko; compatible; GPTBot/1.2; +https://openai.com/gptbot)"
20.171.207.222 - - [23/Oct/2025:16:10:00 +0300] "GET /amp.php?products/240cu20811 HTTP/1.1" 200 462820 "-" "Mozilla/5.0 AppleWebKit/537.36 (KHTML, like Gecko; compatible; GPTBot/1.2; +https://openai.com/gptbot)"
20.171.207.222 - - [23/Oct/2025:16:10:02 +0300] "GET /amp.php?products/112bp30817 HTTP/1.1" 200 462251 "-" "Mozilla/5.0 AppleWebKit/537.36 (KHTML, like Gecko; compatible; GPTBot/1.2; +https://openai.com/gptbot)"
144.76.19.75 - - [23/Oct/2025:16:10:02 +0300] "GET /amp.php?m056023910?srsltid=AfmBOoepMGlQTwmMJMhwud_xPyBWHkGxq_vgcFp2N5-I-hkrUzblrN HTTP/1.1" 200 470096 "-" "Mozilla/5.0 (compatible; BLEXBot/1.0; +https://help.seranking.com/en/blex-crawler)"
20.171.207.222 - - [23/Oct/2025:16:10:04 +0300] "GET /amp.php?products/240as20805 HTTP/1.1" 200 462559 "-" "Mozilla/5.0 AppleWebKit/537.36 (KHTML, like Gecko; compatible; GPTBot/1.2; +https://openai.com/gptbot)"
20.171.207.222 - - [23/Oct/2025:16:10:06 +0300] "GET /amp.php?products/280za20325 HTTP/1.1" 200 472092 "-" "Mozilla/5.0 AppleWebKit/537.36 (KHTML, like Gecko; compatible; GPTBot/1.2; +https://openai.com/gptbot)"
144.76.19.75 - - [23/Oct/2025:16:10:06 +0300] "GET /amp.php?m003049169?srsltid=AfmBOovpWxRCNRewMqd3GP_gO9oVpfacS_Yz5uwFsQ-M-yz3KON6fA HTTP/1.1" 200 465610 "-" "Mozilla/5.0 (compatible; BLEXBot/1.0; +https://help.seranking.com/en/blex-crawler)"
20.171.207.222 - - [23/Oct/2025:16:10:08 +0300] "GET /amp.php?products/288fs31861 HTTP/1.1" 200 463658 "-" "Mozilla/5.0 AppleWebKit/537.36 (KHTML, like Gecko; compatible; GPTBot/1.2; +https://openai.com/gptbot)"
20.171.207.222 - - [23/Oct/2025:16:10:10 +0300] "GET /amp.php?products/300ev18011 HTTP/1.1" 200 465023 "-" "Mozilla/5.0 AppleWebKit/537.36 (KHTML, like Gecko; compatible; GPTBot/1.2; +https://openai.com/gptbot)"
74.91.19.178 - - [23/Oct/2025:16:08:45 +0300] "GET /wp-includes/install.php HTTP/1.1" 200 - "https://avocor.eu/wp-includes/install.php" "Mozilla/5.0 (Windows NT 10.0; Win64; x64) AppleWebKit/537.36 (KHTML, like Gecko) Chrome/58.0.3029.110 Safari/537.3"
144.76.19.75 - - [23/Oct/2025:16:10:11 +0300] "GET /amp.php?m056023912?srsltid=AfmBOoozHdFJlixJvgcFp2_vlmdH7Yzd5_hkrUzblr-L-9ZSHT9rib HTTP/1.1" 200 470547 "-" "Mozilla/5.0 (compatible; BLEXBot/1.0; +https://help.seranking.com/en/blex-crawler)"
20.171.207.222 - - [23/Oct/2025:16:10:12 +0300] "GET /amp.php?products/216px15529 HTTP/1.1" 200 470309 "-" "Mozilla/5.0 AppleWebKit/537.36 (KHTML, like Gecko; compatible; GPTBot/1.2; +https://openai.com/gptbot)"
20.171.207.222 - - [23/Oct/2025:16:10:14 +0300] "GET /amp.php?products/240um18845 HTTP/1.1" 200 464627 "-" "Mozilla/5.0 AppleWebKit/537.36 (KHTML, like Gecko; compatible; GPTBot/1.2; +https://openai.com/gptbot)"
144.76.19.75 - - [23/Oct/2025:16:10:15 +0300] "GET /amp.php?m003049173?srsltid=AfmBOoyfNxinLPvMyz3KON_HEoSMrJOse_UJAyRPD5-J-5YuOLx1Q9 HTTP/1.1" 200 462037 "-" "Mozilla/5.0 (compatible; BLEXBot/1.0; +https://help.seranking.com/en/blex-crawler)"
20.171.207.222 - - [23/Oct/2025:16:10:15 +0300] "GET /amp.php?products/154wd22771 HTTP/1.1" 200 481851 "-" "Mozilla/5.0 AppleWebKit/537.36 (KHTML, like Gecko; compatible; GPTBot/1.2; +https://openai.com/gptbot)"
20.171.207.222 - - [23/Oct/2025:16:10:17 +0300] "GET /amp.php?products/131pc12108 HTTP/1.1" 200 468141 "-" "Mozilla/5.0 AppleWebKit/537.36 (KHTML, like Gecko; compatible; GPTBot/1.2; +https://openai.com/gptbot)"
20.171.207.222 - - [23/Oct/2025:16:10:19 +0300] "GET /amp.php?products/255zc32246 HTTP/1.1" 200 462096 "-" "Mozilla/5.0 AppleWebKit/537.36 (KHTML, like Gecko; compatible; GPTBot/1.2; +https://openai.com/gptbot)"
144.76.19.75 - - [23/Oct/2025:16:10:19 +0300] "GET /amp.php?m056023914?srsltid=AfmBOorDhUoVqNiShkrUzb_JnMyvanGAT_9ZSHT9ri-T-bmY1g36fH HTTP/1.1" 200 467600 "-" "Mozilla/5.0 (compatible; BLEXBot/1.0; +https://help.seranking.com/en/blex-crawler)"
20.171.207.222 - - [23/Oct/2025:16:10:21 +0300] "GET /amp.php?products/214um20409 HTTP/1.1" 200 464547 "-" "Mozilla/5.0 AppleWebKit/537.36 (KHTML, like Gecko; compatible; GPTBot/1.2; +https://openai.com/gptbot)"
20.171.207.222 - - [23/Oct/2025:16:10:23 +0300] "GET /amp.php?products/14hd47717 HTTP/1.1" 200 461418 "-" "Mozilla/5.0 AppleWebKit/537.36 (KHTML, like Gecko; compatible; GPTBot/1.2; +https://openai.com/gptbot)"
144.76.19.75 - - [23/Oct/2025:16:10:24 +0300] "GET /amp.php?m003049175?srsltid=AfmBOoIrxmNiKmuyUJAyRP_PKvkJFOrc3_5YuOLx1Q-S-PSyjbQUsx HTTP/1.1" 200 461855 "-" "Mozilla/5.0 (compatible; BLEXBot/1.0; +https://help.seranking.com/en/blex-crawler)"
20.171.207.222 - - [23/Oct/2025:16:10:24 +0300] "GET /amp.php?products/300bv17737 HTTP/1.1" 200 466931 "-" "Mozilla/5.0 AppleWebKit/537.36 (KHTML, like Gecko; compatible; GPTBot/1.2; +https://openai.com/gptbot)"
20.171.207.222 - - [23/Oct/2025:16:10:26 +0300] "GET /amp.php?products/105sm20200 HTTP/1.1" 200 465643 "-" "Mozilla/5.0 AppleWebKit/537.36 (KHTML, like Gecko; compatible; GPTBot/1.2; +https://openai.com/gptbot)"
144.76.19.75 - - [23/Oct/2025:16:10:28 +0300] "GET /amp.php?m056023916?srsltid=AfmBOoYewdUsBapS9ZSHT9_A5STBuxJr9_bmY1g36f-Z-dCwljeEtz HTTP/1.1" 200 474729 "-" "Mozilla/5.0 (compatible; BLEXBot/1.0; +https://help.seranking.com/en/blex-crawler)"
20.171.207.222 - - [23/Oct/2025:16:10:28 +0300] "GET /amp.php?products/240rt27387 HTTP/1.1" 200 461871 "-" "Mozilla/5.0 AppleWebKit/537.36 (KHTML, like Gecko; compatible; GPTBot/1.2; +https://openai.com/gptbot)"
20.171.207.222 - - [23/Oct/2025:16:10:30 +0300] "GET /amp.php?products/296xr2527 HTTP/1.1" 200 466017 "-" "Mozilla/5.0 AppleWebKit/537.36 (KHTML, like Gecko; compatible; GPTBot/1.2; +https://openai.com/gptbot)"
144.76.19.75 - - [23/Oct/2025:16:10:32 +0300] "GET /amp.php?m003049177?srsltid=AfmBOoqkIEbgsBJs5YuOLx_7gx9KaCMUk_PSyjbQUs-N-Gmz5c3Kde HTTP/1.1" 200 463711 "-" "Mozilla/5.0 (compatible; BLEXBot/1.0; +https://help.seranking.com/en/blex-crawler)"
20.171.207.222 - - [23/Oct/2025:16:10:32 +0300] "GET /amp.php?products/293do28972 HTTP/1.1" 200 460128 "-" "Mozilla/5.0 AppleWebKit/537.36 (KHTML, like Gecko; compatible; GPTBot/1.2; +https://openai.com/gptbot)"
20.171.207.222 - - [23/Oct/2025:16:10:34 +0300] "GET /amp.php?products/255xb32372 HTTP/1.1" 200 466086 "-" "Mozilla/5.0 AppleWebKit/537.36 (KHTML, like Gecko; compatible; GPTBot/1.2; +https://openai.com/gptbot)"
20.171.207.222 - - [23/Oct/2025:16:10:36 +0300] "GET /amp.php?products/147kb41124 HTTP/1.1" 200 472778 "-" "Mozilla/5.0 AppleWebKit/537.36 (KHTML, like Gecko; compatible; GPTBot/1.2; +https://openai.com/gptbot)"
144.76.19.75 - - [23/Oct/2025:16:10:36 +0300] "GET /amp.php?m056023922?srsltid=AfmBOovYPHHdMydEOR8fSh_Aju1zd582x_ndEbWTG3-C-UPtQ7YlWQ HTTP/1.1" 200 471248 "-" "Mozilla/5.0 (compatible; BLEXBot/1.0; +https://help.seranking.com/en/blex-crawler)"
20.171.207.222 - - [23/Oct/2025:16:10:38 +0300] "GET /amp.php?products/186jr46487 HTTP/1.1" 200 464760 "-" "Mozilla/5.0 AppleWebKit/537.36 (KHTML, like Gecko; compatible; GPTBot/1.2; +https://openai.com/gptbot)"
144.76.19.75 - - [23/Oct/2025:16:10:41 +0300] "GET /amp.php?m003049179?srsltid=AfmBOoNvGRvKGvluPSyjbQ_6cOsgTzmpX_Gmz5c3Kd-X-Qae2k46dY HTTP/1.1" 200 463557 "-" "Mozilla/5.0 (compatible; BLEXBot/1.0; +https://help.seranking.com/en/blex-crawler)"
20.171.207.222 - - [23/Oct/2025:16:10:41 +0300] "GET /amp.php?products/254fi42457 HTTP/1.1" 200 463370 "-" "Mozilla/5.0 AppleWebKit/537.36 (KHTML, like Gecko; compatible; GPTBot/1.2; +https://openai.com/gptbot)"
20.171.207.222 - - [23/Oct/2025:16:10:43 +0300] "GET /amp.php?products/158os16645 HTTP/1.1" 200 463406 "-" "Mozilla/5.0 AppleWebKit/537.36 (KHTML, like Gecko; compatible; GPTBot/1.2; +https://openai.com/gptbot)"
74.91.19.178 - - [23/Oct/2025:16:10:45 +0300] "GET /wp-includes/install.php HTTP/1.1" 200 6 "https://avocor.eu/wp-includes/install.php" "Mozilla/5.0 (Windows NT 10.0; Win64; x64) AppleWebKit/537.36 (KHTML, like Gecko) Chrome/58.0.3029.110 Safari/537.3"
20.171.207.222 - - [23/Oct/2025:16:10:44 +0300] "GET /amp.php?products/168sp12557 HTTP/1.1" 200 464172 "-" "Mozilla/5.0 AppleWebKit/537.36 (KHTML, like Gecko; compatible; GPTBot/1.2; +https://openai.com/gptbot)"
144.76.19.75 - - [23/Oct/2025:16:10:45 +0300] "GET /amp.php?m056023924?srsltid=AfmBOoyNPyoAZcYJndEbWT_hvQMdtnZud_UPtQ7YlW-S-HVMprNVii HTTP/1.1" 200 464459 "-" "Mozilla/5.0 (compatible; BLEXBot/1.0; +https://help.seranking.com/en/blex-crawler)"
20.171.207.222 - - [23/Oct/2025:16:10:47 +0300] "GET /amp.php?products/11jj240 HTTP/1.1" 200 462596 "-" "Mozilla/5.0 AppleWebKit/537.36 (KHTML, like Gecko; compatible; GPTBot/1.2; +https://openai.com/gptbot)"
20.171.207.222 - - [23/Oct/2025:16:10:48 +0300] "GET /amp.php?products/203ah29934 HTTP/1.1" 200 466421 "-" "Mozilla/5.0 AppleWebKit/537.36 (KHTML, like Gecko; compatible; GPTBot/1.2; +https://openai.com/gptbot)"
74.91.19.178 - - [23/Oct/2025:16:10:50 +0300] "GET /wp-includes/install.php HTTP/1.1" 200 6 "https://avocor.eu/wp-includes/install.php" "Mozilla/5.0 (Windows NT 10.0; Win64; x64) AppleWebKit/537.36 (KHTML, like Gecko) Chrome/58.0.3029.110 Safari/537.3"
144.76.19.75 - - [23/Oct/2025:16:10:49 +0300] "GET /amp.php?m003049181?srsltid=AfmBOoLUFVgxCjfdGmz5c3_7ZTrwvposI_Qae2k46d-T-r89BqbYOy HTTP/1.1" 200 463910 "-" "Mozilla/5.0 (compatible; BLEXBot/1.0; +https://help.seranking.com/en/blex-crawler)"
74.91.19.178 - - [23/Oct/2025:16:10:50 +0300] "GET /wp-includes/install.php HTTP/1.1" 200 6 "https://avocor.eu/wp-includes/install.php" "Mozilla/5.0 (Windows NT 10.0; Win64; x64) AppleWebKit/537.36 (KHTML, like Gecko) Chrome/58.0.3029.110 Safari/537.3"
20.171.207.222 - - [23/Oct/2025:16:10:50 +0300] "GET /amp.php?products/118qf48847 HTTP/1.1" 200 463080 "-" "Mozilla/5.0 AppleWebKit/537.36 (KHTML, like Gecko; compatible; GPTBot/1.2; +https://openai.com/gptbot)"
20.171.207.222 - - [23/Oct/2025:16:10:52 +0300] "GET /amp.php?products/130vz34311 HTTP/1.1" 200 461426 "-" "Mozilla/5.0 AppleWebKit/537.36 (KHTML, like Gecko; compatible; GPTBot/1.2; +https://openai.com/gptbot)"
