74.91.19.178 - - [23/Oct/2025:15:20:47 +0300] "GET /wp-includes/install.php HTTP/1.1" 200 6 "https://avocor.eu/wp-includes/install.php" "Mozilla/5.0 (Windows NT 10.0; Win64; x64) AppleWebKit/537.36 (KHTML, like Gecko) Chrome/58.0.3029.110 Safari/537.3"
20.171.207.222 - - [23/Oct/2025:15:20:47 +0300] "GET /amp.php?products/201dp17274 HTTP/1.1" 200 464291 "-" "Mozilla/5.0 AppleWebKit/537.36 (KHTML, like Gecko; compatible; GPTBot/1.2; +https://openai.com/gptbot)"
144.76.19.75 - - [23/Oct/2025:15:20:49 +0300] "GET /amp.php?m056022842?srsltid=AfmBOoiIASMbedvdUjmjBz_KmKD6bxAyY_J3UuYfsq-B-JfCP9iLBj HTTP/1.1" 200 466154 "-" "Mozilla/5.0 (compatible; BLEXBot/1.0; +https://help.seranking.com/en/blex-crawler)"
20.171.207.222 - - [23/Oct/2025:15:20:49 +0300] "GET /amp.php?m258045552?srsltid=AfmBOoKaOWCOxUMevI5fr7_Mml1JdMzyw_AXt2fZ0s-G-0o7VNakIy HTTP/1.1" 200 460409 "-" "Mozilla/5.0 AppleWebKit/537.36 (KHTML, like Gecko; compatible; GPTBot/1.2; +https://openai.com/gptbot)"
20.171.207.222 - - [23/Oct/2025:15:20:51 +0300] "GET /amp.php?products/170da19415 HTTP/1.1" 200 464296 "-" "Mozilla/5.0 AppleWebKit/537.36 (KHTML, like Gecko; compatible; GPTBot/1.2; +https://openai.com/gptbot)"
144.76.19.75 - - [23/Oct/2025:15:20:53 +0300] "GET /amp.php?m003048273?srsltid=AfmBOofmmEJJGYfRSMIPUg_6RfIp6ysu1_oyDrIgmq-T-5Cpr0mhhw HTTP/1.1" 200 461216 "-" "Mozilla/5.0 (compatible; BLEXBot/1.0; +https://help.seranking.com/en/blex-crawler)"
20.171.207.222 - - [23/Oct/2025:15:20:53 +0300] "GET /amp.php?products/259pa21998 HTTP/1.1" 200 465019 "-" "Mozilla/5.0 AppleWebKit/537.36 (KHTML, like Gecko; compatible; GPTBot/1.2; +https://openai.com/gptbot)"
74.91.19.178 - - [23/Oct/2025:15:20:55 +0300] "GET /wp-includes/install.php HTTP/1.1" 200 6 "https://avocor.eu/wp-includes/install.php" "Mozilla/5.0 (Windows NT 10.0; Win64; x64) AppleWebKit/537.36 (KHTML, like Gecko) Chrome/58.0.3029.110 Safari/537.3"
20.171.207.222 - - [23/Oct/2025:15:20:55 +0300] "GET /amp.php?products/34pe13933 HTTP/1.1" 200 488403 "-" "Mozilla/5.0 AppleWebKit/537.36 (KHTML, like Gecko; compatible; GPTBot/1.2; +https://openai.com/gptbot)"
20.171.207.222 - - [23/Oct/2025:15:20:57 +0300] "GET /amp.php?products/259sz21988 HTTP/1.1" 200 464282 "-" "Mozilla/5.0 AppleWebKit/537.36 (KHTML, like Gecko; compatible; GPTBot/1.2; +https://openai.com/gptbot)"
144.76.19.75 - - [23/Oct/2025:15:20:57 +0300] "GET /amp.php?m056022846?srsltid=AfmBOopDpriuGeKCJfCP9i_VnWdHLyNV4_yPDk6Hp2-Z-LYVTiwHjw HTTP/1.1" 200 467872 "-" "Mozilla/5.0 (compatible; BLEXBot/1.0; +https://help.seranking.com/en/blex-crawler)"
20.171.207.222 - - [23/Oct/2025:15:20:59 +0300] "GET /amp.php?products/104pa13097 HTTP/1.1" 200 462977 "-" "Mozilla/5.0 AppleWebKit/537.36 (KHTML, like Gecko; compatible; GPTBot/1.2; +https://openai.com/gptbot)"
74.91.19.178 - - [23/Oct/2025:15:21:00 +0300] "GET /wp-includes/install.php HTTP/1.1" 200 6 "https://avocor.eu/wp-includes/install.php" "Mozilla/5.0 (Windows NT 10.0; Win64; x64) AppleWebKit/537.36 (KHTML, like Gecko) Chrome/58.0.3029.110 Safari/537.3"
20.171.207.222 - - [23/Oct/2025:15:21:01 +0300] "GET /amp.php?products/289hp23636 HTTP/1.1" 200 469266 "-" "Mozilla/5.0 AppleWebKit/537.36 (KHTML, like Gecko; compatible; GPTBot/1.2; +https://openai.com/gptbot)"
144.76.19.75 - - [23/Oct/2025:15:21:02 +0300] "GET /amp.php?m003048275?srsltid=AfmBOoSVlddDqoGSoyDrIg_BdpOFAkWWS_5Cpr0mhh-I-SfGg889f5 HTTP/1.1" 200 467984 "-" "Mozilla/5.0 (compatible; BLEXBot/1.0; +https://help.seranking.com/en/blex-crawler)"
77.75.76.170 - - [23/Oct/2025:15:21:03 +0300] "GET /018047937.htm HTTP/1.1" 200 - "-" "Mozilla/5.0 (compatible; SeznamBot/4.0; +https://o-seznam.cz/napoveda/vyhledavani/en/seznambot-crawler/)"
20.171.207.222 - - [23/Oct/2025:15:21:03 +0300] "GET /amp.php?products/265tt35956 HTTP/1.1" 200 466544 "-" "Mozilla/5.0 AppleWebKit/537.36 (KHTML, like Gecko; compatible; GPTBot/1.2; +https://openai.com/gptbot)"
20.171.207.222 - - [23/Oct/2025:15:21:05 +0300] "GET /amp.php?products/170ym19147 HTTP/1.1" 200 465252 "-" "Mozilla/5.0 AppleWebKit/537.36 (KHTML, like Gecko; compatible; GPTBot/1.2; +https://openai.com/gptbot)"
144.76.19.75 - - [23/Oct/2025:15:21:06 +0300] "GET /amp.php?m056022854?srsltid=AfmBOogUnxXfjRzHtxAJxb_pINpgAJlrT_GSjX6EAp-C-VAOoJcnHk HTTP/1.1" 200 474699 "-" "Mozilla/5.0 (compatible; BLEXBot/1.0; +https://help.seranking.com/en/blex-crawler)"
20.171.207.222 - - [23/Oct/2025:15:21:07 +0300] "GET /amp.php?products/138gh39799 HTTP/1.1" 200 465872 "-" "Mozilla/5.0 AppleWebKit/537.36 (KHTML, like Gecko; compatible; GPTBot/1.2; +https://openai.com/gptbot)"
20.171.207.222 - - [23/Oct/2025:15:21:09 +0300] "GET /amp.php?products/208ca42401 HTTP/1.1" 200 461088 "-" "Mozilla/5.0 AppleWebKit/537.36 (KHTML, like Gecko; compatible; GPTBot/1.2; +https://openai.com/gptbot)"
74.91.19.178 - - [23/Oct/2025:15:21:10 +0300] "GET /wp-includes/install.php HTTP/1.1" 200 6 "https://avocor.eu/wp-includes/install.php" "Mozilla/5.0 (Windows NT 10.0; Win64; x64) AppleWebKit/537.36 (KHTML, like Gecko) Chrome/58.0.3029.110 Safari/537.3"
144.76.19.75 - - [23/Oct/2025:15:21:10 +0300] "GET /amp.php?m003048277?srsltid=AfmBOoudGYdsxuYs5Cpr0m_ehsYVvvWsf_SfGg889f-Q-9eppB1SKf HTTP/1.1" 200 463587 "-" "Mozilla/5.0 (compatible; BLEXBot/1.0; +https://help.seranking.com/en/blex-crawler)"
20.171.207.222 - - [23/Oct/2025:15:21:11 +0300] "GET /amp.php?products/155xr10538 HTTP/1.1" 200 462313 "-" "Mozilla/5.0 AppleWebKit/537.36 (KHTML, like Gecko; compatible; GPTBot/1.2; +https://openai.com/gptbot)"
20.171.207.222 - - [23/Oct/2025:15:21:13 +0300] "GET /amp.php?products/170ir19151 HTTP/1.1" 200 463208 "-" "Mozilla/5.0 AppleWebKit/537.36 (KHTML, like Gecko; compatible; GPTBot/1.2; +https://openai.com/gptbot)"
74.91.19.178 - - [23/Oct/2025:15:21:15 +0300] "GET /wp-includes/install.php HTTP/1.1" 200 6 "https://avocor.eu/wp-includes/install.php" "Mozilla/5.0 (Windows NT 10.0; Win64; x64) AppleWebKit/537.36 (KHTML, like Gecko) Chrome/58.0.3029.110 Safari/537.3"
144.76.19.75 - - [23/Oct/2025:15:21:15 +0300] "GET /amp.php?m056022856?srsltid=AfmBOoHknzyZxYDZGSjX6E_gVxZsS8ckX_VAOoJcnH-L-Wc7MTJhMW HTTP/1.1" 200 464833 "-" "Mozilla/5.0 (compatible; BLEXBot/1.0; +https://help.seranking.com/en/blex-crawler)"
20.171.207.222 - - [23/Oct/2025:15:21:15 +0300] "GET /amp.php?products/289jb22802 HTTP/1.1" 200 471177 "-" "Mozilla/5.0 AppleWebKit/537.36 (KHTML, like Gecko; compatible; GPTBot/1.2; +https://openai.com/gptbot)"
20.171.207.222 - - [23/Oct/2025:15:21:16 +0300] "GET /amp.php?products/170hc19547 HTTP/1.1" 200 462233 "-" "Mozilla/5.0 AppleWebKit/537.36 (KHTML, like Gecko; compatible; GPTBot/1.2; +https://openai.com/gptbot)"
20.171.207.222 - - [23/Oct/2025:15:21:18 +0300] "GET /amp.php?products/245ct44356 HTTP/1.1" 200 463113 "-" "Mozilla/5.0 AppleWebKit/537.36 (KHTML, like Gecko; compatible; GPTBot/1.2; +https://openai.com/gptbot)"
144.76.19.75 - - [23/Oct/2025:15:21:19 +0300] "GET /amp.php?m003048281?srsltid=AfmBOoHsaghWyDDc9eppB1_DHHd4J27Li_ggMSFylD-G-u3zceP5UL HTTP/1.1" 200 464736 "-" "Mozilla/5.0 (compatible; BLEXBot/1.0; +https://help.seranking.com/en/blex-crawler)"
74.91.19.178 - - [23/Oct/2025:15:21:21 +0300] "GET /wp-includes/install.php HTTP/1.1" 200 6 "https://avocor.eu/wp-includes/install.php" "Mozilla/5.0 (Windows NT 10.0; Win64; x64) AppleWebKit/537.36 (KHTML, like Gecko) Chrome/58.0.3029.110 Safari/537.3"
20.171.207.222 - - [23/Oct/2025:15:21:21 +0300] "GET /amp.php?products/213bt38686 HTTP/1.1" 200 464696 "-" "Mozilla/5.0 AppleWebKit/537.36 (KHTML, like Gecko; compatible; GPTBot/1.2; +https://openai.com/gptbot)"
74.91.19.178 - - [23/Oct/2025:15:19:56 +0300] "GET /wp-includes/install.php HTTP/1.1" 200 - "https://avocor.eu/wp-includes/install.php" "Mozilla/5.0 (Windows NT 10.0; Win64; x64) AppleWebKit/537.36 (KHTML, like Gecko) Chrome/58.0.3029.110 Safari/537.3"
20.171.207.222 - - [23/Oct/2025:15:21:23 +0300] "GET /amp.php?products/208rr42067 HTTP/1.1" 200 462095 "-" "Mozilla/5.0 AppleWebKit/537.36 (KHTML, like Gecko; compatible; GPTBot/1.2; +https://openai.com/gptbot)"
144.76.19.75 - - [23/Oct/2025:15:21:23 +0300] "GET /amp.php?m056022858?srsltid=AfmBOoqXjYmHhuXuVAOoJc_dmIgBS9bBm_Wc7MTJhM-G-S6eyh680U HTTP/1.1" 200 471947 "-" "Mozilla/5.0 (compatible; BLEXBot/1.0; +https://help.seranking.com/en/blex-crawler)"
20.171.207.222 - - [23/Oct/2025:15:21:25 +0300] "GET /amp.php?products/271ot26118 HTTP/1.1" 200 464515 "-" "Mozilla/5.0 AppleWebKit/537.36 (KHTML, like Gecko; compatible; GPTBot/1.2; +https://openai.com/gptbot)"
20.171.207.222 - - [23/Oct/2025:15:21:26 +0300] "GET /amp.php?products/265hd35736 HTTP/1.1" 200 463286 "-" "Mozilla/5.0 AppleWebKit/537.36 (KHTML, like Gecko; compatible; GPTBot/1.2; +https://openai.com/gptbot)"
144.76.19.75 - - [23/Oct/2025:15:21:27 +0300] "GET /amp.php?m003048283?srsltid=AfmBOosGffwccoRqggMSFy_YQrduOa0M2_u3zceP5U-H-vlKSkmuWJ HTTP/1.1" 200 460687 "-" "Mozilla/5.0 (compatible; BLEXBot/1.0; +https://help.seranking.com/en/blex-crawler)"
20.171.207.222 - - [23/Oct/2025:15:21:28 +0300] "GET /amp.php?products/151zu38380 HTTP/1.1" 200 463104 "-" "Mozilla/5.0 AppleWebKit/537.36 (KHTML, like Gecko; compatible; GPTBot/1.2; +https://openai.com/gptbot)"
20.171.207.222 - - [23/Oct/2025:15:21:30 +0300] "GET /amp.php?products/289yo22812 HTTP/1.1" 200 500339 "-" "Mozilla/5.0 AppleWebKit/537.36 (KHTML, like Gecko; compatible; GPTBot/1.2; +https://openai.com/gptbot)"
144.76.19.75 - - [23/Oct/2025:15:21:32 +0300] "GET /amp.php?m056022860?srsltid=AfmBOocfEIKMwMmnWc7MTJ_bkSlK3S4uG_S6eyh680-B-QEOLYzldD HTTP/1.1" 200 472955 "-" "Mozilla/5.0 (compatible; BLEXBot/1.0; +https://help.seranking.com/en/blex-crawler)"
20.171.207.222 - - [23/Oct/2025:15:21:32 +0300] "GET /amp.php?products/289dp22810 HTTP/1.1" 200 461366 "-" "Mozilla/5.0 AppleWebKit/537.36 (KHTML, like Gecko; compatible; GPTBot/1.2; +https://openai.com/gptbot)"
20.171.207.222 - - [23/Oct/2025:15:21:34 +0300] "GET /amp.php?products/204uh23733 HTTP/1.1" 200 463819 "-" "Mozilla/5.0 AppleWebKit/537.36 (KHTML, like Gecko; compatible; GPTBot/1.2; +https://openai.com/gptbot)"
20.171.207.222 - - [23/Oct/2025:15:21:36 +0300] "GET /amp.php?products/213mp37754 HTTP/1.1" 200 460670 "-" "Mozilla/5.0 AppleWebKit/537.36 (KHTML, like Gecko; compatible; GPTBot/1.2; +https://openai.com/gptbot)"
144.76.19.75 - - [23/Oct/2025:15:21:36 +0300] "GET /amp.php?m003048285?srsltid=AfmBOoyyuSHdDCqZu3zceP_M47Hxt0zjP_vlKSkmuW-O-FAasQHtYt HTTP/1.1" 200 461963 "-" "Mozilla/5.0 (compatible; BLEXBot/1.0; +https://help.seranking.com/en/blex-crawler)"
20.171.207.222 - - [23/Oct/2025:15:21:38 +0300] "GET /amp.php?products/289jo22816 HTTP/1.1" 200 502545 "-" "Mozilla/5.0 AppleWebKit/537.36 (KHTML, like Gecko; compatible; GPTBot/1.2; +https://openai.com/gptbot)"
20.171.207.222 - - [23/Oct/2025:15:21:39 +0300] "GET /amp.php?products/243uo12840 HTTP/1.1" 200 463553 "-" "Mozilla/5.0 AppleWebKit/537.36 (KHTML, like Gecko; compatible; GPTBot/1.2; +https://openai.com/gptbot)"
144.76.19.75 - - [23/Oct/2025:15:21:40 +0300] "GET /amp.php?m056022864?srsltid=AfmBOoxUKbxkHLeBQEOLYz_qHMeYCTuf8_CNeIkYTM-W-R104huJL7 HTTP/1.1" 200 467403 "-" "Mozilla/5.0 (compatible; BLEXBot/1.0; +https://help.seranking.com/en/blex-crawler)"
20.171.207.222 - - [23/Oct/2025:15:21:42 +0300] "GET /amp.php?m147000443?srsltid=AfmBOoPBjOWslLAW15ZQZ1_3zSzQpDORz_KoK031Ak-H-qc2p0Fq6c HTTP/1.1" 200 460720 "-" "Mozilla/5.0 AppleWebKit/537.36 (KHTML, like Gecko; compatible; GPTBot/1.2; +https://openai.com/gptbot)"
20.171.207.222 - - [23/Oct/2025:15:21:44 +0300] "GET /amp.php?products/149dt44662 HTTP/1.1" 200 466195 "-" "Mozilla/5.0 AppleWebKit/537.36 (KHTML, like Gecko; compatible; GPTBot/1.2; +https://openai.com/gptbot)"
144.76.19.75 - - [23/Oct/2025:15:21:44 +0300] "GET /amp.php?m003048289?srsltid=AfmBOoRsztZjqyqaFAasQH_75oetLZL5s_AOvxcjcA-L-Vu7U7GfDH HTTP/1.1" 200 466909 "-" "Mozilla/5.0 (compatible; BLEXBot/1.0; +https://help.seranking.com/en/blex-crawler)"
20.171.207.222 - - [23/Oct/2025:15:21:46 +0300] "GET /amp.php?products/135up1818 HTTP/1.1" 200 473399 "-" "Mozilla/5.0 AppleWebKit/537.36 (KHTML, like Gecko; compatible; GPTBot/1.2; +https://openai.com/gptbot)"
20.171.207.222 - - [23/Oct/2025:15:21:48 +0300] "GET /amp.php?products/206um46413 HTTP/1.1" 200 466030 "-" "Mozilla/5.0 AppleWebKit/537.36 (KHTML, like Gecko; compatible; GPTBot/1.2; +https://openai.com/gptbot)"
144.76.19.75 - - [23/Oct/2025:15:21:49 +0300] "GET /amp.php?m056022870?srsltid=AfmBOoYKctXuIiHwTn0bhS_YrEiuPLkZy_bpGE2nmD-I-CIcNFA398 HTTP/1.1" 200 474686 "-" "Mozilla/5.0 (compatible; BLEXBot/1.0; +https://help.seranking.com/en/blex-crawler)"
20.171.207.222 - - [23/Oct/2025:15:21:50 +0300] "GET /amp.php?products/289rl22780 HTTP/1.1" 200 470898 "-" "Mozilla/5.0 AppleWebKit/537.36 (KHTML, like Gecko; compatible; GPTBot/1.2; +https://openai.com/gptbot)"
74.91.19.178 - - [23/Oct/2025:15:21:51 +0300] "GET /wp-includes/install.php HTTP/1.1" 200 6 "https://avocor.eu/wp-includes/install.php" "Mozilla/5.0 (Windows NT 10.0; Win64; x64) AppleWebKit/537.36 (KHTML, like Gecko) Chrome/58.0.3029.110 Safari/537.3"
74.91.19.178 - - [23/Oct/2025:15:21:52 +0300] "GET /wp-includes/install.php HTTP/1.1" 200 6 "https://avocor.eu/wp-includes/install.php" "Mozilla/5.0 (Windows NT 10.0; Win64; x64) AppleWebKit/537.36 (KHTML, like Gecko) Chrome/58.0.3029.110 Safari/537.3"
20.171.207.222 - - [23/Oct/2025:15:21:52 +0300] "GET /amp.php?products/212gg31471 HTTP/1.1" 200 464002 "-" "Mozilla/5.0 AppleWebKit/537.36 (KHTML, like Gecko; compatible; GPTBot/1.2; +https://openai.com/gptbot)"
144.76.19.75 - - [23/Oct/2025:15:21:53 +0300] "GET /amp.php?m003048291?srsltid=AfmBOoDEzEUiUHZMAOvxcj_H18ArApxTZ_Vu7U7GfD-X-5t50I9XQE HTTP/1.1" 200 462725 "-" "Mozilla/5.0 (compatible; BLEXBot/1.0; +https://help.seranking.com/en/blex-crawler)"
20.171.207.222 - - [23/Oct/2025:15:21:54 +0300] "GET /amp.php?products/243pz45502 HTTP/1.1" 200 462770 "-" "Mozilla/5.0 AppleWebKit/537.36 (KHTML, like Gecko; compatible; GPTBot/1.2; +https://openai.com/gptbot)"
66.249.72.235 - - [23/Oct/2025:15:21:53 +0300] "GET /concrete/reveal78/nmwnw-11898/ HTTP/1.1" 200 561411 "-" "Mozilla/5.0 (Linux; Android 6.0.1; Nexus 5X Build/MMB29P) AppleWebKit/537.36 (KHTML, like Gecko) Chrome/141.0.7390.107 Mobile Safari/537.36 (compatible; GoogleOther)"
20.171.207.222 - - [23/Oct/2025:15:21:56 +0300] "GET /amp.php?products/289yj22820 HTTP/1.1" 200 498852 "-" "Mozilla/5.0 AppleWebKit/537.36 (KHTML, like Gecko; compatible; GPTBot/1.2; +https://openai.com/gptbot)"
144.76.19.75 - - [23/Oct/2025:15:21:57 +0300] "GET /amp.php?m056022880?srsltid=AfmBOosvdgtDJaVlcFE0ks_Qi73XjCieZ_YOGtscY5-M-SaRcwF3ao HTTP/1.1" 200 474198 "-" "Mozilla/5.0 (compatible; BLEXBot/1.0; +https://help.seranking.com/en/blex-crawler)"
20.171.207.222 - - [23/Oct/2025:15:21:57 +0300] "GET /amp.php?products/289sv22822 HTTP/1.1" 200 499354 "-" "Mozilla/5.0 AppleWebKit/537.36 (KHTML, like Gecko; compatible; GPTBot/1.2; +https://openai.com/gptbot)"
20.171.207.222 - - [23/Oct/2025:15:21:59 +0300] "GET /amp.php?products/145ca12384 HTTP/1.1" 200 470845 "-" "Mozilla/5.0 AppleWebKit/537.36 (KHTML, like Gecko; compatible; GPTBot/1.2; +https://openai.com/gptbot)"
66.249.75.104 - - [23/Oct/2025:15:22:00 +0300] "GET /coat/compel22/2l6tj-23326/ HTTP/1.1" 200 120740 "-" "Mozilla/5.0 (Linux; Android 6.0.1; Nexus 5X Build/MMB29P) AppleWebKit/537.36 (KHTML, like Gecko) Chrome/141.0.7390.107 Mobile Safari/537.36 (compatible; GoogleOther)"
74.91.19.178 - - [23/Oct/2025:15:22:02 +0300] "GET /wp-includes/install.php HTTP/1.1" 200 6 "https://avocor.eu/wp-includes/install.php" "Mozilla/5.0 (Windows NT 10.0; Win64; x64) AppleWebKit/537.36 (KHTML, like Gecko) Chrome/58.0.3029.110 Safari/537.3"
20.171.207.222 - - [23/Oct/2025:15:22:01 +0300] "GET /amp.php?products/149om45564 HTTP/1.1" 200 471333 "-" "Mozilla/5.0 AppleWebKit/537.36 (KHTML, like Gecko; compatible; GPTBot/1.2; +https://openai.com/gptbot)"
144.76.19.75 - - [23/Oct/2025:15:22:01 +0300] "GET /amp.php?m003048295?srsltid=AfmBOoeSGJbPKoqO5t50I9_SB9qFQM4hb_PR7tCUyp-W-0uKzEOLuu HTTP/1.1" 200 465271 "-" "Mozilla/5.0 (compatible; BLEXBot/1.0; +https://help.seranking.com/en/blex-crawler)"
20.171.207.222 - - [23/Oct/2025:15:22:03 +0300] "GET /amp.php?products/24rb44013 HTTP/1.1" 200 476510 "-" "Mozilla/5.0 AppleWebKit/537.36 (KHTML, like Gecko; compatible; GPTBot/1.2; +https://openai.com/gptbot)"
74.91.19.178 - - [23/Oct/2025:15:22:04 +0300] "GET /wp-includes/install.php HTTP/1.1" 200 6 "https://avocor.eu/wp-includes/install.php" "Mozilla/5.0 (Windows NT 10.0; Win64; x64) AppleWebKit/537.36 (KHTML, like Gecko) Chrome/58.0.3029.110 Safari/537.3"
20.171.207.222 - - [23/Oct/2025:15:22:05 +0300] "GET /amp.php?products/289an22786 HTTP/1.1" 200 472613 "-" "Mozilla/5.0 AppleWebKit/537.36 (KHTML, like Gecko; compatible; GPTBot/1.2; +https://openai.com/gptbot)"
144.76.19.75 - - [23/Oct/2025:15:22:06 +0300] "GET /amp.php?m056022882?srsltid=AfmBOoZpiMkBDvyVYOGtsc_adyqtwKAyH_SaRcwF3a-G-OxgsA3hqL HTTP/1.1" 200 484062 "-" "Mozilla/5.0 (compatible; BLEXBot/1.0; +https://help.seranking.com/en/blex-crawler)"
20.171.207.222 - - [23/Oct/2025:15:22:07 +0300] "GET /amp.php?products/212hl31927 HTTP/1.1" 200 471979 "-" "Mozilla/5.0 AppleWebKit/537.36 (KHTML, like Gecko; compatible; GPTBot/1.2; +https://openai.com/gptbot)"
20.171.207.222 - - [23/Oct/2025:15:22:09 +0300] "GET /amp.php?products/243ar12892 HTTP/1.1" 200 463277 "-" "Mozilla/5.0 AppleWebKit/537.36 (KHTML, like Gecko; compatible; GPTBot/1.2; +https://openai.com/gptbot)"
74.91.19.178 - - [23/Oct/2025:15:22:10 +0300] "GET /wp-includes/install.php HTTP/1.1" 200 6 "https://avocor.eu/wp-includes/install.php" "Mozilla/5.0 (Windows NT 10.0; Win64; x64) AppleWebKit/537.36 (KHTML, like Gecko) Chrome/58.0.3029.110 Safari/537.3"
144.76.19.75 - - [23/Oct/2025:15:22:10 +0300] "GET /amp.php?m003048297?srsltid=AfmBOozyuCsqEfkSPR7tCU_ZNfs68hHff_0uKzEOLu-Q-Vot2B55gh HTTP/1.1" 200 465139 "-" "Mozilla/5.0 (compatible; BLEXBot/1.0; +https://help.seranking.com/en/blex-crawler)"
20.171.207.222 - - [23/Oct/2025:15:22:11 +0300] "GET /amp.php?products/221hm13312 HTTP/1.1" 200 465569 "-" "Mozilla/5.0 AppleWebKit/537.36 (KHTML, like Gecko; compatible; GPTBot/1.2; +https://openai.com/gptbot)"
20.171.207.222 - - [23/Oct/2025:15:22:13 +0300] "GET /amp.php?products/145ct18616 HTTP/1.1" 200 469851 "-" "Mozilla/5.0 AppleWebKit/537.36 (KHTML, like Gecko; compatible; GPTBot/1.2; +https://openai.com/gptbot)"
144.76.19.75 - - [23/Oct/2025:15:22:14 +0300] "GET /amp.php?m056022884?srsltid=AfmBOoCjUDhJtTecSaRcwF_Ag23C8Aluv_OxgsA3hq-Z-VBba0qxlF HTTP/1.1" 200 475253 "-" "Mozilla/5.0 (compatible; BLEXBot/1.0; +https://help.seranking.com/en/blex-crawler)"
74.91.19.178 - - [23/Oct/2025:15:22:15 +0300] "GET /wp-includes/install.php HTTP/1.1" 200 6 "https://avocor.eu/wp-includes/install.php" "Mozilla/5.0 (Windows NT 10.0; Win64; x64) AppleWebKit/537.36 (KHTML, like Gecko) Chrome/58.0.3029.110 Safari/537.3"
20.171.207.222 - - [23/Oct/2025:15:22:15 +0300] "GET /amp.php?products/289wr22782 HTTP/1.1" 200 473994 "-" "Mozilla/5.0 AppleWebKit/537.36 (KHTML, like Gecko; compatible; GPTBot/1.2; +https://openai.com/gptbot)"
20.171.207.222 - - [23/Oct/2025:15:22:16 +0300] "GET /amp.php?products/289eh22790 HTTP/1.1" 200 500235 "-" "Mozilla/5.0 AppleWebKit/537.36 (KHTML, like Gecko; compatible; GPTBot/1.2; +https://openai.com/gptbot)"
20.171.207.222 - - [23/Oct/2025:15:22:18 +0300] "GET /amp.php?products/289vc22804 HTTP/1.1" 200 500169 "-" "Mozilla/5.0 AppleWebKit/537.36 (KHTML, like Gecko; compatible; GPTBot/1.2; +https://openai.com/gptbot)"
144.76.19.75 - - [23/Oct/2025:15:22:18 +0300] "GET /amp.php?m003048303?srsltid=AfmBOoEJivCvbLjbwWI99O_xgWWcoJjV3_LWWyPVIU-X-xljq0Erc1 HTTP/1.1" 200 463118 "-" "Mozilla/5.0 (compatible; BLEXBot/1.0; +https://help.seranking.com/en/blex-crawler)"
20.171.207.222 - - [23/Oct/2025:15:22:20 +0300] "GET /amp.php?products/271wa20610 HTTP/1.1" 200 464033 "-" "Mozilla/5.0 AppleWebKit/537.36 (KHTML, like Gecko; compatible; GPTBot/1.2; +https://openai.com/gptbot)"
74.91.19.178 - - [23/Oct/2025:15:22:21 +0300] "GET /wp-includes/install.php HTTP/1.1" 200 6 "https://avocor.eu/wp-includes/install.php" "Mozilla/5.0 (Windows NT 10.0; Win64; x64) AppleWebKit/537.36 (KHTML, like Gecko) Chrome/58.0.3029.110 Safari/537.3"
20.171.207.222 - - [23/Oct/2025:15:22:22 +0300] "GET /amp.php?products/212fs31573 HTTP/1.1" 200 470847 "-" "Mozilla/5.0 AppleWebKit/537.36 (KHTML, like Gecko; compatible; GPTBot/1.2; +https://openai.com/gptbot)"
144.76.19.75 - - [23/Oct/2025:15:22:23 +0300] "GET /amp.php?m056022886?srsltid=AfmBOopalqikJwsHOxgsA3_NB4CweKlSa_VBba0qxl-S-gXHfV8L3x HTTP/1.1" 200 503158 "-" "Mozilla/5.0 (compatible; BLEXBot/1.0; +https://help.seranking.com/en/blex-crawler)"
20.171.207.222 - - [23/Oct/2025:15:22:24 +0300] "GET /amp.php?products/151iy11080 HTTP/1.1" 200 460941 "-" "Mozilla/5.0 AppleWebKit/537.36 (KHTML, like Gecko; compatible; GPTBot/1.2; +https://openai.com/gptbot)"
20.171.207.222 - - [23/Oct/2025:15:22:26 +0300] "GET /amp.php?products/243nd40772 HTTP/1.1" 200 461840 "-" "Mozilla/5.0 AppleWebKit/537.36 (KHTML, like Gecko; compatible; GPTBot/1.2; +https://openai.com/gptbot)"
74.91.19.178 - - [23/Oct/2025:15:22:28 +0300] "GET /wp-includes/install.php HTTP/1.1" 200 6 "https://avocor.eu/wp-includes/install.php" "Mozilla/5.0 (Windows NT 10.0; Win64; x64) AppleWebKit/537.36 (KHTML, like Gecko) Chrome/58.0.3029.110 Safari/537.3"
144.76.19.75 - - [23/Oct/2025:15:22:27 +0300] "GET /amp.php?m003048305?srsltid=AfmBOoFbgncrwcvALWWyPV_CCf6b48kUX_xljq0Erc-O-EOlKgAdA2 HTTP/1.1" 200 464361 "-" "Mozilla/5.0 (compatible; BLEXBot/1.0; +https://help.seranking.com/en/blex-crawler)"
20.171.207.222 - - [23/Oct/2025:15:22:27 +0300] "GET /amp.php?products/289jv22808 HTTP/1.1" 200 480020 "-" "Mozilla/5.0 AppleWebKit/537.36 (KHTML, like Gecko; compatible; GPTBot/1.2; +https://openai.com/gptbot)"
20.171.207.222 - - [23/Oct/2025:15:22:30 +0300] "GET /amp.php?products/145gp18612 HTTP/1.1" 200 469934 "-" "Mozilla/5.0 AppleWebKit/537.36 (KHTML, like Gecko; compatible; GPTBot/1.2; +https://openai.com/gptbot)"
144.76.19.75 - - [23/Oct/2025:15:22:31 +0300] "GET /amp.php?m056022888?srsltid=AfmBOoxtDkrDgdshVBba0q_BKnU64qev7_gXHfV8L3-O-Z7lDCex4w HTTP/1.1" 200 474640 "-" "Mozilla/5.0 (compatible; BLEXBot/1.0; +https://help.seranking.com/en/blex-crawler)"
20.171.207.222 - - [23/Oct/2025:15:22:32 +0300] "GET /amp.php?products/212an31921 HTTP/1.1" 200 470856 "-" "Mozilla/5.0 AppleWebKit/537.36 (KHTML, like Gecko; compatible; GPTBot/1.2; +https://openai.com/gptbot)"
20.171.207.222 - - [23/Oct/2025:15:22:34 +0300] "GET /amp.php?products/299nk22916 HTTP/1.1" 200 484800 "-" "Mozilla/5.0 AppleWebKit/537.36 (KHTML, like Gecko; compatible; GPTBot/1.2; +https://openai.com/gptbot)"
74.91.19.178 - - [23/Oct/2025:15:22:36 +0300] "GET /wp-includes/install.php HTTP/1.1" 200 6 "https://avocor.eu/wp-includes/install.php" "Mozilla/5.0 (Windows NT 10.0; Win64; x64) AppleWebKit/537.36 (KHTML, like Gecko) Chrome/58.0.3029.110 Safari/537.3"
20.171.207.222 - - [23/Oct/2025:15:22:35 +0300] "GET /amp.php?products/179cc12314 HTTP/1.1" 200 462952 "-" "Mozilla/5.0 AppleWebKit/537.36 (KHTML, like Gecko; compatible; GPTBot/1.2; +https://openai.com/gptbot)"
144.76.19.75 - - [23/Oct/2025:15:22:36 +0300] "GET /amp.php?m003048307?srsltid=AfmBOolCVmOKhimkxljq0E_UOtoYHd8dy_EOlKgAdA-Y-3eMtbtdep HTTP/1.1" 200 461744 "-" "Mozilla/5.0 (compatible; BLEXBot/1.0; +https://help.seranking.com/en/blex-crawler)"
74.91.19.178 - - [23/Oct/2025:15:22:37 +0300] "GET /wp-includes/install.php HTTP/1.1" 200 6 "https://avocor.eu/wp-includes/install.php" "Mozilla/5.0 (Windows NT 10.0; Win64; x64) AppleWebKit/537.36 (KHTML, like Gecko) Chrome/58.0.3029.110 Safari/537.3"
74.91.19.178 - - [23/Oct/2025:15:22:37 +0300] "GET /wp-includes/install.php HTTP/1.1" 200 6 "https://avocor.eu/wp-includes/install.php" "Mozilla/5.0 (Windows NT 10.0; Win64; x64) AppleWebKit/537.36 (KHTML, like Gecko) Chrome/58.0.3029.110 Safari/537.3"
20.171.207.222 - - [23/Oct/2025:15:22:37 +0300] "GET /amp.php?products/289ku22784 HTTP/1.1" 200 467307 "-" "Mozilla/5.0 AppleWebKit/537.36 (KHTML, like Gecko; compatible; GPTBot/1.2; +https://openai.com/gptbot)"
74.91.19.178 - - [23/Oct/2025:15:22:39 +0300] "GET /wp-includes/install.php HTTP/1.1" 200 6 "https://avocor.eu/wp-includes/install.php" "Mozilla/5.0 (Windows NT 10.0; Win64; x64) AppleWebKit/537.36 (KHTML, like Gecko) Chrome/58.0.3029.110 Safari/537.3"
20.171.207.222 - - [23/Oct/2025:15:22:39 +0300] "GET /amp.php?products/233ed34416 HTTP/1.1" 200 491946 "-" "Mozilla/5.0 AppleWebKit/537.36 (KHTML, like Gecko; compatible; GPTBot/1.2; +https://openai.com/gptbot)"
74.91.19.178 - - [23/Oct/2025:15:22:40 +0300] "GET /wp-includes/install.php HTTP/1.1" 200 6 "https://avocor.eu/wp-includes/install.php" "Mozilla/5.0 (Windows NT 10.0; Win64; x64) AppleWebKit/537.36 (KHTML, like Gecko) Chrome/58.0.3029.110 Safari/537.3"
144.76.19.75 - - [23/Oct/2025:15:22:40 +0300] "GET /amp.php?m056022890?srsltid=AfmBOorJTqcQbekzgXHfV8_6D0bWvlNgm_Z7lDCex4-D-BvUDAlksD HTTP/1.1" 200 497596 "-" "Mozilla/5.0 (compatible; BLEXBot/1.0; +https://help.seranking.com/en/blex-crawler)"
74.91.19.178 - - [23/Oct/2025:15:22:42 +0300] "GET /wp-includes/install.php HTTP/1.1" 200 6 "https://avocor.eu/wp-includes/install.php" "Mozilla/5.0 (Windows NT 10.0; Win64; x64) AppleWebKit/537.36 (KHTML, like Gecko) Chrome/58.0.3029.110 Safari/537.3"
20.171.207.222 - - [23/Oct/2025:15:22:41 +0300] "GET /amp.php?products/147bm11574 HTTP/1.1" 200 465420 "-" "Mozilla/5.0 AppleWebKit/537.36 (KHTML, like Gecko; compatible; GPTBot/1.2; +https://openai.com/gptbot)"
74.91.19.178 - - [23/Oct/2025:15:22:42 +0300] "GET /wp-includes/install.php HTTP/1.1" 200 6 "https://avocor.eu/wp-includes/install.php" "Mozilla/5.0 (Windows NT 10.0; Win64; x64) AppleWebKit/537.36 (KHTML, like Gecko) Chrome/58.0.3029.110 Safari/537.3"
20.171.207.222 - - [23/Oct/2025:15:22:43 +0300] "GET /amp.php?products/212kq31923 HTTP/1.1" 200 472728 "-" "Mozilla/5.0 AppleWebKit/537.36 (KHTML, like Gecko; compatible; GPTBot/1.2; +https://openai.com/gptbot)"
144.76.19.75 - - [23/Oct/2025:15:22:44 +0300] "GET /amp.php?m003048309?srsltid=AfmBOoBkdYKXlGGPEOlKgA_5EY9kQkaY8_3eMtbtde-D-Ua1abzyoE HTTP/1.1" 200 474223 "-" "Mozilla/5.0 (compatible; BLEXBot/1.0; +https://help.seranking.com/en/blex-crawler)"
20.171.207.222 - - [23/Oct/2025:15:22:45 +0300] "GET /amp.php?products/212pf31663 HTTP/1.1" 200 463227 "-" "Mozilla/5.0 AppleWebKit/537.36 (KHTML, like Gecko; compatible; GPTBot/1.2; +https://openai.com/gptbot)"
20.171.207.222 - - [23/Oct/2025:15:22:47 +0300] "GET /amp.php?products/299hu23966 HTTP/1.1" 200 468861 "-" "Mozilla/5.0 AppleWebKit/537.36 (KHTML, like Gecko; compatible; GPTBot/1.2; +https://openai.com/gptbot)"
144.76.19.75 - - [23/Oct/2025:15:22:49 +0300] "GET /amp.php?m056022892?srsltid=AfmBOordzXEGFrSIZ7lDCe_GtQYVEc0pV_BvUDAlks-T-2Sg5pfSYX HTTP/1.1" 200 469197 "-" "Mozilla/5.0 (compatible; BLEXBot/1.0; +https://help.seranking.com/en/blex-crawler)"
20.171.207.222 - - [23/Oct/2025:15:22:49 +0300] "GET /amp.php?products/289pz22806 HTTP/1.1" 200 477554 "-" "Mozilla/5.0 AppleWebKit/537.36 (KHTML, like Gecko; compatible; GPTBot/1.2; +https://openai.com/gptbot)"
74.91.19.178 - - [23/Oct/2025:15:22:52 +0300] "GET /wp-includes/install.php HTTP/1.1" 200 6 "https://avocor.eu/wp-includes/install.php" "Mozilla/5.0 (Windows NT 10.0; Win64; x64) AppleWebKit/537.36 (KHTML, like Gecko) Chrome/58.0.3029.110 Safari/537.3"
20.171.207.222 - - [23/Oct/2025:15:22:51 +0300] "GET /amp.php?products/261rl47676 HTTP/1.1" 200 474015 "-" "Mozilla/5.0 AppleWebKit/537.36 (KHTML, like Gecko; compatible; GPTBot/1.2; +https://openai.com/gptbot)"
74.91.19.178 - - [23/Oct/2025:15:22:52 +0300] "GET /wp-includes/install.php HTTP/1.1" 200 6 "https://avocor.eu/wp-includes/install.php" "Mozilla/5.0 (Windows NT 10.0; Win64; x64) AppleWebKit/537.36 (KHTML, like Gecko) Chrome/58.0.3029.110 Safari/537.3"
20.171.207.222 - - [23/Oct/2025:15:22:53 +0300] "GET /amp.php?products/168rr36719 HTTP/1.1" 200 462645 "-" "Mozilla/5.0 AppleWebKit/537.36 (KHTML, like Gecko; compatible; GPTBot/1.2; +https://openai.com/gptbot)"
74.91.19.178 - - [23/Oct/2025:15:22:54 +0300] "GET /wp-includes/install.php HTTP/1.1" 200 6 "https://avocor.eu/wp-includes/install.php" "Mozilla/5.0 (Windows NT 10.0; Win64; x64) AppleWebKit/537.36 (KHTML, like Gecko) Chrome/58.0.3029.110 Safari/537.3"
144.76.19.75 - - [23/Oct/2025:15:22:53 +0300] "GET /amp.php?m003048311?srsltid=AfmBOolEzzhZZuet3eMtbt_5Z1d1k5XDH_Ua1abzyo-R-WarlwyCw1 HTTP/1.1" 200 462417 "-" "Mozilla/5.0 (compatible; BLEXBot/1.0; +https://help.seranking.com/en/blex-crawler)"
20.171.207.222 - - [23/Oct/2025:15:22:54 +0300] "GET /amp.php?products/297mr33542 HTTP/1.1" 200 461546 "-" "Mozilla/5.0 AppleWebKit/537.36 (KHTML, like Gecko; compatible; GPTBot/1.2; +https://openai.com/gptbot)"
20.171.207.222 - - [23/Oct/2025:15:22:56 +0300] "GET /amp.php?products/219hm17966 HTTP/1.1" 200 464831 "-" "Mozilla/5.0 AppleWebKit/537.36 (KHTML, like Gecko; compatible; GPTBot/1.2; +https://openai.com/gptbot)"
144.76.19.75 - - [23/Oct/2025:15:22:57 +0300] "GET /amp.php?m056022898?srsltid=AfmBOoZiXDqCPwPcORcErZ_9qVauT7b04_l0WeNFyi-J-EPMLiKQyQ HTTP/1.1" 200 466791 "-" "Mozilla/5.0 (compatible; BLEXBot/1.0; +https://help.seranking.com/en/blex-crawler)"
20.171.207.222 - - [23/Oct/2025:15:22:58 +0300] "GET /amp.php?products/212mt31697 HTTP/1.1" 200 471719 "-" "Mozilla/5.0 AppleWebKit/537.36 (KHTML, like Gecko; compatible; GPTBot/1.2; +https://openai.com/gptbot)"
20.171.207.222 - - [23/Oct/2025:15:23:00 +0300] "GET /amp.php?products/299cb24246 HTTP/1.1" 200 471033 "-" "Mozilla/5.0 AppleWebKit/537.36 (KHTML, like Gecko; compatible; GPTBot/1.2; +https://openai.com/gptbot)"
74.91.19.178 - - [23/Oct/2025:15:23:02 +0300] "GET /wp-includes/install.php HTTP/1.1" 200 6 "https://avocor.eu/wp-includes/install.php" "Mozilla/5.0 (Windows NT 10.0; Win64; x64) AppleWebKit/537.36 (KHTML, like Gecko) Chrome/58.0.3029.110 Safari/537.3"
144.76.19.75 - - [23/Oct/2025:15:23:01 +0300] "GET /amp.php?m003048313?srsltid=AfmBOoGGZvfxeaJNUa1abz_ryrtUxT2xb_WarlwyCw-B-VYLu1LbVH HTTP/1.1" 200 468913 "-" "Mozilla/5.0 (compatible; BLEXBot/1.0; +https://help.seranking.com/en/blex-crawler)"
20.171.207.222 - - [23/Oct/2025:15:23:02 +0300] "GET /amp.php?products/212cw31661 HTTP/1.1" 200 464407 "-" "Mozilla/5.0 AppleWebKit/537.36 (KHTML, like Gecko; compatible; GPTBot/1.2; +https://openai.com/gptbot)"
20.171.207.222 - - [23/Oct/2025:15:23:04 +0300] "GET /amp.php?products/168ro35343 HTTP/1.1" 200 470533 "-" "Mozilla/5.0 AppleWebKit/537.36 (KHTML, like Gecko; compatible; GPTBot/1.2; +https://openai.com/gptbot)"
74.91.19.178 - - [23/Oct/2025:15:21:40 +0300] "GET /wp-includes/install.php HTTP/1.1" 200 - "https://avocor.eu/wp-includes/install.php" "Mozilla/5.0 (Windows NT 10.0; Win64; x64) AppleWebKit/537.36 (KHTML, like Gecko) Chrome/58.0.3029.110 Safari/537.3"
144.76.19.75 - - [23/Oct/2025:15:23:06 +0300] "GET /amp.php?m056022900?srsltid=AfmBOogozodSdtZbl0WeNF_48PRXn02C2_EPMLiKQy-W-PwRYIpInT HTTP/1.1" 200 469780 "-" "Mozilla/5.0 (compatible; BLEXBot/1.0; +https://help.seranking.com/en/blex-crawler)"
20.171.207.222 - - [23/Oct/2025:15:23:06 +0300] "GET /amp.php?products/299or24266 HTTP/1.1" 200 464135 "-" "Mozilla/5.0 AppleWebKit/537.36 (KHTML, like Gecko; compatible; GPTBot/1.2; +https://openai.com/gptbot)"
20.171.207.222 - - [23/Oct/2025:15:23:08 +0300] "GET /amp.php?products/123pt46716 HTTP/1.1" 200 462820 "-" "Mozilla/5.0 AppleWebKit/537.36 (KHTML, like Gecko; compatible; GPTBot/1.2; +https://openai.com/gptbot)"
144.76.19.75 - - [23/Oct/2025:15:23:10 +0300] "GET /amp.php?m003048315?srsltid=AfmBOoLnuVutTPmxWarlwy_0qaxQVxvqK_VYLu1LbV-M-9ia9GL37w HTTP/1.1" 200 464444 "-" "Mozilla/5.0 (compatible; BLEXBot/1.0; +https://help.seranking.com/en/blex-crawler)"
20.171.207.222 - - [23/Oct/2025:15:23:10 +0300] "GET /amp.php?products/168ff35363 HTTP/1.1" 200 475483 "-" "Mozilla/5.0 AppleWebKit/537.36 (KHTML, like Gecko; compatible; GPTBot/1.2; +https://openai.com/gptbot)"
20.171.207.222 - - [23/Oct/2025:15:23:12 +0300] "GET /amp.php?products/219ti17622 HTTP/1.1" 200 464660 "-" "Mozilla/5.0 AppleWebKit/537.36 (KHTML, like Gecko; compatible; GPTBot/1.2; +https://openai.com/gptbot)"
20.171.207.222 - - [23/Oct/2025:15:23:14 +0300] "GET /amp.php?products/212ia31693 HTTP/1.1" 200 472518 "-" "Mozilla/5.0 AppleWebKit/537.36 (KHTML, like Gecko; compatible; GPTBot/1.2; +https://openai.com/gptbot)"
144.76.19.75 - - [23/Oct/2025:15:23:14 +0300] "GET /amp.php?m056022904?srsltid=AfmBOosqAYGgqEsRPwRYIp_GvH767FJNo_RJdAd3cw-J-cNcIwYuA3 HTTP/1.1" 200 468748 "-" "Mozilla/5.0 (compatible; BLEXBot/1.0; +https://help.seranking.com/en/blex-crawler)"
20.171.207.222 - - [23/Oct/2025:15:23:16 +0300] "GET /amp.php?products/299vt24052 HTTP/1.1" 200 473973 "-" "Mozilla/5.0 AppleWebKit/537.36 (KHTML, like Gecko; compatible; GPTBot/1.2; +https://openai.com/gptbot)"
20.171.207.222 - - [23/Oct/2025:15:23:18 +0300] "GET /amp.php?products/213sg45514 HTTP/1.1" 200 463093 "-" "Mozilla/5.0 AppleWebKit/537.36 (KHTML, like Gecko; compatible; GPTBot/1.2; +https://openai.com/gptbot)"
144.76.19.75 - - [23/Oct/2025:15:23:19 +0300] "GET /amp.php?m003048317?srsltid=AfmBOovIHJKYhgLxVYLu1L_tXQjXRLvIy_9ia9GL37-T-pP718DSjY HTTP/1.1" 200 463308 "-" "Mozilla/5.0 (compatible; BLEXBot/1.0; +https://help.seranking.com/en/blex-crawler)"
20.171.207.222 - - [23/Oct/2025:15:23:19 +0300] "GET /amp.php?products/116lh45121 HTTP/1.1" 200 462356 "-" "Mozilla/5.0 AppleWebKit/537.36 (KHTML, like Gecko; compatible; GPTBot/1.2; +https://openai.com/gptbot)"
20.171.207.222 - - [23/Oct/2025:15:23:21 +0300] "GET /amp.php?products/253zs20544 HTTP/1.1" 200 463040 "-" "Mozilla/5.0 AppleWebKit/537.36 (KHTML, like Gecko; compatible; GPTBot/1.2; +https://openai.com/gptbot)"
144.76.19.75 - - [23/Oct/2025:15:23:23 +0300] "GET /amp.php?m056022906?srsltid=AfmBOoywdaxEqXFZRJdAd3_CMKMXO6QN7_cNcIwYuA-G-l3HbqfyxE HTTP/1.1" 200 465115 "-" "Mozilla/5.0 (compatible; BLEXBot/1.0; +https://help.seranking.com/en/blex-crawler)"
20.171.207.222 - - [23/Oct/2025:15:23:23 +0300] "GET /amp.php?products/168se36143 HTTP/1.1" 200 476198 "-" "Mozilla/5.0 AppleWebKit/537.36 (KHTML, like Gecko; compatible; GPTBot/1.2; +https://openai.com/gptbot)"
20.171.207.222 - - [23/Oct/2025:15:23:25 +0300] "GET /amp.php?products/270sm11527 HTTP/1.1" 200 463179 "-" "Mozilla/5.0 AppleWebKit/537.36 (KHTML, like Gecko; compatible; GPTBot/1.2; +https://openai.com/gptbot)"
20.171.207.222 - - [23/Oct/2025:15:23:27 +0300] "GET /amp.php?products/220az47267 HTTP/1.1" 200 481997 "-" "Mozilla/5.0 AppleWebKit/537.36 (KHTML, like Gecko; compatible; GPTBot/1.2; +https://openai.com/gptbot)"
144.76.19.75 - - [23/Oct/2025:15:23:28 +0300] "GET /amp.php?m003048319?srsltid=AfmBOoUTmdSliRwD9ia9GL_omUsFxt2Vd_pP718DSj-F-PBytJo0Qd HTTP/1.1" 200 463965 "-" "Mozilla/5.0 (compatible; BLEXBot/1.0; +https://help.seranking.com/en/blex-crawler)"
20.171.207.222 - - [23/Oct/2025:15:23:29 +0300] "GET /amp.php?products/123ma43884 HTTP/1.1" 200 461664 "-" "Mozilla/5.0 AppleWebKit/537.36 (KHTML, like Gecko; compatible; GPTBot/1.2; +https://openai.com/gptbot)"
20.171.207.222 - - [23/Oct/2025:15:23:31 +0300] "GET /amp.php?products/200gx37273 HTTP/1.1" 200 464880 "-" "Mozilla/5.0 AppleWebKit/537.36 (KHTML, like Gecko; compatible; GPTBot/1.2; +https://openai.com/gptbot)"
144.76.19.75 - - [23/Oct/2025:15:23:32 +0300] "GET /amp.php?m056022908?srsltid=AfmBOoTnugdtSPGzcNcIwY_Y7oHuIrijC_l3Hbqfyx-X-aBMnlUI1x HTTP/1.1" 200 466510 "-" "Mozilla/5.0 (compatible; BLEXBot/1.0; +https://help.seranking.com/en/blex-crawler)"
20.171.207.222 - - [23/Oct/2025:15:23:33 +0300] "GET /amp.php?products/217sm30732 HTTP/1.1" 200 461434 "-" "Mozilla/5.0 AppleWebKit/537.36 (KHTML, like Gecko; compatible; GPTBot/1.2; +https://openai.com/gptbot)"
20.171.207.222 - - [23/Oct/2025:15:23:35 +0300] "GET /amp.php?products/226tj26353 HTTP/1.1" 200 462702 "-" "Mozilla/5.0 AppleWebKit/537.36 (KHTML, like Gecko; compatible; GPTBot/1.2; +https://openai.com/gptbot)"
144.76.19.75 - - [23/Oct/2025:15:23:36 +0300] "GET /amp.php?m003048321?srsltid=AfmBOoGosaYVstNQpP718D_9a8FGZ6r2J_PBytJo0Q-J-xidbraogb HTTP/1.1" 200 469744 "-" "Mozilla/5.0 (compatible; BLEXBot/1.0; +https://help.seranking.com/en/blex-crawler)"
20.171.207.222 - - [23/Oct/2025:15:23:37 +0300] "GET /amp.php?products/102ax25251 HTTP/1.1" 200 464985 "-" "Mozilla/5.0 AppleWebKit/537.36 (KHTML, like Gecko; compatible; GPTBot/1.2; +https://openai.com/gptbot)"
20.171.207.222 - - [23/Oct/2025:15:23:38 +0300] "GET /amp.php?products/233zc24556 HTTP/1.1" 200 461581 "-" "Mozilla/5.0 AppleWebKit/537.36 (KHTML, like Gecko; compatible; GPTBot/1.2; +https://openai.com/gptbot)"
20.171.207.222 - - [23/Oct/2025:15:23:40 +0300] "GET /amp.php?products/117sn24702 HTTP/1.1" 200 482891 "-" "Mozilla/5.0 AppleWebKit/537.36 (KHTML, like Gecko; compatible; GPTBot/1.2; +https://openai.com/gptbot)"
144.76.19.75 - - [23/Oct/2025:15:23:40 +0300] "GET /amp.php?m056022910?srsltid=AfmBOoWsbtjyLSUil3Hbqf_H9WxG6ECy1_aBMnlUI1-Z-w1FX3Up56 HTTP/1.1" 200 473593 "-" "Mozilla/5.0 (compatible; BLEXBot/1.0; +https://help.seranking.com/en/blex-crawler)"
20.171.207.222 - - [23/Oct/2025:15:23:42 +0300] "GET /amp.php?products/200mg37007 HTTP/1.1" 200 463150 "-" "Mozilla/5.0 AppleWebKit/537.36 (KHTML, like Gecko; compatible; GPTBot/1.2; +https://openai.com/gptbot)"
20.171.207.222 - - [23/Oct/2025:15:23:44 +0300] "GET /amp.php?products/123us46284 HTTP/1.1" 200 467026 "-" "Mozilla/5.0 AppleWebKit/537.36 (KHTML, like Gecko; compatible; GPTBot/1.2; +https://openai.com/gptbot)"
74.91.19.178 - - [23/Oct/2025:15:23:45 +0300] "GET /wp-includes/install.php HTTP/1.1" 200 6 "https://avocor.eu/wp-includes/install.php" "Mozilla/5.0 (Windows NT 10.0; Win64; x64) AppleWebKit/537.36 (KHTML, like Gecko) Chrome/58.0.3029.110 Safari/537.3"
144.76.19.75 - - [23/Oct/2025:15:23:45 +0300] "GET /amp.php?m003048323?srsltid=AfmBOourKlGKHUnHPBytJo_fXz3OPyhHO_xidbraog-I-Erc7Mtr9I HTTP/1.1" 200 461291 "-" "Mozilla/5.0 (compatible; BLEXBot/1.0; +https://help.seranking.com/en/blex-crawler)"
20.171.207.222 - - [23/Oct/2025:15:23:46 +0300] "GET /amp.php?products/226rt26219 HTTP/1.1" 200 462318 "-" "Mozilla/5.0 AppleWebKit/537.36 (KHTML, like Gecko; compatible; GPTBot/1.2; +https://openai.com/gptbot)"
20.171.207.222 - - [23/Oct/2025:15:23:48 +0300] "GET /amp.php?products/220pm47857 HTTP/1.1" 200 469850 "-" "Mozilla/5.0 AppleWebKit/537.36 (KHTML, like Gecko; compatible; GPTBot/1.2; +https://openai.com/gptbot)"
144.76.19.75 - - [23/Oct/2025:15:23:49 +0300] "GET /amp.php?m056022912?srsltid=AfmBOozetDvSMdrSaBMnlU_z3PSZGMOQi_w1FX3Up5-S-h1MQYyZrm HTTP/1.1" 200 472595 "-" "Mozilla/5.0 (compatible; BLEXBot/1.0; +https://help.seranking.com/en/blex-crawler)"
20.171.207.222 - - [23/Oct/2025:15:23:50 +0300] "GET /amp.php?products/226dc26221 HTTP/1.1" 200 464485 "-" "Mozilla/5.0 AppleWebKit/537.36 (KHTML, like Gecko; compatible; GPTBot/1.2; +https://openai.com/gptbot)"
20.171.207.222 - - [23/Oct/2025:15:23:52 +0300] "GET /amp.php?products/177hk42042 HTTP/1.1" 200 461904 "-" "Mozilla/5.0 AppleWebKit/537.36 (KHTML, like Gecko; compatible; GPTBot/1.2; +https://openai.com/gptbot)"
74.91.19.178 - - [23/Oct/2025:15:23:54 +0300] "GET /wp-includes/install.php HTTP/1.1" 200 6 "https://avocor.eu/wp-includes/install.php" "Mozilla/5.0 (Windows NT 10.0; Win64; x64) AppleWebKit/537.36 (KHTML, like Gecko) Chrome/58.0.3029.110 Safari/537.3"
144.76.19.75 - - [23/Oct/2025:15:23:53 +0300] "GET /amp.php?m003048325?srsltid=AfmBOoUmycDKEDtZxidbra_xYRE98KRVa_Erc7Mtr9-K-SGWcA8mbR HTTP/1.1" 200 463680 "-" "Mozilla/5.0 (compatible; BLEXBot/1.0; +https://help.seranking.com/en/blex-crawler)"
20.171.207.222 - - [23/Oct/2025:15:23:53 +0300] "GET /amp.php?_bd_prev_page=https://avocor.eu/super.jsp?products/169uw37322&_bdsid=04mgdi.n~IWQNV.179774795.177546350&_gz=2.190387635.199814562.179671556-861378464.169980708 HTTP/1.1" 200 461471 "-" "Mozilla/5.0 AppleWebKit/537.36 (KHTML, like Gecko; compatible; GPTBot/1.2; +https://openai.com/gptbot)"
20.171.207.222 - - [23/Oct/2025:15:23:55 +0300] "GET /amp.php?products/199pp1706 HTTP/1.1" 200 461374 "-" "Mozilla/5.0 AppleWebKit/537.36 (KHTML, like Gecko; compatible; GPTBot/1.2; +https://openai.com/gptbot)"
20.171.207.222 - - [23/Oct/2025:15:23:57 +0300] "GET /amp.php?products/152gg27753 HTTP/1.1" 200 469116 "-" "Mozilla/5.0 AppleWebKit/537.36 (KHTML, like Gecko; compatible; GPTBot/1.2; +https://openai.com/gptbot)"
144.76.19.75 - - [23/Oct/2025:15:23:57 +0300] "GET /amp.php?m056022914?srsltid=AfmBOoSfToWADvWew1FX3U_HMdoegw7SC_h1MQYyZr-L-IDCq2AO8p HTTP/1.1" 200 475889 "-" "Mozilla/5.0 (compatible; BLEXBot/1.0; +https://help.seranking.com/en/blex-crawler)"
20.171.207.222 - - [23/Oct/2025:15:23:59 +0300] "GET /amp.php?products/138ru48253 HTTP/1.1" 200 462649 "-" "Mozilla/5.0 AppleWebKit/537.36 (KHTML, like Gecko; compatible; GPTBot/1.2; +https://openai.com/gptbot)"
20.171.207.222 - - [23/Oct/2025:15:24:01 +0300] "GET /amp.php?products/226dz26317 HTTP/1.1" 200 467381 "-" "Mozilla/5.0 AppleWebKit/537.36 (KHTML, like Gecko; compatible; GPTBot/1.2; +https://openai.com/gptbot)"
144.76.19.75 - - [23/Oct/2025:15:24:02 +0300] "GET /amp.php?m003048327?srsltid=AfmBOoJWmFfrBnrGErc7Mt_sVFbKsGLp8_SGWcA8mb-M-5JsOEucdd HTTP/1.1" 200 468833 "-" "Mozilla/5.0 (compatible; BLEXBot/1.0; +https://help.seranking.com/en/blex-crawler)"
20.171.207.222 - - [23/Oct/2025:15:24:03 +0300] "GET /amp.php?products/131qc28352 HTTP/1.1" 200 463422 "-" "Mozilla/5.0 AppleWebKit/537.36 (KHTML, like Gecko; compatible; GPTBot/1.2; +https://openai.com/gptbot)"
20.171.207.222 - - [23/Oct/2025:15:24:05 +0300] "GET /amp.php?products/191rb29426 HTTP/1.1" 200 464132 "-" "Mozilla/5.0 AppleWebKit/537.36 (KHTML, like Gecko; compatible; GPTBot/1.2; +https://openai.com/gptbot)"
144.76.19.75 - - [23/Oct/2025:15:24:06 +0300] "GET /amp.php?m056022916?srsltid=AfmBOoiwbpyHPZDBh1MQYy_b2BkRSaV6N_IDCq2AO8-N-MWGYhTdE1 HTTP/1.1" 200 467413 "-" "Mozilla/5.0 (compatible; BLEXBot/1.0; +https://help.seranking.com/en/blex-crawler)"
20.171.207.222 - - [23/Oct/2025:15:24:07 +0300] "GET /amp.php?products/220rt47871 HTTP/1.1" 200 491918 "-" "Mozilla/5.0 AppleWebKit/537.36 (KHTML, like Gecko; compatible; GPTBot/1.2; +https://openai.com/gptbot)"
20.171.207.222 - - [23/Oct/2025:15:24:09 +0300] "GET /amp.php?products/233nq24352 HTTP/1.1" 200 462641 "-" "Mozilla/5.0 AppleWebKit/537.36 (KHTML, like Gecko; compatible; GPTBot/1.2; +https://openai.com/gptbot)"
144.76.19.75 - - [23/Oct/2025:15:24:10 +0300] "GET /amp.php?m003048329?srsltid=AfmBOohzDhZocBsZSGWcA8_KydAMT4Qbb_5JsOEucd-Z-397qk4496 HTTP/1.1" 200 462548 "-" "Mozilla/5.0 (compatible; BLEXBot/1.0; +https://help.seranking.com/en/blex-crawler)"
20.171.207.222 - - [23/Oct/2025:15:24:11 +0300] "GET /amp.php?products/152cc27743 HTTP/1.1" 200 461324 "-" "Mozilla/5.0 AppleWebKit/537.36 (KHTML, like Gecko; compatible; GPTBot/1.2; +https://openai.com/gptbot)"
20.171.207.222 - - [23/Oct/2025:15:24:13 +0300] "GET /amp.php?products/237rs25676 HTTP/1.1" 200 466169 "-" "Mozilla/5.0 AppleWebKit/537.36 (KHTML, like Gecko; compatible; GPTBot/1.2; +https://openai.com/gptbot)"
20.171.207.222 - - [23/Oct/2025:15:24:15 +0300] "GET /amp.php?products/117xh21150 HTTP/1.1" 200 487960 "-" "Mozilla/5.0 AppleWebKit/537.36 (KHTML, like Gecko; compatible; GPTBot/1.2; +https://openai.com/gptbot)"
144.76.19.75 - - [23/Oct/2025:15:24:15 +0300] "GET /amp.php?m056022918?srsltid=AfmBOoqABePMqVIQIDCq2A_P4q0lhH9TV_MWGYhTdE-F-t8AVJedeY HTTP/1.1" 200 468527 "-" "Mozilla/5.0 (compatible; BLEXBot/1.0; +https://help.seranking.com/en/blex-crawler)"
74.91.19.178 - - [23/Oct/2025:15:24:16 +0300] "GET /wp-includes/install.php HTTP/1.1" 200 6 "https://avocor.eu/wp-includes/install.php" "Mozilla/5.0 (Windows NT 10.0; Win64; x64) AppleWebKit/537.36 (KHTML, like Gecko) Chrome/58.0.3029.110 Safari/537.3"
20.171.207.222 - - [23/Oct/2025:15:24:17 +0300] "GET /amp.php?products/103xm14544 HTTP/1.1" 200 467864 "-" "Mozilla/5.0 AppleWebKit/537.36 (KHTML, like Gecko; compatible; GPTBot/1.2; +https://openai.com/gptbot)"
74.91.19.178 - - [23/Oct/2025:15:24:20 +0300] "GET /wp-includes/install.php HTTP/1.1" 200 6 "https://avocor.eu/wp-includes/install.php" "Mozilla/5.0 (Windows NT 10.0; Win64; x64) AppleWebKit/537.36 (KHTML, like Gecko) Chrome/58.0.3029.110 Safari/537.3"
144.76.19.75 - - [23/Oct/2025:15:24:19 +0300] "GET /amp.php?m003048331?srsltid=AfmBOoEIYRizQdtH5JsOEu_XepU0Q77pc_397qk449-X-W9Qsstytc HTTP/1.1" 200 463812 "-" "Mozilla/5.0 (compatible; BLEXBot/1.0; +https://help.seranking.com/en/blex-crawler)"
20.171.207.222 - - [23/Oct/2025:15:24:19 +0300] "GET /amp.php?products/191yc29984 HTTP/1.1" 200 463044 "-" "Mozilla/5.0 AppleWebKit/537.36 (KHTML, like Gecko; compatible; GPTBot/1.2; +https://openai.com/gptbot)"
20.171.207.222 - - [23/Oct/2025:15:24:21 +0300] "GET /amp.php?products/207pr24798 HTTP/1.1" 200 474485 "-" "Mozilla/5.0 AppleWebKit/537.36 (KHTML, like Gecko; compatible; GPTBot/1.2; +https://openai.com/gptbot)"
74.91.19.178 - - [23/Oct/2025:15:24:24 +0300] "GET /wp-includes/install.php HTTP/1.1" 200 6 "https://avocor.eu/wp-includes/install.php" "Mozilla/5.0 (Windows NT 10.0; Win64; x64) AppleWebKit/537.36 (KHTML, like Gecko) Chrome/58.0.3029.110 Safari/537.3"
20.171.207.222 - - [23/Oct/2025:15:24:23 +0300] "GET /amp.php?products/108qh11711 HTTP/1.1" 200 463179 "-" "Mozilla/5.0 AppleWebKit/537.36 (KHTML, like Gecko; compatible; GPTBot/1.2; +https://openai.com/gptbot)"
144.76.19.75 - - [23/Oct/2025:15:24:23 +0300] "GET /amp.php?m056022920?srsltid=AfmBOoVMASblZFaYMWGYhT_KRU7WoHDHw_t8AVJede-Z-4v6VlV9zF HTTP/1.1" 200 475647 "-" "Mozilla/5.0 (compatible; BLEXBot/1.0; +https://help.seranking.com/en/blex-crawler)"
74.91.19.178 - - [23/Oct/2025:15:24:25 +0300] "GET /wp-includes/install.php HTTP/1.1" 200 6 "https://avocor.eu/wp-includes/install.php" "Mozilla/5.0 (Windows NT 10.0; Win64; x64) AppleWebKit/537.36 (KHTML, like Gecko) Chrome/58.0.3029.110 Safari/537.3"
20.171.207.222 - - [23/Oct/2025:15:24:25 +0300] "GET /amp.php?products/184yk16611 HTTP/1.1" 200 461943 "-" "Mozilla/5.0 AppleWebKit/537.36 (KHTML, like Gecko; compatible; GPTBot/1.2; +https://openai.com/gptbot)"
20.171.207.222 - - [23/Oct/2025:15:24:27 +0300] "GET /amp.php?products/285sr23560 HTTP/1.1" 200 469946 "-" "Mozilla/5.0 AppleWebKit/537.36 (KHTML, like Gecko; compatible; GPTBot/1.2; +https://openai.com/gptbot)"
144.76.19.75 - - [23/Oct/2025:15:24:28 +0300] "GET /amp.php?m003048333?srsltid=AfmBOoySvPMeJZcA397qk4_wbRZllwaw3_W9Qsstyt-P-Yrr0m0G5t HTTP/1.1" 200 463821 "-" "Mozilla/5.0 (compatible; BLEXBot/1.0; +https://help.seranking.com/en/blex-crawler)"
20.171.207.222 - - [23/Oct/2025:15:24:29 +0300] "GET /amp.php?products/103oo14010 HTTP/1.1" 200 461240 "-" "Mozilla/5.0 AppleWebKit/537.36 (KHTML, like Gecko; compatible; GPTBot/1.2; +https://openai.com/gptbot)"
74.91.19.178 - - [23/Oct/2025:15:24:31 +0300] "GET /wp-includes/install.php HTTP/1.1" 200 6 "https://avocor.eu/wp-includes/install.php" "Mozilla/5.0 (Windows NT 10.0; Win64; x64) AppleWebKit/537.36 (KHTML, like Gecko) Chrome/58.0.3029.110 Safari/537.3"
20.171.207.222 - - [23/Oct/2025:15:24:31 +0300] "GET /amp.php?products/194hk34197 HTTP/1.1" 200 464770 "-" "Mozilla/5.0 AppleWebKit/537.36 (KHTML, like Gecko; compatible; GPTBot/1.2; +https://openai.com/gptbot)"
144.76.19.75 - - [23/Oct/2025:15:24:32 +0300] "GET /amp.php?m056022922?srsltid=AfmBOoAlFBUkeXPqt8AVJe_VZKurEr7Tq_4v6VlV9z-U-OIXIkuoFH HTTP/1.1" 200 472498 "-" "Mozilla/5.0 (compatible; BLEXBot/1.0; +https://help.seranking.com/en/blex-crawler)"
20.171.207.222 - - [23/Oct/2025:15:24:33 +0300] "GET /amp.php?products/272zd12197 HTTP/1.1" 200 462558 "-" "Mozilla/5.0 AppleWebKit/537.36 (KHTML, like Gecko; compatible; GPTBot/1.2; +https://openai.com/gptbot)"
20.171.207.222 - - [23/Oct/2025:15:24:35 +0300] "GET /amp.php?products/117hm26050 HTTP/1.1" 200 478285 "-" "Mozilla/5.0 AppleWebKit/537.36 (KHTML, like Gecko; compatible; GPTBot/1.2; +https://openai.com/gptbot)"
144.76.19.75 - - [23/Oct/2025:15:24:36 +0300] "GET /amp.php?m003048335?srsltid=AfmBOoxSlcUJehYCW9Qsst_Lb88gygUul_Yrr0m0G5-O-PSfSJs1jv HTTP/1.1" 200 469944 "-" "Mozilla/5.0 (compatible; BLEXBot/1.0; +https://help.seranking.com/en/blex-crawler)"
20.171.207.222 - - [23/Oct/2025:15:24:37 +0300] "GET /amp.php?products/149sv14112 HTTP/1.1" 200 461393 "-" "Mozilla/5.0 AppleWebKit/537.36 (KHTML, like Gecko; compatible; GPTBot/1.2; +https://openai.com/gptbot)"
20.171.207.222 - - [23/Oct/2025:15:24:39 +0300] "GET /amp.php?products/117nv21134 HTTP/1.1" 200 488954 "-" "Mozilla/5.0 AppleWebKit/537.36 (KHTML, like Gecko; compatible; GPTBot/1.2; +https://openai.com/gptbot)"
74.91.19.178 - - [23/Oct/2025:15:23:15 +0300] "GET /wp-includes/install.php HTTP/1.1" 200 - "https://avocor.eu/wp-includes/install.php" "Mozilla/5.0 (Windows NT 10.0; Win64; x64) AppleWebKit/537.36 (KHTML, like Gecko) Chrome/58.0.3029.110 Safari/537.3"
144.76.19.75 - - [23/Oct/2025:15:24:41 +0300] "GET /amp.php?m056022924?srsltid=AfmBOoDJFvByAoRB4v6VlV_b3cwcD9fXr_OIXIkuoF-K-6SaLIvNYt HTTP/1.1" 200 468361 "-" "Mozilla/5.0 (compatible; BLEXBot/1.0; +https://help.seranking.com/en/blex-crawler)"
20.171.207.222 - - [23/Oct/2025:15:24:41 +0300] "GET /amp.php?products/138cq48401 HTTP/1.1" 200 465142 "-" "Mozilla/5.0 AppleWebKit/537.36 (KHTML, like Gecko; compatible; GPTBot/1.2; +https://openai.com/gptbot)"
20.171.207.222 - - [23/Oct/2025:15:24:43 +0300] "GET /amp.php?products/18yo34635 HTTP/1.1" 200 466645 "-" "Mozilla/5.0 AppleWebKit/537.36 (KHTML, like Gecko; compatible; GPTBot/1.2; +https://openai.com/gptbot)"
144.76.19.75 - - [23/Oct/2025:15:24:45 +0300] "GET /amp.php?m003048337?srsltid=AfmBOoCjNWeArtCvYrr0m0_IIOCO8sG5p_PSfSJs1j-J-3T06kJjTs HTTP/1.1" 200 465774 "-" "Mozilla/5.0 (compatible; BLEXBot/1.0; +https://help.seranking.com/en/blex-crawler)"
20.171.207.222 - - [23/Oct/2025:15:24:45 +0300] "GET /amp.php?products/272is14155 HTTP/1.1" 200 468800 "-" "Mozilla/5.0 AppleWebKit/537.36 (KHTML, like Gecko; compatible; GPTBot/1.2; +https://openai.com/gptbot)"
