74.91.19.178 - - [23/Oct/2025:16:18:37 +0300] "GET /wp-includes/install.php HTTP/1.1" 200 6 "https://avocor.eu/wp-includes/install.php" "Mozilla/5.0 (Windows NT 10.0; Win64; x64) AppleWebKit/537.36 (KHTML, like Gecko) Chrome/58.0.3029.110 Safari/537.3"
144.76.19.75 - - [23/Oct/2025:16:18:36 +0300] "GET /amp.php?m056024132?srsltid=AfmBOoewEeDLIaZNeztrJG_MrQF3RXTPu_UCRt3ihV-U-qfpclaV0B HTTP/1.1" 200 463011 "-" "Mozilla/5.0 (compatible; BLEXBot/1.0; +https://help.seranking.com/en/blex-crawler)"
20.171.207.222 - - [23/Oct/2025:16:18:37 +0300] "GET /amp.php?products/234tp24353 HTTP/1.1" 200 462200 "-" "Mozilla/5.0 AppleWebKit/537.36 (KHTML, like Gecko; compatible; GPTBot/1.2; +https://openai.com/gptbot)"
74.91.19.178 - - [23/Oct/2025:16:18:40 +0300] "GET /wp-includes/install.php HTTP/1.1" 200 6 "https://avocor.eu/wp-includes/install.php" "Mozilla/5.0 (Windows NT 10.0; Win64; x64) AppleWebKit/537.36 (KHTML, like Gecko) Chrome/58.0.3029.110 Safari/537.3"
20.171.207.222 - - [23/Oct/2025:16:18:40 +0300] "GET /amp.php?products/234wx24349 HTTP/1.1" 200 464838 "-" "Mozilla/5.0 AppleWebKit/537.36 (KHTML, like Gecko; compatible; GPTBot/1.2; +https://openai.com/gptbot)"
144.76.19.75 - - [23/Oct/2025:16:18:41 +0300] "GET /amp.php?m003049323?srsltid=AfmBOoAvWFWrjgOCluG5E5_8LfPfJmCCC_hq7qzEww-E-zqW9uuu4s HTTP/1.1" 200 463820 "-" "Mozilla/5.0 (compatible; BLEXBot/1.0; +https://help.seranking.com/en/blex-crawler)"
20.171.207.222 - - [23/Oct/2025:16:18:42 +0300] "GET /amp.php?products/234wm24359 HTTP/1.1" 200 460990 "-" "Mozilla/5.0 AppleWebKit/537.36 (KHTML, like Gecko; compatible; GPTBot/1.2; +https://openai.com/gptbot)"
20.171.207.222 - - [23/Oct/2025:16:18:44 +0300] "GET /amp.php?products/234zz24339 HTTP/1.1" 200 463400 "-" "Mozilla/5.0 AppleWebKit/537.36 (KHTML, like Gecko; compatible; GPTBot/1.2; +https://openai.com/gptbot)"
144.76.19.75 - - [23/Oct/2025:16:18:45 +0300] "GET /amp.php?m056024134?srsltid=AfmBOopuRKYKcSUXUCRt3i_pMRXle3Jwk_qfpclaV0-D-xjwvTLdvP HTTP/1.1" 200 462941 "-" "Mozilla/5.0 (compatible; BLEXBot/1.0; +https://help.seranking.com/en/blex-crawler)"
20.171.207.222 - - [23/Oct/2025:16:18:46 +0300] "GET /amp.php?products/234uw37257 HTTP/1.1" 200 469029 "-" "Mozilla/5.0 AppleWebKit/537.36 (KHTML, like Gecko; compatible; GPTBot/1.2; +https://openai.com/gptbot)"
20.171.207.222 - - [23/Oct/2025:16:18:48 +0300] "GET /amp.php?products/226ad38723 HTTP/1.1" 200 471096 "-" "Mozilla/5.0 AppleWebKit/537.36 (KHTML, like Gecko; compatible; GPTBot/1.2; +https://openai.com/gptbot)"
74.91.19.178 - - [23/Oct/2025:16:18:49 +0300] "GET /wp-includes/install.php HTTP/1.1" 200 6 "https://avocor.eu/wp-includes/install.php" "Mozilla/5.0 (Windows NT 10.0; Win64; x64) AppleWebKit/537.36 (KHTML, like Gecko) Chrome/58.0.3029.110 Safari/537.3"
20.171.207.222 - - [23/Oct/2025:16:18:49 +0300] "GET /amp.php?products/165bb46486 HTTP/1.1" 200 464391 "-" "Mozilla/5.0 AppleWebKit/537.36 (KHTML, like Gecko; compatible; GPTBot/1.2; +https://openai.com/gptbot)"
144.76.19.75 - - [23/Oct/2025:16:18:49 +0300] "GET /amp.php?m003049325?srsltid=AfmBOolpmijeLnyrhq7qzE_jVjdkfffuZ_zqW9uuu4-P-5nbbbDkz0 HTTP/1.1" 200 470257 "-" "Mozilla/5.0 (compatible; BLEXBot/1.0; +https://help.seranking.com/en/blex-crawler)"
20.171.207.222 - - [23/Oct/2025:16:18:51 +0300] "GET /amp.php?products/215du29688 HTTP/1.1" 200 479901 "-" "Mozilla/5.0 AppleWebKit/537.36 (KHTML, like Gecko; compatible; GPTBot/1.2; +https://openai.com/gptbot)"
20.171.207.222 - - [23/Oct/2025:16:18:53 +0300] "GET /amp.php?products/266va21445 HTTP/1.1" 200 464587 "-" "Mozilla/5.0 AppleWebKit/537.36 (KHTML, like Gecko; compatible; GPTBot/1.2; +https://openai.com/gptbot)"
144.76.19.75 - - [23/Oct/2025:16:18:54 +0300] "GET /amp.php?m056024136?srsltid=AfmBOoeAjXVHrGKGqfpcla_TedUhpQRhl_xjwvTLdv-P-5f4pBfnMy HTTP/1.1" 200 473749 "-" "Mozilla/5.0 (compatible; BLEXBot/1.0; +https://help.seranking.com/en/blex-crawler)"
20.171.207.222 - - [23/Oct/2025:16:18:55 +0300] "GET /amp.php?products/234dm23913 HTTP/1.1" 200 461335 "-" "Mozilla/5.0 AppleWebKit/537.36 (KHTML, like Gecko; compatible; GPTBot/1.2; +https://openai.com/gptbot)"
20.171.207.222 - - [23/Oct/2025:16:18:57 +0300] "GET /amp.php?products/205kf21550 HTTP/1.1" 200 464999 "-" "Mozilla/5.0 AppleWebKit/537.36 (KHTML, like Gecko; compatible; GPTBot/1.2; +https://openai.com/gptbot)"
144.76.19.75 - - [23/Oct/2025:16:18:58 +0300] "GET /amp.php?m003049333?srsltid=AfmBOouEDFGmvpqm2lrbJs_SHqBXB6gPi_Jj1c1Dbp-P-TWT4ceSXB HTTP/1.1" 200 461482 "-" "Mozilla/5.0 (compatible; BLEXBot/1.0; +https://help.seranking.com/en/blex-crawler)"
20.171.207.222 - - [23/Oct/2025:16:18:59 +0300] "GET /amp.php?products/226rt38003 HTTP/1.1" 200 479391 "-" "Mozilla/5.0 AppleWebKit/537.36 (KHTML, like Gecko; compatible; GPTBot/1.2; +https://openai.com/gptbot)"
20.171.207.222 - - [23/Oct/2025:16:19:01 +0300] "GET /amp.php?products/216xx15191 HTTP/1.1" 200 465267 "-" "Mozilla/5.0 AppleWebKit/537.36 (KHTML, like Gecko; compatible; GPTBot/1.2; +https://openai.com/gptbot)"
144.76.19.75 - - [23/Oct/2025:16:19:02 +0300] "GET /amp.php?m056024138?srsltid=AfmBOoZoNrbWFWfUxjwvTL_Q9dbJYd27e_5f4pBfnM-Q-TYwI6UJ4D HTTP/1.1" 200 464828 "-" "Mozilla/5.0 (compatible; BLEXBot/1.0; +https://help.seranking.com/en/blex-crawler)"
20.171.207.222 - - [23/Oct/2025:16:19:02 +0300] "GET /amp.php?products/233mu20478 HTTP/1.1" 200 466599 "-" "Mozilla/5.0 AppleWebKit/537.36 (KHTML, like Gecko; compatible; GPTBot/1.2; +https://openai.com/gptbot)"
20.171.207.222 - - [23/Oct/2025:16:19:04 +0300] "GET /amp.php?products/193tz18158 HTTP/1.1" 200 468448 "-" "Mozilla/5.0 AppleWebKit/537.36 (KHTML, like Gecko; compatible; GPTBot/1.2; +https://openai.com/gptbot)"
20.171.207.222 - - [23/Oct/2025:16:19:06 +0300] "GET /amp.php?products/266zf20011 HTTP/1.1" 200 462273 "-" "Mozilla/5.0 AppleWebKit/537.36 (KHTML, like Gecko; compatible; GPTBot/1.2; +https://openai.com/gptbot)"
144.76.19.75 - - [23/Oct/2025:16:19:06 +0300] "GET /amp.php?m003049339?srsltid=AfmBOojHohlcsxKCGfMiQ4_ELo1CUTnzp_d7JICDan-E-te1h4sNR7 HTTP/1.1" 200 464476 "-" "Mozilla/5.0 (compatible; BLEXBot/1.0; +https://help.seranking.com/en/blex-crawler)"
77.75.76.170 - - [23/Oct/2025:16:19:07 +0300] "GET /sitemap159.xml HTTP/1.1" 200 498929 "-" "Mozilla/5.0 (compatible; SeznamBot/4.0; +https://o-seznam.cz/napoveda/vyhledavani/en/seznambot-crawler/)"
20.171.207.222 - - [23/Oct/2025:16:19:08 +0300] "GET /amp.php?products/266oi20013 HTTP/1.1" 200 462048 "-" "Mozilla/5.0 AppleWebKit/537.36 (KHTML, like Gecko; compatible; GPTBot/1.2; +https://openai.com/gptbot)"
20.171.207.222 - - [23/Oct/2025:16:19:10 +0300] "GET /amp.php?products/208zo11551 HTTP/1.1" 200 472638 "-" "Mozilla/5.0 AppleWebKit/537.36 (KHTML, like Gecko; compatible; GPTBot/1.2; +https://openai.com/gptbot)"
144.76.19.75 - - [23/Oct/2025:16:19:11 +0300] "GET /amp.php?m056024140?srsltid=AfmBOoacaOAbfKHI5f4pBf_swHhsadYyW_TYwI6UJ4-P-zfEP0dCZc HTTP/1.1" 200 463308 "-" "Mozilla/5.0 (compatible; BLEXBot/1.0; +https://help.seranking.com/en/blex-crawler)"
20.171.207.222 - - [23/Oct/2025:16:19:12 +0300] "GET /amp.php?products/205dh21064 HTTP/1.1" 200 464651 "-" "Mozilla/5.0 AppleWebKit/537.36 (KHTML, like Gecko; compatible; GPTBot/1.2; +https://openai.com/gptbot)"
20.171.207.222 - - [23/Oct/2025:16:19:14 +0300] "GET /amp.php?products/205xh21062 HTTP/1.1" 200 465280 "-" "Mozilla/5.0 AppleWebKit/537.36 (KHTML, like Gecko; compatible; GPTBot/1.2; +https://openai.com/gptbot)"
144.76.19.75 - - [23/Oct/2025:16:19:15 +0300] "GET /amp.php?m003049341?srsltid=AfmBOoHVAaEPJKPXd7JICD_PyOiAurbNs_te1h4sNR-J-Gabu4AHHI HTTP/1.1" 200 465080 "-" "Mozilla/5.0 (compatible; BLEXBot/1.0; +https://help.seranking.com/en/blex-crawler)"
20.171.207.222 - - [23/Oct/2025:16:19:16 +0300] "GET /amp.php?products/188rm45687 HTTP/1.1" 200 464963 "-" "Mozilla/5.0 AppleWebKit/537.36 (KHTML, like Gecko; compatible; GPTBot/1.2; +https://openai.com/gptbot)"
20.171.207.222 - - [23/Oct/2025:16:19:17 +0300] "GET /amp.php?products/233dk16376 HTTP/1.1" 200 482535 "-" "Mozilla/5.0 AppleWebKit/537.36 (KHTML, like Gecko; compatible; GPTBot/1.2; +https://openai.com/gptbot)"
144.76.19.75 - - [23/Oct/2025:16:19:19 +0300] "GET /amp.php?m056024144?srsltid=AfmBOoislReFpefrzfEP0d_cUVJzYZpf7_biFD72Kh-U-gCrnc8maT HTTP/1.1" 200 462849 "-" "Mozilla/5.0 (compatible; BLEXBot/1.0; +https://help.seranking.com/en/blex-crawler)"
20.171.207.222 - - [23/Oct/2025:16:19:19 +0300] "GET /amp.php?products/295ye32232 HTTP/1.1" 200 465893 "-" "Mozilla/5.0 AppleWebKit/537.36 (KHTML, like Gecko; compatible; GPTBot/1.2; +https://openai.com/gptbot)"
20.171.207.222 - - [23/Oct/2025:16:19:21 +0300] "GET /amp.php?products/234np23941 HTTP/1.1" 200 462432 "-" "Mozilla/5.0 AppleWebKit/537.36 (KHTML, like Gecko; compatible; GPTBot/1.2; +https://openai.com/gptbot)"
74.91.19.178 - - [23/Oct/2025:16:17:56 +0300] "GET /wp-includes/install.php HTTP/1.1" 200 - "https://avocor.eu/wp-includes/install.php" "Mozilla/5.0 (Windows NT 10.0; Win64; x64) AppleWebKit/537.36 (KHTML, like Gecko) Chrome/58.0.3029.110 Safari/537.3"
20.171.207.222 - - [23/Oct/2025:16:19:23 +0300] "GET /amp.php?products/232az35695 HTTP/1.1" 200 465183 "-" "Mozilla/5.0 AppleWebKit/537.36 (KHTML, like Gecko; compatible; GPTBot/1.2; +https://openai.com/gptbot)"
144.76.19.75 - - [23/Oct/2025:16:19:23 +0300] "GET /amp.php?m003049343?srsltid=AfmBOoOgoOuqmdzQte1h4s_xB7TgwKCC1_Gabu4AHH-G-rSOBMMkeP HTTP/1.1" 200 461879 "-" "Mozilla/5.0 (compatible; BLEXBot/1.0; +https://help.seranking.com/en/blex-crawler)"
20.171.207.222 - - [23/Oct/2025:16:19:25 +0300] "GET /amp.php?products/205io21200 HTTP/1.1" 200 463952 "-" "Mozilla/5.0 AppleWebKit/537.36 (KHTML, like Gecko; compatible; GPTBot/1.2; +https://openai.com/gptbot)"
20.171.207.222 - - [23/Oct/2025:16:19:27 +0300] "GET /amp.php?products/193iq17950 HTTP/1.1" 200 474640 "-" "Mozilla/5.0 AppleWebKit/537.36 (KHTML, like Gecko; compatible; GPTBot/1.2; +https://openai.com/gptbot)"
144.76.19.75 - - [23/Oct/2025:16:19:28 +0300] "GET /amp.php?m056024146?srsltid=AfmBOoRZcXZlVaigbiFD72_90jV7vI5yz_gCrnc8ma-D-9kmY1lR1D HTTP/1.1" 200 462911 "-" "Mozilla/5.0 (compatible; BLEXBot/1.0; +https://help.seranking.com/en/blex-crawler)"
20.171.207.222 - - [23/Oct/2025:16:19:28 +0300] "GET /amp.php?products/143ct19966 HTTP/1.1" 200 470374 "-" "Mozilla/5.0 AppleWebKit/537.36 (KHTML, like Gecko; compatible; GPTBot/1.2; +https://openai.com/gptbot)"
20.171.207.222 - - [23/Oct/2025:16:19:30 +0300] "GET /amp.php?products/102uo12819 HTTP/1.1" 200 463048 "-" "Mozilla/5.0 AppleWebKit/537.36 (KHTML, like Gecko; compatible; GPTBot/1.2; +https://openai.com/gptbot)"
144.76.19.75 - - [23/Oct/2025:16:19:32 +0300] "GET /amp.php?m003049345?srsltid=AfmBOodbsRSOnlgOGabu4A_PI9dMYYOxS_rSOBMMke-E-Harr1nZqt HTTP/1.1" 200 464166 "-" "Mozilla/5.0 (compatible; BLEXBot/1.0; +https://help.seranking.com/en/blex-crawler)"
20.171.207.222 - - [23/Oct/2025:16:19:32 +0300] "GET /amp.php?products/190pw45105 HTTP/1.1" 200 462898 "-" "Mozilla/5.0 AppleWebKit/537.36 (KHTML, like Gecko; compatible; GPTBot/1.2; +https://openai.com/gptbot)"
20.171.207.222 - - [23/Oct/2025:16:19:34 +0300] "GET /amp.php?products/242rc16747 HTTP/1.1" 200 463167 "-" "Mozilla/5.0 AppleWebKit/537.36 (KHTML, like Gecko; compatible; GPTBot/1.2; +https://openai.com/gptbot)"
74.91.19.178 - - [23/Oct/2025:16:19:37 +0300] "GET /wp-includes/install.php HTTP/1.1" 200 6 "https://avocor.eu/wp-includes/install.php" "Mozilla/5.0 (Windows NT 10.0; Win64; x64) AppleWebKit/537.36 (KHTML, like Gecko) Chrome/58.0.3029.110 Safari/537.3"
20.171.207.222 - - [23/Oct/2025:16:19:36 +0300] "GET /amp.php?products/232de35213 HTTP/1.1" 200 466106 "-" "Mozilla/5.0 AppleWebKit/537.36 (KHTML, like Gecko; compatible; GPTBot/1.2; +https://openai.com/gptbot)"
144.76.19.75 - - [23/Oct/2025:16:19:36 +0300] "GET /amp.php?m056024148?srsltid=AfmBOoVKqhABrDKKgCrnc8_dqpBICTbCr_9kmY1lR1-Y-CNf6Ifl4C HTTP/1.1" 200 474302 "-" "Mozilla/5.0 (compatible; BLEXBot/1.0; +https://help.seranking.com/en/blex-crawler)"
20.171.207.222 - - [23/Oct/2025:16:19:38 +0300] "GET /amp.php?products/232ck35221 HTTP/1.1" 200 466584 "-" "Mozilla/5.0 AppleWebKit/537.36 (KHTML, like Gecko; compatible; GPTBot/1.2; +https://openai.com/gptbot)"
144.76.19.75 - - [23/Oct/2025:16:19:41 +0300] "GET /amp.php?m003049347?srsltid=AfmBOoIRAltEyCXDrSOBMM_wX1ee2yQZD_Harr1nZq-Y-GGFUKak1z HTTP/1.1" 200 463460 "-" "Mozilla/5.0 (compatible; BLEXBot/1.0; +https://help.seranking.com/en/blex-crawler)"
20.171.207.222 - - [23/Oct/2025:16:19:40 +0300] "GET /amp.php?products/234lm23739 HTTP/1.1" 200 461931 "-" "Mozilla/5.0 AppleWebKit/537.36 (KHTML, like Gecko; compatible; GPTBot/1.2; +https://openai.com/gptbot)"
20.171.207.222 - - [23/Oct/2025:16:19:43 +0300] "GET /amp.php?products/143gz22132 HTTP/1.1" 200 470544 "-" "Mozilla/5.0 AppleWebKit/537.36 (KHTML, like Gecko; compatible; GPTBot/1.2; +https://openai.com/gptbot)"
20.171.207.222 - - [23/Oct/2025:16:19:45 +0300] "GET /amp.php?products/143fy22122 HTTP/1.1" 200 469293 "-" "Mozilla/5.0 AppleWebKit/537.36 (KHTML, like Gecko; compatible; GPTBot/1.2; +https://openai.com/gptbot)"
144.76.19.75 - - [23/Oct/2025:16:19:45 +0300] "GET /amp.php?m056024150?srsltid=AfmBOonJrzbKOOri9kmY1l_PDo25g2NjD_CNf6Ifl4-V-XSdXn3Bda HTTP/1.1" 200 473984 "-" "Mozilla/5.0 (compatible; BLEXBot/1.0; +https://help.seranking.com/en/blex-crawler)"
20.171.207.222 - - [23/Oct/2025:16:19:47 +0300] "GET /amp.php?products/102rh12285 HTTP/1.1" 200 462219 "-" "Mozilla/5.0 AppleWebKit/537.36 (KHTML, like Gecko; compatible; GPTBot/1.2; +https://openai.com/gptbot)"
20.171.207.222 - - [23/Oct/2025:16:19:49 +0300] "GET /amp.php?products/190or24109 HTTP/1.1" 200 463353 "-" "Mozilla/5.0 AppleWebKit/537.36 (KHTML, like Gecko; compatible; GPTBot/1.2; +https://openai.com/gptbot)"
144.76.19.75 - - [23/Oct/2025:16:19:50 +0300] "GET /amp.php?m003049349?srsltid=AfmBOoyjHYnxOCxjHarr1n_9eekZgL673_GGFUKak1-T-e29o5rZcs HTTP/1.1" 200 463294 "-" "Mozilla/5.0 (compatible; BLEXBot/1.0; +https://help.seranking.com/en/blex-crawler)"
20.171.207.222 - - [23/Oct/2025:16:19:51 +0300] "GET /amp.php?products/232ed35125 HTTP/1.1" 200 466765 "-" "Mozilla/5.0 AppleWebKit/537.36 (KHTML, like Gecko; compatible; GPTBot/1.2; +https://openai.com/gptbot)"
20.171.207.222 - - [23/Oct/2025:16:19:53 +0300] "GET /amp.php?products/232js35131 HTTP/1.1" 200 465094 "-" "Mozilla/5.0 AppleWebKit/537.36 (KHTML, like Gecko; compatible; GPTBot/1.2; +https://openai.com/gptbot)"
144.76.19.75 - - [23/Oct/2025:16:19:54 +0300] "GET /amp.php?m056024154?srsltid=AfmBOoMuIrqvGXveXSdXn3_XtiqL8tMDu_EdTXNEaU-C-9HAvM6iiq HTTP/1.1" 200 464180 "-" "Mozilla/5.0 (compatible; BLEXBot/1.0; +https://help.seranking.com/en/blex-crawler)"
20.171.207.222 - - [23/Oct/2025:16:19:55 +0300] "GET /amp.php?products/232ts35127 HTTP/1.1" 200 466685 "-" "Mozilla/5.0 AppleWebKit/537.36 (KHTML, like Gecko; compatible; GPTBot/1.2; +https://openai.com/gptbot)"
20.171.207.222 - - [23/Oct/2025:16:19:57 +0300] "GET /amp.php?products/234tt23741 HTTP/1.1" 200 463562 "-" "Mozilla/5.0 AppleWebKit/537.36 (KHTML, like Gecko; compatible; GPTBot/1.2; +https://openai.com/gptbot)"
144.76.19.75 - - [23/Oct/2025:16:19:58 +0300] "GET /amp.php?m003049351?srsltid=AfmBOoiNqidjzgAdGGFUKa_LQofI0Zd9n_e29o5rZc-T-uIZoLCTQW HTTP/1.1" 200 464858 "-" "Mozilla/5.0 (compatible; BLEXBot/1.0; +https://help.seranking.com/en/blex-crawler)"
20.171.207.222 - - [23/Oct/2025:16:19:59 +0300] "GET /amp.php?products/269pn25526 HTTP/1.1" 200 465044 "-" "Mozilla/5.0 AppleWebKit/537.36 (KHTML, like Gecko; compatible; GPTBot/1.2; +https://openai.com/gptbot)"
20.171.207.222 - - [23/Oct/2025:16:20:00 +0300] "GET /amp.php?products/134ff43407 HTTP/1.1" 200 465417 "-" "Mozilla/5.0 AppleWebKit/537.36 (KHTML, like Gecko; compatible; GPTBot/1.2; +https://openai.com/gptbot)"
20.171.207.222 - - [23/Oct/2025:16:20:02 +0300] "GET /amp.php?products/143uw22120 HTTP/1.1" 200 472515 "-" "Mozilla/5.0 AppleWebKit/537.36 (KHTML, like Gecko; compatible; GPTBot/1.2; +https://openai.com/gptbot)"
144.76.19.75 - - [23/Oct/2025:16:20:02 +0300] "GET /amp.php?m056024156?srsltid=AfmBOoaLSaiIRgEHEdTXNE_3nWV4OANN0_9HAvM6ii-F-zn6JVVZ1s HTTP/1.1" 200 464544 "-" "Mozilla/5.0 (compatible; BLEXBot/1.0; +https://help.seranking.com/en/blex-crawler)"
20.171.207.222 - - [23/Oct/2025:16:20:04 +0300] "GET /amp.php?products/127om42668 HTTP/1.1" 200 473377 "-" "Mozilla/5.0 AppleWebKit/537.36 (KHTML, like Gecko; compatible; GPTBot/1.2; +https://openai.com/gptbot)"
74.91.19.178 - - [23/Oct/2025:16:20:07 +0300] "GET /wp-includes/install.php HTTP/1.1" 200 6 "https://avocor.eu/wp-includes/install.php" "Mozilla/5.0 (Windows NT 10.0; Win64; x64) AppleWebKit/537.36 (KHTML, like Gecko) Chrome/58.0.3029.110 Safari/537.3"
20.171.207.222 - - [23/Oct/2025:16:20:06 +0300] "GET /amp.php?products/242xm16521 HTTP/1.1" 200 463077 "-" "Mozilla/5.0 AppleWebKit/537.36 (KHTML, like Gecko; compatible; GPTBot/1.2; +https://openai.com/gptbot)"
144.76.19.75 - - [23/Oct/2025:16:20:07 +0300] "GET /amp.php?m003049353?srsltid=AfmBOorCWAjdcSSZe29o5r_LsHEJRDqmM_uIZoLCTQ-I-q7vfudNTc HTTP/1.1" 200 461018 "-" "Mozilla/5.0 (compatible; BLEXBot/1.0; +https://help.seranking.com/en/blex-crawler)"
74.91.19.178 - - [23/Oct/2025:16:20:08 +0300] "GET /wp-includes/install.php HTTP/1.1" 200 6 "https://avocor.eu/wp-includes/install.php" "Mozilla/5.0 (Windows NT 10.0; Win64; x64) AppleWebKit/537.36 (KHTML, like Gecko) Chrome/58.0.3029.110 Safari/537.3"
20.171.207.222 - - [23/Oct/2025:16:20:08 +0300] "GET /amp.php?products/102ff12293 HTTP/1.1" 200 462604 "-" "Mozilla/5.0 AppleWebKit/537.36 (KHTML, like Gecko; compatible; GPTBot/1.2; +https://openai.com/gptbot)"
20.171.207.222 - - [23/Oct/2025:16:20:10 +0300] "GET /amp.php?products/242ku15233 HTTP/1.1" 200 490813 "-" "Mozilla/5.0 AppleWebKit/537.36 (KHTML, like Gecko; compatible; GPTBot/1.2; +https://openai.com/gptbot)"
144.76.19.75 - - [23/Oct/2025:16:20:11 +0300] "GET /amp.php?m056024164?srsltid=AfmBOoVkvNYhbralvv805J_OatY5fxgh2_s6F9A5pN-O-e0lvtL42l HTTP/1.1" 200 463682 "-" "Mozilla/5.0 (compatible; BLEXBot/1.0; +https://help.seranking.com/en/blex-crawler)"
20.171.207.222 - - [23/Oct/2025:16:20:12 +0300] "GET /amp.php?products/186tv44899 HTTP/1.1" 200 488174 "-" "Mozilla/5.0 AppleWebKit/537.36 (KHTML, like Gecko; compatible; GPTBot/1.2; +https://openai.com/gptbot)"
20.171.207.222 - - [23/Oct/2025:16:20:14 +0300] "GET /amp.php?products/84up44443 HTTP/1.1" 200 462151 "-" "Mozilla/5.0 AppleWebKit/537.36 (KHTML, like Gecko; compatible; GPTBot/1.2; +https://openai.com/gptbot)"
144.76.19.75 - - [23/Oct/2025:16:20:15 +0300] "GET /amp.php?m003049355?srsltid=AfmBOoDqootUUzoGuIZoLC_2k0SH4aDl3_q7vfudNT-J-IaGVe6Me6 HTTP/1.1" 200 462907 "-" "Mozilla/5.0 (compatible; BLEXBot/1.0; +https://help.seranking.com/en/blex-crawler)"
20.171.207.222 - - [23/Oct/2025:16:20:15 +0300] "GET /amp.php?products/287tj40408 HTTP/1.1" 200 463560 "-" "Mozilla/5.0 AppleWebKit/537.36 (KHTML, like Gecko; compatible; GPTBot/1.2; +https://openai.com/gptbot)"
77.75.76.170 - - [23/Oct/2025:16:20:17 +0300] "GET /080004613.htm HTTP/1.1" 200 - "-" "Mozilla/5.0 (compatible; SeznamBot/4.0; +https://o-seznam.cz/napoveda/vyhledavani/en/seznambot-crawler/)"
20.171.207.222 - - [23/Oct/2025:16:20:17 +0300] "GET /amp.php?products/127nl42442 HTTP/1.1" 200 465794 "-" "Mozilla/5.0 AppleWebKit/537.36 (KHTML, like Gecko; compatible; GPTBot/1.2; +https://openai.com/gptbot)"
20.171.207.222 - - [23/Oct/2025:16:20:19 +0300] "GET /amp.php?products/192ks33839 HTTP/1.1" 200 462231 "-" "Mozilla/5.0 AppleWebKit/537.36 (KHTML, like Gecko; compatible; GPTBot/1.2; +https://openai.com/gptbot)"
144.76.19.75 - - [23/Oct/2025:16:20:19 +0300] "GET /amp.php?m056024166?srsltid=AfmBOowGFlqQvPeds6F9A5_aUCIqnLKMI_e0lvtL42-U-MoxzywMUP HTTP/1.1" 200 464517 "-" "Mozilla/5.0 (compatible; BLEXBot/1.0; +https://help.seranking.com/en/blex-crawler)"
20.171.207.222 - - [23/Oct/2025:16:20:21 +0300] "GET /amp.php?products/242kq33483 HTTP/1.1" 200 466762 "-" "Mozilla/5.0 AppleWebKit/537.36 (KHTML, like Gecko; compatible; GPTBot/1.2; +https://openai.com/gptbot)"
20.171.207.222 - - [23/Oct/2025:16:20:23 +0300] "GET /amp.php?products/143uy20102 HTTP/1.1" 200 463418 "-" "Mozilla/5.0 AppleWebKit/537.36 (KHTML, like Gecko; compatible; GPTBot/1.2; +https://openai.com/gptbot)"
144.76.19.75 - - [23/Oct/2025:16:20:24 +0300] "GET /amp.php?m003049357?srsltid=AfmBOoddwQuPYdChq7vfud_9hOWrbFebF_IaGVe6Me-I-MzAj7Aj2k HTTP/1.1" 200 464555 "-" "Mozilla/5.0 (compatible; BLEXBot/1.0; +https://help.seranking.com/en/blex-crawler)"
77.75.76.170 - - [23/Oct/2025:16:20:25 +0300] "GET /025044808.htm HTTP/1.1" 200 - "-" "Mozilla/5.0 (compatible; SeznamBot/4.0; +https://o-seznam.cz/napoveda/vyhledavani/en/seznambot-crawler/)"
20.171.207.222 - - [23/Oct/2025:16:20:25 +0300] "GET /amp.php?products/142lp24045 HTTP/1.1" 200 465349 "-" "Mozilla/5.0 AppleWebKit/537.36 (KHTML, like Gecko; compatible; GPTBot/1.2; +https://openai.com/gptbot)"
20.171.207.222 - - [23/Oct/2025:16:20:27 +0300] "GET /amp.php?products/188qu46831 HTTP/1.1" 200 462728 "-" "Mozilla/5.0 AppleWebKit/537.36 (KHTML, like Gecko; compatible; GPTBot/1.2; +https://openai.com/gptbot)"
144.76.19.75 - - [23/Oct/2025:16:20:28 +0300] "GET /amp.php?m056024168?srsltid=AfmBOoVGfioIjleVe0lvtL_KZ4fztYZ80_MoxzywMU-M-o0sTEUOJB HTTP/1.1" 200 463960 "-" "Mozilla/5.0 (compatible; BLEXBot/1.0; +https://help.seranking.com/en/blex-crawler)"
20.171.207.222 - - [23/Oct/2025:16:20:29 +0300] "GET /amp.php?products/84ma44421 HTTP/1.1" 200 462858 "-" "Mozilla/5.0 AppleWebKit/537.36 (KHTML, like Gecko; compatible; GPTBot/1.2; +https://openai.com/gptbot)"
74.91.19.178 - - [23/Oct/2025:16:20:30 +0300] "GET /wp-includes/install.php HTTP/1.1" 200 6 "https://avocor.eu/wp-includes/install.php" "Mozilla/5.0 (Windows NT 10.0; Win64; x64) AppleWebKit/537.36 (KHTML, like Gecko) Chrome/58.0.3029.110 Safari/537.3"
20.171.207.222 - - [23/Oct/2025:16:20:31 +0300] "GET /amp.php?products/127qs42170 HTTP/1.1" 200 467644 "-" "Mozilla/5.0 AppleWebKit/537.36 (KHTML, like Gecko; compatible; GPTBot/1.2; +https://openai.com/gptbot)"
144.76.19.75 - - [23/Oct/2025:16:20:32 +0300] "GET /amp.php?m003049359?srsltid=AfmBOolLdApQseRTIaGVe6_VJEY1IY1v8_MzAj7Aj2-X-Wb9WbAab7 HTTP/1.1" 200 471237 "-" "Mozilla/5.0 (compatible; BLEXBot/1.0; +https://help.seranking.com/en/blex-crawler)"
20.171.207.222 - - [23/Oct/2025:16:20:33 +0300] "GET /amp.php?products/287qt22392 HTTP/1.1" 200 462993 "-" "Mozilla/5.0 AppleWebKit/537.36 (KHTML, like Gecko; compatible; GPTBot/1.2; +https://openai.com/gptbot)"
20.171.207.222 - - [23/Oct/2025:16:20:34 +0300] "GET /amp.php?products/242as13673 HTTP/1.1" 200 467035 "-" "Mozilla/5.0 AppleWebKit/537.36 (KHTML, like Gecko; compatible; GPTBot/1.2; +https://openai.com/gptbot)"
20.171.207.222 - - [23/Oct/2025:16:20:36 +0300] "GET /amp.php?products/119sw48100 HTTP/1.1" 200 463331 "-" "Mozilla/5.0 AppleWebKit/537.36 (KHTML, like Gecko; compatible; GPTBot/1.2; +https://openai.com/gptbot)"
144.76.19.75 - - [23/Oct/2025:16:20:36 +0300] "GET /amp.php?m056024170?srsltid=AfmBOotGYlCBkDXRMoxzyw_7rVsF8qY35_o0sTEUOJ-N-yCcwvOVtJ HTTP/1.1" 200 463704 "-" "Mozilla/5.0 (compatible; BLEXBot/1.0; +https://help.seranking.com/en/blex-crawler)"
20.171.207.222 - - [23/Oct/2025:16:20:38 +0300] "GET /amp.php?products/287ow40424 HTTP/1.1" 200 463467 "-" "Mozilla/5.0 AppleWebKit/537.36 (KHTML, like Gecko; compatible; GPTBot/1.2; +https://openai.com/gptbot)"
74.91.19.178 - - [23/Oct/2025:16:20:39 +0300] "GET /wp-includes/install.php HTTP/1.1" 200 6 "https://avocor.eu/wp-includes/install.php" "Mozilla/5.0 (Windows NT 10.0; Win64; x64) AppleWebKit/537.36 (KHTML, like Gecko) Chrome/58.0.3029.110 Safari/537.3"
20.171.207.222 - - [23/Oct/2025:16:20:40 +0300] "GET /amp.php?products/117cz10344 HTTP/1.1" 200 463990 "-" "Mozilla/5.0 AppleWebKit/537.36 (KHTML, like Gecko; compatible; GPTBot/1.2; +https://openai.com/gptbot)"
144.76.19.75 - - [23/Oct/2025:16:20:41 +0300] "GET /amp.php?m003049361?srsltid=AfmBOoGgDfIBJUNBMzAj7A_5r0Pr0BC0I_Wb9WbAab-F-igpDLpxoc HTTP/1.1" 200 469741 "-" "Mozilla/5.0 (compatible; BLEXBot/1.0; +https://help.seranking.com/en/blex-crawler)"
20.171.207.222 - - [23/Oct/2025:16:20:42 +0300] "GET /amp.php?products/115ph15492 HTTP/1.1" 200 462314 "-" "Mozilla/5.0 AppleWebKit/537.36 (KHTML, like Gecko; compatible; GPTBot/1.2; +https://openai.com/gptbot)"
20.171.207.222 - - [23/Oct/2025:16:20:44 +0300] "GET /amp.php?products/223wo11612 HTTP/1.1" 200 465052 "-" "Mozilla/5.0 AppleWebKit/537.36 (KHTML, like Gecko; compatible; GPTBot/1.2; +https://openai.com/gptbot)"
144.76.19.75 - - [23/Oct/2025:16:20:45 +0300] "GET /amp.php?m056024172?srsltid=AfmBOosjwqAecQuuo0sTEU_qmJosTcPNa_yCcwvOVt-V-P97bYzgTh HTTP/1.1" 200 463587 "-" "Mozilla/5.0 (compatible; BLEXBot/1.0; +https://help.seranking.com/en/blex-crawler)"
20.171.207.222 - - [23/Oct/2025:16:20:46 +0300] "GET /amp.php?products/123ed16886 HTTP/1.1" 200 469985 "-" "Mozilla/5.0 AppleWebKit/537.36 (KHTML, like Gecko; compatible; GPTBot/1.2; +https://openai.com/gptbot)"
20.171.207.222 - - [23/Oct/2025:16:20:48 +0300] "GET /amp.php?products/119ko48698 HTTP/1.1" 200 464390 "-" "Mozilla/5.0 AppleWebKit/537.36 (KHTML, like Gecko; compatible; GPTBot/1.2; +https://openai.com/gptbot)"
144.76.19.75 - - [23/Oct/2025:16:20:49 +0300] "GET /amp.php?m003049363?srsltid=AfmBOogtaYTZxllZWb9WbA_9p29T09Nhc_igpDLpxo-W-9Re9niHVM HTTP/1.1" 200 465273 "-" "Mozilla/5.0 (compatible; BLEXBot/1.0; +https://help.seranking.com/en/blex-crawler)"
20.171.207.222 - - [23/Oct/2025:16:20:50 +0300] "GET /amp.php?products/119oc48704 HTTP/1.1" 200 463073 "-" "Mozilla/5.0 AppleWebKit/537.36 (KHTML, like Gecko; compatible; GPTBot/1.2; +https://openai.com/gptbot)"
20.171.207.222 - - [23/Oct/2025:16:20:52 +0300] "GET /amp.php?products/270rz12233 HTTP/1.1" 200 461136 "-" "Mozilla/5.0 AppleWebKit/537.36 (KHTML, like Gecko; compatible; GPTBot/1.2; +https://openai.com/gptbot)"
74.91.19.178 - - [23/Oct/2025:16:20:53 +0300] "GET /wp-includes/install.php HTTP/1.1" 200 6 "https://avocor.eu/wp-includes/install.php" "Mozilla/5.0 (Windows NT 10.0; Win64; x64) AppleWebKit/537.36 (KHTML, like Gecko) Chrome/58.0.3029.110 Safari/537.3"
144.76.19.75 - - [23/Oct/2025:16:20:53 +0300] "GET /amp.php?m056024174?srsltid=AfmBOoSAJThlFFdmyCcwvO_vrdgPqOes9_P97bYzgT-X-PliAcB1QR HTTP/1.1" 200 463851 "-" "Mozilla/5.0 (compatible; BLEXBot/1.0; +https://help.seranking.com/en/blex-crawler)"
74.91.19.178 - - [23/Oct/2025:16:19:28 +0300] "GET /wp-includes/install.php HTTP/1.1" 200 - "https://avocor.eu/wp-includes/install.php" "Mozilla/5.0 (Windows NT 10.0; Win64; x64) AppleWebKit/537.36 (KHTML, like Gecko) Chrome/58.0.3029.110 Safari/537.3"
20.171.207.222 - - [23/Oct/2025:16:20:54 +0300] "GET /amp.php?products/261pp22058 HTTP/1.1" 200 466354 "-" "Mozilla/5.0 AppleWebKit/537.36 (KHTML, like Gecko; compatible; GPTBot/1.2; +https://openai.com/gptbot)"
74.91.19.178 - - [23/Oct/2025:16:20:55 +0300] "GET /wp-includes/install.php HTTP/1.1" 200 6 "https://avocor.eu/wp-includes/install.php" "Mozilla/5.0 (Windows NT 10.0; Win64; x64) AppleWebKit/537.36 (KHTML, like Gecko) Chrome/58.0.3029.110 Safari/537.3"
20.171.207.222 - - [23/Oct/2025:16:20:55 +0300] "GET /amp.php?products/137yr41234 HTTP/1.1" 200 463127 "-" "Mozilla/5.0 AppleWebKit/537.36 (KHTML, like Gecko; compatible; GPTBot/1.2; +https://openai.com/gptbot)"
74.91.19.178 - - [23/Oct/2025:16:20:56 +0300] "GET /wp-includes/install.php HTTP/1.1" 200 6 "https://avocor.eu/wp-includes/install.php" "Mozilla/5.0 (Windows NT 10.0; Win64; x64) AppleWebKit/537.36 (KHTML, like Gecko) Chrome/58.0.3029.110 Safari/537.3"
20.171.207.222 - - [23/Oct/2025:16:20:57 +0300] "GET /amp.php?products/256ha40655 HTTP/1.1" 200 475500 "-" "Mozilla/5.0 AppleWebKit/537.36 (KHTML, like Gecko; compatible; GPTBot/1.2; +https://openai.com/gptbot)"
144.76.19.75 - - [23/Oct/2025:16:20:58 +0300] "GET /amp.php?m003049365?srsltid=AfmBOoLRHHwaaJWGigpDLp_Zb3RbwYa0V_9Re9niHV-C-2AeFr90s0 HTTP/1.1" 200 464286 "-" "Mozilla/5.0 (compatible; BLEXBot/1.0; +https://help.seranking.com/en/blex-crawler)"
74.91.19.178 - - [23/Oct/2025:16:20:59 +0300] "GET /wp-includes/install.php HTTP/1.1" 200 6 "https://avocor.eu/wp-includes/install.php" "Mozilla/5.0 (Windows NT 10.0; Win64; x64) AppleWebKit/537.36 (KHTML, like Gecko) Chrome/58.0.3029.110 Safari/537.3"
20.171.207.222 - - [23/Oct/2025:16:20:59 +0300] "GET /amp.php?products/124de39133 HTTP/1.1" 200 462352 "-" "Mozilla/5.0 AppleWebKit/537.36 (KHTML, like Gecko; compatible; GPTBot/1.2; +https://openai.com/gptbot)"
74.91.19.178 - - [23/Oct/2025:16:21:00 +0300] "GET /wp-includes/install.php HTTP/1.1" 200 6 "https://avocor.eu/wp-includes/install.php" "Mozilla/5.0 (Windows NT 10.0; Win64; x64) AppleWebKit/537.36 (KHTML, like Gecko) Chrome/58.0.3029.110 Safari/537.3"
20.171.207.222 - - [23/Oct/2025:16:21:01 +0300] "GET /amp.php?products/129tg46622 HTTP/1.1" 200 476779 "-" "Mozilla/5.0 AppleWebKit/537.36 (KHTML, like Gecko; compatible; GPTBot/1.2; +https://openai.com/gptbot)"
74.91.19.178 - - [23/Oct/2025:16:21:02 +0300] "GET /wp-includes/install.php HTTP/1.1" 200 6 "https://avocor.eu/wp-includes/install.php" "Mozilla/5.0 (Windows NT 10.0; Win64; x64) AppleWebKit/537.36 (KHTML, like Gecko) Chrome/58.0.3029.110 Safari/537.3"
144.76.19.75 - - [23/Oct/2025:16:21:02 +0300] "GET /amp.php?m056024176?srsltid=AfmBOoHIICzzaLLiP97bYz_ZURwQrh3Sy_PliAcB1Q-M-A1Oe4iBJF HTTP/1.1" 200 465705 "-" "Mozilla/5.0 (compatible; BLEXBot/1.0; +https://help.seranking.com/en/blex-crawler)"
20.171.207.222 - - [23/Oct/2025:16:21:03 +0300] "GET /amp.php?products/128wm48787 HTTP/1.1" 200 485829 "-" "Mozilla/5.0 AppleWebKit/537.36 (KHTML, like Gecko; compatible; GPTBot/1.2; +https://openai.com/gptbot)"
20.171.207.222 - - [23/Oct/2025:16:21:05 +0300] "GET /amp.php?products/180wr45875 HTTP/1.1" 200 462229 "-" "Mozilla/5.0 AppleWebKit/537.36 (KHTML, like Gecko; compatible; GPTBot/1.2; +https://openai.com/gptbot)"
144.76.19.75 - - [23/Oct/2025:16:21:06 +0300] "GET /amp.php?m003049369?srsltid=AfmBOoVRalyfThsi2AeFr9_9XDUtwKwhE_sb8GSNSB-X-L7m4m0jDz HTTP/1.1" 200 469931 "-" "Mozilla/5.0 (compatible; BLEXBot/1.0; +https://help.seranking.com/en/blex-crawler)"
20.171.207.222 - - [23/Oct/2025:16:21:07 +0300] "GET /amp.php?products/245gb25352 HTTP/1.1" 200 463463 "-" "Mozilla/5.0 AppleWebKit/537.36 (KHTML, like Gecko; compatible; GPTBot/1.2; +https://openai.com/gptbot)"
20.171.207.222 - - [23/Oct/2025:16:21:09 +0300] "GET /amp.php?products/119zu48218 HTTP/1.1" 200 464852 "-" "Mozilla/5.0 AppleWebKit/537.36 (KHTML, like Gecko; compatible; GPTBot/1.2; +https://openai.com/gptbot)"
144.76.19.75 - - [23/Oct/2025:16:21:10 +0300] "GET /amp.php?m056024178?srsltid=AfmBOolUiiWvvUIYPliAcB_TfoADqjv6S_A1Oe4iBJ-I-9GfzNkslM HTTP/1.1" 200 463885 "-" "Mozilla/5.0 (compatible; BLEXBot/1.0; +https://help.seranking.com/en/blex-crawler)"
20.171.207.222 - - [23/Oct/2025:16:21:11 +0300] "GET /amp.php?products/234an39423 HTTP/1.1" 200 479961 "-" "Mozilla/5.0 AppleWebKit/537.36 (KHTML, like Gecko; compatible; GPTBot/1.2; +https://openai.com/gptbot)"
20.171.207.222 - - [23/Oct/2025:16:21:12 +0300] "GET /amp.php?products/129as46396 HTTP/1.1" 200 462231 "-" "Mozilla/5.0 AppleWebKit/537.36 (KHTML, like Gecko; compatible; GPTBot/1.2; +https://openai.com/gptbot)"
20.171.207.222 - - [23/Oct/2025:16:21:14 +0300] "GET /amp.php?products/186qx13311 HTTP/1.1" 200 462616 "-" "Mozilla/5.0 AppleWebKit/537.36 (KHTML, like Gecko; compatible; GPTBot/1.2; +https://openai.com/gptbot)"
144.76.19.75 - - [23/Oct/2025:16:21:15 +0300] "GET /amp.php?m003049373?srsltid=AfmBOoTDdUspIfGiL7m4m0_3yoywqMKkJ_nUnVHBhl-S-34tpRSZHa HTTP/1.1" 200 468046 "-" "Mozilla/5.0 (compatible; BLEXBot/1.0; +https://help.seranking.com/en/blex-crawler)"
20.171.207.222 - - [23/Oct/2025:16:21:16 +0300] "GET /amp.php?products/231qd39134 HTTP/1.1" 200 473564 "-" "Mozilla/5.0 AppleWebKit/537.36 (KHTML, like Gecko; compatible; GPTBot/1.2; +https://openai.com/gptbot)"
74.91.19.178 - - [23/Oct/2025:16:21:18 +0300] "GET /wp-includes/install.php HTTP/1.1" 200 6 "https://avocor.eu/wp-includes/install.php" "Mozilla/5.0 (Windows NT 10.0; Win64; x64) AppleWebKit/537.36 (KHTML, like Gecko) Chrome/58.0.3029.110 Safari/537.3"
20.171.207.222 - - [23/Oct/2025:16:21:18 +0300] "GET /amp.php?products/172gm43433 HTTP/1.1" 200 468677 "-" "Mozilla/5.0 AppleWebKit/537.36 (KHTML, like Gecko; compatible; GPTBot/1.2; +https://openai.com/gptbot)"
144.76.19.75 - - [23/Oct/2025:16:21:19 +0300] "GET /amp.php?m056024182?srsltid=AfmBOolFWygYQyBm9GfzNk_txZcXJHUeU_0CXhTFUJ-T-njKwbvbqI HTTP/1.1" 200 473421 "-" "Mozilla/5.0 (compatible; BLEXBot/1.0; +https://help.seranking.com/en/blex-crawler)"
77.75.76.170 - - [23/Oct/2025:16:21:20 +0300] "GET /075014800.htm HTTP/1.1" 200 - "-" "Mozilla/5.0 (compatible; SeznamBot/4.0; +https://o-seznam.cz/napoveda/vyhledavani/en/seznambot-crawler/)"
20.171.207.222 - - [23/Oct/2025:16:21:20 +0300] "GET /amp.php?products/128vu49411 HTTP/1.1" 200 462915 "-" "Mozilla/5.0 AppleWebKit/537.36 (KHTML, like Gecko; compatible; GPTBot/1.2; +https://openai.com/gptbot)"
74.91.19.178 - - [23/Oct/2025:16:21:22 +0300] "GET /wp-includes/install.php HTTP/1.1" 200 6 "https://avocor.eu/wp-includes/install.php" "Mozilla/5.0 (Windows NT 10.0; Win64; x64) AppleWebKit/537.36 (KHTML, like Gecko) Chrome/58.0.3029.110 Safari/537.3"
20.171.207.222 - - [23/Oct/2025:16:21:22 +0300] "GET /amp.php?products/256uc36065 HTTP/1.1" 200 479524 "-" "Mozilla/5.0 AppleWebKit/537.36 (KHTML, like Gecko; compatible; GPTBot/1.2; +https://openai.com/gptbot)"
74.91.19.178 - - [23/Oct/2025:16:21:23 +0300] "GET /wp-includes/install.php HTTP/1.1" 200 6 "https://avocor.eu/wp-includes/install.php" "Mozilla/5.0 (Windows NT 10.0; Win64; x64) AppleWebKit/537.36 (KHTML, like Gecko) Chrome/58.0.3029.110 Safari/537.3"
144.76.19.75 - - [23/Oct/2025:16:21:23 +0300] "GET /amp.php?m003049375?srsltid=AfmBOonpHfMWhEennUnVHB_a2T9pMAoPw_34tpRSZH-I-5bFNjB3XP HTTP/1.1" 200 466117 "-" "Mozilla/5.0 (compatible; BLEXBot/1.0; +https://help.seranking.com/en/blex-crawler)"
20.171.207.222 - - [23/Oct/2025:16:21:24 +0300] "GET /amp.php?products/128pa49421 HTTP/1.1" 200 460657 "-" "Mozilla/5.0 AppleWebKit/537.36 (KHTML, like Gecko; compatible; GPTBot/1.2; +https://openai.com/gptbot)"
77.75.76.170 - - [23/Oct/2025:16:21:26 +0300] "GET /001022954.htm HTTP/1.1" 200 - "-" "Mozilla/5.0 (compatible; SeznamBot/4.0; +https://o-seznam.cz/napoveda/vyhledavani/en/seznambot-crawler/)"
20.171.207.222 - - [23/Oct/2025:16:21:26 +0300] "GET /amp.php?products/107hd12744 HTTP/1.1" 200 461846 "-" "Mozilla/5.0 AppleWebKit/537.36 (KHTML, like Gecko; compatible; GPTBot/1.2; +https://openai.com/gptbot)"
20.171.207.222 - - [23/Oct/2025:16:21:27 +0300] "GET /amp.php?products/234cz40235 HTTP/1.1" 200 478527 "-" "Mozilla/5.0 AppleWebKit/537.36 (KHTML, like Gecko; compatible; GPTBot/1.2; +https://openai.com/gptbot)"
144.76.19.75 - - [23/Oct/2025:16:21:28 +0300] "GET /amp.php?m056024184?srsltid=AfmBOolRbmtdSbOl0CXhTF_ohDlxQvQFf_njKwbvbq-J-kYNDNZIDl HTTP/1.1" 200 463522 "-" "Mozilla/5.0 (compatible; BLEXBot/1.0; +https://help.seranking.com/en/blex-crawler)"
74.91.19.178 - - [23/Oct/2025:16:21:30 +0300] "GET /wp-includes/install.php HTTP/1.1" 200 6 "https://avocor.eu/wp-includes/install.php" "Mozilla/5.0 (Windows NT 10.0; Win64; x64) AppleWebKit/537.36 (KHTML, like Gecko) Chrome/58.0.3029.110 Safari/537.3"
20.171.207.222 - - [23/Oct/2025:16:21:29 +0300] "GET /amp.php?products/186zs11891 HTTP/1.1" 200 463309 "-" "Mozilla/5.0 AppleWebKit/537.36 (KHTML, like Gecko; compatible; GPTBot/1.2; +https://openai.com/gptbot)"
20.171.207.222 - - [23/Oct/2025:16:21:31 +0300] "GET /amp.php?products/231da41092 HTTP/1.1" 200 467705 "-" "Mozilla/5.0 AppleWebKit/537.36 (KHTML, like Gecko; compatible; GPTBot/1.2; +https://openai.com/gptbot)"
144.76.19.75 - - [23/Oct/2025:16:21:32 +0300] "GET /amp.php?m003049377?srsltid=AfmBOoOnosrocgiZ34tpRS_txrb806qIC_5bFNjB3X-K-CmsYLvK3Q HTTP/1.1" 200 464344 "-" "Mozilla/5.0 (compatible; BLEXBot/1.0; +https://help.seranking.com/en/blex-crawler)"
74.91.19.178 - - [23/Oct/2025:16:21:33 +0300] "GET /wp-includes/install.php HTTP/1.1" 200 6 "https://avocor.eu/wp-includes/install.php" "Mozilla/5.0 (Windows NT 10.0; Win64; x64) AppleWebKit/537.36 (KHTML, like Gecko) Chrome/58.0.3029.110 Safari/537.3"
20.171.207.222 - - [23/Oct/2025:16:21:33 +0300] "GET /amp.php?products/117uc39164 HTTP/1.1" 200 464626 "-" "Mozilla/5.0 AppleWebKit/537.36 (KHTML, like Gecko; compatible; GPTBot/1.2; +https://openai.com/gptbot)"
20.171.207.222 - - [23/Oct/2025:16:21:35 +0300] "GET /amp.php?products/292fl44991 HTTP/1.1" 200 466618 "-" "Mozilla/5.0 AppleWebKit/537.36 (KHTML, like Gecko; compatible; GPTBot/1.2; +https://openai.com/gptbot)"
144.76.19.75 - - [23/Oct/2025:16:21:36 +0300] "GET /amp.php?m056024188?srsltid=AfmBOowzWZlUiRqMkYNDNZ_Q3N3AINaVP_fyfPjy3N-W-Fmw5e1YVU HTTP/1.1" 200 475653 "-" "Mozilla/5.0 (compatible; BLEXBot/1.0; +https://help.seranking.com/en/blex-crawler)"
20.171.207.222 - - [23/Oct/2025:16:21:37 +0300] "GET /amp.php?products/256pa40241 HTTP/1.1" 200 472426 "-" "Mozilla/5.0 AppleWebKit/537.36 (KHTML, like Gecko; compatible; GPTBot/1.2; +https://openai.com/gptbot)"
20.171.207.222 - - [23/Oct/2025:16:21:38 +0300] "GET /amp.php?products/107do12738 HTTP/1.1" 200 460053 "-" "Mozilla/5.0 AppleWebKit/537.36 (KHTML, like Gecko; compatible; GPTBot/1.2; +https://openai.com/gptbot)"
144.76.19.75 - - [23/Oct/2025:16:21:40 +0300] "GET /amp.php?m003049379?srsltid=AfmBOoIULFtsMNOo5bFNjB_kBtqKd12hE_CmsYLvK3-L-gmCJu7TTB HTTP/1.1" 200 464800 "-" "Mozilla/5.0 (compatible; BLEXBot/1.0; +https://help.seranking.com/en/blex-crawler)"
20.171.207.222 - - [23/Oct/2025:16:21:40 +0300] "GET /amp.php?products/129pw49616 HTTP/1.1" 200 462064 "-" "Mozilla/5.0 AppleWebKit/537.36 (KHTML, like Gecko; compatible; GPTBot/1.2; +https://openai.com/gptbot)"
20.171.207.222 - - [23/Oct/2025:16:21:42 +0300] "GET /amp.php?products/179ur14886 HTTP/1.1" 200 467065 "-" "Mozilla/5.0 AppleWebKit/537.36 (KHTML, like Gecko; compatible; GPTBot/1.2; +https://openai.com/gptbot)"
20.171.207.222 - - [23/Oct/2025:16:21:45 +0300] "GET /amp.php?products/122ao26747 HTTP/1.1" 200 468797 "-" "Mozilla/5.0 AppleWebKit/537.36 (KHTML, like Gecko; compatible; GPTBot/1.2; +https://openai.com/gptbot)"
144.76.19.75 - - [23/Oct/2025:16:21:45 +0300] "GET /amp.php?m056024190?srsltid=AfmBOoGcwujJLbgGfyfPjy_WtguWzUdEq_Fmw5e1YV-Y-74PaMlRst HTTP/1.1" 200 467939 "-" "Mozilla/5.0 (compatible; BLEXBot/1.0; +https://help.seranking.com/en/blex-crawler)"
20.171.207.222 - - [23/Oct/2025:16:21:46 +0300] "GET /amp.php?products/169uk39338 HTTP/1.1" 200 461254 "-" "Mozilla/5.0 AppleWebKit/537.36 (KHTML, like Gecko; compatible; GPTBot/1.2; +https://openai.com/gptbot)"
20.171.207.222 - - [23/Oct/2025:16:21:48 +0300] "GET /amp.php?products/107rh12746 HTTP/1.1" 200 461563 "-" "Mozilla/5.0 AppleWebKit/537.36 (KHTML, like Gecko; compatible; GPTBot/1.2; +https://openai.com/gptbot)"
144.76.19.75 - - [23/Oct/2025:16:21:49 +0300] "GET /amp.php?m003049381?srsltid=AfmBOopctSpkjAEUCmsYLv_JYsLtZw88V_gmCJu7TT-K-slADddoCe HTTP/1.1" 200 464454 "-" "Mozilla/5.0 (compatible; BLEXBot/1.0; +https://help.seranking.com/en/blex-crawler)"
20.171.207.222 - - [23/Oct/2025:16:21:50 +0300] "GET /amp.php?products/210vc37201 HTTP/1.1" 200 463716 "-" "Mozilla/5.0 AppleWebKit/537.36 (KHTML, like Gecko; compatible; GPTBot/1.2; +https://openai.com/gptbot)"
20.171.207.222 - - [23/Oct/2025:16:21:52 +0300] "GET /amp.php?products/184sp23621 HTTP/1.1" 200 468968 "-" "Mozilla/5.0 AppleWebKit/537.36 (KHTML, like Gecko; compatible; GPTBot/1.2; +https://openai.com/gptbot)"
144.76.19.75 - - [23/Oct/2025:16:21:53 +0300] "GET /amp.php?m056024192?srsltid=AfmBOoPHGKYAvPhxFmw5e1_M1mxrsAbyR_74PaMlRs-V-nENiQlqj6 HTTP/1.1" 200 465467 "-" "Mozilla/5.0 (compatible; BLEXBot/1.0; +https://help.seranking.com/en/blex-crawler)"
20.171.207.222 - - [23/Oct/2025:16:21:55 +0300] "GET /amp.php?products/232hi24287 HTTP/1.1" 200 463122 "-" "Mozilla/5.0 AppleWebKit/537.36 (KHTML, like Gecko; compatible; GPTBot/1.2; +https://openai.com/gptbot)"
20.171.207.222 - - [23/Oct/2025:16:21:57 +0300] "GET /amp.php?products/205em21208 HTTP/1.1" 200 463789 "-" "Mozilla/5.0 AppleWebKit/537.36 (KHTML, like Gecko; compatible; GPTBot/1.2; +https://openai.com/gptbot)"
144.76.19.75 - - [23/Oct/2025:16:21:58 +0300] "GET /amp.php?m003049383?srsltid=AfmBOoKfXFHSVsLpgmCJu7_o5e9iKK2nL_slADddoC-M-AD22OE54x HTTP/1.1" 200 465653 "-" "Mozilla/5.0 (compatible; BLEXBot/1.0; +https://help.seranking.com/en/blex-crawler)"
20.171.207.222 - - [23/Oct/2025:16:21:58 +0300] "GET /amp.php?products/269rt25202 HTTP/1.1" 200 463914 "-" "Mozilla/5.0 AppleWebKit/537.36 (KHTML, like Gecko; compatible; GPTBot/1.2; +https://openai.com/gptbot)"
20.171.207.222 - - [23/Oct/2025:16:22:00 +0300] "GET /amp.php?products/216rr13703 HTTP/1.1" 200 471085 "-" "Mozilla/5.0 AppleWebKit/537.36 (KHTML, like Gecko; compatible; GPTBot/1.2; +https://openai.com/gptbot)"
144.76.19.75 - - [23/Oct/2025:16:22:02 +0300] "GET /amp.php?m056024194?srsltid=AfmBOoKBlmLEAySK74PaMl_WSdpNnBX29_nENiQlqj-L-YpdrzlLvK HTTP/1.1" 200 461353 "-" "Mozilla/5.0 (compatible; BLEXBot/1.0; +https://help.seranking.com/en/blex-crawler)"
20.171.207.222 - - [23/Oct/2025:16:22:02 +0300] "GET /amp.php?products/182rx13193 HTTP/1.1" 200 464319 "-" "Mozilla/5.0 AppleWebKit/537.36 (KHTML, like Gecko; compatible; GPTBot/1.2; +https://openai.com/gptbot)"
20.171.207.222 - - [23/Oct/2025:16:22:04 +0300] "GET /amp.php?products/261oh1114 HTTP/1.1" 200 463592 "-" "Mozilla/5.0 AppleWebKit/537.36 (KHTML, like Gecko; compatible; GPTBot/1.2; +https://openai.com/gptbot)"
20.171.207.222 - - [23/Oct/2025:16:22:06 +0300] "GET /amp.php?products/232vd23405 HTTP/1.1" 200 463111 "-" "Mozilla/5.0 AppleWebKit/537.36 (KHTML, like Gecko; compatible; GPTBot/1.2; +https://openai.com/gptbot)"
144.76.19.75 - - [23/Oct/2025:16:22:06 +0300] "GET /amp.php?m003049385?srsltid=AfmBOohpoYNyYARSslADdd_lBbFFY3AHc_AD22OE54-S-66VTEBcoB HTTP/1.1" 200 462427 "-" "Mozilla/5.0 (compatible; BLEXBot/1.0; +https://help.seranking.com/en/blex-crawler)"
20.171.207.222 - - [23/Oct/2025:16:22:08 +0300] "GET /amp.php?products/181re12092 HTTP/1.1" 200 464261 "-" "Mozilla/5.0 AppleWebKit/537.36 (KHTML, like Gecko; compatible; GPTBot/1.2; +https://openai.com/gptbot)"
20.171.207.222 - - [23/Oct/2025:16:22:10 +0300] "GET /amp.php?products/108od10995 HTTP/1.1" 200 462984 "-" "Mozilla/5.0 AppleWebKit/537.36 (KHTML, like Gecko; compatible; GPTBot/1.2; +https://openai.com/gptbot)"
144.76.19.75 - - [23/Oct/2025:16:22:10 +0300] "GET /amp.php?m056024198?srsltid=AfmBOojBkbBziQCdYpdrzl_PJlL9fdNgI_Wr3AcLym-B-EBS0K5CVU HTTP/1.1" 200 467806 "-" "Mozilla/5.0 (compatible; BLEXBot/1.0; +https://help.seranking.com/en/blex-crawler)"
20.171.207.222 - - [23/Oct/2025:16:22:12 +0300] "GET /amp.php?products/168tr33603 HTTP/1.1" 200 463287 "-" "Mozilla/5.0 AppleWebKit/537.36 (KHTML, like Gecko; compatible; GPTBot/1.2; +https://openai.com/gptbot)"
20.171.207.222 - - [23/Oct/2025:16:22:13 +0300] "GET /amp.php?products/272og32673 HTTP/1.1" 200 466888 "-" "Mozilla/5.0 AppleWebKit/537.36 (KHTML, like Gecko; compatible; GPTBot/1.2; +https://openai.com/gptbot)"
144.76.19.75 - - [23/Oct/2025:16:22:15 +0300] "GET /amp.php?m003049387?srsltid=AfmBOohKOjBKDwFkAD22OE_R33ArDuW1u_66VTEBco-G-p1Q3hu395 HTTP/1.1" 200 462521 "-" "Mozilla/5.0 (compatible; BLEXBot/1.0; +https://help.seranking.com/en/blex-crawler)"
20.171.207.222 - - [23/Oct/2025:16:22:15 +0300] "GET /amp.php?products/261hq334 HTTP/1.1" 200 469445 "-" "Mozilla/5.0 AppleWebKit/537.36 (KHTML, like Gecko; compatible; GPTBot/1.2; +https://openai.com/gptbot)"
20.171.207.222 - - [23/Oct/2025:16:22:17 +0300] "GET /amp.php?products/205pu20486 HTTP/1.1" 200 474801 "-" "Mozilla/5.0 AppleWebKit/537.36 (KHTML, like Gecko; compatible; GPTBot/1.2; +https://openai.com/gptbot)"
20.171.207.222 - - [23/Oct/2025:16:22:19 +0300] "GET /amp.php?products/166dq27601 HTTP/1.1" 200 468270 "-" "Mozilla/5.0 AppleWebKit/537.36 (KHTML, like Gecko; compatible; GPTBot/1.2; +https://openai.com/gptbot)"
144.76.19.75 - - [23/Oct/2025:16:22:19 +0300] "GET /amp.php?m056024200?srsltid=AfmBOovrYfzEjNKeWr3AcL_yBFuHMN8hl_EBS0K5CV-X-MJkjmGtpr HTTP/1.1" 200 472153 "-" "Mozilla/5.0 (compatible; BLEXBot/1.0; +https://help.seranking.com/en/blex-crawler)"
74.91.19.178 - - [23/Oct/2025:16:20:55 +0300] "GET /wp-includes/install.php HTTP/1.1" 200 - "https://avocor.eu/wp-includes/install.php" "Mozilla/5.0 (Windows NT 10.0; Win64; x64) AppleWebKit/537.36 (KHTML, like Gecko) Chrome/58.0.3029.110 Safari/537.3"
20.171.207.222 - - [23/Oct/2025:16:22:21 +0300] "GET /amp.php?products/182wb13381 HTTP/1.1" 200 491627 "-" "Mozilla/5.0 AppleWebKit/537.36 (KHTML, like Gecko; compatible; GPTBot/1.2; +https://openai.com/gptbot)"
20.171.207.222 - - [23/Oct/2025:16:22:23 +0300] "GET /amp.php?products/152kh14255 HTTP/1.1" 200 476828 "-" "Mozilla/5.0 AppleWebKit/537.36 (KHTML, like Gecko; compatible; GPTBot/1.2; +https://openai.com/gptbot)"
144.76.19.75 - - [23/Oct/2025:16:22:23 +0300] "GET /amp.php?m003049389?srsltid=AfmBOoGUjTABjgJf66VTEB_vjgAO1BOuW_p1Q3hu39-B-puUNuKAiU HTTP/1.1" 200 462780 "-" "Mozilla/5.0 (compatible; BLEXBot/1.0; +https://help.seranking.com/en/blex-crawler)"
20.171.207.222 - - [23/Oct/2025:16:22:25 +0300] "GET /amp.php?products/272fm35293 HTTP/1.1" 200 462472 "-" "Mozilla/5.0 AppleWebKit/537.36 (KHTML, like Gecko; compatible; GPTBot/1.2; +https://openai.com/gptbot)"
20.171.207.222 - - [23/Oct/2025:16:22:26 +0300] "GET /amp.php?products/279sd11224 HTTP/1.1" 200 461278 "-" "Mozilla/5.0 AppleWebKit/537.36 (KHTML, like Gecko; compatible; GPTBot/1.2; +https://openai.com/gptbot)"
144.76.19.75 - - [23/Oct/2025:16:22:28 +0300] "GET /amp.php?m056024202?srsltid=AfmBOoxklKDNkrHeEBS0K5_jtDo7nRMVz_MJkjmGtp-U-vQizNqFEV HTTP/1.1" 200 476068 "-" "Mozilla/5.0 (compatible; BLEXBot/1.0; +https://help.seranking.com/en/blex-crawler)"
20.171.207.222 - - [23/Oct/2025:16:22:28 +0300] "GET /amp.php?products/272hv35287 HTTP/1.1" 200 465432 "-" "Mozilla/5.0 AppleWebKit/537.36 (KHTML, like Gecko; compatible; GPTBot/1.2; +https://openai.com/gptbot)"
20.171.207.222 - - [23/Oct/2025:16:22:30 +0300] "GET /amp.php?products/205tk21254 HTTP/1.1" 200 476430 "-" "Mozilla/5.0 AppleWebKit/537.36 (KHTML, like Gecko; compatible; GPTBot/1.2; +https://openai.com/gptbot)"
66.249.75.102 - - [23/Oct/2025:16:22:32 +0300] "GET /049006012.htm HTTP/1.1" 200 153424 "-" "Mozilla/5.0 (Linux; Android 6.0.1; Nexus 5X Build/MMB29P) AppleWebKit/537.36 (KHTML, like Gecko) Chrome/141.0.7390.107 Mobile Safari/537.36 (compatible; Googlebot/2.1; +http://www.google.com/bot.html)"
20.171.207.222 - - [23/Oct/2025:16:22:32 +0300] "GET /amp.php?products/205mo21256 HTTP/1.1" 200 466125 "-" "Mozilla/5.0 AppleWebKit/537.36 (KHTML, like Gecko; compatible; GPTBot/1.2; +https://openai.com/gptbot)"
144.76.19.75 - - [23/Oct/2025:16:22:32 +0300] "GET /amp.php?m003049391?srsltid=AfmBOojiElNdeszXp1Q3hu_on3Ke3hDrK_puUNuKAi-P-PtnRcVP4G HTTP/1.1" 200 464359 "-" "Mozilla/5.0 (compatible; BLEXBot/1.0; +https://help.seranking.com/en/blex-crawler)"
20.171.207.222 - - [23/Oct/2025:16:22:34 +0300] "GET /amp.php?products/283bd25330 HTTP/1.1" 200 463405 "-" "Mozilla/5.0 AppleWebKit/537.36 (KHTML, like Gecko; compatible; GPTBot/1.2; +https://openai.com/gptbot)"
74.91.19.178 - - [23/Oct/2025:16:22:35 +0300] "GET /wp-includes/install.php HTTP/1.1" 200 6 "https://avocor.eu/wp-includes/install.php" "Mozilla/5.0 (Windows NT 10.0; Win64; x64) AppleWebKit/537.36 (KHTML, like Gecko) Chrome/58.0.3029.110 Safari/537.3"
20.171.207.222 - - [23/Oct/2025:16:22:36 +0300] "GET /amp.php?products/99df48994 HTTP/1.1" 200 466089 "-" "Mozilla/5.0 AppleWebKit/537.36 (KHTML, like Gecko; compatible; GPTBot/1.2; +https://openai.com/gptbot)"
144.76.19.75 - - [23/Oct/2025:16:22:36 +0300] "GET /amp.php?m056024214?srsltid=AfmBOobwUcVjuMrDN9OHiC_VsERcShoKl_ufIbgNzY-U-dbGzB85AN HTTP/1.1" 200 476389 "-" "Mozilla/5.0 (compatible; BLEXBot/1.0; +https://help.seranking.com/en/blex-crawler)"
20.171.207.222 - - [23/Oct/2025:16:22:38 +0300] "GET /amp.php?products/124cc39543 HTTP/1.1" 200 461781 "-" "Mozilla/5.0 AppleWebKit/537.36 (KHTML, like Gecko; compatible; GPTBot/1.2; +https://openai.com/gptbot)"
74.91.19.178 - - [23/Oct/2025:16:22:39 +0300] "GET /wp-includes/install.php HTTP/1.1" 200 6 "https://avocor.eu/wp-includes/install.php" "Mozilla/5.0 (Windows NT 10.0; Win64; x64) AppleWebKit/537.36 (KHTML, like Gecko) Chrome/58.0.3029.110 Safari/537.3"
20.171.207.222 - - [23/Oct/2025:16:22:39 +0300] "GET /amp.php?products/207xc22878 HTTP/1.1" 200 467696 "-" "Mozilla/5.0 AppleWebKit/537.36 (KHTML, like Gecko; compatible; GPTBot/1.2; +https://openai.com/gptbot)"
144.76.19.75 - - [23/Oct/2025:16:22:41 +0300] "GET /amp.php?m003049393?srsltid=AfmBOoQaSFnRJKUdpuUNuK_HmMHbfEm4N_PtnRcVP4-K-9eMOGZBX6 HTTP/1.1" 200 462668 "-" "Mozilla/5.0 (compatible; BLEXBot/1.0; +https://help.seranking.com/en/blex-crawler)"
20.171.207.222 - - [23/Oct/2025:16:22:41 +0300] "GET /amp.php?products/120oa19039 HTTP/1.1" 200 461792 "-" "Mozilla/5.0 AppleWebKit/537.36 (KHTML, like Gecko; compatible; GPTBot/1.2; +https://openai.com/gptbot)"
20.171.207.222 - - [23/Oct/2025:16:22:43 +0300] "GET /amp.php?products/101as20778 HTTP/1.1" 200 468965 "-" "Mozilla/5.0 AppleWebKit/537.36 (KHTML, like Gecko; compatible; GPTBot/1.2; +https://openai.com/gptbot)"
144.76.19.75 - - [23/Oct/2025:16:22:45 +0300] "GET /amp.php?m056024226?srsltid=AfmBOojWFPFYpXkP9LIP46_EpaBczGSqV_J5NVQueO-N-XnS7CybUW HTTP/1.1" 200 468588 "-" "Mozilla/5.0 (compatible; BLEXBot/1.0; +https://help.seranking.com/en/blex-crawler)"
20.171.207.222 - - [23/Oct/2025:16:22:45 +0300] "GET /amp.php?products/205pp21546 HTTP/1.1" 200 464368 "-" "Mozilla/5.0 AppleWebKit/537.36 (KHTML, like Gecko; compatible; GPTBot/1.2; +https://openai.com/gptbot)"
20.171.207.222 - - [23/Oct/2025:16:22:47 +0300] "GET /amp.php?products/191dr42752 HTTP/1.1" 200 462504 "-" "Mozilla/5.0 AppleWebKit/537.36 (KHTML, like Gecko; compatible; GPTBot/1.2; +https://openai.com/gptbot)"
66.249.75.102 - - [23/Oct/2025:16:22:48 +0300] "GET /chemistry/expose41/jo6bm-40483/ HTTP/1.1" 200 144413 "-" "Mozilla/5.0 (Linux; Android 6.0.1; Nexus 5X Build/MMB29P) AppleWebKit/537.36 (KHTML, like Gecko) Chrome/141.0.7390.107 Mobile Safari/537.36 (compatible; GoogleOther)"
