77.75.76.170 - - [23/Oct/2025:16:56:23 +0300] "GET /021038534.htm HTTP/1.1" 200 - "-" "Mozilla/5.0 (compatible; SeznamBot/4.0; +https://o-seznam.cz/napoveda/vyhledavani/en/seznambot-crawler/)"
20.171.207.222 - - [23/Oct/2025:16:56:24 +0300] "GET /amp.php?m287013587?srsltid=AfmBOozWNAWRzHxZPud5NR_OTB4Gy13iz_y0uAJ27Q-O-F2Vqkme3b HTTP/1.1" 200 461587 "-" "Mozilla/5.0 AppleWebKit/537.36 (KHTML, like Gecko; compatible; GPTBot/1.2; +https://openai.com/gptbot)"
77.75.76.170 - - [23/Oct/2025:16:56:26 +0300] "GET /screw/window28/z9yjj-12374/ HTTP/1.1" 200 - "-" "Mozilla/5.0 (compatible; SeznamBot/4.0; +https://o-seznam.cz/napoveda/vyhledavani/en/seznambot-crawler/)"
144.76.19.75 - - [23/Oct/2025:16:56:25 +0300] "GET /amp.php?m004000106?srsltid=AfmBOoIabFOipUfljhflHM_9kNG82uUwH_CM8zfcDn-B-R43VKGP5p HTTP/1.1" 200 468589 "-" "Mozilla/5.0 (compatible; BLEXBot/1.0; +https://help.seranking.com/en/blex-crawler)"
20.171.207.222 - - [23/Oct/2025:16:56:26 +0300] "GET /amp.php?products/255up18824 HTTP/1.1" 200 469187 "-" "Mozilla/5.0 AppleWebKit/537.36 (KHTML, like Gecko; compatible; GPTBot/1.2; +https://openai.com/gptbot)"
77.75.76.170 - - [23/Oct/2025:16:56:28 +0300] "GET /044022671.htm HTTP/1.1" 200 - "-" "Mozilla/5.0 (compatible; SeznamBot/4.0; +https://o-seznam.cz/napoveda/vyhledavani/en/seznambot-crawler/)"
77.75.76.170 - - [23/Oct/2025:16:56:28 +0300] "GET /crop/raw4/ebcvn-16052/ HTTP/1.1" 200 - "-" "Mozilla/5.0 (compatible; SeznamBot/4.0; +https://o-seznam.cz/napoveda/vyhledavani/en/seznambot-crawler/)"
77.75.76.170 - - [23/Oct/2025:16:56:28 +0300] "GET /022020773.htm HTTP/1.1" 200 - "-" "Mozilla/5.0 (compatible; SeznamBot/4.0; +https://o-seznam.cz/napoveda/vyhledavani/en/seznambot-crawler/)"
20.171.207.222 - - [23/Oct/2025:16:56:28 +0300] "GET /amp.php?products/114he48401 HTTP/1.1" 200 460489 "-" "Mozilla/5.0 AppleWebKit/537.36 (KHTML, like Gecko; compatible; GPTBot/1.2; +https://openai.com/gptbot)"
77.75.76.170 - - [23/Oct/2025:16:56:29 +0300] "GET /063033196.htm HTTP/1.1" 200 - "-" "Mozilla/5.0 (compatible; SeznamBot/4.0; +https://o-seznam.cz/napoveda/vyhledavani/en/seznambot-crawler/)"
77.75.76.170 - - [23/Oct/2025:16:56:30 +0300] "GET /009008746.htm HTTP/1.1" 200 - "-" "Mozilla/5.0 (compatible; SeznamBot/4.0; +https://o-seznam.cz/napoveda/vyhledavani/en/seznambot-crawler/)"
77.75.76.170 - - [23/Oct/2025:16:56:30 +0300] "GET /071023246.htm HTTP/1.1" 200 - "-" "Mozilla/5.0 (compatible; SeznamBot/4.0; +https://o-seznam.cz/napoveda/vyhledavani/en/seznambot-crawler/)"
77.75.76.170 - - [23/Oct/2025:16:56:30 +0300] "GET /order/k6?pid=16610 HTTP/1.1" 200 - "-" "Mozilla/5.0 (compatible; SeznamBot/4.0; +https://o-seznam.cz/napoveda/vyhledavani/en/seznambot-crawler/)"
77.75.76.170 - - [23/Oct/2025:16:56:30 +0300] "GET /057007944.htm HTTP/1.1" 200 - "-" "Mozilla/5.0 (compatible; SeznamBot/4.0; +https://o-seznam.cz/napoveda/vyhledavani/en/seznambot-crawler/)"
77.75.76.170 - - [23/Oct/2025:16:56:31 +0300] "GET /033041674.htm HTTP/1.1" 200 - "-" "Mozilla/5.0 (compatible; SeznamBot/4.0; +https://o-seznam.cz/napoveda/vyhledavani/en/seznambot-crawler/)"
77.75.76.170 - - [23/Oct/2025:16:56:31 +0300] "GET /reinforce/investigate41/ms3rh-14945/ HTTP/1.1" 200 - "-" "Mozilla/5.0 (compatible; SeznamBot/4.0; +https://o-seznam.cz/napoveda/vyhledavani/en/seznambot-crawler/)"
20.171.207.222 - - [23/Oct/2025:16:56:29 +0300] "GET /amp.php?products/102io31329 HTTP/1.1" 200 478388 "-" "Mozilla/5.0 AppleWebKit/537.36 (KHTML, like Gecko; compatible; GPTBot/1.2; +https://openai.com/gptbot)"
144.76.19.75 - - [23/Oct/2025:16:56:30 +0300] "GET /amp.php?m056024936?srsltid=AfmBOoogFDxdAwHiFzZq2C_QM7difob3K_lLESxK3I-J-58FzB9Eo5 HTTP/1.1" 200 463371 "-" "Mozilla/5.0 (compatible; BLEXBot/1.0; +https://help.seranking.com/en/blex-crawler)"
77.75.76.170 - - [23/Oct/2025:16:56:31 +0300] "GET /066041987.htm HTTP/1.1" 200 - "-" "Mozilla/5.0 (compatible; SeznamBot/4.0; +https://o-seznam.cz/napoveda/vyhledavani/en/seznambot-crawler/)"
77.75.76.170 - - [23/Oct/2025:16:56:31 +0300] "GET /063001266.htm HTTP/1.1" 200 - "-" "Mozilla/5.0 (compatible; SeznamBot/4.0; +https://o-seznam.cz/napoveda/vyhledavani/en/seznambot-crawler/)"
77.75.76.170 - - [23/Oct/2025:16:56:31 +0300] "GET /q-~43uOhPck2LzsaG5hOOBsaUmeu500r0lZ7554/ HTTP/1.1" 200 - "-" "Mozilla/5.0 (compatible; SeznamBot/4.0; +https://o-seznam.cz/napoveda/vyhledavani/en/seznambot-crawler/)"
77.75.76.170 - - [23/Oct/2025:16:56:32 +0300] "GET /030018309.htm HTTP/1.1" 200 - "-" "Mozilla/5.0 (compatible; SeznamBot/4.0; +https://o-seznam.cz/napoveda/vyhledavani/en/seznambot-crawler/)"
77.75.76.170 - - [23/Oct/2025:16:56:32 +0300] "GET /racism/army35/3iq3k-20529/ HTTP/1.1" 200 - "-" "Mozilla/5.0 (compatible; SeznamBot/4.0; +https://o-seznam.cz/napoveda/vyhledavani/en/seznambot-crawler/)"
77.75.76.170 - - [23/Oct/2025:16:56:32 +0300] "GET /013016806.htm HTTP/1.1" 200 - "-" "Mozilla/5.0 (compatible; SeznamBot/4.0; +https://o-seznam.cz/napoveda/vyhledavani/en/seznambot-crawler/)"
77.75.76.170 - - [23/Oct/2025:16:56:33 +0300] "GET /062001275.htm HTTP/1.1" 200 - "-" "Mozilla/5.0 (compatible; SeznamBot/4.0; +https://o-seznam.cz/napoveda/vyhledavani/en/seznambot-crawler/)"
77.75.76.170 - - [23/Oct/2025:16:56:33 +0300] "GET /through/scholarship62/6tn0n-35572/ HTTP/1.1" 200 - "-" "Mozilla/5.0 (compatible; SeznamBot/4.0; +https://o-seznam.cz/napoveda/vyhledavani/en/seznambot-crawler/)"
77.75.76.170 - - [23/Oct/2025:16:56:33 +0300] "GET /045004404.htm HTTP/1.1" 200 - "-" "Mozilla/5.0 (compatible; SeznamBot/4.0; +https://o-seznam.cz/napoveda/vyhledavani/en/seznambot-crawler/)"
20.171.207.222 - - [23/Oct/2025:16:56:32 +0300] "GET /amp.php?products/255of18816 HTTP/1.1" 200 468444 "-" "Mozilla/5.0 AppleWebKit/537.36 (KHTML, like Gecko; compatible; GPTBot/1.2; +https://openai.com/gptbot)"
77.75.76.170 - - [23/Oct/2025:16:56:35 +0300] "GET /memory/t71?pid=42719 HTTP/1.1" 200 - "-" "Mozilla/5.0 (compatible; SeznamBot/4.0; +https://o-seznam.cz/napoveda/vyhledavani/en/seznambot-crawler/)"
144.76.19.75 - - [23/Oct/2025:16:56:34 +0300] "GET /amp.php?m004000108?srsltid=AfmBOonqBCiztxGdCM8zfc_Io8K1XAut0_R43VKGP5-P-3muQecfty HTTP/1.1" 200 467401 "-" "Mozilla/5.0 (compatible; BLEXBot/1.0; +https://help.seranking.com/en/blex-crawler)"
20.171.207.222 - - [23/Oct/2025:16:56:34 +0300] "GET /amp.php?products/129nv3926 HTTP/1.1" 200 462257 "-" "Mozilla/5.0 AppleWebKit/537.36 (KHTML, like Gecko; compatible; GPTBot/1.2; +https://openai.com/gptbot)"
66.249.87.167 - - [23/Oct/2025:16:56:36 +0300] "GET /170016339.htm HTTP/1.1" 200 - "-" "Mozilla/5.0 (X11; Linux x86_64) AppleWebKit/537.36 (KHTML, like Gecko) Chrome/140.0.7339.207 Safari/537.36"
20.171.207.222 - - [23/Oct/2025:16:56:36 +0300] "GET /amp.php?products/239au28490 HTTP/1.1" 200 460867 "-" "Mozilla/5.0 AppleWebKit/537.36 (KHTML, like Gecko; compatible; GPTBot/1.2; +https://openai.com/gptbot)"
20.171.207.222 - - [23/Oct/2025:16:56:38 +0300] "GET /amp.php?products/288hb46433 HTTP/1.1" 200 511774 "-" "Mozilla/5.0 AppleWebKit/537.36 (KHTML, like Gecko; compatible; GPTBot/1.2; +https://openai.com/gptbot)"
144.76.19.75 - - [23/Oct/2025:16:56:38 +0300] "GET /amp.php?m056024938?srsltid=AfmBOowMYaDrXKqNlLESxK_sKtPOiAhxK_58FzB9Eo-Z-zNxwomFCs HTTP/1.1" 200 462468 "-" "Mozilla/5.0 (compatible; BLEXBot/1.0; +https://help.seranking.com/en/blex-crawler)"
20.171.207.222 - - [23/Oct/2025:16:56:40 +0300] "GET /amp.php?products/287zg11104 HTTP/1.1" 200 462987 "-" "Mozilla/5.0 AppleWebKit/537.36 (KHTML, like Gecko; compatible; GPTBot/1.2; +https://openai.com/gptbot)"
20.171.207.222 - - [23/Oct/2025:16:56:41 +0300] "GET /amp.php?products/255fi18512 HTTP/1.1" 200 465741 "-" "Mozilla/5.0 AppleWebKit/537.36 (KHTML, like Gecko; compatible; GPTBot/1.2; +https://openai.com/gptbot)"
144.76.19.75 - - [23/Oct/2025:16:56:42 +0300] "GET /amp.php?m004000110?srsltid=AfmBOofMXbURjPjTR43VKG_tY2dxCJvhf_3muQecft-U-aYlMAUCx0 HTTP/1.1" 200 466019 "-" "Mozilla/5.0 (compatible; BLEXBot/1.0; +https://help.seranking.com/en/blex-crawler)"
20.171.207.222 - - [23/Oct/2025:16:56:43 +0300] "GET /amp.php?products/255xo18522 HTTP/1.1" 200 466662 "-" "Mozilla/5.0 AppleWebKit/537.36 (KHTML, like Gecko; compatible; GPTBot/1.2; +https://openai.com/gptbot)"
20.171.207.222 - - [23/Oct/2025:16:56:45 +0300] "GET /amp.php?products/114xs48371 HTTP/1.1" 200 463936 "-" "Mozilla/5.0 AppleWebKit/537.36 (KHTML, like Gecko; compatible; GPTBot/1.2; +https://openai.com/gptbot)"
144.76.19.75 - - [23/Oct/2025:16:56:47 +0300] "GET /amp.php?m056024940?srsltid=AfmBOoozqSYVPtqi58FzB9_MTPlmLyrcV_zNxwomFC-B-nrtYEOweY HTTP/1.1" 200 464317 "-" "Mozilla/5.0 (compatible; BLEXBot/1.0; +https://help.seranking.com/en/blex-crawler)"
20.171.207.222 - - [23/Oct/2025:16:56:47 +0300] "GET /amp.php?products/255jm18514 HTTP/1.1" 200 467552 "-" "Mozilla/5.0 AppleWebKit/537.36 (KHTML, like Gecko; compatible; GPTBot/1.2; +https://openai.com/gptbot)"
20.171.207.222 - - [23/Oct/2025:16:56:49 +0300] "GET /amp.php?products/255tf18282 HTTP/1.1" 200 464407 "-" "Mozilla/5.0 AppleWebKit/537.36 (KHTML, like Gecko; compatible; GPTBot/1.2; +https://openai.com/gptbot)"
17.22.253.101 - - [23/Oct/2025:16:56:52 +0300] "GET /014003543.htm HTTP/1.1" 200 - "-" "Mozilla/5.0 (Macintosh; Intel Mac OS X 10_15_7) AppleWebKit/605.1.15 (KHTML, like Gecko) Version/17.4 Safari/605.1.15 (Applebot/0.1; +http://www.apple.com/go/applebot)"
144.76.19.75 - - [23/Oct/2025:16:56:51 +0300] "GET /amp.php?m004000112?srsltid=AfmBOolbtbPXPIPa3muQec_qrP6Fktpsq_aYlMAUCx-P-9bsTgflE8 HTTP/1.1" 200 466466 "-" "Mozilla/5.0 (compatible; BLEXBot/1.0; +https://help.seranking.com/en/blex-crawler)"
17.22.253.101 - - [23/Oct/2025:16:56:52 +0300] "GET /010003821.htm HTTP/1.1" 200 - "-" "Mozilla/5.0 (Macintosh; Intel Mac OS X 10_15_7) AppleWebKit/605.1.15 (KHTML, like Gecko) Version/17.4 Safari/605.1.15 (Applebot/0.1; +http://www.apple.com/go/applebot)"
20.171.207.222 - - [23/Oct/2025:16:56:51 +0300] "GET /amp.php?products/102pr31417 HTTP/1.1" 200 470476 "-" "Mozilla/5.0 AppleWebKit/537.36 (KHTML, like Gecko; compatible; GPTBot/1.2; +https://openai.com/gptbot)"
74.91.19.178 - - [23/Oct/2025:16:56:52 +0300] "GET /wp-includes/install.php HTTP/1.1" 200 6 "https://avocor.eu/wp-includes/install.php" "Mozilla/5.0 (Windows NT 10.0; Win64; x64) AppleWebKit/537.36 (KHTML, like Gecko) Chrome/58.0.3029.110 Safari/537.3"
20.171.207.222 - - [23/Oct/2025:16:56:53 +0300] "GET /amp.php?products/114jb48041 HTTP/1.1" 200 462578 "-" "Mozilla/5.0 AppleWebKit/537.36 (KHTML, like Gecko; compatible; GPTBot/1.2; +https://openai.com/gptbot)"
74.91.19.178 - - [23/Oct/2025:16:56:55 +0300] "GET /wp-includes/install.php HTTP/1.1" 200 6 "https://avocor.eu/wp-includes/install.php" "Mozilla/5.0 (Windows NT 10.0; Win64; x64) AppleWebKit/537.36 (KHTML, like Gecko) Chrome/58.0.3029.110 Safari/537.3"
20.171.207.222 - - [23/Oct/2025:16:56:55 +0300] "GET /amp.php?products/185ds25210 HTTP/1.1" 200 466075 "-" "Mozilla/5.0 AppleWebKit/537.36 (KHTML, like Gecko; compatible; GPTBot/1.2; +https://openai.com/gptbot)"
144.76.19.75 - - [23/Oct/2025:16:56:55 +0300] "GET /amp.php?m056024942?srsltid=AfmBOoKAGkZeqycRzNxwom_Z3MkxdT2Vx_nrtYEOwe-Q-kFe60HF1p HTTP/1.1" 200 463833 "-" "Mozilla/5.0 (compatible; BLEXBot/1.0; +https://help.seranking.com/en/blex-crawler)"
20.171.207.222 - - [23/Oct/2025:16:56:57 +0300] "GET /amp.php?products/134vp45967 HTTP/1.1" 200 465024 "-" "Mozilla/5.0 AppleWebKit/537.36 (KHTML, like Gecko; compatible; GPTBot/1.2; +https://openai.com/gptbot)"
20.171.207.222 - - [23/Oct/2025:16:56:59 +0300] "GET /amp.php?products/103ou17608 HTTP/1.1" 200 461016 "-" "Mozilla/5.0 AppleWebKit/537.36 (KHTML, like Gecko; compatible; GPTBot/1.2; +https://openai.com/gptbot)"
77.75.76.170 - - [23/Oct/2025:16:57:00 +0300] "GET /039025398.htm HTTP/1.1" 200 - "-" "Mozilla/5.0 (compatible; SeznamBot/4.0; +https://o-seznam.cz/napoveda/vyhledavani/en/seznambot-crawler/)"
144.76.19.75 - - [23/Oct/2025:16:56:59 +0300] "GET /amp.php?m004000114?srsltid=AfmBOoSdCdEBEdDuaYlMAU_GofrkN5IUu_9bsTgflE-A-2tTBpSqIq HTTP/1.1" 200 467696 "-" "Mozilla/5.0 (compatible; BLEXBot/1.0; +https://help.seranking.com/en/blex-crawler)"
77.75.76.170 - - [23/Oct/2025:16:57:01 +0300] "GET /007000930.htm HTTP/1.1" 200 - "-" "Mozilla/5.0 (compatible; SeznamBot/4.0; +https://o-seznam.cz/napoveda/vyhledavani/en/seznambot-crawler/)"
77.75.76.170 - - [23/Oct/2025:16:57:01 +0300] "GET /q-~77PDRB0ibS2rrxxXRUZcMhCedICBOWhW26532/ HTTP/1.1" 200 - "-" "Mozilla/5.0 (compatible; SeznamBot/4.0; +https://o-seznam.cz/napoveda/vyhledavani/en/seznambot-crawler/)"
20.171.207.222 - - [23/Oct/2025:16:57:00 +0300] "GET /amp.php?products/163ww21214 HTTP/1.1" 200 486460 "-" "Mozilla/5.0 AppleWebKit/537.36 (KHTML, like Gecko; compatible; GPTBot/1.2; +https://openai.com/gptbot)"
77.75.76.170 - - [23/Oct/2025:16:57:02 +0300] "GET /035024066.htm HTTP/1.1" 200 - "-" "Mozilla/5.0 (compatible; SeznamBot/4.0; +https://o-seznam.cz/napoveda/vyhledavani/en/seznambot-crawler/)"
77.75.76.170 - - [23/Oct/2025:16:57:02 +0300] "GET /040027939.htm HTTP/1.1" 200 - "-" "Mozilla/5.0 (compatible; SeznamBot/4.0; +https://o-seznam.cz/napoveda/vyhledavani/en/seznambot-crawler/)"
17.241.219.99 - - [23/Oct/2025:16:57:02 +0300] "GET /artificial/variable7/ssnpb-16333/ HTTP/1.1" 200 - "-" "Mozilla/5.0 (Macintosh; Intel Mac OS X 10_15_7) AppleWebKit/605.1.15 (KHTML, like Gecko) Version/17.4 Safari/605.1.15 (Applebot/0.1; +http://www.apple.com/go/applebot)"
77.75.76.170 - - [23/Oct/2025:16:57:02 +0300] "GET /021010104.htm HTTP/1.1" 200 - "-" "Mozilla/5.0 (compatible; SeznamBot/4.0; +https://o-seznam.cz/napoveda/vyhledavani/en/seznambot-crawler/)"
20.171.207.222 - - [23/Oct/2025:16:57:02 +0300] "GET /amp.php?products/227zm36316 HTTP/1.1" 200 475750 "-" "Mozilla/5.0 AppleWebKit/537.36 (KHTML, like Gecko; compatible; GPTBot/1.2; +https://openai.com/gptbot)"
144.76.19.75 - - [23/Oct/2025:16:57:04 +0300] "GET /amp.php?m056024944?srsltid=AfmBOoMhZjktZQiOnrtYEO_T5m4Gasm2A_kFe60HF1-P-aWmIhLjCV HTTP/1.1" 200 464737 "-" "Mozilla/5.0 (compatible; BLEXBot/1.0; +https://help.seranking.com/en/blex-crawler)"
20.171.207.222 - - [23/Oct/2025:16:57:04 +0300] "GET /amp.php?products/128jt21981 HTTP/1.1" 200 468609 "-" "Mozilla/5.0 AppleWebKit/537.36 (KHTML, like Gecko; compatible; GPTBot/1.2; +https://openai.com/gptbot)"
77.75.76.170 - - [23/Oct/2025:16:57:06 +0300] "GET /047001748.htm HTTP/1.1" 200 - "-" "Mozilla/5.0 (compatible; SeznamBot/4.0; +https://o-seznam.cz/napoveda/vyhledavani/en/seznambot-crawler/)"
20.171.207.222 - - [23/Oct/2025:16:57:06 +0300] "GET /amp.php?products/227zt16228 HTTP/1.1" 200 467737 "-" "Mozilla/5.0 AppleWebKit/537.36 (KHTML, like Gecko; compatible; GPTBot/1.2; +https://openai.com/gptbot)"
77.75.76.170 - - [23/Oct/2025:16:57:08 +0300] "GET /055020808.htm HTTP/1.1" 200 - "-" "Mozilla/5.0 (compatible; SeznamBot/4.0; +https://o-seznam.cz/napoveda/vyhledavani/en/seznambot-crawler/)"
77.75.76.170 - - [23/Oct/2025:16:57:09 +0300] "GET /009011348.htm HTTP/1.1" 200 - "-" "Mozilla/5.0 (compatible; SeznamBot/4.0; +https://o-seznam.cz/napoveda/vyhledavani/en/seznambot-crawler/)"
20.171.207.222 - - [23/Oct/2025:16:57:08 +0300] "GET /amp.php?products/185az25244 HTTP/1.1" 200 464403 "-" "Mozilla/5.0 AppleWebKit/537.36 (KHTML, like Gecko; compatible; GPTBot/1.2; +https://openai.com/gptbot)"
144.76.19.75 - - [23/Oct/2025:16:57:08 +0300] "GET /amp.php?m004000116?srsltid=AfmBOoqYVuGKJUwv9bsTgf_lndtHx5EkE_2tTBpSqI-C-WTesSKSVQ HTTP/1.1" 200 465997 "-" "Mozilla/5.0 (compatible; BLEXBot/1.0; +https://help.seranking.com/en/blex-crawler)"
77.75.76.170 - - [23/Oct/2025:16:57:11 +0300] "GET /028043319.htm HTTP/1.1" 200 - "-" "Mozilla/5.0 (compatible; SeznamBot/4.0; +https://o-seznam.cz/napoveda/vyhledavani/en/seznambot-crawler/)"
20.171.207.222 - - [23/Oct/2025:16:57:10 +0300] "GET /amp.php?products/255tj18526 HTTP/1.1" 200 466738 "-" "Mozilla/5.0 AppleWebKit/537.36 (KHTML, like Gecko; compatible; GPTBot/1.2; +https://openai.com/gptbot)"
77.75.76.170 - - [23/Oct/2025:16:57:12 +0300] "GET /optimistic/suite35/1txhf-37925/ HTTP/1.1" 200 - "-" "Mozilla/5.0 (compatible; SeznamBot/4.0; +https://o-seznam.cz/napoveda/vyhledavani/en/seznambot-crawler/)"
77.75.76.170 - - [23/Oct/2025:16:57:12 +0300] "GET /blade/n81?pid=1835 HTTP/1.1" 200 - "-" "Mozilla/5.0 (compatible; SeznamBot/4.0; +https://o-seznam.cz/napoveda/vyhledavani/en/seznambot-crawler/)"
20.171.207.222 - - [23/Oct/2025:16:57:12 +0300] "GET /amp.php?_bd_prev_page=https://avocor.eu/super.jsp?products/134ni40553&_bdsid=04mgdi.n~IWQNV.179774795.177546350&_gz=2.190387635.199814562.179671556-861378464.169980708 HTTP/1.1" 200 468139 "-" "Mozilla/5.0 AppleWebKit/537.36 (KHTML, like Gecko; compatible; GPTBot/1.2; +https://openai.com/gptbot)"
77.75.76.170 - - [23/Oct/2025:16:57:13 +0300] "GET /056034287.htm HTTP/1.1" 200 - "-" "Mozilla/5.0 (compatible; SeznamBot/4.0; +https://o-seznam.cz/napoveda/vyhledavani/en/seznambot-crawler/)"
77.75.76.170 - - [23/Oct/2025:16:57:13 +0300] "GET /030027211.htm HTTP/1.1" 200 - "-" "Mozilla/5.0 (compatible; SeznamBot/4.0; +https://o-seznam.cz/napoveda/vyhledavani/en/seznambot-crawler/)"
77.75.76.170 - - [23/Oct/2025:16:57:13 +0300] "GET /047045584.htm HTTP/1.1" 200 - "-" "Mozilla/5.0 (compatible; SeznamBot/4.0; +https://o-seznam.cz/napoveda/vyhledavani/en/seznambot-crawler/)"
144.76.19.75 - - [23/Oct/2025:16:57:12 +0300] "GET /amp.php?m056024946?srsltid=AfmBOoYrSeKqJNxskFe60H_lioKGlQ4dY_aWmIhLjC-R-ip6g7ur2I HTTP/1.1" 200 463922 "-" "Mozilla/5.0 (compatible; BLEXBot/1.0; +https://help.seranking.com/en/blex-crawler)"
77.75.76.170 - - [23/Oct/2025:16:57:14 +0300] "GET /001025566.htm HTTP/1.1" 200 - "-" "Mozilla/5.0 (compatible; SeznamBot/4.0; +https://o-seznam.cz/napoveda/vyhledavani/en/seznambot-crawler/)"
77.75.76.170 - - [23/Oct/2025:16:57:14 +0300] "GET /008024057.htm HTTP/1.1" 200 - "-" "Mozilla/5.0 (compatible; SeznamBot/4.0; +https://o-seznam.cz/napoveda/vyhledavani/en/seznambot-crawler/)"
74.91.19.178 - - [23/Oct/2025:16:57:14 +0300] "GET /wp-includes/install.php HTTP/1.1" 200 6 "https://avocor.eu/wp-includes/install.php" "Mozilla/5.0 (Windows NT 10.0; Win64; x64) AppleWebKit/537.36 (KHTML, like Gecko) Chrome/58.0.3029.110 Safari/537.3"
20.171.207.222 - - [23/Oct/2025:16:57:13 +0300] "GET /amp.php?products/103of17630 HTTP/1.1" 200 462518 "-" "Mozilla/5.0 AppleWebKit/537.36 (KHTML, like Gecko; compatible; GPTBot/1.2; +https://openai.com/gptbot)"
20.171.207.222 - - [23/Oct/2025:16:57:15 +0300] "GET /amp.php?products/163cj21726 HTTP/1.1" 200 486785 "-" "Mozilla/5.0 AppleWebKit/537.36 (KHTML, like Gecko; compatible; GPTBot/1.2; +https://openai.com/gptbot)"
144.76.19.75 - - [23/Oct/2025:16:57:17 +0300] "GET /amp.php?m004000118?srsltid=AfmBOoUyLOauUjyL2tTBpS_LvzINoyoag_WTesSKSV-I-xq8J8K3ZJ HTTP/1.1" 200 472085 "-" "Mozilla/5.0 (compatible; BLEXBot/1.0; +https://help.seranking.com/en/blex-crawler)"
17.246.19.67 - - [23/Oct/2025:16:57:18 +0300] "GET /educator/everybody5/ahn9u-38671/ HTTP/1.1" 200 - "-" "Mozilla/5.0 (Macintosh; Intel Mac OS X 10_15_7) AppleWebKit/605.1.15 (KHTML, like Gecko) Version/17.4 Safari/605.1.15 (Applebot/0.1; +http://www.apple.com/go/applebot)"
20.171.207.222 - - [23/Oct/2025:16:57:17 +0300] "GET /amp.php?products/117yp31260 HTTP/1.1" 200 461411 "-" "Mozilla/5.0 AppleWebKit/537.36 (KHTML, like Gecko; compatible; GPTBot/1.2; +https://openai.com/gptbot)"
77.75.76.170 - - [23/Oct/2025:16:57:20 +0300] "GET /062006999.htm HTTP/1.1" 200 - "-" "Mozilla/5.0 (compatible; SeznamBot/4.0; +https://o-seznam.cz/napoveda/vyhledavani/en/seznambot-crawler/)"
20.171.207.222 - - [23/Oct/2025:16:57:19 +0300] "GET /amp.php?products/105cd42592 HTTP/1.1" 200 459932 "-" "Mozilla/5.0 AppleWebKit/537.36 (KHTML, like Gecko; compatible; GPTBot/1.2; +https://openai.com/gptbot)"
74.91.19.178 - - [23/Oct/2025:16:57:20 +0300] "GET /wp-includes/install.php HTTP/1.1" 200 6 "https://avocor.eu/wp-includes/install.php" "Mozilla/5.0 (Windows NT 10.0; Win64; x64) AppleWebKit/537.36 (KHTML, like Gecko) Chrome/58.0.3029.110 Safari/537.3"
77.75.76.170 - - [23/Oct/2025:16:57:21 +0300] "GET /078020635.htm HTTP/1.1" 200 - "-" "Mozilla/5.0 (compatible; SeznamBot/4.0; +https://o-seznam.cz/napoveda/vyhledavani/en/seznambot-crawler/)"
144.76.19.75 - - [23/Oct/2025:16:57:21 +0300] "GET /amp.php?m056024948?srsltid=AfmBOowtCAYMsfpNaWmIhL_2xWO1lBCZe_ip6g7ur2-E-kwzLZhsse HTTP/1.1" 200 461546 "-" "Mozilla/5.0 (compatible; BLEXBot/1.0; +https://help.seranking.com/en/blex-crawler)"
20.171.207.222 - - [23/Oct/2025:16:57:21 +0300] "GET /amp.php?products/255zz18812 HTTP/1.1" 200 468572 "-" "Mozilla/5.0 AppleWebKit/537.36 (KHTML, like Gecko; compatible; GPTBot/1.2; +https://openai.com/gptbot)"
77.75.76.170 - - [23/Oct/2025:16:57:23 +0300] "GET /001014684.htm HTTP/1.1" 200 - "-" "Mozilla/5.0 (compatible; SeznamBot/4.0; +https://o-seznam.cz/napoveda/vyhledavani/en/seznambot-crawler/)"
77.75.76.170 - - [23/Oct/2025:16:57:24 +0300] "GET /far/mood29/x964j-1729/ HTTP/1.1" 200 - "-" "Mozilla/5.0 (compatible; SeznamBot/4.0; +https://o-seznam.cz/napoveda/vyhledavani/en/seznambot-crawler/)"
20.171.207.222 - - [23/Oct/2025:16:57:23 +0300] "GET /amp.php?products/128df23183 HTTP/1.1" 200 465247 "-" "Mozilla/5.0 AppleWebKit/537.36 (KHTML, like Gecko; compatible; GPTBot/1.2; +https://openai.com/gptbot)"
77.75.76.170 - - [23/Oct/2025:16:57:24 +0300] "GET /060006181.htm HTTP/1.1" 200 - "-" "Mozilla/5.0 (compatible; SeznamBot/4.0; +https://o-seznam.cz/napoveda/vyhledavani/en/seznambot-crawler/)"
74.91.19.178 - - [23/Oct/2025:16:55:57 +0300] "GET /wp-includes/install.php HTTP/1.1" 200 - "https://avocor.eu/wp-includes/install.php" "Mozilla/5.0 (Windows NT 10.0; Win64; x64) AppleWebKit/537.36 (KHTML, like Gecko) Chrome/58.0.3029.110 Safari/537.3"
77.75.76.170 - - [23/Oct/2025:16:57:26 +0300] "GET /054024573.htm HTTP/1.1" 200 - "-" "Mozilla/5.0 (compatible; SeznamBot/4.0; +https://o-seznam.cz/napoveda/vyhledavani/en/seznambot-crawler/)"
77.75.76.170 - - [23/Oct/2025:16:57:26 +0300] "GET /026022839.htm HTTP/1.1" 200 - "-" "Mozilla/5.0 (compatible; SeznamBot/4.0; +https://o-seznam.cz/napoveda/vyhledavani/en/seznambot-crawler/)"
20.171.207.222 - - [23/Oct/2025:16:57:25 +0300] "GET /amp.php?products/185vc25258 HTTP/1.1" 200 463827 "-" "Mozilla/5.0 AppleWebKit/537.36 (KHTML, like Gecko; compatible; GPTBot/1.2; +https://openai.com/gptbot)"
144.76.19.75 - - [23/Oct/2025:16:57:25 +0300] "GET /amp.php?m004000120?srsltid=AfmBOodQKpOJbtWKWTesSK_SGavRvkNrR_xq8J8K3Z-C-XDXbO9DYG HTTP/1.1" 200 464780 "-" "Mozilla/5.0 (compatible; BLEXBot/1.0; +https://help.seranking.com/en/blex-crawler)"
77.75.76.170 - - [23/Oct/2025:16:57:26 +0300] "GET /032027295.htm HTTP/1.1" 200 - "-" "Mozilla/5.0 (compatible; SeznamBot/4.0; +https://o-seznam.cz/napoveda/vyhledavani/en/seznambot-crawler/)"
77.75.76.170 - - [23/Oct/2025:16:57:27 +0300] "GET /105039180.htm HTTP/1.1" 200 - "-" "Mozilla/5.0 (compatible; SeznamBot/4.0; +https://o-seznam.cz/napoveda/vyhledavani/en/seznambot-crawler/)"
77.75.76.170 - - [23/Oct/2025:16:57:27 +0300] "GET /this/particular98/erynw-6006/ HTTP/1.1" 200 - "-" "Mozilla/5.0 (compatible; SeznamBot/4.0; +https://o-seznam.cz/napoveda/vyhledavani/en/seznambot-crawler/)"
77.75.76.170 - - [23/Oct/2025:16:57:27 +0300] "GET /061019226.htm HTTP/1.1" 200 - "-" "Mozilla/5.0 (compatible; SeznamBot/4.0; +https://o-seznam.cz/napoveda/vyhledavani/en/seznambot-crawler/)"
77.75.76.170 - - [23/Oct/2025:16:57:27 +0300] "GET /047023292.htm HTTP/1.1" 200 - "-" "Mozilla/5.0 (compatible; SeznamBot/4.0; +https://o-seznam.cz/napoveda/vyhledavani/en/seznambot-crawler/)"
77.75.76.170 - - [23/Oct/2025:16:57:28 +0300] "GET /q-~69kO3eaGKIWOPOZA4zaZUCXFiILKJaDs32672/ HTTP/1.1" 200 - "-" "Mozilla/5.0 (compatible; SeznamBot/4.0; +https://o-seznam.cz/napoveda/vyhledavani/en/seznambot-crawler/)"
77.75.76.170 - - [23/Oct/2025:16:57:28 +0300] "GET /rehabilitation/artistic43/ue9cv-8973/ HTTP/1.1" 200 - "-" "Mozilla/5.0 (compatible; SeznamBot/4.0; +https://o-seznam.cz/napoveda/vyhledavani/en/seznambot-crawler/)"
20.171.207.222 - - [23/Oct/2025:16:57:27 +0300] "GET /amp.php?products/163js21736 HTTP/1.1" 200 470469 "-" "Mozilla/5.0 AppleWebKit/537.36 (KHTML, like Gecko; compatible; GPTBot/1.2; +https://openai.com/gptbot)"
17.246.19.197 - - [23/Oct/2025:16:57:29 +0300] "GET /trip/obvious21/vg7dt-15047/ HTTP/1.1" 200 - "-" "Mozilla/5.0 (Macintosh; Intel Mac OS X 10_15_7) AppleWebKit/605.1.15 (KHTML, like Gecko) Version/17.4 Safari/605.1.15 (Applebot/0.1; +http://www.apple.com/go/applebot)"
77.75.76.170 - - [23/Oct/2025:16:57:29 +0300] "GET /042024995.htm HTTP/1.1" 200 - "-" "Mozilla/5.0 (compatible; SeznamBot/4.0; +https://o-seznam.cz/napoveda/vyhledavani/en/seznambot-crawler/)"
77.75.76.170 - - [23/Oct/2025:16:57:30 +0300] "GET /slight/view46/sivvb-25836/ HTTP/1.1" 200 - "-" "Mozilla/5.0 (compatible; SeznamBot/4.0; +https://o-seznam.cz/napoveda/vyhledavani/en/seznambot-crawler/)"
17.246.23.243 - - [23/Oct/2025:16:57:30 +0300] "GET /005038154.htm HTTP/1.1" 200 - "-" "Mozilla/5.0 (Macintosh; Intel Mac OS X 10_15_7) AppleWebKit/605.1.15 (KHTML, like Gecko) Version/17.4 Safari/605.1.15 (Applebot/0.1; +http://www.apple.com/go/applebot)"
77.75.76.170 - - [23/Oct/2025:16:57:30 +0300] "GET /039011232.htm HTTP/1.1" 200 - "-" "Mozilla/5.0 (compatible; SeznamBot/4.0; +https://o-seznam.cz/napoveda/vyhledavani/en/seznambot-crawler/)"
20.171.207.222 - - [23/Oct/2025:16:57:29 +0300] "GET /amp.php?products/224zt37877 HTTP/1.1" 200 465086 "-" "Mozilla/5.0 AppleWebKit/537.36 (KHTML, like Gecko; compatible; GPTBot/1.2; +https://openai.com/gptbot)"
77.75.76.170 - - [23/Oct/2025:16:57:30 +0300] "GET /047025556.htm HTTP/1.1" 200 - "-" "Mozilla/5.0 (compatible; SeznamBot/4.0; +https://o-seznam.cz/napoveda/vyhledavani/en/seznambot-crawler/)"
77.75.76.170 - - [23/Oct/2025:16:57:30 +0300] "GET /sexy/swear30/h2xar-38794/ HTTP/1.1" 200 - "-" "Mozilla/5.0 (compatible; SeznamBot/4.0; +https://o-seznam.cz/napoveda/vyhledavani/en/seznambot-crawler/)"
144.76.19.75 - - [23/Oct/2025:16:57:29 +0300] "GET /amp.php?m056024952?srsltid=AfmBOoCezNBSUsgJkwzLZh_f3akwssBlX_1Ll3ppUd-Z-zT77nXd1P HTTP/1.1" 200 462761 "-" "Mozilla/5.0 (compatible; BLEXBot/1.0; +https://help.seranking.com/en/blex-crawler)"
77.75.76.170 - - [23/Oct/2025:16:57:31 +0300] "GET /047041288.htm HTTP/1.1" 200 - "-" "Mozilla/5.0 (compatible; SeznamBot/4.0; +https://o-seznam.cz/napoveda/vyhledavani/en/seznambot-crawler/)"
77.75.76.170 - - [23/Oct/2025:16:57:31 +0300] "GET /076016481.htm HTTP/1.1" 200 - "-" "Mozilla/5.0 (compatible; SeznamBot/4.0; +https://o-seznam.cz/napoveda/vyhledavani/en/seznambot-crawler/)"
77.75.76.170 - - [23/Oct/2025:16:57:31 +0300] "GET /077021578.htm HTTP/1.1" 200 - "-" "Mozilla/5.0 (compatible; SeznamBot/4.0; +https://o-seznam.cz/napoveda/vyhledavani/en/seznambot-crawler/)"
77.75.76.170 - - [23/Oct/2025:16:57:31 +0300] "GET /008023347.htm HTTP/1.1" 200 - "-" "Mozilla/5.0 (compatible; SeznamBot/4.0; +https://o-seznam.cz/napoveda/vyhledavani/en/seznambot-crawler/)"
77.75.76.170 - - [23/Oct/2025:16:57:32 +0300] "GET /018013173.htm HTTP/1.1" 200 - "-" "Mozilla/5.0 (compatible; SeznamBot/4.0; +https://o-seznam.cz/napoveda/vyhledavani/en/seznambot-crawler/)"
20.171.207.222 - - [23/Oct/2025:16:57:31 +0300] "GET /amp.php?products/163zw22240 HTTP/1.1" 200 482684 "-" "Mozilla/5.0 AppleWebKit/537.36 (KHTML, like Gecko; compatible; GPTBot/1.2; +https://openai.com/gptbot)"
77.75.76.170 - - [23/Oct/2025:16:57:32 +0300] "GET /041031836.htm HTTP/1.1" 200 - "-" "Mozilla/5.0 (compatible; SeznamBot/4.0; +https://o-seznam.cz/napoveda/vyhledavani/en/seznambot-crawler/)"
77.75.76.170 - - [23/Oct/2025:16:57:32 +0300] "GET /landing/a7?pid=9901 HTTP/1.1" 200 - "-" "Mozilla/5.0 (compatible; SeznamBot/4.0; +https://o-seznam.cz/napoveda/vyhledavani/en/seznambot-crawler/)"
77.75.76.170 - - [23/Oct/2025:16:57:33 +0300] "GET /where/rim25/d6b1e-37579/ HTTP/1.1" 200 - "-" "Mozilla/5.0 (compatible; SeznamBot/4.0; +https://o-seznam.cz/napoveda/vyhledavani/en/seznambot-crawler/)"
77.75.76.170 - - [23/Oct/2025:16:57:33 +0300] "GET /023009258.htm HTTP/1.1" 200 - "-" "Mozilla/5.0 (compatible; SeznamBot/4.0; +https://o-seznam.cz/napoveda/vyhledavani/en/seznambot-crawler/)"
77.75.76.170 - - [23/Oct/2025:16:57:33 +0300] "GET /060028221.htm HTTP/1.1" 200 - "-" "Mozilla/5.0 (compatible; SeznamBot/4.0; +https://o-seznam.cz/napoveda/vyhledavani/en/seznambot-crawler/)"
77.75.76.170 - - [23/Oct/2025:16:57:33 +0300] "GET /063023518.htm HTTP/1.1" 200 - "-" "Mozilla/5.0 (compatible; SeznamBot/4.0; +https://o-seznam.cz/napoveda/vyhledavani/en/seznambot-crawler/)"
77.75.76.170 - - [23/Oct/2025:16:57:34 +0300] "GET /050023413.htm HTTP/1.1" 200 - "-" "Mozilla/5.0 (compatible; SeznamBot/4.0; +https://o-seznam.cz/napoveda/vyhledavani/en/seznambot-crawler/)"
20.171.207.222 - - [23/Oct/2025:16:57:33 +0300] "GET /amp.php?products/122br16827 HTTP/1.1" 200 463325 "-" "Mozilla/5.0 AppleWebKit/537.36 (KHTML, like Gecko; compatible; GPTBot/1.2; +https://openai.com/gptbot)"
77.75.76.170 - - [23/Oct/2025:16:57:34 +0300] "GET /076011761.htm HTTP/1.1" 200 - "-" "Mozilla/5.0 (compatible; SeznamBot/4.0; +https://o-seznam.cz/napoveda/vyhledavani/en/seznambot-crawler/)"
77.75.76.170 - - [23/Oct/2025:16:57:34 +0300] "GET /033021170.htm HTTP/1.1" 200 - "-" "Mozilla/5.0 (compatible; SeznamBot/4.0; +https://o-seznam.cz/napoveda/vyhledavani/en/seznambot-crawler/)"
77.75.76.170 - - [23/Oct/2025:16:57:35 +0300] "GET /003029656.htm HTTP/1.1" 200 - "-" "Mozilla/5.0 (compatible; SeznamBot/4.0; +https://o-seznam.cz/napoveda/vyhledavani/en/seznambot-crawler/)"
77.75.76.170 - - [23/Oct/2025:16:57:35 +0300] "GET /011023016.htm HTTP/1.1" 200 - "-" "Mozilla/5.0 (compatible; SeznamBot/4.0; +https://o-seznam.cz/napoveda/vyhledavani/en/seznambot-crawler/)"
144.76.19.75 - - [23/Oct/2025:16:57:34 +0300] "GET /amp.php?m004000122?srsltid=AfmBOowpqQKRHrtnxq8J8K_hUkUV1XkvI_XDXbO9DY-F-7DiwragFZ HTTP/1.1" 200 464620 "-" "Mozilla/5.0 (compatible; BLEXBot/1.0; +https://help.seranking.com/en/blex-crawler)"
20.171.207.222 - - [23/Oct/2025:16:57:35 +0300] "GET /amp.php?products/185ff25262 HTTP/1.1" 200 464894 "-" "Mozilla/5.0 AppleWebKit/537.36 (KHTML, like Gecko; compatible; GPTBot/1.2; +https://openai.com/gptbot)"
20.171.207.222 - - [23/Oct/2025:16:57:37 +0300] "GET /amp.php?m008022416?srsltid=AfmBOolBGkdnubnuOWlDkZ_wIMFvqU5Kt_08bLMgIf-Q-QfxOXtUlC HTTP/1.1" 200 460962 "-" "Mozilla/5.0 AppleWebKit/537.36 (KHTML, like Gecko; compatible; GPTBot/1.2; +https://openai.com/gptbot)"
144.76.19.75 - - [23/Oct/2025:16:57:38 +0300] "GET /amp.php?m056024954?srsltid=AfmBOofUAFXiyRyE1Ll3pp_AwpffLlxYP_zT77nXd1-Z-SSuFMg8Sw HTTP/1.1" 200 472225 "-" "Mozilla/5.0 (compatible; BLEXBot/1.0; +https://help.seranking.com/en/blex-crawler)"
20.171.207.222 - - [23/Oct/2025:16:57:39 +0300] "GET /amp.php?products/163ea22464 HTTP/1.1" 200 484874 "-" "Mozilla/5.0 AppleWebKit/537.36 (KHTML, like Gecko; compatible; GPTBot/1.2; +https://openai.com/gptbot)"
20.171.207.222 - - [23/Oct/2025:16:57:42 +0300] "GET /amp.php?products/113lu38468 HTTP/1.1" 200 460794 "-" "Mozilla/5.0 AppleWebKit/537.36 (KHTML, like Gecko; compatible; GPTBot/1.2; +https://openai.com/gptbot)"
74.91.19.178 - - [23/Oct/2025:16:57:42 +0300] "GET /wp-includes/install.php HTTP/1.1" 200 6 "https://avocor.eu/wp-includes/install.php" "Mozilla/5.0 (Windows NT 10.0; Win64; x64) AppleWebKit/537.36 (KHTML, like Gecko) Chrome/58.0.3029.110 Safari/537.3"
144.76.19.75 - - [23/Oct/2025:16:57:42 +0300] "GET /amp.php?m004000124?srsltid=AfmBOoyEhFdOnQIdXDXbO9_7A6ur7jdDM_7DiwragF-Q-Jt0IakcNX HTTP/1.1" 200 470123 "-" "Mozilla/5.0 (compatible; BLEXBot/1.0; +https://help.seranking.com/en/blex-crawler)"
74.91.19.178 - - [23/Oct/2025:16:57:44 +0300] "GET /wp-includes/install.php HTTP/1.1" 200 6 "https://avocor.eu/wp-includes/install.php" "Mozilla/5.0 (Windows NT 10.0; Win64; x64) AppleWebKit/537.36 (KHTML, like Gecko) Chrome/58.0.3029.110 Safari/537.3"
20.171.207.222 - - [23/Oct/2025:16:57:44 +0300] "GET /amp.php?products/131uo25688 HTTP/1.1" 200 463618 "-" "Mozilla/5.0 AppleWebKit/537.36 (KHTML, like Gecko; compatible; GPTBot/1.2; +https://openai.com/gptbot)"
20.171.207.222 - - [23/Oct/2025:16:57:46 +0300] "GET /amp.php?products/114eh24045 HTTP/1.1" 200 463574 "-" "Mozilla/5.0 AppleWebKit/537.36 (KHTML, like Gecko; compatible; GPTBot/1.2; +https://openai.com/gptbot)"
144.76.19.75 - - [23/Oct/2025:16:57:47 +0300] "GET /amp.php?m056024958?srsltid=AfmBOoflmvZhinWiSSuFMg_1FE7x51ro7_zDKZcilh-I-c6GsnWcCu HTTP/1.1" 200 464685 "-" "Mozilla/5.0 (compatible; BLEXBot/1.0; +https://help.seranking.com/en/blex-crawler)"
20.171.207.222 - - [23/Oct/2025:16:57:48 +0300] "GET /amp.php?m185025209?srsltid=AfmBOoNQgxHPgzeNN1IDc6_NG240uVEai_d3p7WshP-C-euMxiRW7q HTTP/1.1" 200 464921 "-" "Mozilla/5.0 AppleWebKit/537.36 (KHTML, like Gecko; compatible; GPTBot/1.2; +https://openai.com/gptbot)"
20.171.207.222 - - [23/Oct/2025:16:57:50 +0300] "GET /amp.php?products/227ce36626 HTTP/1.1" 200 461553 "-" "Mozilla/5.0 AppleWebKit/537.36 (KHTML, like Gecko; compatible; GPTBot/1.2; +https://openai.com/gptbot)"
144.76.19.75 - - [23/Oct/2025:16:57:51 +0300] "GET /amp.php?m004000126?srsltid=AfmBOokRwqxhHFdk7Diwra_m5lqwIuPzN_Jt0IakcN-P-0vAtRnPpk HTTP/1.1" 200 465177 "-" "Mozilla/5.0 (compatible; BLEXBot/1.0; +https://help.seranking.com/en/blex-crawler)"
20.171.207.222 - - [23/Oct/2025:16:57:52 +0300] "GET /amp.php?products/161bc46540 HTTP/1.1" 200 460800 "-" "Mozilla/5.0 AppleWebKit/537.36 (KHTML, like Gecko; compatible; GPTBot/1.2; +https://openai.com/gptbot)"
74.91.19.178 - - [23/Oct/2025:16:57:53 +0300] "GET /wp-includes/install.php HTTP/1.1" 200 6 "https://avocor.eu/wp-includes/install.php" "Mozilla/5.0 (Windows NT 10.0; Win64; x64) AppleWebKit/537.36 (KHTML, like Gecko) Chrome/58.0.3029.110 Safari/537.3"
74.91.19.178 - - [23/Oct/2025:16:57:54 +0300] "GET /wp-includes/install.php HTTP/1.1" 200 6 "https://avocor.eu/wp-includes/install.php" "Mozilla/5.0 (Windows NT 10.0; Win64; x64) AppleWebKit/537.36 (KHTML, like Gecko) Chrome/58.0.3029.110 Safari/537.3"
20.171.207.222 - - [23/Oct/2025:16:57:54 +0300] "GET /amp.php?products/126hg23693 HTTP/1.1" 200 471459 "-" "Mozilla/5.0 AppleWebKit/537.36 (KHTML, like Gecko; compatible; GPTBot/1.2; +https://openai.com/gptbot)"
144.76.19.75 - - [23/Oct/2025:16:57:55 +0300] "GET /amp.php?m056024960?srsltid=AfmBOorvUByNDyJSzDKZci_2pQCeM7piG_c6GsnWcC-Z-sp6KcbXEl HTTP/1.1" 200 463490 "-" "Mozilla/5.0 (compatible; BLEXBot/1.0; +https://help.seranking.com/en/blex-crawler)"
20.171.207.222 - - [23/Oct/2025:16:57:56 +0300] "GET /amp.php?products/113ga37160 HTTP/1.1" 200 461607 "-" "Mozilla/5.0 AppleWebKit/537.36 (KHTML, like Gecko; compatible; GPTBot/1.2; +https://openai.com/gptbot)"
20.171.207.222 - - [23/Oct/2025:16:57:58 +0300] "GET /amp.php?products/294mr39291 HTTP/1.1" 200 468090 "-" "Mozilla/5.0 AppleWebKit/537.36 (KHTML, like Gecko; compatible; GPTBot/1.2; +https://openai.com/gptbot)"
74.91.19.178 - - [23/Oct/2025:16:58:00 +0300] "GET /wp-includes/install.php HTTP/1.1" 200 6 "https://avocor.eu/wp-includes/install.php" "Mozilla/5.0 (Windows NT 10.0; Win64; x64) AppleWebKit/537.36 (KHTML, like Gecko) Chrome/58.0.3029.110 Safari/537.3"
144.76.19.75 - - [23/Oct/2025:16:57:59 +0300] "GET /amp.php?m004000128?srsltid=AfmBOogoklHNUfgVJt0Iak_1t8yuYxVbj_0vAtRnPp-W-sSuTK94QN HTTP/1.1" 200 470315 "-" "Mozilla/5.0 (compatible; BLEXBot/1.0; +https://help.seranking.com/en/blex-crawler)"
74.91.19.178 - - [23/Oct/2025:16:58:01 +0300] "GET /wp-includes/install.php HTTP/1.1" 200 6 "https://avocor.eu/wp-includes/install.php" "Mozilla/5.0 (Windows NT 10.0; Win64; x64) AppleWebKit/537.36 (KHTML, like Gecko) Chrome/58.0.3029.110 Safari/537.3"
20.171.207.222 - - [23/Oct/2025:16:58:00 +0300] "GET /amp.php?products/226wy44649 HTTP/1.1" 200 470588 "-" "Mozilla/5.0 AppleWebKit/537.36 (KHTML, like Gecko; compatible; GPTBot/1.2; +https://openai.com/gptbot)"
20.171.207.222 - - [23/Oct/2025:16:58:02 +0300] "GET /amp.php?products/185tp25334 HTTP/1.1" 200 466282 "-" "Mozilla/5.0 AppleWebKit/537.36 (KHTML, like Gecko; compatible; GPTBot/1.2; +https://openai.com/gptbot)"
77.75.76.170 - - [23/Oct/2025:16:58:05 +0300] "GET /051035718.htm HTTP/1.1" 200 - "-" "Mozilla/5.0 (compatible; SeznamBot/4.0; +https://o-seznam.cz/napoveda/vyhledavani/en/seznambot-crawler/)"
144.76.19.75 - - [23/Oct/2025:16:58:04 +0300] "GET /amp.php?m056024962?srsltid=AfmBOobIifGSnoPPc6GsnW_qjZ24ynLBa_sp6KcbXE-T-aIh5LxKGI HTTP/1.1" 200 462572 "-" "Mozilla/5.0 (compatible; BLEXBot/1.0; +https://help.seranking.com/en/blex-crawler)"
20.171.207.222 - - [23/Oct/2025:16:58:04 +0300] "GET /amp.php?products/161eh46558 HTTP/1.1" 200 461511 "-" "Mozilla/5.0 AppleWebKit/537.36 (KHTML, like Gecko; compatible; GPTBot/1.2; +https://openai.com/gptbot)"
74.91.19.178 - - [23/Oct/2025:16:58:07 +0300] "GET /wp-includes/install.php HTTP/1.1" 200 6 "https://avocor.eu/wp-includes/install.php" "Mozilla/5.0 (Windows NT 10.0; Win64; x64) AppleWebKit/537.36 (KHTML, like Gecko) Chrome/58.0.3029.110 Safari/537.3"
20.171.207.222 - - [23/Oct/2025:16:58:06 +0300] "GET /amp.php?products/126na23633 HTTP/1.1" 200 469161 "-" "Mozilla/5.0 AppleWebKit/537.36 (KHTML, like Gecko; compatible; GPTBot/1.2; +https://openai.com/gptbot)"
74.91.19.178 - - [23/Oct/2025:16:58:08 +0300] "GET /wp-includes/install.php HTTP/1.1" 200 6 "https://avocor.eu/wp-includes/install.php" "Mozilla/5.0 (Windows NT 10.0; Win64; x64) AppleWebKit/537.36 (KHTML, like Gecko) Chrome/58.0.3029.110 Safari/537.3"
77.75.76.170 - - [23/Oct/2025:16:58:08 +0300] "GET /001012536.htm HTTP/1.1" 200 - "-" "Mozilla/5.0 (compatible; SeznamBot/4.0; +https://o-seznam.cz/napoveda/vyhledavani/en/seznambot-crawler/)"
77.75.76.170 - - [23/Oct/2025:16:58:08 +0300] "GET /043026648.htm HTTP/1.1" 200 - "-" "Mozilla/5.0 (compatible; SeznamBot/4.0; +https://o-seznam.cz/napoveda/vyhledavani/en/seznambot-crawler/)"
20.171.207.222 - - [23/Oct/2025:16:58:08 +0300] "GET /amp.php?products/181db19114 HTTP/1.1" 200 466083 "-" "Mozilla/5.0 AppleWebKit/537.36 (KHTML, like Gecko; compatible; GPTBot/1.2; +https://openai.com/gptbot)"
144.76.19.75 - - [23/Oct/2025:16:58:08 +0300] "GET /amp.php?m004000130?srsltid=AfmBOogcfDpwUhPu0vAtRn_KLfkow9mXj_sSuTK94Q-P-jEc2b5I28 HTTP/1.1" 200 472098 "-" "Mozilla/5.0 (compatible; BLEXBot/1.0; +https://help.seranking.com/en/blex-crawler)"
20.171.207.222 - - [23/Oct/2025:16:58:09 +0300] "GET /amp.php?products/299tk46526 HTTP/1.1" 200 461797 "-" "Mozilla/5.0 AppleWebKit/537.36 (KHTML, like Gecko; compatible; GPTBot/1.2; +https://openai.com/gptbot)"
77.75.76.170 - - [23/Oct/2025:16:58:12 +0300] "GET /q-~117kksVUbColwAaaLKLijAwMmUF0mAYGe20566/ HTTP/1.1" 200 - "-" "Mozilla/5.0 (compatible; SeznamBot/4.0; +https://o-seznam.cz/napoveda/vyhledavani/en/seznambot-crawler/)"
20.171.207.222 - - [23/Oct/2025:16:58:11 +0300] "GET /amp.php?products/294dr38943 HTTP/1.1" 200 470754 "-" "Mozilla/5.0 AppleWebKit/537.36 (KHTML, like Gecko; compatible; GPTBot/1.2; +https://openai.com/gptbot)"
144.76.19.75 - - [23/Oct/2025:16:58:12 +0300] "GET /amp.php?m056024966?srsltid=AfmBOoQppFMMcFmnaIh5Lx_dbSAxundDM_HKCNzFmc-P-biMfV4ONZ HTTP/1.1" 200 472668 "-" "Mozilla/5.0 (compatible; BLEXBot/1.0; +https://help.seranking.com/en/blex-crawler)"
77.75.76.170 - - [23/Oct/2025:16:58:14 +0300] "GET /worry/mystery2/ds66a-20380/ HTTP/1.1" 200 - "-" "Mozilla/5.0 (compatible; SeznamBot/4.0; +https://o-seznam.cz/napoveda/vyhledavani/en/seznambot-crawler/)"
20.171.207.222 - - [23/Oct/2025:16:58:13 +0300] "GET /amp.php?products/294dd38949 HTTP/1.1" 200 469993 "-" "Mozilla/5.0 AppleWebKit/537.36 (KHTML, like Gecko; compatible; GPTBot/1.2; +https://openai.com/gptbot)"
77.75.76.170 - - [23/Oct/2025:16:58:15 +0300] "GET /075044818.htm HTTP/1.1" 200 - "-" "Mozilla/5.0 (compatible; SeznamBot/4.0; +https://o-seznam.cz/napoveda/vyhledavani/en/seznambot-crawler/)"
77.75.76.170 - - [23/Oct/2025:16:58:16 +0300] "GET /017011874.htm HTTP/1.1" 200 - "-" "Mozilla/5.0 (compatible; SeznamBot/4.0; +https://o-seznam.cz/napoveda/vyhledavani/en/seznambot-crawler/)"
20.171.207.222 - - [23/Oct/2025:16:58:15 +0300] "GET /amp.php?products/251mr22406 HTTP/1.1" 200 464528 "-" "Mozilla/5.0 AppleWebKit/537.36 (KHTML, like Gecko; compatible; GPTBot/1.2; +https://openai.com/gptbot)"
77.75.76.170 - - [23/Oct/2025:16:58:16 +0300] "GET /002017199.htm HTTP/1.1" 200 - "-" "Mozilla/5.0 (compatible; SeznamBot/4.0; +https://o-seznam.cz/napoveda/vyhledavani/en/seznambot-crawler/)"
77.75.76.170 - - [23/Oct/2025:16:58:17 +0300] "GET /041011298.htm HTTP/1.1" 200 - "-" "Mozilla/5.0 (compatible; SeznamBot/4.0; +https://o-seznam.cz/napoveda/vyhledavani/en/seznambot-crawler/)"
144.76.19.75 - - [23/Oct/2025:16:58:17 +0300] "GET /amp.php?m004000132?srsltid=AfmBOofSpqQHBwZAsSuTK9_0kvCIOgYIu_jEc2b5I2-K-9jnxejJIR HTTP/1.1" 200 464812 "-" "Mozilla/5.0 (compatible; BLEXBot/1.0; +https://help.seranking.com/en/blex-crawler)"
77.75.76.170 - - [23/Oct/2025:16:58:18 +0300] "GET /070044965.htm HTTP/1.1" 200 - "-" "Mozilla/5.0 (compatible; SeznamBot/4.0; +https://o-seznam.cz/napoveda/vyhledavani/en/seznambot-crawler/)"
77.75.76.170 - - [23/Oct/2025:16:58:18 +0300] "GET /050046067.htm HTTP/1.1" 200 - "-" "Mozilla/5.0 (compatible; SeznamBot/4.0; +https://o-seznam.cz/napoveda/vyhledavani/en/seznambot-crawler/)"
20.171.207.222 - - [23/Oct/2025:16:58:17 +0300] "GET /amp.php?products/126pe23635 HTTP/1.1" 200 479056 "-" "Mozilla/5.0 AppleWebKit/537.36 (KHTML, like Gecko; compatible; GPTBot/1.2; +https://openai.com/gptbot)"
77.75.76.170 - - [23/Oct/2025:16:58:19 +0300] "GET /014005345.htm HTTP/1.1" 200 - "-" "Mozilla/5.0 (compatible; SeznamBot/4.0; +https://o-seznam.cz/napoveda/vyhledavani/en/seznambot-crawler/)"
77.75.76.170 - - [23/Oct/2025:16:58:20 +0300] "GET /urban/drive3/hu9j8-26509/ HTTP/1.1" 200 - "-" "Mozilla/5.0 (compatible; SeznamBot/4.0; +https://o-seznam.cz/napoveda/vyhledavani/en/seznambot-crawler/)"
20.171.207.222 - - [23/Oct/2025:16:58:19 +0300] "GET /amp.php?products/126go23155 HTTP/1.1" 200 473485 "-" "Mozilla/5.0 AppleWebKit/537.36 (KHTML, like Gecko; compatible; GPTBot/1.2; +https://openai.com/gptbot)"
77.75.76.170 - - [23/Oct/2025:16:58:21 +0300] "GET /035034362.htm HTTP/1.1" 200 - "-" "Mozilla/5.0 (compatible; SeznamBot/4.0; +https://o-seznam.cz/napoveda/vyhledavani/en/seznambot-crawler/)"
77.75.76.170 - - [23/Oct/2025:16:58:22 +0300] "GET /043042570.htm HTTP/1.1" 200 - "-" "Mozilla/5.0 (compatible; SeznamBot/4.0; +https://o-seznam.cz/napoveda/vyhledavani/en/seznambot-crawler/)"
20.171.207.222 - - [23/Oct/2025:16:58:21 +0300] "GET /amp.php?products/263ry11688 HTTP/1.1" 200 477988 "-" "Mozilla/5.0 AppleWebKit/537.36 (KHTML, like Gecko; compatible; GPTBot/1.2; +https://openai.com/gptbot)"
144.76.19.75 - - [23/Oct/2025:16:58:21 +0300] "GET /amp.php?m056024968?srsltid=AfmBOoaMgkrxalDHHKCNzF_EyjoSiZfe4_biMfV4ON-K-SFOzCkwnF HTTP/1.1" 200 462734 "-" "Mozilla/5.0 (compatible; BLEXBot/1.0; +https://help.seranking.com/en/blex-crawler)"
77.75.76.170 - - [23/Oct/2025:16:58:22 +0300] "GET /059019930.htm HTTP/1.1" 200 - "-" "Mozilla/5.0 (compatible; SeznamBot/4.0; +https://o-seznam.cz/napoveda/vyhledavani/en/seznambot-crawler/)"
77.75.76.170 - - [23/Oct/2025:16:58:23 +0300] "GET /047031582.htm HTTP/1.1" 200 - "-" "Mozilla/5.0 (compatible; SeznamBot/4.0; +https://o-seznam.cz/napoveda/vyhledavani/en/seznambot-crawler/)"
20.171.207.222 - - [23/Oct/2025:16:58:23 +0300] "GET /amp.php?products/141cp36560 HTTP/1.1" 200 462000 "-" "Mozilla/5.0 AppleWebKit/537.36 (KHTML, like Gecko; compatible; GPTBot/1.2; +https://openai.com/gptbot)"
77.75.76.170 - - [23/Oct/2025:16:58:24 +0300] "GET /005006112.htm HTTP/1.1" 200 - "-" "Mozilla/5.0 (compatible; SeznamBot/4.0; +https://o-seznam.cz/napoveda/vyhledavani/en/seznambot-crawler/)"
74.91.19.178 - - [23/Oct/2025:16:58:24 +0300] "GET /wp-includes/install.php HTTP/1.1" 200 6 "https://avocor.eu/wp-includes/install.php" "Mozilla/5.0 (Windows NT 10.0; Win64; x64) AppleWebKit/537.36 (KHTML, like Gecko) Chrome/58.0.3029.110 Safari/537.3"
77.75.76.170 - - [23/Oct/2025:16:58:25 +0300] "GET /relatively/drill26/wrqap-26982/ HTTP/1.1" 200 - "-" "Mozilla/5.0 (compatible; SeznamBot/4.0; +https://o-seznam.cz/napoveda/vyhledavani/en/seznambot-crawler/)"
17.22.237.204 - - [23/Oct/2025:16:58:25 +0300] "GET /014022687.htm HTTP/1.1" 200 - "-" "Mozilla/5.0 (Macintosh; Intel Mac OS X 10_15_7) AppleWebKit/605.1.15 (KHTML, like Gecko) Version/17.4 Safari/605.1.15 (Applebot/0.1; +http://www.apple.com/go/applebot)"
77.75.76.170 - - [23/Oct/2025:16:58:25 +0300] "GET /kingdom/o56?pid=13758 HTTP/1.1" 200 - "-" "Mozilla/5.0 (compatible; SeznamBot/4.0; +https://o-seznam.cz/napoveda/vyhledavani/en/seznambot-crawler/)"
77.75.76.170 - - [23/Oct/2025:16:58:26 +0300] "GET /065001158.htm HTTP/1.1" 200 - "-" "Mozilla/5.0 (compatible; SeznamBot/4.0; +https://o-seznam.cz/napoveda/vyhledavani/en/seznambot-crawler/)"
20.171.207.222 - - [23/Oct/2025:16:58:25 +0300] "GET /amp.php?products/294ds39361 HTTP/1.1" 200 469316 "-" "Mozilla/5.0 AppleWebKit/537.36 (KHTML, like Gecko; compatible; GPTBot/1.2; +https://openai.com/gptbot)"
77.75.76.170 - - [23/Oct/2025:16:58:26 +0300] "GET /053016596.htm HTTP/1.1" 200 - "-" "Mozilla/5.0 (compatible; SeznamBot/4.0; +https://o-seznam.cz/napoveda/vyhledavani/en/seznambot-crawler/)"
77.75.76.170 - - [23/Oct/2025:16:58:27 +0300] "GET /Greek/rape34/gulgq-25502/ HTTP/1.1" 200 - "-" "Mozilla/5.0 (compatible; SeznamBot/4.0; +https://o-seznam.cz/napoveda/vyhledavani/en/seznambot-crawler/)"
144.76.19.75 - - [23/Oct/2025:16:58:26 +0300] "GET /amp.php?m004000134?srsltid=AfmBOoJIrjcnZVfmjEc2b5_x0dpKTdngR_9jnxejJI-U-9rZgx1uB5 HTTP/1.1" 200 472748 "-" "Mozilla/5.0 (compatible; BLEXBot/1.0; +https://help.seranking.com/en/blex-crawler)"
77.75.76.170 - - [23/Oct/2025:16:58:27 +0300] "GET /solely/o66?pid=5110 HTTP/1.1" 200 - "-" "Mozilla/5.0 (compatible; SeznamBot/4.0; +https://o-seznam.cz/napoveda/vyhledavani/en/seznambot-crawler/)"
77.75.76.170 - - [23/Oct/2025:16:58:27 +0300] "GET /002020047.htm HTTP/1.1" 200 - "-" "Mozilla/5.0 (compatible; SeznamBot/4.0; +https://o-seznam.cz/napoveda/vyhledavani/en/seznambot-crawler/)"
77.75.76.170 - - [23/Oct/2025:16:58:28 +0300] "GET /q-~84HpElKeN1wBfxFtdyWZQWpBTalCeCFD34743/ HTTP/1.1" 200 - "-" "Mozilla/5.0 (compatible; SeznamBot/4.0; +https://o-seznam.cz/napoveda/vyhledavani/en/seznambot-crawler/)"
20.171.207.222 - - [23/Oct/2025:16:58:27 +0300] "GET /amp.php?products/258jm41841 HTTP/1.1" 200 470607 "-" "Mozilla/5.0 AppleWebKit/537.36 (KHTML, like Gecko; compatible; GPTBot/1.2; +https://openai.com/gptbot)"
77.75.76.170 - - [23/Oct/2025:16:58:28 +0300] "GET /007008362.htm HTTP/1.1" 200 - "-" "Mozilla/5.0 (compatible; SeznamBot/4.0; +https://o-seznam.cz/napoveda/vyhledavani/en/seznambot-crawler/)"
77.75.76.170 - - [23/Oct/2025:16:58:29 +0300] "GET /university/b99?pid=35811 HTTP/1.1" 200 - "-" "Mozilla/5.0 (compatible; SeznamBot/4.0; +https://o-seznam.cz/napoveda/vyhledavani/en/seznambot-crawler/)"
77.75.76.170 - - [23/Oct/2025:16:58:29 +0300] "GET /054041557.htm HTTP/1.1" 200 - "-" "Mozilla/5.0 (compatible; SeznamBot/4.0; +https://o-seznam.cz/napoveda/vyhledavani/en/seznambot-crawler/)"
20.171.207.222 - - [23/Oct/2025:16:58:29 +0300] "GET /amp.php?products/294su39349 HTTP/1.1" 200 469550 "-" "Mozilla/5.0 AppleWebKit/537.36 (KHTML, like Gecko; compatible; GPTBot/1.2; +https://openai.com/gptbot)"
77.75.76.170 - - [23/Oct/2025:16:58:30 +0300] "GET /terrific/borrow57/3u5y7-215/ HTTP/1.1" 200 - "-" "Mozilla/5.0 (compatible; SeznamBot/4.0; +https://o-seznam.cz/napoveda/vyhledavani/en/seznambot-crawler/)"
77.75.76.170 - - [23/Oct/2025:16:58:30 +0300] "GET /051020500.htm HTTP/1.1" 200 - "-" "Mozilla/5.0 (compatible; SeznamBot/4.0; +https://o-seznam.cz/napoveda/vyhledavani/en/seznambot-crawler/)"
77.75.76.170 - - [23/Oct/2025:16:58:31 +0300] "GET /palace/plain23/q2alu-46835/ HTTP/1.1" 200 - "-" "Mozilla/5.0 (compatible; SeznamBot/4.0; +https://o-seznam.cz/napoveda/vyhledavani/en/seznambot-crawler/)"
144.76.19.75 - - [23/Oct/2025:16:58:30 +0300] "GET /amp.php?m056024972?srsltid=AfmBOoxIrQzPwlAASFOzCk_4mcdJIo4fS_8hMF1TJs-Z-9BEQtk1DP HTTP/1.1" 200 464852 "-" "Mozilla/5.0 (compatible; BLEXBot/1.0; +https://help.seranking.com/en/blex-crawler)"
77.75.76.170 - - [23/Oct/2025:16:58:31 +0300] "GET /052030411.htm HTTP/1.1" 200 - "-" "Mozilla/5.0 (compatible; SeznamBot/4.0; +https://o-seznam.cz/napoveda/vyhledavani/en/seznambot-crawler/)"
77.75.76.170 - - [23/Oct/2025:16:58:31 +0300] "GET /029024388.htm HTTP/1.1" 200 - "-" "Mozilla/5.0 (compatible; SeznamBot/4.0; +https://o-seznam.cz/napoveda/vyhledavani/en/seznambot-crawler/)"
20.171.207.222 - - [23/Oct/2025:16:58:31 +0300] "GET /amp.php?products/126zc23667 HTTP/1.1" 200 469084 "-" "Mozilla/5.0 AppleWebKit/537.36 (KHTML, like Gecko; compatible; GPTBot/1.2; +https://openai.com/gptbot)"
77.75.76.170 - - [23/Oct/2025:16:58:32 +0300] "GET /066016383.htm HTTP/1.1" 200 - "-" "Mozilla/5.0 (compatible; SeznamBot/4.0; +https://o-seznam.cz/napoveda/vyhledavani/en/seznambot-crawler/)"
77.75.76.170 - - [23/Oct/2025:16:58:32 +0300] "GET /each/shorts2/eb528-1988/ HTTP/1.1" 200 - "-" "Mozilla/5.0 (compatible; SeznamBot/4.0; +https://o-seznam.cz/napoveda/vyhledavani/en/seznambot-crawler/)"
77.75.76.170 - - [23/Oct/2025:16:58:33 +0300] "GET /012046897.htm HTTP/1.1" 200 - "-" "Mozilla/5.0 (compatible; SeznamBot/4.0; +https://o-seznam.cz/napoveda/vyhledavani/en/seznambot-crawler/)"
77.75.76.170 - - [23/Oct/2025:16:58:33 +0300] "GET /057016328.htm HTTP/1.1" 200 - "-" "Mozilla/5.0 (compatible; SeznamBot/4.0; +https://o-seznam.cz/napoveda/vyhledavani/en/seznambot-crawler/)"
20.171.207.222 - - [23/Oct/2025:16:58:32 +0300] "GET /amp.php?products/128sr12377 HTTP/1.1" 200 465820 "-" "Mozilla/5.0 AppleWebKit/537.36 (KHTML, like Gecko; compatible; GPTBot/1.2; +https://openai.com/gptbot)"
74.91.19.178 - - [23/Oct/2025:16:58:33 +0300] "GET /wp-includes/install.php HTTP/1.1" 200 6 "https://avocor.eu/wp-includes/install.php" "Mozilla/5.0 (Windows NT 10.0; Win64; x64) AppleWebKit/537.36 (KHTML, like Gecko) Chrome/58.0.3029.110 Safari/537.3"
77.75.76.170 - - [23/Oct/2025:16:58:34 +0300] "GET /copy/drink62/ksgam-2978/ HTTP/1.1" 403 - "-" "Mozilla/5.0 (compatible; SeznamBot/4.0; +https://o-seznam.cz/napoveda/vyhledavani/en/seznambot-crawler/)"
