77.75.76.170 - - [23/Oct/2025:16:49:37 +0300] "GET /040036839.htm HTTP/1.1" 200 - "-" "Mozilla/5.0 (compatible; SeznamBot/4.0; +https://o-seznam.cz/napoveda/vyhledavani/en/seznambot-crawler/)"
77.75.76.170 - - [23/Oct/2025:16:49:37 +0300] "GET /conscience/curve33/1iucz-15825/ HTTP/1.1" 200 - "-" "Mozilla/5.0 (compatible; SeznamBot/4.0; +https://o-seznam.cz/napoveda/vyhledavani/en/seznambot-crawler/)"
77.75.76.170 - - [23/Oct/2025:16:49:38 +0300] "GET /001011438.htm HTTP/1.1" 200 - "-" "Mozilla/5.0 (compatible; SeznamBot/4.0; +https://o-seznam.cz/napoveda/vyhledavani/en/seznambot-crawler/)"
77.75.76.170 - - [23/Oct/2025:16:49:38 +0300] "GET /027042894.htm HTTP/1.1" 200 - "-" "Mozilla/5.0 (compatible; SeznamBot/4.0; +https://o-seznam.cz/napoveda/vyhledavani/en/seznambot-crawler/)"
77.75.76.170 - - [23/Oct/2025:16:49:38 +0300] "GET /installation/PM32/t14vc-7390/ HTTP/1.1" 200 - "-" "Mozilla/5.0 (compatible; SeznamBot/4.0; +https://o-seznam.cz/napoveda/vyhledavani/en/seznambot-crawler/)"
77.75.76.170 - - [23/Oct/2025:16:49:38 +0300] "GET /022015779.htm HTTP/1.1" 200 - "-" "Mozilla/5.0 (compatible; SeznamBot/4.0; +https://o-seznam.cz/napoveda/vyhledavani/en/seznambot-crawler/)"
77.75.76.170 - - [23/Oct/2025:16:49:39 +0300] "GET /010022269.htm HTTP/1.1" 200 - "-" "Mozilla/5.0 (compatible; SeznamBot/4.0; +https://o-seznam.cz/napoveda/vyhledavani/en/seznambot-crawler/)"
77.75.76.170 - - [23/Oct/2025:16:49:39 +0300] "GET /071014072.htm HTTP/1.1" 200 - "-" "Mozilla/5.0 (compatible; SeznamBot/4.0; +https://o-seznam.cz/napoveda/vyhledavani/en/seznambot-crawler/)"
77.75.76.170 - - [23/Oct/2025:16:49:39 +0300] "GET /016022583.htm HTTP/1.1" 200 - "-" "Mozilla/5.0 (compatible; SeznamBot/4.0; +https://o-seznam.cz/napoveda/vyhledavani/en/seznambot-crawler/)"
77.75.76.170 - - [23/Oct/2025:16:49:39 +0300] "GET /thereby/e118?pid=21056 HTTP/1.1" 200 - "-" "Mozilla/5.0 (compatible; SeznamBot/4.0; +https://o-seznam.cz/napoveda/vyhledavani/en/seznambot-crawler/)"
77.75.76.170 - - [23/Oct/2025:16:49:40 +0300] "GET /030033883.htm HTTP/1.1" 200 - "-" "Mozilla/5.0 (compatible; SeznamBot/4.0; +https://o-seznam.cz/napoveda/vyhledavani/en/seznambot-crawler/)"
144.76.19.75 - - [23/Oct/2025:16:49:40 +0300] "GET /amp.php?m056024802?srsltid=AfmBOoGHnjVNqsMA99olhZ_qEiI4x1rYA_LgcR2tud-Y-t7krIc4lw HTTP/1.1" 200 464755 "-" "Mozilla/5.0 (compatible; BLEXBot/1.0; +https://help.seranking.com/en/blex-crawler)"
20.171.207.222 - - [23/Oct/2025:16:49:42 +0300] "GET /amp.php?products/284yu24897 HTTP/1.1" 200 468771 "-" "Mozilla/5.0 AppleWebKit/537.36 (KHTML, like Gecko; compatible; GPTBot/1.2; +https://openai.com/gptbot)"
144.76.19.75 - - [23/Oct/2025:16:49:44 +0300] "GET /amp.php?m003049855?srsltid=AfmBOoDXGbgfvszrOhh3GI_mmVpIxhuxH_cVnxDiuD-Z-XAfgkfBQf HTTP/1.1" 200 464830 "-" "Mozilla/5.0 (compatible; BLEXBot/1.0; +https://help.seranking.com/en/blex-crawler)"
144.76.19.75 - - [23/Oct/2025:16:49:48 +0300] "GET /amp.php?m056024806?srsltid=AfmBOomaSLYtPZJYt7krIc_RCdBDMGOKT_vRaPfYIn-S-mzat5CkOM HTTP/1.1" 200 466320 "-" "Mozilla/5.0 (compatible; BLEXBot/1.0; +https://help.seranking.com/en/blex-crawler)"
74.91.19.178 - - [23/Oct/2025:16:49:50 +0300] "GET /wp-includes/install.php HTTP/1.1" 200 6 "https://avocor.eu/wp-includes/install.php" "Mozilla/5.0 (Windows NT 10.0; Win64; x64) AppleWebKit/537.36 (KHTML, like Gecko) Chrome/58.0.3029.110 Safari/537.3"
20.171.207.222 - - [23/Oct/2025:16:49:50 +0300] "GET /amp.php?products/252vi28821 HTTP/1.1" 200 463615 "-" "Mozilla/5.0 AppleWebKit/537.36 (KHTML, like Gecko; compatible; GPTBot/1.2; +https://openai.com/gptbot)"
74.91.19.178 - - [23/Oct/2025:16:49:52 +0300] "GET /wp-includes/install.php HTTP/1.1" 200 6 "https://avocor.eu/wp-includes/install.php" "Mozilla/5.0 (Windows NT 10.0; Win64; x64) AppleWebKit/537.36 (KHTML, like Gecko) Chrome/58.0.3029.110 Safari/537.3"
144.76.19.75 - - [23/Oct/2025:16:49:53 +0300] "GET /amp.php?m003049857?srsltid=AfmBOooulhRcaFplcVnxDi_9V3OafOoHO_XAfgkfBQ-T-uCduRJuwp HTTP/1.1" 200 464571 "-" "Mozilla/5.0 (compatible; BLEXBot/1.0; +https://help.seranking.com/en/blex-crawler)"
74.91.19.178 - - [23/Oct/2025:16:49:53 +0300] "GET /wp-includes/install.php HTTP/1.1" 200 6 "https://avocor.eu/wp-includes/install.php" "Mozilla/5.0 (Windows NT 10.0; Win64; x64) AppleWebKit/537.36 (KHTML, like Gecko) Chrome/58.0.3029.110 Safari/537.3"
74.91.19.178 - - [23/Oct/2025:16:49:56 +0300] "GET /wp-includes/install.php HTTP/1.1" 200 6 "https://avocor.eu/wp-includes/install.php" "Mozilla/5.0 (Windows NT 10.0; Win64; x64) AppleWebKit/537.36 (KHTML, like Gecko) Chrome/58.0.3029.110 Safari/537.3"
144.76.19.75 - - [23/Oct/2025:16:49:57 +0300] "GET /amp.php?m056024808?srsltid=AfmBOoDfuMcqkVrCvRaPfY_rJtXIm9Bud_mzat5CkO-T-mYxvFuKRz HTTP/1.1" 200 462848 "-" "Mozilla/5.0 (compatible; BLEXBot/1.0; +https://help.seranking.com/en/blex-crawler)"
20.171.207.222 - - [23/Oct/2025:16:49:57 +0300] "GET /amp.php?products/224fr30263 HTTP/1.1" 200 466112 "-" "Mozilla/5.0 AppleWebKit/537.36 (KHTML, like Gecko; compatible; GPTBot/1.2; +https://openai.com/gptbot)"
144.76.19.75 - - [23/Oct/2025:16:50:01 +0300] "GET /amp.php?m003049859?srsltid=AfmBOoHnMOnKMNFZXAfgkf_G56v5LN5cO_uCduRJuw-Z-F9ye9UTaH HTTP/1.1" 200 464261 "-" "Mozilla/5.0 (compatible; BLEXBot/1.0; +https://help.seranking.com/en/blex-crawler)"
77.75.76.170 - - [23/Oct/2025:16:50:02 +0300] "GET /072002781.htm HTTP/1.1" 200 - "-" "Mozilla/5.0 (compatible; SeznamBot/4.0; +https://o-seznam.cz/napoveda/vyhledavani/en/seznambot-crawler/)"
77.75.76.170 - - [23/Oct/2025:16:50:03 +0300] "GET /073017834.htm HTTP/1.1" 200 - "-" "Mozilla/5.0 (compatible; SeznamBot/4.0; +https://o-seznam.cz/napoveda/vyhledavani/en/seznambot-crawler/)"
77.75.76.170 - - [23/Oct/2025:16:50:03 +0300] "GET /019007280.htm HTTP/1.1" 200 - "-" "Mozilla/5.0 (compatible; SeznamBot/4.0; +https://o-seznam.cz/napoveda/vyhledavani/en/seznambot-crawler/)"
77.75.76.170 - - [23/Oct/2025:16:50:03 +0300] "GET /064012739.htm HTTP/1.1" 200 - "-" "Mozilla/5.0 (compatible; SeznamBot/4.0; +https://o-seznam.cz/napoveda/vyhledavani/en/seznambot-crawler/)"
77.75.76.170 - - [23/Oct/2025:16:50:03 +0300] "GET /029014514.htm HTTP/1.1" 200 - "-" "Mozilla/5.0 (compatible; SeznamBot/4.0; +https://o-seznam.cz/napoveda/vyhledavani/en/seznambot-crawler/)"
77.75.76.170 - - [23/Oct/2025:16:50:04 +0300] "GET /052021731.htm HTTP/1.1" 200 - "-" "Mozilla/5.0 (compatible; SeznamBot/4.0; +https://o-seznam.cz/napoveda/vyhledavani/en/seznambot-crawler/)"
20.171.207.222 - - [23/Oct/2025:16:50:03 +0300] "GET /amp.php?products/252xa25341 HTTP/1.1" 200 466293 "-" "Mozilla/5.0 AppleWebKit/537.36 (KHTML, like Gecko; compatible; GPTBot/1.2; +https://openai.com/gptbot)"
144.76.19.75 - - [23/Oct/2025:16:50:05 +0300] "GET /amp.php?m056024810?srsltid=AfmBOoBKZWQYAWEcmzat5C_9DUckyLCV6_mYxvFuKR-I-qFJe2sa3W HTTP/1.1" 200 473187 "-" "Mozilla/5.0 (compatible; BLEXBot/1.0; +https://help.seranking.com/en/blex-crawler)"
77.75.76.170 - - [23/Oct/2025:16:50:06 +0300] "GET /009007606.htm HTTP/1.1" 200 - "-" "Mozilla/5.0 (compatible; SeznamBot/4.0; +https://o-seznam.cz/napoveda/vyhledavani/en/seznambot-crawler/)"
77.75.76.170 - - [23/Oct/2025:16:50:09 +0300] "GET /q-~68OAdDqsseraksUkOsid6dzWzjyjvB2J43043/ HTTP/1.1" 200 - "-" "Mozilla/5.0 (compatible; SeznamBot/4.0; +https://o-seznam.cz/napoveda/vyhledavani/en/seznambot-crawler/)"
77.75.76.170 - - [23/Oct/2025:16:50:09 +0300] "GET /print/e1?pid=20973 HTTP/1.1" 200 - "-" "Mozilla/5.0 (compatible; SeznamBot/4.0; +https://o-seznam.cz/napoveda/vyhledavani/en/seznambot-crawler/)"
77.75.76.170 - - [23/Oct/2025:16:50:10 +0300] "GET /043024294.htm HTTP/1.1" 200 - "-" "Mozilla/5.0 (compatible; SeznamBot/4.0; +https://o-seznam.cz/napoveda/vyhledavani/en/seznambot-crawler/)"
20.171.207.222 - - [23/Oct/2025:16:50:09 +0300] "GET /amp.php?products/135qd43050 HTTP/1.1" 200 461628 "-" "Mozilla/5.0 AppleWebKit/537.36 (KHTML, like Gecko; compatible; GPTBot/1.2; +https://openai.com/gptbot)"
77.75.76.170 - - [23/Oct/2025:16:50:10 +0300] "GET /019039850.htm HTTP/1.1" 200 - "-" "Mozilla/5.0 (compatible; SeznamBot/4.0; +https://o-seznam.cz/napoveda/vyhledavani/en/seznambot-crawler/)"
77.75.76.170 - - [23/Oct/2025:16:50:10 +0300] "GET /002003319.htm HTTP/1.1" 200 - "-" "Mozilla/5.0 (compatible; SeznamBot/4.0; +https://o-seznam.cz/napoveda/vyhledavani/en/seznambot-crawler/)"
77.75.76.170 - - [23/Oct/2025:16:50:10 +0300] "GET /060046675.htm HTTP/1.1" 200 - "-" "Mozilla/5.0 (compatible; SeznamBot/4.0; +https://o-seznam.cz/napoveda/vyhledavani/en/seznambot-crawler/)"
144.76.19.75 - - [23/Oct/2025:16:50:10 +0300] "GET /amp.php?m003049861?srsltid=AfmBOoKlQMKwaGVDuCduRJ_FRAopAwijU_F9ye9UTa-Y-4ytFhxpJe HTTP/1.1" 200 465227 "-" "Mozilla/5.0 (compatible; BLEXBot/1.0; +https://help.seranking.com/en/blex-crawler)"
74.91.19.178 - - [23/Oct/2025:16:50:12 +0300] "GET /wp-includes/install.php HTTP/1.1" 200 6 "https://avocor.eu/wp-includes/install.php" "Mozilla/5.0 (Windows NT 10.0; Win64; x64) AppleWebKit/537.36 (KHTML, like Gecko) Chrome/58.0.3029.110 Safari/537.3"
77.75.76.170 - - [23/Oct/2025:16:50:12 +0300] "GET /042008747.htm HTTP/1.1" 200 - "-" "Mozilla/5.0 (compatible; SeznamBot/4.0; +https://o-seznam.cz/napoveda/vyhledavani/en/seznambot-crawler/)"
77.75.76.170 - - [23/Oct/2025:16:50:14 +0300] "GET /039001824.htm HTTP/1.1" 200 - "-" "Mozilla/5.0 (compatible; SeznamBot/4.0; +https://o-seznam.cz/napoveda/vyhledavani/en/seznambot-crawler/)"
77.75.76.170 - - [23/Oct/2025:16:50:14 +0300] "GET /080032297.htm HTTP/1.1" 200 - "-" "Mozilla/5.0 (compatible; SeznamBot/4.0; +https://o-seznam.cz/napoveda/vyhledavani/en/seznambot-crawler/)"
20.171.207.222 - - [23/Oct/2025:16:50:14 +0300] "GET /amp.php?m252027376?srsltid=AfmBOoRhBpCKgtgqDuvbP8_ML5k05VZzz_Q0qv0YLp-I-xRdLcXX6j HTTP/1.1" 200 464711 "-" "Mozilla/5.0 AppleWebKit/537.36 (KHTML, like Gecko; compatible; GPTBot/1.2; +https://openai.com/gptbot)"
77.75.76.170 - - [23/Oct/2025:16:50:15 +0300] "GET /014022721.htm HTTP/1.1" 200 - "-" "Mozilla/5.0 (compatible; SeznamBot/4.0; +https://o-seznam.cz/napoveda/vyhledavani/en/seznambot-crawler/)"
144.76.19.75 - - [23/Oct/2025:16:50:14 +0300] "GET /amp.php?m056024812?srsltid=AfmBOoQRyCTvOLrimYxvFu_M7gzPx5UTX_qFJe2sa3-X-BPIzk7M3X HTTP/1.1" 200 465099 "-" "Mozilla/5.0 (compatible; BLEXBot/1.0; +https://help.seranking.com/en/blex-crawler)"
77.75.76.170 - - [23/Oct/2025:16:50:15 +0300] "GET /021046494.htm HTTP/1.1" 200 - "-" "Mozilla/5.0 (compatible; SeznamBot/4.0; +https://o-seznam.cz/napoveda/vyhledavani/en/seznambot-crawler/)"
77.75.76.170 - - [23/Oct/2025:16:50:16 +0300] "GET /midnight/o18?pid=45158 HTTP/1.1" 200 - "-" "Mozilla/5.0 (compatible; SeznamBot/4.0; +https://o-seznam.cz/napoveda/vyhledavani/en/seznambot-crawler/)"
77.75.76.170 - - [23/Oct/2025:16:50:16 +0300] "GET /026020927.htm HTTP/1.1" 200 - "-" "Mozilla/5.0 (compatible; SeznamBot/4.0; +https://o-seznam.cz/napoveda/vyhledavani/en/seznambot-crawler/)"
77.75.76.170 - - [23/Oct/2025:16:50:17 +0300] "GET /002018069.htm HTTP/1.1" 200 - "-" "Mozilla/5.0 (compatible; SeznamBot/4.0; +https://o-seznam.cz/napoveda/vyhledavani/en/seznambot-crawler/)"
74.91.19.178 - - [23/Oct/2025:16:50:17 +0300] "GET /wp-includes/install.php HTTP/1.1" 200 6 "https://avocor.eu/wp-includes/install.php" "Mozilla/5.0 (Windows NT 10.0; Win64; x64) AppleWebKit/537.36 (KHTML, like Gecko) Chrome/58.0.3029.110 Safari/537.3"
77.75.76.170 - - [23/Oct/2025:16:50:18 +0300] "GET /079002474.htm HTTP/1.1" 200 - "-" "Mozilla/5.0 (compatible; SeznamBot/4.0; +https://o-seznam.cz/napoveda/vyhledavani/en/seznambot-crawler/)"
77.75.76.170 - - [23/Oct/2025:16:50:18 +0300] "GET /q-~149a2EuMCZOgRZN1qxKyyPHdSYNKCHuIk16220/ HTTP/1.1" 200 - "-" "Mozilla/5.0 (compatible; SeznamBot/4.0; +https://o-seznam.cz/napoveda/vyhledavani/en/seznambot-crawler/)"
77.75.76.170 - - [23/Oct/2025:16:50:19 +0300] "GET /059015822.htm HTTP/1.1" 200 - "-" "Mozilla/5.0 (compatible; SeznamBot/4.0; +https://o-seznam.cz/napoveda/vyhledavani/en/seznambot-crawler/)"
20.171.207.222 - - [23/Oct/2025:16:50:18 +0300] "GET /amp.php?products/220kt14229 HTTP/1.1" 200 482256 "-" "Mozilla/5.0 AppleWebKit/537.36 (KHTML, like Gecko; compatible; GPTBot/1.2; +https://openai.com/gptbot)"
144.76.19.75 - - [23/Oct/2025:16:50:18 +0300] "GET /amp.php?m003049863?srsltid=AfmBOobcWVZproYVF9ye9U_Cm1Cc6qvOh_4ytFhxpJ-D-KOezd8J7h HTTP/1.1" 200 467508 "-" "Mozilla/5.0 (compatible; BLEXBot/1.0; +https://help.seranking.com/en/blex-crawler)"
77.75.76.170 - - [23/Oct/2025:16:50:20 +0300] "GET /050032607.htm HTTP/1.1" 200 - "-" "Mozilla/5.0 (compatible; SeznamBot/4.0; +https://o-seznam.cz/napoveda/vyhledavani/en/seznambot-crawler/)"
20.171.207.222 - - [23/Oct/2025:16:50:22 +0300] "GET /amp.php?products/235tv32958 HTTP/1.1" 200 461249 "-" "Mozilla/5.0 AppleWebKit/537.36 (KHTML, like Gecko; compatible; GPTBot/1.2; +https://openai.com/gptbot)"
77.75.76.170 - - [23/Oct/2025:16:50:23 +0300] "GET /078043637.htm HTTP/1.1" 200 - "-" "Mozilla/5.0 (compatible; SeznamBot/4.0; +https://o-seznam.cz/napoveda/vyhledavani/en/seznambot-crawler/)"
77.75.76.170 - - [23/Oct/2025:16:50:23 +0300] "GET /radiation/z8?pid=36776 HTTP/1.1" 200 - "-" "Mozilla/5.0 (compatible; SeznamBot/4.0; +https://o-seznam.cz/napoveda/vyhledavani/en/seznambot-crawler/)"
77.75.76.170 - - [23/Oct/2025:16:50:23 +0300] "GET /q-~76qxLNMrzX4CkcJgYPOurJpdrC3affDe31159/ HTTP/1.1" 200 - "-" "Mozilla/5.0 (compatible; SeznamBot/4.0; +https://o-seznam.cz/napoveda/vyhledavani/en/seznambot-crawler/)"
144.76.19.75 - - [23/Oct/2025:16:50:22 +0300] "GET /amp.php?m056024814?srsltid=AfmBOoJUHYUngiydqFJe2s_yifvsVx8oR_BPIzk7M3-Q-VnZbrK5WH HTTP/1.1" 200 464102 "-" "Mozilla/5.0 (compatible; BLEXBot/1.0; +https://help.seranking.com/en/blex-crawler)"
74.91.19.178 - - [23/Oct/2025:16:50:24 +0300] "GET /wp-includes/install.php HTTP/1.1" 200 6 "https://avocor.eu/wp-includes/install.php" "Mozilla/5.0 (Windows NT 10.0; Win64; x64) AppleWebKit/537.36 (KHTML, like Gecko) Chrome/58.0.3029.110 Safari/537.3"
77.75.76.170 - - [23/Oct/2025:16:50:24 +0300] "GET /102002511.htm HTTP/1.1" 200 - "-" "Mozilla/5.0 (compatible; SeznamBot/4.0; +https://o-seznam.cz/napoveda/vyhledavani/en/seznambot-crawler/)"
77.75.76.170 - - [23/Oct/2025:16:50:24 +0300] "GET /grain/molecule32/bfaho-20760/ HTTP/1.1" 200 - "-" "Mozilla/5.0 (compatible; SeznamBot/4.0; +https://o-seznam.cz/napoveda/vyhledavani/en/seznambot-crawler/)"
77.75.76.170 - - [23/Oct/2025:16:50:25 +0300] "GET /small/supposed62/m3gdl-32876/ HTTP/1.1" 200 - "-" "Mozilla/5.0 (compatible; SeznamBot/4.0; +https://o-seznam.cz/napoveda/vyhledavani/en/seznambot-crawler/)"
77.75.76.170 - - [23/Oct/2025:16:50:25 +0300] "GET /023038190.htm HTTP/1.1" 200 - "-" "Mozilla/5.0 (compatible; SeznamBot/4.0; +https://o-seznam.cz/napoveda/vyhledavani/en/seznambot-crawler/)"
77.75.76.170 - - [23/Oct/2025:16:50:25 +0300] "GET /on/continuing68/ow7v7-22440/ HTTP/1.1" 200 - "-" "Mozilla/5.0 (compatible; SeznamBot/4.0; +https://o-seznam.cz/napoveda/vyhledavani/en/seznambot-crawler/)"
77.75.76.170 - - [23/Oct/2025:16:50:26 +0300] "GET /romantic/u102?pid=9316 HTTP/1.1" 200 - "-" "Mozilla/5.0 (compatible; SeznamBot/4.0; +https://o-seznam.cz/napoveda/vyhledavani/en/seznambot-crawler/)"
77.75.76.170 - - [23/Oct/2025:16:50:26 +0300] "GET /022021705.htm HTTP/1.1" 200 - "-" "Mozilla/5.0 (compatible; SeznamBot/4.0; +https://o-seznam.cz/napoveda/vyhledavani/en/seznambot-crawler/)"
74.91.19.178 - - [23/Oct/2025:16:50:27 +0300] "GET /wp-includes/install.php HTTP/1.1" 200 6 "https://avocor.eu/wp-includes/install.php" "Mozilla/5.0 (Windows NT 10.0; Win64; x64) AppleWebKit/537.36 (KHTML, like Gecko) Chrome/58.0.3029.110 Safari/537.3"
20.171.207.222 - - [23/Oct/2025:16:50:26 +0300] "GET /amp.php?products/252un28815 HTTP/1.1" 200 463959 "-" "Mozilla/5.0 AppleWebKit/537.36 (KHTML, like Gecko; compatible; GPTBot/1.2; +https://openai.com/gptbot)"
17.246.15.130 - - [23/Oct/2025:16:50:27 +0300] "GET /positive/racism8/g36a3-45488/ HTTP/1.1" 200 - "-" "Mozilla/5.0 (Macintosh; Intel Mac OS X 10_15_7) AppleWebKit/605.1.15 (KHTML, like Gecko) Version/17.4 Safari/605.1.15 (Applebot/0.1; +http://www.apple.com/go/applebot)"
77.75.76.170 - - [23/Oct/2025:16:50:27 +0300] "GET /069046526.htm HTTP/1.1" 200 - "-" "Mozilla/5.0 (compatible; SeznamBot/4.0; +https://o-seznam.cz/napoveda/vyhledavani/en/seznambot-crawler/)"
144.76.19.75 - - [23/Oct/2025:16:50:26 +0300] "GET /amp.php?m003049865?srsltid=AfmBOoeFOAvWhtpu4ytFhx_ngUMoajtP9_KOezd8J7-J-wSXA7uOWJ HTTP/1.1" 200 465335 "-" "Mozilla/5.0 (compatible; BLEXBot/1.0; +https://help.seranking.com/en/blex-crawler)"
77.75.76.170 - - [23/Oct/2025:16:50:28 +0300] "GET /q-~16lSR6EwZ3zA2fgurbJVYNiCniPMtShK5989/ HTTP/1.1" 200 - "-" "Mozilla/5.0 (compatible; SeznamBot/4.0; +https://o-seznam.cz/napoveda/vyhledavani/en/seznambot-crawler/)"
77.75.76.170 - - [23/Oct/2025:16:50:28 +0300] "GET /057022620.htm HTTP/1.1" 200 - "-" "Mozilla/5.0 (compatible; SeznamBot/4.0; +https://o-seznam.cz/napoveda/vyhledavani/en/seznambot-crawler/)"
77.75.76.170 - - [23/Oct/2025:16:50:29 +0300] "GET /050013739.htm HTTP/1.1" 200 - "-" "Mozilla/5.0 (compatible; SeznamBot/4.0; +https://o-seznam.cz/napoveda/vyhledavani/en/seznambot-crawler/)"
77.75.76.170 - - [23/Oct/2025:16:50:29 +0300] "GET /017029324.htm HTTP/1.1" 200 - "-" "Mozilla/5.0 (compatible; SeznamBot/4.0; +https://o-seznam.cz/napoveda/vyhledavani/en/seznambot-crawler/)"
77.75.76.170 - - [23/Oct/2025:16:50:29 +0300] "GET /072013187.htm HTTP/1.1" 200 - "-" "Mozilla/5.0 (compatible; SeznamBot/4.0; +https://o-seznam.cz/napoveda/vyhledavani/en/seznambot-crawler/)"
77.75.76.170 - - [23/Oct/2025:16:50:30 +0300] "GET /reservation/investment32/vazzd-8534/ HTTP/1.1" 200 - "-" "Mozilla/5.0 (compatible; SeznamBot/4.0; +https://o-seznam.cz/napoveda/vyhledavani/en/seznambot-crawler/)"
20.171.207.222 - - [23/Oct/2025:16:50:29 +0300] "GET /amp.php?products/264di21431 HTTP/1.1" 200 461913 "-" "Mozilla/5.0 AppleWebKit/537.36 (KHTML, like Gecko; compatible; GPTBot/1.2; +https://openai.com/gptbot)"
77.75.76.170 - - [23/Oct/2025:16:50:30 +0300] "GET /020045547.htm HTTP/1.1" 200 - "-" "Mozilla/5.0 (compatible; SeznamBot/4.0; +https://o-seznam.cz/napoveda/vyhledavani/en/seznambot-crawler/)"
77.75.76.170 - - [23/Oct/2025:16:50:30 +0300] "GET /008034461.htm HTTP/1.1" 200 - "-" "Mozilla/5.0 (compatible; SeznamBot/4.0; +https://o-seznam.cz/napoveda/vyhledavani/en/seznambot-crawler/)"
77.75.76.170 - - [23/Oct/2025:16:50:30 +0300] "GET /033004524.htm HTTP/1.1" 200 - "-" "Mozilla/5.0 (compatible; SeznamBot/4.0; +https://o-seznam.cz/napoveda/vyhledavani/en/seznambot-crawler/)"
74.91.19.178 - - [23/Oct/2025:16:50:30 +0300] "GET /wp-includes/install.php HTTP/1.1" 200 6 "https://avocor.eu/wp-includes/install.php" "Mozilla/5.0 (Windows NT 10.0; Win64; x64) AppleWebKit/537.36 (KHTML, like Gecko) Chrome/58.0.3029.110 Safari/537.3"
77.75.76.170 - - [23/Oct/2025:16:50:30 +0300] "GET /037029848.htm HTTP/1.1" 200 - "-" "Mozilla/5.0 (compatible; SeznamBot/4.0; +https://o-seznam.cz/napoveda/vyhledavani/en/seznambot-crawler/)"
77.75.76.170 - - [23/Oct/2025:16:50:31 +0300] "GET /055019026.htm HTTP/1.1" 200 - "-" "Mozilla/5.0 (compatible; SeznamBot/4.0; +https://o-seznam.cz/napoveda/vyhledavani/en/seznambot-crawler/)"
77.75.76.170 - - [23/Oct/2025:16:50:31 +0300] "GET /058020097.htm HTTP/1.1" 200 - "-" "Mozilla/5.0 (compatible; SeznamBot/4.0; +https://o-seznam.cz/napoveda/vyhledavani/en/seznambot-crawler/)"
77.75.76.170 - - [23/Oct/2025:16:50:31 +0300] "GET /009005096.htm HTTP/1.1" 200 - "-" "Mozilla/5.0 (compatible; SeznamBot/4.0; +https://o-seznam.cz/napoveda/vyhledavani/en/seznambot-crawler/)"
77.75.76.170 - - [23/Oct/2025:16:50:31 +0300] "GET /064017989.htm HTTP/1.1" 200 - "-" "Mozilla/5.0 (compatible; SeznamBot/4.0; +https://o-seznam.cz/napoveda/vyhledavani/en/seznambot-crawler/)"
144.76.19.75 - - [23/Oct/2025:16:50:31 +0300] "GET /amp.php?m056024816?srsltid=AfmBOopaxZRkruEEBPIzk7_xU3iHI6qrL_VnZbrK5W-E-gvc2JqIvX HTTP/1.1" 200 463971 "-" "Mozilla/5.0 (compatible; BLEXBot/1.0; +https://help.seranking.com/en/blex-crawler)"
77.75.76.170 - - [23/Oct/2025:16:50:33 +0300] "GET /004025259.htm HTTP/1.1" 200 - "-" "Mozilla/5.0 (compatible; SeznamBot/4.0; +https://o-seznam.cz/napoveda/vyhledavani/en/seznambot-crawler/)"
20.171.207.222 - - [23/Oct/2025:16:50:32 +0300] "GET /amp.php?products/252ge22989 HTTP/1.1" 200 463962 "-" "Mozilla/5.0 AppleWebKit/537.36 (KHTML, like Gecko; compatible; GPTBot/1.2; +https://openai.com/gptbot)"
77.75.76.170 - - [23/Oct/2025:16:50:33 +0300] "GET /076021019.htm HTTP/1.1" 200 - "-" "Mozilla/5.0 (compatible; SeznamBot/4.0; +https://o-seznam.cz/napoveda/vyhledavani/en/seznambot-crawler/)"
20.171.207.222 - - [23/Oct/2025:16:50:34 +0300] "GET /amp.php?products/289gm12812 HTTP/1.1" 200 474246 "-" "Mozilla/5.0 AppleWebKit/537.36 (KHTML, like Gecko; compatible; GPTBot/1.2; +https://openai.com/gptbot)"
144.76.19.75 - - [23/Oct/2025:16:50:35 +0300] "GET /amp.php?m003049867?srsltid=AfmBOoQoqmznVQGSKOezd8_F8hDmdeUoy_wSXA7uOW-N-KB7tfzRDu HTTP/1.1" 200 465300 "-" "Mozilla/5.0 (compatible; BLEXBot/1.0; +https://help.seranking.com/en/blex-crawler)"
20.171.207.222 - - [23/Oct/2025:16:50:37 +0300] "GET /amp.php?products/200df38221 HTTP/1.1" 200 472905 "-" "Mozilla/5.0 AppleWebKit/537.36 (KHTML, like Gecko; compatible; GPTBot/1.2; +https://openai.com/gptbot)"
20.171.207.222 - - [23/Oct/2025:16:50:39 +0300] "GET /amp.php?products/252rh23081 HTTP/1.1" 200 463237 "-" "Mozilla/5.0 AppleWebKit/537.36 (KHTML, like Gecko; compatible; GPTBot/1.2; +https://openai.com/gptbot)"
144.76.19.75 - - [23/Oct/2025:16:50:39 +0300] "GET /amp.php?m056024818?srsltid=AfmBOoRIqyAXQQLdVnZbrK_wgT2rkyjTO_gvc2JqIv-M-pm2eLNKHG HTTP/1.1" 200 467469 "-" "Mozilla/5.0 (compatible; BLEXBot/1.0; +https://help.seranking.com/en/blex-crawler)"
20.171.207.222 - - [23/Oct/2025:16:50:41 +0300] "GET /amp.php?products/135ys42350 HTTP/1.1" 200 463279 "-" "Mozilla/5.0 AppleWebKit/537.36 (KHTML, like Gecko; compatible; GPTBot/1.2; +https://openai.com/gptbot)"
20.171.207.222 - - [23/Oct/2025:16:50:43 +0300] "GET /amp.php?products/126ac27901 HTTP/1.1" 200 463159 "-" "Mozilla/5.0 AppleWebKit/537.36 (KHTML, like Gecko; compatible; GPTBot/1.2; +https://openai.com/gptbot)"
144.76.19.75 - - [23/Oct/2025:16:50:44 +0300] "GET /amp.php?m003049869?srsltid=AfmBOoeAQJSnThqjwSXA7u_4XDbm26Fxc_KB7tfzRD-U-jYMO6mkBf HTTP/1.1" 200 464253 "-" "Mozilla/5.0 (compatible; BLEXBot/1.0; +https://help.seranking.com/en/blex-crawler)"
20.171.207.222 - - [23/Oct/2025:16:50:45 +0300] "GET /amp.php?products/135pp42346 HTTP/1.1" 200 461577 "-" "Mozilla/5.0 AppleWebKit/537.36 (KHTML, like Gecko; compatible; GPTBot/1.2; +https://openai.com/gptbot)"
20.171.207.222 - - [23/Oct/2025:16:50:47 +0300] "GET /amp.php?products/252jp26375 HTTP/1.1" 200 465901 "-" "Mozilla/5.0 AppleWebKit/537.36 (KHTML, like Gecko; compatible; GPTBot/1.2; +https://openai.com/gptbot)"
144.76.19.75 - - [23/Oct/2025:16:50:48 +0300] "GET /amp.php?m056024820?srsltid=AfmBOopLLriifUitgvc2Jq_cY9u7dczQZ_pm2eLNKH-T-BaD9demDD HTTP/1.1" 200 462458 "-" "Mozilla/5.0 (compatible; BLEXBot/1.0; +https://help.seranking.com/en/blex-crawler)"
20.171.207.222 - - [23/Oct/2025:16:50:49 +0300] "GET /amp.php?products/277to25742 HTTP/1.1" 200 465552 "-" "Mozilla/5.0 AppleWebKit/537.36 (KHTML, like Gecko; compatible; GPTBot/1.2; +https://openai.com/gptbot)"
20.171.207.222 - - [23/Oct/2025:16:50:51 +0300] "GET /amp.php?products/252rr23631 HTTP/1.1" 200 462845 "-" "Mozilla/5.0 AppleWebKit/537.36 (KHTML, like Gecko; compatible; GPTBot/1.2; +https://openai.com/gptbot)"
144.76.19.75 - - [23/Oct/2025:16:50:52 +0300] "GET /amp.php?m003049873?srsltid=AfmBOomcqYcfNjuCjYMO6m_FW5vSc3LZl_Z5RLWCOJ-U-xinbJ8NzA HTTP/1.1" 200 462321 "-" "Mozilla/5.0 (compatible; BLEXBot/1.0; +https://help.seranking.com/en/blex-crawler)"
20.171.207.222 - - [23/Oct/2025:16:50:53 +0300] "GET /amp.php?products/260zo28289 HTTP/1.1" 200 461654 "-" "Mozilla/5.0 AppleWebKit/537.36 (KHTML, like Gecko; compatible; GPTBot/1.2; +https://openai.com/gptbot)"
20.171.207.222 - - [23/Oct/2025:16:50:55 +0300] "GET /amp.php?products/101mu47446 HTTP/1.1" 200 469885 "-" "Mozilla/5.0 AppleWebKit/537.36 (KHTML, like Gecko; compatible; GPTBot/1.2; +https://openai.com/gptbot)"
144.76.19.75 - - [23/Oct/2025:16:50:56 +0300] "GET /amp.php?m056024822?srsltid=AfmBOoruCrDeaFZhpm2eLN_kOT3ivUV33_BaD9demD-D-E2pnTEEHf HTTP/1.1" 200 466377 "-" "Mozilla/5.0 (compatible; BLEXBot/1.0; +https://help.seranking.com/en/blex-crawler)"
20.171.207.222 - - [23/Oct/2025:16:50:57 +0300] "GET /amp.php?products/252iy23625 HTTP/1.1" 200 464340 "-" "Mozilla/5.0 AppleWebKit/537.36 (KHTML, like Gecko; compatible; GPTBot/1.2; +https://openai.com/gptbot)"
77.75.76.170 - - [23/Oct/2025:16:51:00 +0300] "GET /060002047.htm HTTP/1.1" 200 - "-" "Mozilla/5.0 (compatible; SeznamBot/4.0; +https://o-seznam.cz/napoveda/vyhledavani/en/seznambot-crawler/)"
20.171.207.222 - - [23/Oct/2025:16:50:59 +0300] "GET /amp.php?products/137ql37700 HTTP/1.1" 200 496438 "-" "Mozilla/5.0 AppleWebKit/537.36 (KHTML, like Gecko; compatible; GPTBot/1.2; +https://openai.com/gptbot)"
77.75.76.170 - - [23/Oct/2025:16:51:00 +0300] "GET /019043542.htm HTTP/1.1" 200 - "-" "Mozilla/5.0 (compatible; SeznamBot/4.0; +https://o-seznam.cz/napoveda/vyhledavani/en/seznambot-crawler/)"
77.75.76.170 - - [23/Oct/2025:16:51:01 +0300] "GET /013032102.htm HTTP/1.1" 200 - "-" "Mozilla/5.0 (compatible; SeznamBot/4.0; +https://o-seznam.cz/napoveda/vyhledavani/en/seznambot-crawler/)"
144.76.19.75 - - [23/Oct/2025:16:51:00 +0300] "GET /amp.php?m003049877?srsltid=AfmBOoCnEEzGGPZexinbJ8_DzKh5RLTLT_y8JYmVlV-W-pjBL8L8Zn HTTP/1.1" 200 462966 "-" "Mozilla/5.0 (compatible; BLEXBot/1.0; +https://help.seranking.com/en/blex-crawler)"
20.171.207.222 - - [23/Oct/2025:16:51:01 +0300] "GET /amp.php?products/277rg44010 HTTP/1.1" 200 464930 "-" "Mozilla/5.0 AppleWebKit/537.36 (KHTML, like Gecko; compatible; GPTBot/1.2; +https://openai.com/gptbot)"
77.75.76.170 - - [23/Oct/2025:16:51:03 +0300] "GET /070019777.htm HTTP/1.1" 200 - "-" "Mozilla/5.0 (compatible; SeznamBot/4.0; +https://o-seznam.cz/napoveda/vyhledavani/en/seznambot-crawler/)"
20.171.207.222 - - [23/Oct/2025:16:51:03 +0300] "GET /amp.php?products/252of22561 HTTP/1.1" 200 462768 "-" "Mozilla/5.0 AppleWebKit/537.36 (KHTML, like Gecko; compatible; GPTBot/1.2; +https://openai.com/gptbot)"
77.75.76.170 - - [23/Oct/2025:16:51:05 +0300] "GET /q-~100GhrAxASVoF9xvxXQDMtmPK1NbCjNCe10261/ HTTP/1.1" 200 - "-" "Mozilla/5.0 (compatible; SeznamBot/4.0; +https://o-seznam.cz/napoveda/vyhledavani/en/seznambot-crawler/)"
144.76.19.75 - - [23/Oct/2025:16:51:05 +0300] "GET /amp.php?m056024824?srsltid=AfmBOoQRWgLmQTNfBaD9de_OZXpUkZZWe_E2pnTEEH-Y-LUN88PCd3 HTTP/1.1" 200 464561 "-" "Mozilla/5.0 (compatible; BLEXBot/1.0; +https://help.seranking.com/en/blex-crawler)"
20.171.207.222 - - [23/Oct/2025:16:51:05 +0300] "GET /amp.php?products/237rk17882 HTTP/1.1" 200 461713 "-" "Mozilla/5.0 AppleWebKit/537.36 (KHTML, like Gecko; compatible; GPTBot/1.2; +https://openai.com/gptbot)"
20.171.207.222 - - [23/Oct/2025:16:51:07 +0300] "GET /amp.php?products/135ht42272 HTTP/1.1" 200 465060 "-" "Mozilla/5.0 AppleWebKit/537.36 (KHTML, like Gecko; compatible; GPTBot/1.2; +https://openai.com/gptbot)"
77.75.76.170 - - [23/Oct/2025:16:51:10 +0300] "GET /046008159.htm HTTP/1.1" 200 - "-" "Mozilla/5.0 (compatible; SeznamBot/4.0; +https://o-seznam.cz/napoveda/vyhledavani/en/seznambot-crawler/)"
20.171.207.222 - - [23/Oct/2025:16:51:09 +0300] "GET /amp.php?products/252sm30931 HTTP/1.1" 200 463360 "-" "Mozilla/5.0 AppleWebKit/537.36 (KHTML, like Gecko; compatible; GPTBot/1.2; +https://openai.com/gptbot)"
144.76.19.75 - - [23/Oct/2025:16:51:09 +0300] "GET /amp.php?m003049879?srsltid=AfmBOoppbTgZcfmIy8JYmV_ktFjg3g3cs_pjBL8L8Z-S-XRARA6Uz0 HTTP/1.1" 200 464561 "-" "Mozilla/5.0 (compatible; BLEXBot/1.0; +https://help.seranking.com/en/blex-crawler)"
77.75.76.170 - - [23/Oct/2025:16:51:12 +0300] "GET /bucket/disorder44/2z72t-344/ HTTP/1.1" 200 - "-" "Mozilla/5.0 (compatible; SeznamBot/4.0; +https://o-seznam.cz/napoveda/vyhledavani/en/seznambot-crawler/)"
77.75.76.170 - - [23/Oct/2025:16:51:12 +0300] "GET /038024357.htm HTTP/1.1" 200 - "-" "Mozilla/5.0 (compatible; SeznamBot/4.0; +https://o-seznam.cz/napoveda/vyhledavani/en/seznambot-crawler/)"
20.171.207.222 - - [23/Oct/2025:16:51:11 +0300] "GET /amp.php?products/252nu26377 HTTP/1.1" 200 467333 "-" "Mozilla/5.0 AppleWebKit/537.36 (KHTML, like Gecko; compatible; GPTBot/1.2; +https://openai.com/gptbot)"
77.75.76.170 - - [23/Oct/2025:16:51:13 +0300] "GET /066042499.htm HTTP/1.1" 200 - "-" "Mozilla/5.0 (compatible; SeznamBot/4.0; +https://o-seznam.cz/napoveda/vyhledavani/en/seznambot-crawler/)"
77.75.76.170 - - [23/Oct/2025:16:51:14 +0300] "GET /064025951.htm HTTP/1.1" 200 - "-" "Mozilla/5.0 (compatible; SeznamBot/4.0; +https://o-seznam.cz/napoveda/vyhledavani/en/seznambot-crawler/)"
20.171.207.222 - - [23/Oct/2025:16:51:13 +0300] "GET /amp.php?products/137bd37716 HTTP/1.1" 200 470051 "-" "Mozilla/5.0 AppleWebKit/537.36 (KHTML, like Gecko; compatible; GPTBot/1.2; +https://openai.com/gptbot)"
77.75.76.170 - - [23/Oct/2025:16:51:15 +0300] "GET /horizon/etc25/7uup2-26657/ HTTP/1.1" 200 - "-" "Mozilla/5.0 (compatible; SeznamBot/4.0; +https://o-seznam.cz/napoveda/vyhledavani/en/seznambot-crawler/)"
144.76.19.75 - - [23/Oct/2025:16:51:14 +0300] "GET /amp.php?m056024828?srsltid=AfmBOoiQSsOGECSxLUN88P_r6nnKA7oVv_9RRnVgFU-U-DegHOjw0w HTTP/1.1" 200 462659 "-" "Mozilla/5.0 (compatible; BLEXBot/1.0; +https://help.seranking.com/en/blex-crawler)"
77.75.76.170 - - [23/Oct/2025:16:51:15 +0300] "GET /060043703.htm HTTP/1.1" 200 - "-" "Mozilla/5.0 (compatible; SeznamBot/4.0; +https://o-seznam.cz/napoveda/vyhledavani/en/seznambot-crawler/)"
77.75.76.170 - - [23/Oct/2025:16:51:15 +0300] "GET /002024597.htm HTTP/1.1" 200 - "-" "Mozilla/5.0 (compatible; SeznamBot/4.0; +https://o-seznam.cz/napoveda/vyhledavani/en/seznambot-crawler/)"
77.75.76.170 - - [23/Oct/2025:16:51:15 +0300] "GET /028047045.htm HTTP/1.1" 200 - "-" "Mozilla/5.0 (compatible; SeznamBot/4.0; +https://o-seznam.cz/napoveda/vyhledavani/en/seznambot-crawler/)"
77.75.76.170 - - [23/Oct/2025:16:51:16 +0300] "GET /053011872.htm HTTP/1.1" 200 - "-" "Mozilla/5.0 (compatible; SeznamBot/4.0; +https://o-seznam.cz/napoveda/vyhledavani/en/seznambot-crawler/)"
20.171.207.222 - - [23/Oct/2025:16:51:15 +0300] "GET /amp.php?products/137ut37712 HTTP/1.1" 200 471697 "-" "Mozilla/5.0 AppleWebKit/537.36 (KHTML, like Gecko; compatible; GPTBot/1.2; +https://openai.com/gptbot)"
17.241.219.182 - - [23/Oct/2025:16:51:17 +0300] "GET /019033396.htm HTTP/1.1" 200 - "-" "Mozilla/5.0 (Macintosh; Intel Mac OS X 10_15_7) AppleWebKit/605.1.15 (KHTML, like Gecko) Version/17.4 Safari/605.1.15 (Applebot/0.1; +http://www.apple.com/go/applebot)"
77.75.76.170 - - [23/Oct/2025:16:51:17 +0300] "GET /terrain/odd73/93mfy-43089/ HTTP/1.1" 200 - "-" "Mozilla/5.0 (compatible; SeznamBot/4.0; +https://o-seznam.cz/napoveda/vyhledavani/en/seznambot-crawler/)"
74.91.19.178 - - [23/Oct/2025:16:49:51 +0300] "GET /wp-includes/install.php HTTP/1.1" 200 - "https://avocor.eu/wp-includes/install.php" "Mozilla/5.0 (Windows NT 10.0; Win64; x64) AppleWebKit/537.36 (KHTML, like Gecko) Chrome/58.0.3029.110 Safari/537.3"
77.75.76.170 - - [23/Oct/2025:16:51:18 +0300] "GET /molecule/happy59/m6hmz-13065/ HTTP/1.1" 200 - "-" "Mozilla/5.0 (compatible; SeznamBot/4.0; +https://o-seznam.cz/napoveda/vyhledavani/en/seznambot-crawler/)"
20.171.207.222 - - [23/Oct/2025:16:51:17 +0300] "GET /amp.php?products/277nd25744 HTTP/1.1" 200 464452 "-" "Mozilla/5.0 AppleWebKit/537.36 (KHTML, like Gecko; compatible; GPTBot/1.2; +https://openai.com/gptbot)"
144.76.19.75 - - [23/Oct/2025:16:51:18 +0300] "GET /amp.php?m003049881?srsltid=AfmBOooKgBcjLtIJpjBL8L_q5UQUQtGFD_XRARA6Uz-D-RgRTbntWr HTTP/1.1" 200 465312 "-" "Mozilla/5.0 (compatible; BLEXBot/1.0; +https://help.seranking.com/en/blex-crawler)"
198.244.183.90 - - [23/Oct/2025:16:51:20 +0300] "GET /about/function.php?dir=/home/avocor/public_html&item=.htaccess&action=chmod HTTP/1.1" 200 102243 "-" "Mozilla/5.0 (compatible; AhrefsBot/7.0; +http://ahrefs.com/robot/)"
20.171.207.222 - - [23/Oct/2025:16:51:19 +0300] "GET /amp.php?products/277bt25732 HTTP/1.1" 200 464706 "-" "Mozilla/5.0 AppleWebKit/537.36 (KHTML, like Gecko; compatible; GPTBot/1.2; +https://openai.com/gptbot)"
77.75.76.170 - - [23/Oct/2025:16:51:20 +0300] "GET /condition/imply10/emo1f-8098/ HTTP/1.1" 200 - "-" "Mozilla/5.0 (compatible; SeznamBot/4.0; +https://o-seznam.cz/napoveda/vyhledavani/en/seznambot-crawler/)"
77.75.76.170 - - [23/Oct/2025:16:51:21 +0300] "GET /029019036.htm HTTP/1.1" 200 - "-" "Mozilla/5.0 (compatible; SeznamBot/4.0; +https://o-seznam.cz/napoveda/vyhledavani/en/seznambot-crawler/)"
77.75.76.170 - - [23/Oct/2025:16:51:21 +0300] "GET /equal/k48?pid=38378 HTTP/1.1" 200 - "-" "Mozilla/5.0 (compatible; SeznamBot/4.0; +https://o-seznam.cz/napoveda/vyhledavani/en/seznambot-crawler/)"
77.75.76.170 - - [23/Oct/2025:16:51:21 +0300] "GET /sensation/agent83/wd3jm-17075/ HTTP/1.1" 200 - "-" "Mozilla/5.0 (compatible; SeznamBot/4.0; +https://o-seznam.cz/napoveda/vyhledavani/en/seznambot-crawler/)"
77.75.76.170 - - [23/Oct/2025:16:51:21 +0300] "GET /012022647.htm HTTP/1.1" 200 - "-" "Mozilla/5.0 (compatible; SeznamBot/4.0; +https://o-seznam.cz/napoveda/vyhledavani/en/seznambot-crawler/)"
77.75.76.170 - - [23/Oct/2025:16:51:22 +0300] "GET /023009856.htm HTTP/1.1" 200 - "-" "Mozilla/5.0 (compatible; SeznamBot/4.0; +https://o-seznam.cz/napoveda/vyhledavani/en/seznambot-crawler/)"
77.75.76.170 - - [23/Oct/2025:16:51:22 +0300] "GET /043009304.htm HTTP/1.1" 200 - "-" "Mozilla/5.0 (compatible; SeznamBot/4.0; +https://o-seznam.cz/napoveda/vyhledavani/en/seznambot-crawler/)"
20.171.207.222 - - [23/Oct/2025:16:51:21 +0300] "GET /amp.php?products/46zy11967 HTTP/1.1" 200 463589 "-" "Mozilla/5.0 AppleWebKit/537.36 (KHTML, like Gecko; compatible; GPTBot/1.2; +https://openai.com/gptbot)"
77.75.76.170 - - [23/Oct/2025:16:51:22 +0300] "GET /020037735.htm HTTP/1.1" 200 - "-" "Mozilla/5.0 (compatible; SeznamBot/4.0; +https://o-seznam.cz/napoveda/vyhledavani/en/seznambot-crawler/)"
77.75.76.170 - - [23/Oct/2025:16:51:23 +0300] "GET /082006919.htm HTTP/1.1" 200 - "-" "Mozilla/5.0 (compatible; SeznamBot/4.0; +https://o-seznam.cz/napoveda/vyhledavani/en/seznambot-crawler/)"
77.75.76.170 - - [23/Oct/2025:16:51:23 +0300] "GET /scatter/debt5/ajoce-46721/ HTTP/1.1" 200 - "-" "Mozilla/5.0 (compatible; SeznamBot/4.0; +https://o-seznam.cz/napoveda/vyhledavani/en/seznambot-crawler/)"
144.76.19.75 - - [23/Oct/2025:16:51:22 +0300] "GET /amp.php?m056024830?srsltid=AfmBOoWBeuJbSBaZ9RRnVg_QQieckl0f0_DegHOjw0-K-fUsOH9HGR HTTP/1.1" 200 463849 "-" "Mozilla/5.0 (compatible; BLEXBot/1.0; +https://help.seranking.com/en/blex-crawler)"
77.75.76.170 - - [23/Oct/2025:16:51:23 +0300] "GET /cooperate/incorporate48/7tifz-33392/ HTTP/1.1" 200 - "-" "Mozilla/5.0 (compatible; SeznamBot/4.0; +https://o-seznam.cz/napoveda/vyhledavani/en/seznambot-crawler/)"
77.75.76.170 - - [23/Oct/2025:16:51:24 +0300] "GET /processor/z50?pid=27814 HTTP/1.1" 200 - "-" "Mozilla/5.0 (compatible; SeznamBot/4.0; +https://o-seznam.cz/napoveda/vyhledavani/en/seznambot-crawler/)"
77.75.76.170 - - [23/Oct/2025:16:51:24 +0300] "GET /apparently/tour3/xhevt-3413/ HTTP/1.1" 200 - "-" "Mozilla/5.0 (compatible; SeznamBot/4.0; +https://o-seznam.cz/napoveda/vyhledavani/en/seznambot-crawler/)"
20.171.207.222 - - [23/Oct/2025:16:51:23 +0300] "GET /amp.php?products/271es16232 HTTP/1.1" 200 467435 "-" "Mozilla/5.0 AppleWebKit/537.36 (KHTML, like Gecko; compatible; GPTBot/1.2; +https://openai.com/gptbot)"
77.75.76.170 - - [23/Oct/2025:16:51:24 +0300] "GET /q-~44VkMvnE5wVa8YgRWcwBlbMl3clf5Uak12605/ HTTP/1.1" 200 - "-" "Mozilla/5.0 (compatible; SeznamBot/4.0; +https://o-seznam.cz/napoveda/vyhledavani/en/seznambot-crawler/)"
77.75.76.170 - - [23/Oct/2025:16:51:24 +0300] "GET /050020095.htm HTTP/1.1" 200 - "-" "Mozilla/5.0 (compatible; SeznamBot/4.0; +https://o-seznam.cz/napoveda/vyhledavani/en/seznambot-crawler/)"
77.75.76.170 - - [23/Oct/2025:16:51:24 +0300] "GET /003038086.htm HTTP/1.1" 200 - "-" "Mozilla/5.0 (compatible; SeznamBot/4.0; +https://o-seznam.cz/napoveda/vyhledavani/en/seznambot-crawler/)"
77.75.76.170 - - [23/Oct/2025:16:51:25 +0300] "GET /065003084.htm HTTP/1.1" 200 - "-" "Mozilla/5.0 (compatible; SeznamBot/4.0; +https://o-seznam.cz/napoveda/vyhledavani/en/seznambot-crawler/)"
77.75.76.170 - - [23/Oct/2025:16:51:25 +0300] "GET /032011693.htm HTTP/1.1" 200 - "-" "Mozilla/5.0 (compatible; SeznamBot/4.0; +https://o-seznam.cz/napoveda/vyhledavani/en/seznambot-crawler/)"
77.75.76.170 - - [23/Oct/2025:16:51:25 +0300] "GET /080005885.htm HTTP/1.1" 200 - "-" "Mozilla/5.0 (compatible; SeznamBot/4.0; +https://o-seznam.cz/napoveda/vyhledavani/en/seznambot-crawler/)"
77.75.76.170 - - [23/Oct/2025:16:51:26 +0300] "GET /073038384.htm HTTP/1.1" 200 - "-" "Mozilla/5.0 (compatible; SeznamBot/4.0; +https://o-seznam.cz/napoveda/vyhledavani/en/seznambot-crawler/)"
20.171.207.222 - - [23/Oct/2025:16:51:25 +0300] "GET /amp.php?products/252gt26833 HTTP/1.1" 200 464084 "-" "Mozilla/5.0 AppleWebKit/537.36 (KHTML, like Gecko; compatible; GPTBot/1.2; +https://openai.com/gptbot)"
77.75.76.170 - - [23/Oct/2025:16:51:26 +0300] "GET /yard/heaven27/anq2r-23837/ HTTP/1.1" 200 - "-" "Mozilla/5.0 (compatible; SeznamBot/4.0; +https://o-seznam.cz/napoveda/vyhledavani/en/seznambot-crawler/)"
77.75.76.170 - - [23/Oct/2025:16:51:26 +0300] "GET /008049163.htm HTTP/1.1" 200 - "-" "Mozilla/5.0 (compatible; SeznamBot/4.0; +https://o-seznam.cz/napoveda/vyhledavani/en/seznambot-crawler/)"
144.76.19.75 - - [23/Oct/2025:16:51:26 +0300] "GET /amp.php?m003049885?srsltid=AfmBOovzAeSDqHiMRgRTbn_56KJQBjTtZ_NwUayXTu-Q-J5sLkHTiy HTTP/1.1" 200 463900 "-" "Mozilla/5.0 (compatible; BLEXBot/1.0; +https://help.seranking.com/en/blex-crawler)"
20.171.207.222 - - [23/Oct/2025:16:51:27 +0300] "GET /amp.php?products/238de18177 HTTP/1.1" 200 466657 "-" "Mozilla/5.0 AppleWebKit/537.36 (KHTML, like Gecko; compatible; GPTBot/1.2; +https://openai.com/gptbot)"
77.75.76.170 - - [23/Oct/2025:16:51:28 +0300] "GET /passenger/conversation26/l0c9s-1476/ HTTP/1.1" 200 - "-" "Mozilla/5.0 (compatible; SeznamBot/4.0; +https://o-seznam.cz/napoveda/vyhledavani/en/seznambot-crawler/)"
77.75.76.170 - - [23/Oct/2025:16:51:28 +0300] "GET /019013696.htm HTTP/1.1" 200 - "-" "Mozilla/5.0 (compatible; SeznamBot/4.0; +https://o-seznam.cz/napoveda/vyhledavani/en/seznambot-crawler/)"
77.75.76.170 - - [23/Oct/2025:16:51:28 +0300] "GET /solution/manage1/b9av0-19665/ HTTP/1.1" 200 - "-" "Mozilla/5.0 (compatible; SeznamBot/4.0; +https://o-seznam.cz/napoveda/vyhledavani/en/seznambot-crawler/)"
77.75.76.170 - - [23/Oct/2025:16:51:29 +0300] "GET /050021917.htm HTTP/1.1" 200 - "-" "Mozilla/5.0 (compatible; SeznamBot/4.0; +https://o-seznam.cz/napoveda/vyhledavani/en/seznambot-crawler/)"
77.75.76.170 - - [23/Oct/2025:16:51:29 +0300] "GET /060011883.htm HTTP/1.1" 200 - "-" "Mozilla/5.0 (compatible; SeznamBot/4.0; +https://o-seznam.cz/napoveda/vyhledavani/en/seznambot-crawler/)"
20.171.207.222 - - [23/Oct/2025:16:51:29 +0300] "GET /amp.php?products/252lh24991 HTTP/1.1" 200 465780 "-" "Mozilla/5.0 AppleWebKit/537.36 (KHTML, like Gecko; compatible; GPTBot/1.2; +https://openai.com/gptbot)"
77.75.76.170 - - [23/Oct/2025:16:51:30 +0300] "GET /060018599.htm HTTP/1.1" 200 - "-" "Mozilla/5.0 (compatible; SeznamBot/4.0; +https://o-seznam.cz/napoveda/vyhledavani/en/seznambot-crawler/)"
77.75.76.170 - - [23/Oct/2025:16:51:31 +0300] "GET /041010924.htm HTTP/1.1" 200 - "-" "Mozilla/5.0 (compatible; SeznamBot/4.0; +https://o-seznam.cz/napoveda/vyhledavani/en/seznambot-crawler/)"
77.75.76.170 - - [23/Oct/2025:16:51:31 +0300] "GET /015006636.htm HTTP/1.1" 200 - "-" "Mozilla/5.0 (compatible; SeznamBot/4.0; +https://o-seznam.cz/napoveda/vyhledavani/en/seznambot-crawler/)"
77.75.76.170 - - [23/Oct/2025:16:51:31 +0300] "GET /058044501.htm HTTP/1.1" 200 - "-" "Mozilla/5.0 (compatible; SeznamBot/4.0; +https://o-seznam.cz/napoveda/vyhledavani/en/seznambot-crawler/)"
20.171.207.222 - - [23/Oct/2025:16:51:30 +0300] "GET /amp.php?products/277mm44586 HTTP/1.1" 200 464153 "-" "Mozilla/5.0 AppleWebKit/537.36 (KHTML, like Gecko; compatible; GPTBot/1.2; +https://openai.com/gptbot)"
74.91.19.178 - - [23/Oct/2025:16:51:31 +0300] "GET /wp-includes/install.php HTTP/1.1" 200 6 "https://avocor.eu/wp-includes/install.php" "Mozilla/5.0 (Windows NT 10.0; Win64; x64) AppleWebKit/537.36 (KHTML, like Gecko) Chrome/58.0.3029.110 Safari/537.3"
144.76.19.75 - - [23/Oct/2025:16:51:31 +0300] "GET /amp.php?m056024832?srsltid=AfmBOotMBwKtNIkXDegHOj_qrQk9gUgCc_fUsOH9HG-S-RXHeHNDzK HTTP/1.1" 200 468598 "-" "Mozilla/5.0 (compatible; BLEXBot/1.0; +https://help.seranking.com/en/blex-crawler)"
77.75.76.170 - - [23/Oct/2025:16:51:32 +0300] "GET /crawl/stem30/s6mic-1016/ HTTP/1.1" 200 - "-" "Mozilla/5.0 (compatible; SeznamBot/4.0; +https://o-seznam.cz/napoveda/vyhledavani/en/seznambot-crawler/)"
77.75.76.170 - - [23/Oct/2025:16:51:32 +0300] "GET /058036251.htm HTTP/1.1" 200 - "-" "Mozilla/5.0 (compatible; SeznamBot/4.0; +https://o-seznam.cz/napoveda/vyhledavani/en/seznambot-crawler/)"
77.75.76.170 - - [23/Oct/2025:16:51:33 +0300] "GET /078048611.htm HTTP/1.1" 200 - "-" "Mozilla/5.0 (compatible; SeznamBot/4.0; +https://o-seznam.cz/napoveda/vyhledavani/en/seznambot-crawler/)"
77.75.76.170 - - [23/Oct/2025:16:51:33 +0300] "GET /successful/h109?pid=4229 HTTP/1.1" 200 - "-" "Mozilla/5.0 (compatible; SeznamBot/4.0; +https://o-seznam.cz/napoveda/vyhledavani/en/seznambot-crawler/)"
20.171.207.222 - - [23/Oct/2025:16:51:32 +0300] "GET /amp.php?products/252gu23621 HTTP/1.1" 200 463596 "-" "Mozilla/5.0 AppleWebKit/537.36 (KHTML, like Gecko; compatible; GPTBot/1.2; +https://openai.com/gptbot)"
20.171.207.222 - - [23/Oct/2025:16:51:34 +0300] "GET /amp.php?products/256ui41641 HTTP/1.1" 200 464625 "-" "Mozilla/5.0 AppleWebKit/537.36 (KHTML, like Gecko; compatible; GPTBot/1.2; +https://openai.com/gptbot)"
144.76.19.75 - - [23/Oct/2025:16:51:35 +0300] "GET /amp.php?m003049887?srsltid=AfmBOoiuBzscSNSsNwUayX_C9G1joNXmK_J5sLkHTi-C-JWE0Xs8Z3 HTTP/1.1" 200 463673 "-" "Mozilla/5.0 (compatible; BLEXBot/1.0; +https://help.seranking.com/en/blex-crawler)"
20.171.207.222 - - [23/Oct/2025:16:51:36 +0300] "GET /amp.php?products/124sq46481 HTTP/1.1" 200 463315 "-" "Mozilla/5.0 AppleWebKit/537.36 (KHTML, like Gecko; compatible; GPTBot/1.2; +https://openai.com/gptbot)"
20.171.207.222 - - [23/Oct/2025:16:51:38 +0300] "GET /amp.php?products/252mm25105 HTTP/1.1" 200 463375 "-" "Mozilla/5.0 AppleWebKit/537.36 (KHTML, like Gecko; compatible; GPTBot/1.2; +https://openai.com/gptbot)"
144.76.19.75 - - [23/Oct/2025:16:51:39 +0300] "GET /amp.php?m056024836?srsltid=AfmBOoUIHjaNqJOtRXHeHN_FncnCOSAWy_zfzcVvCy-O-GZVlzjXzY HTTP/1.1" 200 465111 "-" "Mozilla/5.0 (compatible; BLEXBot/1.0; +https://help.seranking.com/en/blex-crawler)"
20.171.207.222 - - [23/Oct/2025:16:51:40 +0300] "GET /amp.php?products/252hg25993 HTTP/1.1" 200 464696 "-" "Mozilla/5.0 AppleWebKit/537.36 (KHTML, like Gecko; compatible; GPTBot/1.2; +https://openai.com/gptbot)"
20.171.207.222 - - [23/Oct/2025:16:51:42 +0300] "GET /amp.php?products/252jo25107 HTTP/1.1" 200 464133 "-" "Mozilla/5.0 AppleWebKit/537.36 (KHTML, like Gecko; compatible; GPTBot/1.2; +https://openai.com/gptbot)"
20.171.207.222 - - [23/Oct/2025:16:51:43 +0300] "GET /amp.php?products/252zi25117 HTTP/1.1" 200 465120 "-" "Mozilla/5.0 AppleWebKit/537.36 (KHTML, like Gecko; compatible; GPTBot/1.2; +https://openai.com/gptbot)"
144.76.19.75 - - [23/Oct/2025:16:51:44 +0300] "GET /amp.php?m003049889?srsltid=AfmBOofYzYCfCoMdJ5sLkH_0EFMXzc3lP_JWE0Xs8Z-S-TVqKl1aO1 HTTP/1.1" 200 464942 "-" "Mozilla/5.0 (compatible; BLEXBot/1.0; +https://help.seranking.com/en/blex-crawler)"
20.171.207.222 - - [23/Oct/2025:16:51:45 +0300] "GET /amp.php?products/282my25313 HTTP/1.1" 200 462489 "-" "Mozilla/5.0 AppleWebKit/537.36 (KHTML, like Gecko; compatible; GPTBot/1.2; +https://openai.com/gptbot)"
20.171.207.222 - - [23/Oct/2025:16:51:47 +0300] "GET /amp.php?products/165dr24560 HTTP/1.1" 200 461714 "-" "Mozilla/5.0 AppleWebKit/537.36 (KHTML, like Gecko; compatible; GPTBot/1.2; +https://openai.com/gptbot)"
144.76.19.75 - - [23/Oct/2025:16:51:48 +0300] "GET /amp.php?m056024838?srsltid=AfmBOokTNcvUrFsRzfzcVv_awLgbrHCrX_GZVlzjXz-Z-JiDT6DgrJ HTTP/1.1" 200 465378 "-" "Mozilla/5.0 (compatible; BLEXBot/1.0; +https://help.seranking.com/en/blex-crawler)"
20.171.207.222 - - [23/Oct/2025:16:51:49 +0300] "GET /amp.php?products/271xm16416 HTTP/1.1" 200 462359 "-" "Mozilla/5.0 AppleWebKit/537.36 (KHTML, like Gecko; compatible; GPTBot/1.2; +https://openai.com/gptbot)"
20.171.207.222 - - [23/Oct/2025:16:51:51 +0300] "GET /amp.php?products/252ws28443 HTTP/1.1" 200 463522 "-" "Mozilla/5.0 AppleWebKit/537.36 (KHTML, like Gecko; compatible; GPTBot/1.2; +https://openai.com/gptbot)"
144.76.19.75 - - [23/Oct/2025:16:51:52 +0300] "GET /amp.php?m003049891?srsltid=AfmBOoeAIuwgYdaJJWE0Xs_pYki50bFQb_TVqKl1aO-J-cFxB1PBfT HTTP/1.1" 200 465580 "-" "Mozilla/5.0 (compatible; BLEXBot/1.0; +https://help.seranking.com/en/blex-crawler)"
20.171.207.222 - - [23/Oct/2025:16:51:52 +0300] "GET /amp.php?products/48pm43545 HTTP/1.1" 200 463403 "-" "Mozilla/5.0 AppleWebKit/537.36 (KHTML, like Gecko; compatible; GPTBot/1.2; +https://openai.com/gptbot)"
20.171.207.222 - - [23/Oct/2025:16:51:54 +0300] "GET /amp.php?products/267vh15152 HTTP/1.1" 200 461327 "-" "Mozilla/5.0 AppleWebKit/537.36 (KHTML, like Gecko; compatible; GPTBot/1.2; +https://openai.com/gptbot)"
20.171.207.222 - - [23/Oct/2025:16:51:56 +0300] "GET /amp.php?products/252mk25113 HTTP/1.1" 200 463180 "-" "Mozilla/5.0 AppleWebKit/537.36 (KHTML, like Gecko; compatible; GPTBot/1.2; +https://openai.com/gptbot)"
144.76.19.75 - - [23/Oct/2025:16:51:56 +0300] "GET /amp.php?m056024842?srsltid=AfmBOoCGhfRVKYILJiDT6D_kxoVxLuIm3_OE2ORSGZ-P-FYh1RUjTf HTTP/1.1" 200 467408 "-" "Mozilla/5.0 (compatible; BLEXBot/1.0; +https://help.seranking.com/en/blex-crawler)"
20.171.207.222 - - [23/Oct/2025:16:51:58 +0300] "GET /amp.php?products/252te25115 HTTP/1.1" 200 464317 "-" "Mozilla/5.0 AppleWebKit/537.36 (KHTML, like Gecko; compatible; GPTBot/1.2; +https://openai.com/gptbot)"
20.171.207.222 - - [23/Oct/2025:16:52:00 +0300] "GET /amp.php?products/165oo24458 HTTP/1.1" 200 463010 "-" "Mozilla/5.0 AppleWebKit/537.36 (KHTML, like Gecko; compatible; GPTBot/1.2; +https://openai.com/gptbot)"
144.76.19.75 - - [23/Oct/2025:16:52:01 +0300] "GET /amp.php?m003049893?srsltid=AfmBOoGnsRFivhcBTVqKl1_kprn3Ju3KE_cFxB1PBf-K-sX7GXu3jK HTTP/1.1" 200 465815 "-" "Mozilla/5.0 (compatible; BLEXBot/1.0; +https://help.seranking.com/en/blex-crawler)"
77.75.76.170 - - [23/Oct/2025:16:52:03 +0300] "GET /furniture/script68/mgrcm-16230/ HTTP/1.1" 200 - "-" "Mozilla/5.0 (compatible; SeznamBot/4.0; +https://o-seznam.cz/napoveda/vyhledavani/en/seznambot-crawler/)"
20.171.207.222 - - [23/Oct/2025:16:52:02 +0300] "GET /amp.php?products/252ai25339 HTTP/1.1" 200 464309 "-" "Mozilla/5.0 AppleWebKit/537.36 (KHTML, like Gecko; compatible; GPTBot/1.2; +https://openai.com/gptbot)"
77.75.76.170 - - [23/Oct/2025:16:52:03 +0300] "GET /045030482.htm HTTP/1.1" 200 - "-" "Mozilla/5.0 (compatible; SeznamBot/4.0; +https://o-seznam.cz/napoveda/vyhledavani/en/seznambot-crawler/)"
77.75.76.170 - - [23/Oct/2025:16:52:04 +0300] "GET /010020735.htm HTTP/1.1" 200 - "-" "Mozilla/5.0 (compatible; SeznamBot/4.0; +https://o-seznam.cz/napoveda/vyhledavani/en/seznambot-crawler/)"
77.75.76.170 - - [23/Oct/2025:16:52:04 +0300] "GET /056022751.htm HTTP/1.1" 200 - "-" "Mozilla/5.0 (compatible; SeznamBot/4.0; +https://o-seznam.cz/napoveda/vyhledavani/en/seznambot-crawler/)"
77.75.76.170 - - [23/Oct/2025:16:52:04 +0300] "GET /q-~75KEGtFEFwtHhisWxky7Oq4LUmEZz5ki29104/ HTTP/1.1" 200 - "-" "Mozilla/5.0 (compatible; SeznamBot/4.0; +https://o-seznam.cz/napoveda/vyhledavani/en/seznambot-crawler/)"
77.75.76.170 - - [23/Oct/2025:16:52:04 +0300] "GET /018000881.htm HTTP/1.1" 200 - "-" "Mozilla/5.0 (compatible; SeznamBot/4.0; +https://o-seznam.cz/napoveda/vyhledavani/en/seznambot-crawler/)"
20.171.207.222 - - [23/Oct/2025:16:52:04 +0300] "GET /amp.php?products/162hu16861 HTTP/1.1" 200 498005 "-" "Mozilla/5.0 AppleWebKit/537.36 (KHTML, like Gecko; compatible; GPTBot/1.2; +https://openai.com/gptbot)"
77.75.76.170 - - [23/Oct/2025:16:52:05 +0300] "GET /violent/era19/jsk96-7867/ HTTP/1.1" 200 - "-" "Mozilla/5.0 (compatible; SeznamBot/4.0; +https://o-seznam.cz/napoveda/vyhledavani/en/seznambot-crawler/)"
77.75.76.170 - - [23/Oct/2025:16:52:05 +0300] "GET /baby/concrete13/au0zo-45753/ HTTP/1.1" 200 - "-" "Mozilla/5.0 (compatible; SeznamBot/4.0; +https://o-seznam.cz/napoveda/vyhledavani/en/seznambot-crawler/)"
144.76.19.75 - - [23/Oct/2025:16:52:05 +0300] "GET /amp.php?m056024844?srsltid=AfmBOoJwxeVSrZVTOE2ORS_0Cbqwagm9G_FYh1RUjT-A-gzs2CRZDY HTTP/1.1" 200 473401 "-" "Mozilla/5.0 (compatible; BLEXBot/1.0; +https://help.seranking.com/en/blex-crawler)"
20.171.207.222 - - [23/Oct/2025:16:52:05 +0300] "GET /amp.php?products/202tl26279 HTTP/1.1" 200 466189 "-" "Mozilla/5.0 AppleWebKit/537.36 (KHTML, like Gecko; compatible; GPTBot/1.2; +https://openai.com/gptbot)"
77.75.76.170 - - [23/Oct/2025:16:52:07 +0300] "GET /034005669.htm HTTP/1.1" 200 - "-" "Mozilla/5.0 (compatible; SeznamBot/4.0; +https://o-seznam.cz/napoveda/vyhledavani/en/seznambot-crawler/)"
77.75.76.170 - - [23/Oct/2025:16:52:07 +0300] "GET /056028749.htm HTTP/1.1" 200 - "-" "Mozilla/5.0 (compatible; SeznamBot/4.0; +https://o-seznam.cz/napoveda/vyhledavani/en/seznambot-crawler/)"
77.75.76.170 - - [23/Oct/2025:16:52:07 +0300] "GET /060039141.htm HTTP/1.1" 200 - "-" "Mozilla/5.0 (compatible; SeznamBot/4.0; +https://o-seznam.cz/napoveda/vyhledavani/en/seznambot-crawler/)"
77.75.76.170 - - [23/Oct/2025:16:52:08 +0300] "GET /isolate/huh7/4mbvn-24991/ HTTP/1.1" 200 - "-" "Mozilla/5.0 (compatible; SeznamBot/4.0; +https://o-seznam.cz/napoveda/vyhledavani/en/seznambot-crawler/)"
77.75.76.170 - - [23/Oct/2025:16:52:08 +0300] "GET /004042637.htm HTTP/1.1" 200 - "-" "Mozilla/5.0 (compatible; SeznamBot/4.0; +https://o-seznam.cz/napoveda/vyhledavani/en/seznambot-crawler/)"
