144.76.19.75 - - [23/Oct/2025:15:48:00 +0300] "GET /amp.php?m003048759?srsltid=AfmBOovGcjnBJWFCCiZspJ_y4kbTNiXxB_JHWKgPxM-D-LJOhnietd HTTP/1.1" 200 462891 "-" "Mozilla/5.0 (compatible; BLEXBot/1.0; +https://help.seranking.com/en/blex-crawler)"
20.171.207.222 - - [23/Oct/2025:15:48:01 +0300] "GET /amp.php?products/224bd29123 HTTP/1.1" 200 467954 "-" "Mozilla/5.0 AppleWebKit/537.36 (KHTML, like Gecko; compatible; GPTBot/1.2; +https://openai.com/gptbot)"
20.171.207.222 - - [23/Oct/2025:15:48:02 +0300] "GET /amp.php?products/239rz42646 HTTP/1.1" 200 475204 "-" "Mozilla/5.0 AppleWebKit/537.36 (KHTML, like Gecko; compatible; GPTBot/1.2; +https://openai.com/gptbot)"
144.76.19.75 - - [23/Oct/2025:15:48:04 +0300] "GET /amp.php?m056023468?srsltid=AfmBOoVcUAtfFimfVNil5e_7r25uY9pyh_DCSWzZH4-X-fkewQsYMo HTTP/1.1" 200 468084 "-" "Mozilla/5.0 (compatible; BLEXBot/1.0; +https://help.seranking.com/en/blex-crawler)"
20.171.207.222 - - [23/Oct/2025:15:48:05 +0300] "GET /amp.php?products/161mg11252 HTTP/1.1" 200 466647 "-" "Mozilla/5.0 AppleWebKit/537.36 (KHTML, like Gecko; compatible; GPTBot/1.2; +https://openai.com/gptbot)"
20.171.207.222 - - [23/Oct/2025:15:48:07 +0300] "GET /amp.php?products/112qa30823 HTTP/1.1" 200 465422 "-" "Mozilla/5.0 AppleWebKit/537.36 (KHTML, like Gecko; compatible; GPTBot/1.2; +https://openai.com/gptbot)"
144.76.19.75 - - [23/Oct/2025:15:48:09 +0300] "GET /amp.php?m003048763?srsltid=AfmBOonaTnbaPtGILJOhni_rNWo8OZHyZ_aOgDRtKv-N-qoKHS5HlW HTTP/1.1" 200 464198 "-" "Mozilla/5.0 (compatible; BLEXBot/1.0; +https://help.seranking.com/en/blex-crawler)"
20.171.207.222 - - [23/Oct/2025:15:48:09 +0300] "GET /amp.php?products/188ma31533 HTTP/1.1" 200 465813 "-" "Mozilla/5.0 AppleWebKit/537.36 (KHTML, like Gecko; compatible; GPTBot/1.2; +https://openai.com/gptbot)"
20.171.207.222 - - [23/Oct/2025:15:48:11 +0300] "GET /amp.php?products/199pc15794 HTTP/1.1" 200 462869 "-" "Mozilla/5.0 AppleWebKit/537.36 (KHTML, like Gecko; compatible; GPTBot/1.2; +https://openai.com/gptbot)"
144.76.19.75 - - [23/Oct/2025:15:48:13 +0300] "GET /amp.php?m056023470?srsltid=AfmBOoByqWTtuyhuDCSWzZ_dyKNf15iml_fkewQsYM-D-Bhk9Lyvpf HTTP/1.1" 200 465785 "-" "Mozilla/5.0 (compatible; BLEXBot/1.0; +https://help.seranking.com/en/blex-crawler)"
20.171.207.222 - - [23/Oct/2025:15:48:13 +0300] "GET /amp.php?products/224vr28271 HTTP/1.1" 200 466373 "-" "Mozilla/5.0 AppleWebKit/537.36 (KHTML, like Gecko; compatible; GPTBot/1.2; +https://openai.com/gptbot)"
74.91.19.178 - - [23/Oct/2025:15:48:14 +0300] "GET /wp-includes/install.php HTTP/1.1" 200 6 "https://avocor.eu/wp-includes/install.php" "Mozilla/5.0 (Windows NT 10.0; Win64; x64) AppleWebKit/537.36 (KHTML, like Gecko) Chrome/58.0.3029.110 Safari/537.3"
20.171.207.222 - - [23/Oct/2025:15:48:15 +0300] "GET /amp.php?products/224uj28041 HTTP/1.1" 200 466867 "-" "Mozilla/5.0 AppleWebKit/537.36 (KHTML, like Gecko; compatible; GPTBot/1.2; +https://openai.com/gptbot)"
74.91.19.178 - - [23/Oct/2025:15:48:16 +0300] "GET /wp-includes/install.php HTTP/1.1" 200 6 "https://avocor.eu/wp-includes/install.php" "Mozilla/5.0 (Windows NT 10.0; Win64; x64) AppleWebKit/537.36 (KHTML, like Gecko) Chrome/58.0.3029.110 Safari/537.3"
20.171.207.222 - - [23/Oct/2025:15:48:17 +0300] "GET /amp.php?products/161hq11396 HTTP/1.1" 200 464771 "-" "Mozilla/5.0 AppleWebKit/537.36 (KHTML, like Gecko; compatible; GPTBot/1.2; +https://openai.com/gptbot)"
144.76.19.75 - - [23/Oct/2025:15:48:17 +0300] "GET /amp.php?m003048765?srsltid=AfmBOohSMsuCXTriaOgDRt_BUgf3pu320_qoKHS5Hl-I-p9dy9rP37 HTTP/1.1" 200 463126 "-" "Mozilla/5.0 (compatible; BLEXBot/1.0; +https://help.seranking.com/en/blex-crawler)"
20.171.207.222 - - [23/Oct/2025:15:48:19 +0300] "GET /amp.php?products/152ww18891 HTTP/1.1" 200 466300 "-" "Mozilla/5.0 AppleWebKit/537.36 (KHTML, like Gecko; compatible; GPTBot/1.2; +https://openai.com/gptbot)"
20.171.207.222 - - [23/Oct/2025:15:48:21 +0300] "GET /amp.php?products/239st42656 HTTP/1.1" 200 467567 "-" "Mozilla/5.0 AppleWebKit/537.36 (KHTML, like Gecko; compatible; GPTBot/1.2; +https://openai.com/gptbot)"
144.76.19.75 - - [23/Oct/2025:15:48:21 +0300] "GET /amp.php?m056023472?srsltid=AfmBOoFybjaYeaOPfkewQs_r627IeCtxl_Bhk9Lyvp-Z-P1DMxHUNG HTTP/1.1" 200 465052 "-" "Mozilla/5.0 (compatible; BLEXBot/1.0; +https://help.seranking.com/en/blex-crawler)"
20.171.207.222 - - [23/Oct/2025:15:48:23 +0300] "GET /amp.php?products/188zv33877 HTTP/1.1" 200 462336 "-" "Mozilla/5.0 AppleWebKit/537.36 (KHTML, like Gecko; compatible; GPTBot/1.2; +https://openai.com/gptbot)"
74.91.19.178 - - [23/Oct/2025:15:48:24 +0300] "GET /wp-includes/install.php HTTP/1.1" 200 6 "https://avocor.eu/wp-includes/install.php" "Mozilla/5.0 (Windows NT 10.0; Win64; x64) AppleWebKit/537.36 (KHTML, like Gecko) Chrome/58.0.3029.110 Safari/537.3"
20.171.207.222 - - [23/Oct/2025:15:48:25 +0300] "GET /amp.php?products/172cr41163 HTTP/1.1" 200 475733 "-" "Mozilla/5.0 AppleWebKit/537.36 (KHTML, like Gecko; compatible; GPTBot/1.2; +https://openai.com/gptbot)"
74.91.19.178 - - [23/Oct/2025:15:48:26 +0300] "GET /wp-includes/install.php HTTP/1.1" 200 6 "https://avocor.eu/wp-includes/install.php" "Mozilla/5.0 (Windows NT 10.0; Win64; x64) AppleWebKit/537.36 (KHTML, like Gecko) Chrome/58.0.3029.110 Safari/537.3"
74.91.19.178 - - [23/Oct/2025:15:48:26 +0300] "GET /wp-includes/install.php HTTP/1.1" 200 6 "https://avocor.eu/wp-includes/install.php" "Mozilla/5.0 (Windows NT 10.0; Win64; x64) AppleWebKit/537.36 (KHTML, like Gecko) Chrome/58.0.3029.110 Safari/537.3"
144.76.19.75 - - [23/Oct/2025:15:48:26 +0300] "GET /amp.php?m003048767?srsltid=AfmBOoHThYMiGAhEqoKHS5_1DKJUKgXwx_p9dy9rP3-W-i94QySbtv HTTP/1.1" 200 463456 "-" "Mozilla/5.0 (compatible; BLEXBot/1.0; +https://help.seranking.com/en/blex-crawler)"
20.171.207.222 - - [23/Oct/2025:15:48:27 +0300] "GET /amp.php?products/271hw32882 HTTP/1.1" 200 470940 "-" "Mozilla/5.0 AppleWebKit/537.36 (KHTML, like Gecko; compatible; GPTBot/1.2; +https://openai.com/gptbot)"
20.171.207.222 - - [23/Oct/2025:15:48:28 +0300] "GET /amp.php?products/171ny41794 HTTP/1.1" 200 464965 "-" "Mozilla/5.0 AppleWebKit/537.36 (KHTML, like Gecko; compatible; GPTBot/1.2; +https://openai.com/gptbot)"
74.91.19.178 - - [23/Oct/2025:15:48:30 +0300] "GET /wp-includes/install.php HTTP/1.1" 200 6 "https://avocor.eu/wp-includes/install.php" "Mozilla/5.0 (Windows NT 10.0; Win64; x64) AppleWebKit/537.36 (KHTML, like Gecko) Chrome/58.0.3029.110 Safari/537.3"
144.76.19.75 - - [23/Oct/2025:15:48:30 +0300] "GET /amp.php?m056023474?srsltid=AfmBOoAtFOlqyjQrBhk9Ly_mBUKuydzYe_P1DMxHUN-O-ZT5d0axxU HTTP/1.1" 200 465439 "-" "Mozilla/5.0 (compatible; BLEXBot/1.0; +https://help.seranking.com/en/blex-crawler)"
20.171.207.222 - - [23/Oct/2025:15:48:30 +0300] "GET /amp.php?products/185qp19140 HTTP/1.1" 200 466841 "-" "Mozilla/5.0 AppleWebKit/537.36 (KHTML, like Gecko; compatible; GPTBot/1.2; +https://openai.com/gptbot)"
20.171.207.222 - - [23/Oct/2025:15:48:32 +0300] "GET /amp.php?products/275ro47470 HTTP/1.1" 200 487023 "-" "Mozilla/5.0 AppleWebKit/537.36 (KHTML, like Gecko; compatible; GPTBot/1.2; +https://openai.com/gptbot)"
20.171.207.222 - - [23/Oct/2025:15:48:34 +0300] "GET /amp.php?products/110pa49439 HTTP/1.1" 200 484437 "-" "Mozilla/5.0 AppleWebKit/537.36 (KHTML, like Gecko; compatible; GPTBot/1.2; +https://openai.com/gptbot)"
144.76.19.75 - - [23/Oct/2025:15:48:34 +0300] "GET /amp.php?m003048769?srsltid=AfmBOoPYdJovgqHDp9dy9r_i9uiWDOsP7_i94QySbt-I-p2d6nIgGM HTTP/1.1" 200 465322 "-" "Mozilla/5.0 (compatible; BLEXBot/1.0; +https://help.seranking.com/en/blex-crawler)"
20.171.207.222 - - [23/Oct/2025:15:48:36 +0300] "GET /amp.php?products/149nc42462 HTTP/1.1" 200 460699 "-" "Mozilla/5.0 AppleWebKit/537.36 (KHTML, like Gecko; compatible; GPTBot/1.2; +https://openai.com/gptbot)"
20.171.207.222 - - [23/Oct/2025:15:48:38 +0300] "GET /amp.php?products/119mf41834 HTTP/1.1" 200 475395 "-" "Mozilla/5.0 AppleWebKit/537.36 (KHTML, like Gecko; compatible; GPTBot/1.2; +https://openai.com/gptbot)"
144.76.19.75 - - [23/Oct/2025:15:48:38 +0300] "GET /amp.php?m056023476?srsltid=AfmBOojqnsYfjPqmP1DMxH_bnuIMPjWWC_ZT5d0axx-S-9SZnaagaa HTTP/1.1" 200 467840 "-" "Mozilla/5.0 (compatible; BLEXBot/1.0; +https://help.seranking.com/en/blex-crawler)"
20.171.207.222 - - [23/Oct/2025:15:48:39 +0300] "GET /amp.php?products/154or49571 HTTP/1.1" 200 467847 "-" "Mozilla/5.0 AppleWebKit/537.36 (KHTML, like Gecko; compatible; GPTBot/1.2; +https://openai.com/gptbot)"
20.171.207.222 - - [23/Oct/2025:15:48:41 +0300] "GET /amp.php?products/133ft47766 HTTP/1.1" 200 463109 "-" "Mozilla/5.0 AppleWebKit/537.36 (KHTML, like Gecko; compatible; GPTBot/1.2; +https://openai.com/gptbot)"
144.76.19.75 - - [23/Oct/2025:15:48:43 +0300] "GET /amp.php?m003048771?srsltid=AfmBOonEKONgdYtwi94QyS_FLpfiSx1Tk_p2d6nIgG-N-Edg90Ckm5 HTTP/1.1" 200 464364 "-" "Mozilla/5.0 (compatible; BLEXBot/1.0; +https://help.seranking.com/en/blex-crawler)"
20.171.207.222 - - [23/Oct/2025:15:48:43 +0300] "GET /amp.php?products/127dt43114 HTTP/1.1" 200 463765 "-" "Mozilla/5.0 AppleWebKit/537.36 (KHTML, like Gecko; compatible; GPTBot/1.2; +https://openai.com/gptbot)"
74.91.19.178 - - [23/Oct/2025:15:48:45 +0300] "GET /wp-includes/install.php HTTP/1.1" 200 6 "https://avocor.eu/wp-includes/install.php" "Mozilla/5.0 (Windows NT 10.0; Win64; x64) AppleWebKit/537.36 (KHTML, like Gecko) Chrome/58.0.3029.110 Safari/537.3"
20.171.207.222 - - [23/Oct/2025:15:48:45 +0300] "GET /amp.php?products/149dt36454 HTTP/1.1" 200 464344 "-" "Mozilla/5.0 AppleWebKit/537.36 (KHTML, like Gecko; compatible; GPTBot/1.2; +https://openai.com/gptbot)"
144.76.19.75 - - [23/Oct/2025:15:48:47 +0300] "GET /amp.php?m056023478?srsltid=AfmBOoqtWVPvCELPZT5d0a_HaIsXjjNjj_9SZnaaga-B-zfuubuup2 HTTP/1.1" 200 474800 "-" "Mozilla/5.0 (compatible; BLEXBot/1.0; +https://help.seranking.com/en/blex-crawler)"
20.171.207.222 - - [23/Oct/2025:15:48:47 +0300] "GET /amp.php?products/273cs35380 HTTP/1.1" 200 462053 "-" "Mozilla/5.0 AppleWebKit/537.36 (KHTML, like Gecko; compatible; GPTBot/1.2; +https://openai.com/gptbot)"
20.171.207.222 - - [23/Oct/2025:15:48:49 +0300] "GET /amp.php?products/227vi24324 HTTP/1.1" 200 466473 "-" "Mozilla/5.0 AppleWebKit/537.36 (KHTML, like Gecko; compatible; GPTBot/1.2; +https://openai.com/gptbot)"
20.171.207.222 - - [23/Oct/2025:15:48:51 +0300] "GET /amp.php?products/231yo10532 HTTP/1.1" 200 465561 "-" "Mozilla/5.0 AppleWebKit/537.36 (KHTML, like Gecko; compatible; GPTBot/1.2; +https://openai.com/gptbot)"
144.76.19.75 - - [23/Oct/2025:15:48:51 +0300] "GET /amp.php?m003048773?srsltid=AfmBOoOpbxWOimHvp2d6nI_eJtB1aDgYV_Edg90Ckm-Z-z8ADdIUbq HTTP/1.1" 200 465553 "-" "Mozilla/5.0 (compatible; BLEXBot/1.0; +https://help.seranking.com/en/blex-crawler)"
20.171.207.222 - - [23/Oct/2025:15:48:53 +0300] "GET /amp.php?products/227uy36600 HTTP/1.1" 200 477797 "-" "Mozilla/5.0 AppleWebKit/537.36 (KHTML, like Gecko; compatible; GPTBot/1.2; +https://openai.com/gptbot)"
74.91.19.178 - - [23/Oct/2025:15:47:29 +0300] "GET /wp-includes/install.php HTTP/1.1" 200 - "https://avocor.eu/wp-includes/install.php" "Mozilla/5.0 (Windows NT 10.0; Win64; x64) AppleWebKit/537.36 (KHTML, like Gecko) Chrome/58.0.3029.110 Safari/537.3"
20.171.207.222 - - [23/Oct/2025:15:48:55 +0300] "GET /amp.php?products/241mx45334 HTTP/1.1" 200 463361 "-" "Mozilla/5.0 AppleWebKit/537.36 (KHTML, like Gecko; compatible; GPTBot/1.2; +https://openai.com/gptbot)"
144.76.19.75 - - [23/Oct/2025:15:48:56 +0300] "GET /amp.php?m056023480?srsltid=AfmBOoFRJqBHvEZa9SZnaa_Ttv33f33EA_zfuubuup-O-tt0tt9QYs HTTP/1.1" 200 466213 "-" "Mozilla/5.0 (compatible; BLEXBot/1.0; +https://help.seranking.com/en/blex-crawler)"
20.171.207.222 - - [23/Oct/2025:15:48:57 +0300] "GET /amp.php?products/103cm33940 HTTP/1.1" 200 463041 "-" "Mozilla/5.0 AppleWebKit/537.36 (KHTML, like Gecko; compatible; GPTBot/1.2; +https://openai.com/gptbot)"
20.171.207.222 - - [23/Oct/2025:15:48:59 +0300] "GET /amp.php?products/263ma40330 HTTP/1.1" 200 463438 "-" "Mozilla/5.0 AppleWebKit/537.36 (KHTML, like Gecko; compatible; GPTBot/1.2; +https://openai.com/gptbot)"
144.76.19.75 - - [23/Oct/2025:15:49:00 +0300] "GET /amp.php?m003048775?srsltid=AfmBOovhKkPYWlfPEdg90C_OuABEaMq8V_z8ADdIUb-G-1wg2C5yFj HTTP/1.1" 200 464604 "-" "Mozilla/5.0 (compatible; BLEXBot/1.0; +https://help.seranking.com/en/blex-crawler)"
20.171.207.222 - - [23/Oct/2025:15:49:02 +0300] "GET /amp.php?products/145us14244 HTTP/1.1" 200 471058 "-" "Mozilla/5.0 AppleWebKit/537.36 (KHTML, like Gecko; compatible; GPTBot/1.2; +https://openai.com/gptbot)"
20.171.207.222 - - [23/Oct/2025:15:49:04 +0300] "GET /amp.php?products/299ht13660 HTTP/1.1" 200 462609 "-" "Mozilla/5.0 AppleWebKit/537.36 (KHTML, like Gecko; compatible; GPTBot/1.2; +https://openai.com/gptbot)"
144.76.19.75 - - [23/Oct/2025:15:49:04 +0300] "GET /amp.php?m056023482?srsltid=AfmBOoCDOWrKSJMezfuubu_QHHgHHL7mD_tt0tt9QY-S-1AAJlfvLJ HTTP/1.1" 200 464257 "-" "Mozilla/5.0 (compatible; BLEXBot/1.0; +https://help.seranking.com/en/blex-crawler)"
20.171.207.222 - - [23/Oct/2025:15:49:06 +0300] "GET /amp.php?products/273ob35232 HTTP/1.1" 200 462567 "-" "Mozilla/5.0 AppleWebKit/537.36 (KHTML, like Gecko; compatible; GPTBot/1.2; +https://openai.com/gptbot)"
20.171.207.222 - - [23/Oct/2025:15:49:08 +0300] "GET /amp.php?products/273su35228 HTTP/1.1" 200 463340 "-" "Mozilla/5.0 AppleWebKit/537.36 (KHTML, like Gecko; compatible; GPTBot/1.2; +https://openai.com/gptbot)"
144.76.19.75 - - [23/Oct/2025:15:49:08 +0300] "GET /amp.php?m003048777?srsltid=AfmBOoglNcGIwocNz8ADdI_FfzwmpSHWN_1wg2C5yF-X-nbvx1Hcbl HTTP/1.1" 200 463816 "-" "Mozilla/5.0 (compatible; BLEXBot/1.0; +https://help.seranking.com/en/blex-crawler)"
20.171.207.222 - - [23/Oct/2025:15:49:09 +0300] "GET /amp.php?m227000949?srsltid=AfmBOoaKDUgBwMOQCyIN7d_heytViytdT_0MwsbMwf-F-LZC8LF3ig HTTP/1.1" 200 471763 "-" "Mozilla/5.0 AppleWebKit/537.36 (KHTML, like Gecko; compatible; GPTBot/1.2; +https://openai.com/gptbot)"
20.171.207.222 - - [23/Oct/2025:15:49:11 +0300] "GET /amp.php?products/103et33812 HTTP/1.1" 200 465015 "-" "Mozilla/5.0 AppleWebKit/537.36 (KHTML, like Gecko; compatible; GPTBot/1.2; +https://openai.com/gptbot)"
144.76.19.75 - - [23/Oct/2025:15:49:13 +0300] "GET /amp.php?m056023488?srsltid=AfmBOoOlBolBpSypahLNi9_Qq0oIQXzTb_QHTebpGt-P-95MWRKkFx HTTP/1.1" 200 467561 "-" "Mozilla/5.0 (compatible; BLEXBot/1.0; +https://help.seranking.com/en/blex-crawler)"
20.171.207.222 - - [23/Oct/2025:15:49:14 +0300] "GET /amp.php?products/144xd10945 HTTP/1.1" 200 462211 "-" "Mozilla/5.0 AppleWebKit/537.36 (KHTML, like Gecko; compatible; GPTBot/1.2; +https://openai.com/gptbot)"
20.171.207.222 - - [23/Oct/2025:15:49:16 +0300] "GET /amp.php?products/145za14674 HTTP/1.1" 200 471917 "-" "Mozilla/5.0 AppleWebKit/537.36 (KHTML, like Gecko; compatible; GPTBot/1.2; +https://openai.com/gptbot)"
74.91.19.178 - - [23/Oct/2025:15:49:17 +0300] "GET /wp-includes/install.php HTTP/1.1" 200 6 "https://avocor.eu/wp-includes/install.php" "Mozilla/5.0 (Windows NT 10.0; Win64; x64) AppleWebKit/537.36 (KHTML, like Gecko) Chrome/58.0.3029.110 Safari/537.3"
144.76.19.75 - - [23/Oct/2025:15:49:17 +0300] "GET /amp.php?m003048779?srsltid=AfmBOorsVgDvrVqp1wg2C5_NvdOg5k6dZ_nbvx1Hcb-Z-8VDOmUgv9 HTTP/1.1" 200 462636 "-" "Mozilla/5.0 (compatible; BLEXBot/1.0; +https://help.seranking.com/en/blex-crawler)"
20.171.207.222 - - [23/Oct/2025:15:49:18 +0300] "GET /amp.php?products/263ha41604 HTTP/1.1" 200 462628 "-" "Mozilla/5.0 AppleWebKit/537.36 (KHTML, like Gecko; compatible; GPTBot/1.2; +https://openai.com/gptbot)"
20.171.207.222 - - [23/Oct/2025:15:49:20 +0300] "GET /amp.php?products/289tc30530 HTTP/1.1" 200 462798 "-" "Mozilla/5.0 AppleWebKit/537.36 (KHTML, like Gecko; compatible; GPTBot/1.2; +https://openai.com/gptbot)"
20.171.207.222 - - [23/Oct/2025:15:49:21 +0300] "GET /amp.php?products/103ti33808 HTTP/1.1" 200 472397 "-" "Mozilla/5.0 AppleWebKit/537.36 (KHTML, like Gecko; compatible; GPTBot/1.2; +https://openai.com/gptbot)"
144.76.19.75 - - [23/Oct/2025:15:49:21 +0300] "GET /amp.php?m056023490?srsltid=AfmBOoBhafOhbOGMQHTebp_P9qQtGs8bz_95MWRKkF-Z-QvV5pnO8J HTTP/1.1" 200 465765 "-" "Mozilla/5.0 (compatible; BLEXBot/1.0; +https://help.seranking.com/en/blex-crawler)"
77.75.76.170 - - [23/Oct/2025:15:49:23 +0300] "GET /provision/former52/0f6n7-24984/ HTTP/1.1" 200 - "-" "Mozilla/5.0 (compatible; SeznamBot/4.0; +https://o-seznam.cz/napoveda/vyhledavani/en/seznambot-crawler/)"
20.171.207.222 - - [23/Oct/2025:15:49:23 +0300] "GET /amp.php?products/276cd27389 HTTP/1.1" 200 463670 "-" "Mozilla/5.0 AppleWebKit/537.36 (KHTML, like Gecko; compatible; GPTBot/1.2; +https://openai.com/gptbot)"
77.75.76.170 - - [23/Oct/2025:15:49:26 +0300] "GET /076011683.htm HTTP/1.1" 200 - "-" "Mozilla/5.0 (compatible; SeznamBot/4.0; +https://o-seznam.cz/napoveda/vyhledavani/en/seznambot-crawler/)"
20.171.207.222 - - [23/Oct/2025:15:49:25 +0300] "GET /amp.php?products/113re29828 HTTP/1.1" 200 462124 "-" "Mozilla/5.0 AppleWebKit/537.36 (KHTML, like Gecko; compatible; GPTBot/1.2; +https://openai.com/gptbot)"
144.76.19.75 - - [23/Oct/2025:15:49:26 +0300] "GET /amp.php?m003048781?srsltid=AfmBOowLsTUnDQnRnbvx1H_flYCrpfU5z_8VDOmUgv-R-FYrNXV7on HTTP/1.1" 200 464291 "-" "Mozilla/5.0 (compatible; BLEXBot/1.0; +https://help.seranking.com/en/blex-crawler)"
20.171.207.222 - - [23/Oct/2025:15:49:27 +0300] "GET /amp.php?products/165cv46144 HTTP/1.1" 200 467807 "-" "Mozilla/5.0 AppleWebKit/537.36 (KHTML, like Gecko; compatible; GPTBot/1.2; +https://openai.com/gptbot)"
144.76.19.75 - - [23/Oct/2025:15:49:30 +0300] "GET /amp.php?m056023492?srsltid=AfmBOoOlkTRYyjzJ95MWRK_5af0YlZqFT_QvV5pnO8-I-abMmGkLYG HTTP/1.1" 200 465631 "-" "Mozilla/5.0 (compatible; BLEXBot/1.0; +https://help.seranking.com/en/blex-crawler)"
20.171.207.222 - - [23/Oct/2025:15:49:29 +0300] "GET /amp.php?products/236md13553 HTTP/1.1" 200 462963 "-" "Mozilla/5.0 AppleWebKit/537.36 (KHTML, like Gecko; compatible; GPTBot/1.2; +https://openai.com/gptbot)"
180.153.236.116 - - [23/Oct/2025:15:49:33 +0300] "GET / HTTP/1.1" 200 - "https://www.avocor.eu/" "Mozilla/5.0 (Windows NT 10.0; Win64; x64) AppleWebKit/537.36 (KHTML, like Gecko) Chrome/140.0.0.0 Safari/537.36 Edg/140.0.0.0; 360Spider"
20.171.207.222 - - [23/Oct/2025:15:49:32 +0300] "GET /amp.php?products/103ad23810 HTTP/1.1" 200 465838 "-" "Mozilla/5.0 AppleWebKit/537.36 (KHTML, like Gecko; compatible; GPTBot/1.2; +https://openai.com/gptbot)"
20.171.207.222 - - [23/Oct/2025:15:49:34 +0300] "GET /amp.php?products/211vp22664 HTTP/1.1" 200 465442 "-" "Mozilla/5.0 AppleWebKit/537.36 (KHTML, like Gecko; compatible; GPTBot/1.2; +https://openai.com/gptbot)"
144.76.19.75 - - [23/Oct/2025:15:49:34 +0300] "GET /amp.php?m003048783?srsltid=AfmBOoIeQIjJyNqc8VDOmU_i7O5dQgsuc_FYrNXV7o-W-nmea85GBx HTTP/1.1" 200 463111 "-" "Mozilla/5.0 (compatible; BLEXBot/1.0; +https://help.seranking.com/en/blex-crawler)"
20.171.207.222 - - [23/Oct/2025:15:49:35 +0300] "GET /amp.php?products/274ad26577 HTTP/1.1" 200 463542 "-" "Mozilla/5.0 AppleWebKit/537.36 (KHTML, like Gecko; compatible; GPTBot/1.2; +https://openai.com/gptbot)"
20.171.207.222 - - [23/Oct/2025:15:49:37 +0300] "GET /amp.php?products/113pr29842 HTTP/1.1" 200 464712 "-" "Mozilla/5.0 AppleWebKit/537.36 (KHTML, like Gecko; compatible; GPTBot/1.2; +https://openai.com/gptbot)"
144.76.19.75 - - [23/Oct/2025:15:49:38 +0300] "GET /amp.php?m056023494?srsltid=AfmBOoIGPUZNKyHcQvV5pn_RFrC3mAtZm_abMmGkLY-D-zM2q6e2h2 HTTP/1.1" 200 465476 "-" "Mozilla/5.0 (compatible; BLEXBot/1.0; +https://help.seranking.com/en/blex-crawler)"
20.171.207.222 - - [23/Oct/2025:15:49:39 +0300] "GET /amp.php?products/191an22884 HTTP/1.1" 200 464515 "-" "Mozilla/5.0 AppleWebKit/537.36 (KHTML, like Gecko; compatible; GPTBot/1.2; +https://openai.com/gptbot)"
20.171.207.222 - - [23/Oct/2025:15:49:41 +0300] "GET /amp.php?products/130uq11291 HTTP/1.1" 200 466787 "-" "Mozilla/5.0 AppleWebKit/537.36 (KHTML, like Gecko; compatible; GPTBot/1.2; +https://openai.com/gptbot)"
144.76.19.75 - - [23/Oct/2025:15:49:43 +0300] "GET /amp.php?m003048785?srsltid=AfmBOoDAxpPwLEhpFYrNXV_156Lhfxquz_nmea85GB-M-WZO2sb586 HTTP/1.1" 200 463206 "-" "Mozilla/5.0 (compatible; BLEXBot/1.0; +https://help.seranking.com/en/blex-crawler)"
20.171.207.222 - - [23/Oct/2025:15:49:43 +0300] "GET /amp.php?products/125sh28120 HTTP/1.1" 200 466270 "-" "Mozilla/5.0 AppleWebKit/537.36 (KHTML, like Gecko; compatible; GPTBot/1.2; +https://openai.com/gptbot)"
20.171.207.222 - - [23/Oct/2025:15:49:45 +0300] "GET /amp.php?products/294pd15015 HTTP/1.1" 200 466629 "-" "Mozilla/5.0 AppleWebKit/537.36 (KHTML, like Gecko; compatible; GPTBot/1.2; +https://openai.com/gptbot)"
20.171.207.222 - - [23/Oct/2025:15:49:46 +0300] "GET /amp.php?products/216cu19449 HTTP/1.1" 200 467774 "-" "Mozilla/5.0 AppleWebKit/537.36 (KHTML, like Gecko; compatible; GPTBot/1.2; +https://openai.com/gptbot)"
144.76.19.75 - - [23/Oct/2025:15:49:47 +0300] "GET /amp.php?m056023496?srsltid=AfmBOoeLsdGnmTtLabMmGk_3sxM7bNMmM_zM2q6e2h-M-4GZI4O4aS HTTP/1.1" 200 467032 "-" "Mozilla/5.0 (compatible; BLEXBot/1.0; +https://help.seranking.com/en/blex-crawler)"
20.171.207.222 - - [23/Oct/2025:15:49:48 +0300] "GET /amp.php?products/121ed35236 HTTP/1.1" 200 466511 "-" "Mozilla/5.0 AppleWebKit/537.36 (KHTML, like Gecko; compatible; GPTBot/1.2; +https://openai.com/gptbot)"
20.171.207.222 - - [23/Oct/2025:15:49:50 +0300] "GET /amp.php?m191023287?srsltid=AfmBOodHNYEpmtqd4eh7aw_vPx4I7pJTc_9kpWa50v-E-uPt2DSroE HTTP/1.1" 200 462961 "-" "Mozilla/5.0 AppleWebKit/537.36 (KHTML, like Gecko; compatible; GPTBot/1.2; +https://openai.com/gptbot)"
144.76.19.75 - - [23/Oct/2025:15:49:51 +0300] "GET /amp.php?m003048789?srsltid=AfmBOoIRlLsvApRQWZO2sb_TfFdB3zlUl_TYdIGhae-J-VXl92y23W HTTP/1.1" 200 463926 "-" "Mozilla/5.0 (compatible; BLEXBot/1.0; +https://help.seranking.com/en/blex-crawler)"
20.171.207.222 - - [23/Oct/2025:15:49:52 +0300] "GET /amp.php?products/239xm24532 HTTP/1.1" 200 462942 "-" "Mozilla/5.0 AppleWebKit/537.36 (KHTML, like Gecko; compatible; GPTBot/1.2; +https://openai.com/gptbot)"
20.171.207.222 - - [23/Oct/2025:15:49:54 +0300] "GET /amp.php?m053014573?srsltid=AfmBOoEQxnoXcYXUPP1ZbI_I1QBLXt1OK_tG4cKZtv-T-3v4nJZ1U1 HTTP/1.1" 200 463391 "-" "Mozilla/5.0 AppleWebKit/537.36 (KHTML, like Gecko; compatible; GPTBot/1.2; +https://openai.com/gptbot)"
144.76.19.75 - - [23/Oct/2025:15:49:55 +0300] "GET /amp.php?m056023498?srsltid=AfmBOoaLYePYIUEhzM2q6e_KoV6uo5oI8_4GZI4O4a-P-emlxlb06m HTTP/1.1" 200 467566 "-" "Mozilla/5.0 (compatible; BLEXBot/1.0; +https://help.seranking.com/en/blex-crawler)"
20.171.207.222 - - [23/Oct/2025:15:49:56 +0300] "GET /amp.php?products/294bl16159 HTTP/1.1" 200 463094 "-" "Mozilla/5.0 AppleWebKit/537.36 (KHTML, like Gecko; compatible; GPTBot/1.2; +https://openai.com/gptbot)"
20.171.207.222 - - [23/Oct/2025:15:49:58 +0300] "GET /amp.php?products/244iw12119 HTTP/1.1" 200 462383 "-" "Mozilla/5.0 AppleWebKit/537.36 (KHTML, like Gecko; compatible; GPTBot/1.2; +https://openai.com/gptbot)"
20.171.207.222 - - [23/Oct/2025:15:49:59 +0300] "GET /amp.php?products/285po29654 HTTP/1.1" 200 469375 "-" "Mozilla/5.0 AppleWebKit/537.36 (KHTML, like Gecko; compatible; GPTBot/1.2; +https://openai.com/gptbot)"
144.76.19.75 - - [23/Oct/2025:15:50:00 +0300] "GET /amp.php?m003048793?srsltid=AfmBOovxjpEVNhSjVXl92y_TqHL3Lh7ek_yU8c8YsQ-U-MYMzFVEMa HTTP/1.1" 200 462168 "-" "Mozilla/5.0 (compatible; BLEXBot/1.0; +https://help.seranking.com/en/blex-crawler)"
20.171.207.222 - - [23/Oct/2025:15:50:02 +0300] "GET /amp.php?products/295mm27462 HTTP/1.1" 200 476237 "-" "Mozilla/5.0 AppleWebKit/537.36 (KHTML, like Gecko; compatible; GPTBot/1.2; +https://openai.com/gptbot)"
20.171.207.222 - - [23/Oct/2025:15:50:03 +0300] "GET /amp.php?products/264ve3331 HTTP/1.1" 200 465238 "-" "Mozilla/5.0 AppleWebKit/537.36 (KHTML, like Gecko; compatible; GPTBot/1.2; +https://openai.com/gptbot)"
144.76.19.75 - - [23/Oct/2025:15:50:04 +0300] "GET /amp.php?m056023500?srsltid=AfmBOoPYigcCKjXv4GZI4O_hAnQNQMj1n_emlxlb06-H-QjQRSY7LB HTTP/1.1" 200 465127 "-" "Mozilla/5.0 (compatible; BLEXBot/1.0; +https://help.seranking.com/en/blex-crawler)"
20.171.207.222 - - [23/Oct/2025:15:50:05 +0300] "GET /amp.php?products/191hp23734 HTTP/1.1" 200 464064 "-" "Mozilla/5.0 AppleWebKit/537.36 (KHTML, like Gecko; compatible; GPTBot/1.2; +https://openai.com/gptbot)"
20.171.207.222 - - [23/Oct/2025:15:50:07 +0300] "GET /amp.php?products/255ru28694 HTTP/1.1" 200 468010 "-" "Mozilla/5.0 AppleWebKit/537.36 (KHTML, like Gecko; compatible; GPTBot/1.2; +https://openai.com/gptbot)"
144.76.19.75 - - [23/Oct/2025:15:50:08 +0300] "GET /amp.php?m003048799?srsltid=AfmBOonqeQSYOukBu3Jdqu_PMauQv8JZL_fGRwdZ4k-Z-lce9hgj0O HTTP/1.1" 200 464434 "-" "Mozilla/5.0 (compatible; BLEXBot/1.0; +https://help.seranking.com/en/blex-crawler)"
20.171.207.222 - - [23/Oct/2025:15:50:09 +0300] "GET /amp.php?products/216wa20665 HTTP/1.1" 200 470995 "-" "Mozilla/5.0 AppleWebKit/537.36 (KHTML, like Gecko; compatible; GPTBot/1.2; +https://openai.com/gptbot)"
20.171.207.222 - - [23/Oct/2025:15:50:11 +0300] "GET /amp.php?products/273rm20336 HTTP/1.1" 200 463451 "-" "Mozilla/5.0 AppleWebKit/537.36 (KHTML, like Gecko; compatible; GPTBot/1.2; +https://openai.com/gptbot)"
144.76.19.75 - - [23/Oct/2025:15:50:13 +0300] "GET /amp.php?m056023502?srsltid=AfmBOowUTzBuxLNdemlxlb_uXIXNdmue5_QjQRSY7L-D-ntfUPb92T HTTP/1.1" 200 464465 "-" "Mozilla/5.0 (compatible; BLEXBot/1.0; +https://help.seranking.com/en/blex-crawler)"
20.171.207.222 - - [23/Oct/2025:15:50:13 +0300] "GET /amp.php?products/34zj27775 HTTP/1.1" 200 463031 "-" "Mozilla/5.0 AppleWebKit/537.36 (KHTML, like Gecko; compatible; GPTBot/1.2; +https://openai.com/gptbot)"
20.171.207.222 - - [23/Oct/2025:15:50:15 +0300] "GET /amp.php?products/159zk44430 HTTP/1.1" 200 472554 "-" "Mozilla/5.0 AppleWebKit/537.36 (KHTML, like Gecko; compatible; GPTBot/1.2; +https://openai.com/gptbot)"
20.171.207.222 - - [23/Oct/2025:15:50:17 +0300] "GET /amp.php?products/139dm22502 HTTP/1.1" 200 470333 "-" "Mozilla/5.0 AppleWebKit/537.36 (KHTML, like Gecko; compatible; GPTBot/1.2; +https://openai.com/gptbot)"
144.76.19.75 - - [23/Oct/2025:15:50:17 +0300] "GET /amp.php?m003048801?srsltid=AfmBOoCvThQGHfqlfGRwdZ_07X3THwUqR_lce9hgj0-W-uUFNPRVgO HTTP/1.1" 200 464231 "-" "Mozilla/5.0 (compatible; BLEXBot/1.0; +https://help.seranking.com/en/blex-crawler)"
20.171.207.222 - - [23/Oct/2025:15:50:18 +0300] "GET /amp.php?products/295jd27282 HTTP/1.1" 200 475545 "-" "Mozilla/5.0 AppleWebKit/537.36 (KHTML, like Gecko; compatible; GPTBot/1.2; +https://openai.com/gptbot)"
74.91.19.178 - - [23/Oct/2025:15:50:20 +0300] "GET /wp-includes/install.php HTTP/1.1" 200 6 "https://avocor.eu/wp-includes/install.php" "Mozilla/5.0 (Windows NT 10.0; Win64; x64) AppleWebKit/537.36 (KHTML, like Gecko) Chrome/58.0.3029.110 Safari/537.3"
20.171.207.222 - - [23/Oct/2025:15:50:20 +0300] "GET /amp.php?products/294zs15945 HTTP/1.1" 200 467093 "-" "Mozilla/5.0 AppleWebKit/537.36 (KHTML, like Gecko; compatible; GPTBot/1.2; +https://openai.com/gptbot)"
144.76.19.75 - - [23/Oct/2025:15:50:21 +0300] "GET /amp.php?m056023504?srsltid=AfmBOomWnOHxSyZRQjQRSY_b5FEacmYvo_ntfUPb92-I-61yegOjp8 HTTP/1.1" 200 465186 "-" "Mozilla/5.0 (compatible; BLEXBot/1.0; +https://help.seranking.com/en/blex-crawler)"
20.171.207.222 - - [23/Oct/2025:15:50:22 +0300] "GET /amp.php?products/263tp8622 HTTP/1.1" 200 476293 "-" "Mozilla/5.0 AppleWebKit/537.36 (KHTML, like Gecko; compatible; GPTBot/1.2; +https://openai.com/gptbot)"
20.171.207.222 - - [23/Oct/2025:15:50:24 +0300] "GET /amp.php?products/266di24995 HTTP/1.1" 200 465159 "-" "Mozilla/5.0 AppleWebKit/537.36 (KHTML, like Gecko; compatible; GPTBot/1.2; +https://openai.com/gptbot)"
74.91.19.178 - - [23/Oct/2025:15:49:00 +0300] "GET /wp-includes/install.php HTTP/1.1" 200 - "https://avocor.eu/wp-includes/install.php" "Mozilla/5.0 (Windows NT 10.0; Win64; x64) AppleWebKit/537.36 (KHTML, like Gecko) Chrome/58.0.3029.110 Safari/537.3"
144.76.19.75 - - [23/Oct/2025:15:50:26 +0300] "GET /amp.php?m003048807?srsltid=AfmBOomgZIiImavV3XVzMY_nmjQO3ZRhc_MOH5wG7e-T-EMcdnTlMN HTTP/1.1" 200 464129 "-" "Mozilla/5.0 (compatible; BLEXBot/1.0; +https://help.seranking.com/en/blex-crawler)"
20.171.207.222 - - [23/Oct/2025:15:50:26 +0300] "GET /amp.php?products/228ti13003 HTTP/1.1" 200 463601 "-" "Mozilla/5.0 AppleWebKit/537.36 (KHTML, like Gecko; compatible; GPTBot/1.2; +https://openai.com/gptbot)"
20.171.207.222 - - [23/Oct/2025:15:50:28 +0300] "GET /amp.php?products/294ah15949 HTTP/1.1" 200 466979 "-" "Mozilla/5.0 AppleWebKit/537.36 (KHTML, like Gecko; compatible; GPTBot/1.2; +https://openai.com/gptbot)"
20.171.207.222 - - [23/Oct/2025:15:50:30 +0300] "GET /amp.php?products/242vm35535 HTTP/1.1" 200 463966 "-" "Mozilla/5.0 AppleWebKit/537.36 (KHTML, like Gecko; compatible; GPTBot/1.2; +https://openai.com/gptbot)"
144.76.19.75 - - [23/Oct/2025:15:50:30 +0300] "GET /amp.php?m056023506?srsltid=AfmBOoVNIgdwoYVDntfUPb_xV4mEhLtvq_61yegOjp-Q-g1DANBCJQ HTTP/1.1" 200 471561 "-" "Mozilla/5.0 (compatible; BLEXBot/1.0; +https://help.seranking.com/en/blex-crawler)"
20.171.207.222 - - [23/Oct/2025:15:50:32 +0300] "GET /amp.php?products/294fh16149 HTTP/1.1" 200 463659 "-" "Mozilla/5.0 AppleWebKit/537.36 (KHTML, like Gecko; compatible; GPTBot/1.2; +https://openai.com/gptbot)"
20.171.207.222 - - [23/Oct/2025:15:50:34 +0300] "GET /amp.php?products/54pd11159 HTTP/1.1" 200 465063 "-" "Mozilla/5.0 AppleWebKit/537.36 (KHTML, like Gecko; compatible; GPTBot/1.2; +https://openai.com/gptbot)"
144.76.19.75 - - [23/Oct/2025:15:50:34 +0300] "GET /amp.php?m003048811?srsltid=AfmBOoWEkFelPpZvEMcdnT_xKenr2x5Qd_lchTxEXo-W-FvLKi3h0Q HTTP/1.1" 200 462932 "-" "Mozilla/5.0 (compatible; BLEXBot/1.0; +https://help.seranking.com/en/blex-crawler)"
20.171.207.222 - - [23/Oct/2025:15:50:36 +0300] "GET /amp.php?products/295lh27270 HTTP/1.1" 200 477927 "-" "Mozilla/5.0 AppleWebKit/537.36 (KHTML, like Gecko; compatible; GPTBot/1.2; +https://openai.com/gptbot)"
20.171.207.222 - - [23/Oct/2025:15:50:38 +0300] "GET /amp.php?products/184bs43683 HTTP/1.1" 200 462858 "-" "Mozilla/5.0 AppleWebKit/537.36 (KHTML, like Gecko; compatible; GPTBot/1.2; +https://openai.com/gptbot)"
144.76.19.75 - - [23/Oct/2025:15:50:39 +0300] "GET /amp.php?m056023510?srsltid=AfmBOoRKSLiQtSAQg1DANB_NFUBdsxaoo_SX3Yq7pK-Z-vW8Ye22Pn HTTP/1.1" 200 466649 "-" "Mozilla/5.0 (compatible; BLEXBot/1.0; +https://help.seranking.com/en/blex-crawler)"
20.171.207.222 - - [23/Oct/2025:15:50:40 +0300] "GET /amp.php?products/216rp20669 HTTP/1.1" 200 467174 "-" "Mozilla/5.0 AppleWebKit/537.36 (KHTML, like Gecko; compatible; GPTBot/1.2; +https://openai.com/gptbot)"
20.171.207.222 - - [23/Oct/2025:15:50:42 +0300] "GET /amp.php?products/294rj15991 HTTP/1.1" 200 466344 "-" "Mozilla/5.0 AppleWebKit/537.36 (KHTML, like Gecko; compatible; GPTBot/1.2; +https://openai.com/gptbot)"
144.76.19.75 - - [23/Oct/2025:15:50:43 +0300] "GET /amp.php?m003048813?srsltid=AfmBOodSLmtMOmzNlchTxE_XUomCwI23b_FvLKi3h0-Z-Isx9ZJRo9 HTTP/1.1" 200 463649 "-" "Mozilla/5.0 (compatible; BLEXBot/1.0; +https://help.seranking.com/en/blex-crawler)"
20.171.207.222 - - [23/Oct/2025:15:50:44 +0300] "GET /amp.php?products/242xr35537 HTTP/1.1" 200 463875 "-" "Mozilla/5.0 AppleWebKit/537.36 (KHTML, like Gecko; compatible; GPTBot/1.2; +https://openai.com/gptbot)"
20.171.207.222 - - [23/Oct/2025:15:50:46 +0300] "GET /amp.php?products/228ux12393 HTTP/1.1" 200 461580 "-" "Mozilla/5.0 AppleWebKit/537.36 (KHTML, like Gecko; compatible; GPTBot/1.2; +https://openai.com/gptbot)"
144.76.19.75 - - [23/Oct/2025:15:50:47 +0300] "GET /amp.php?m056023512?srsltid=AfmBOorqoAPuYSjnSX3Yq7_paetgQ88z4_vW8Ye22P-O-I5mff1nZg HTTP/1.1" 200 465070 "-" "Mozilla/5.0 (compatible; BLEXBot/1.0; +https://help.seranking.com/en/blex-crawler)"
20.171.207.222 - - [23/Oct/2025:15:50:48 +0300] "GET /amp.php?products/127px32322 HTTP/1.1" 200 463325 "-" "Mozilla/5.0 AppleWebKit/537.36 (KHTML, like Gecko; compatible; GPTBot/1.2; +https://openai.com/gptbot)"
20.171.207.222 - - [23/Oct/2025:15:50:49 +0300] "GET /amp.php?products/295qg27252 HTTP/1.1" 200 470783 "-" "Mozilla/5.0 AppleWebKit/537.36 (KHTML, like Gecko; compatible; GPTBot/1.2; +https://openai.com/gptbot)"
144.76.19.75 - - [23/Oct/2025:15:50:51 +0300] "GET /amp.php?m003048821?srsltid=AfmBOoeQUgiIguhifjyXLj_rsoBrqGJ1b_fG5NSMuz-J-bpjBYF5QI HTTP/1.1" 200 464259 "-" "Mozilla/5.0 (compatible; BLEXBot/1.0; +https://help.seranking.com/en/blex-crawler)"
20.171.207.222 - - [23/Oct/2025:15:50:51 +0300] "GET /amp.php?products/175ci41878 HTTP/1.1" 200 462169 "-" "Mozilla/5.0 AppleWebKit/537.36 (KHTML, like Gecko; compatible; GPTBot/1.2; +https://openai.com/gptbot)"
20.171.207.222 - - [23/Oct/2025:15:50:54 +0300] "GET /amp.php?products/263dt23800 HTTP/1.1" 200 462866 "-" "Mozilla/5.0 AppleWebKit/537.36 (KHTML, like Gecko; compatible; GPTBot/1.2; +https://openai.com/gptbot)"
20.171.207.222 - - [23/Oct/2025:15:50:55 +0300] "GET /amp.php?products/294mi15519 HTTP/1.1" 200 468029 "-" "Mozilla/5.0 AppleWebKit/537.36 (KHTML, like Gecko; compatible; GPTBot/1.2; +https://openai.com/gptbot)"
144.76.19.75 - - [23/Oct/2025:15:50:56 +0300] "GET /amp.php?m056023514?srsltid=AfmBOoAlwRkTRiMsvW8Ye2_JGFm447rLC_I5mff1nZ-F-enntQj5sQ HTTP/1.1" 200 471646 "-" "Mozilla/5.0 (compatible; BLEXBot/1.0; +https://help.seranking.com/en/blex-crawler)"
20.171.207.222 - - [23/Oct/2025:15:50:57 +0300] "GET /amp.php?products/294rr15515 HTTP/1.1" 200 466250 "-" "Mozilla/5.0 AppleWebKit/537.36 (KHTML, like Gecko; compatible; GPTBot/1.2; +https://openai.com/gptbot)"
20.171.207.222 - - [23/Oct/2025:15:50:59 +0300] "GET /amp.php?products/202oy18025 HTTP/1.1" 200 464757 "-" "Mozilla/5.0 AppleWebKit/537.36 (KHTML, like Gecko; compatible; GPTBot/1.2; +https://openai.com/gptbot)"
144.76.19.75 - - [23/Oct/2025:15:51:00 +0300] "GET /amp.php?m003048823?srsltid=AfmBOoGXshjeWEFofG5NSM_LK0Z481Dfd_bpjBYF5Q-S-50aS7HdE9 HTTP/1.1" 200 463822 "-" "Mozilla/5.0 (compatible; BLEXBot/1.0; +https://help.seranking.com/en/blex-crawler)"
20.171.207.222 - - [23/Oct/2025:15:51:01 +0300] "GET /amp.php?products/199kc19230 HTTP/1.1" 200 468475 "-" "Mozilla/5.0 AppleWebKit/537.36 (KHTML, like Gecko; compatible; GPTBot/1.2; +https://openai.com/gptbot)"
20.171.207.222 - - [23/Oct/2025:15:51:03 +0300] "GET /amp.php?products/183pf44804 HTTP/1.1" 200 476581 "-" "Mozilla/5.0 AppleWebKit/537.36 (KHTML, like Gecko; compatible; GPTBot/1.2; +https://openai.com/gptbot)"
144.76.19.75 - - [23/Oct/2025:15:51:04 +0300] "GET /amp.php?m056023522?srsltid=AfmBOoDpvrSwkpOOgID9ge_wC19FUdHbo_rVnzf8aY-K-k6v91pL2b HTTP/1.1" 200 466450 "-" "Mozilla/5.0 (compatible; BLEXBot/1.0; +https://help.seranking.com/en/blex-crawler)"
20.171.207.222 - - [23/Oct/2025:15:51:05 +0300] "GET /amp.php?products/232vn33775 HTTP/1.1" 200 462963 "-" "Mozilla/5.0 AppleWebKit/537.36 (KHTML, like Gecko; compatible; GPTBot/1.2; +https://openai.com/gptbot)"
20.171.207.222 - - [23/Oct/2025:15:51:07 +0300] "GET /amp.php?products/289ur34818 HTTP/1.1" 200 462850 "-" "Mozilla/5.0 AppleWebKit/537.36 (KHTML, like Gecko; compatible; GPTBot/1.2; +https://openai.com/gptbot)"
20.171.207.222 - - [23/Oct/2025:15:51:09 +0300] "GET /amp.php?products/26oj877 HTTP/1.1" 200 466637 "-" "Mozilla/5.0 AppleWebKit/537.36 (KHTML, like Gecko; compatible; GPTBot/1.2; +https://openai.com/gptbot)"
144.76.19.75 - - [23/Oct/2025:15:51:09 +0300] "GET /amp.php?m003048825?srsltid=AfmBOokbCHLAIXHpbpjBYF_xZ2e7zUpJR_50aS7HdE-Z-srcZ6RBzd HTTP/1.1" 200 464233 "-" "Mozilla/5.0 (compatible; BLEXBot/1.0; +https://help.seranking.com/en/blex-crawler)"
20.171.207.222 - - [23/Oct/2025:15:51:10 +0300] "GET /amp.php?products/138bm11583 HTTP/1.1" 200 465348 "-" "Mozilla/5.0 AppleWebKit/537.36 (KHTML, like Gecko; compatible; GPTBot/1.2; +https://openai.com/gptbot)"
20.171.207.222 - - [23/Oct/2025:15:51:12 +0300] "GET /amp.php?products/294rx14945 HTTP/1.1" 200 463689 "-" "Mozilla/5.0 AppleWebKit/537.36 (KHTML, like Gecko; compatible; GPTBot/1.2; +https://openai.com/gptbot)"
77.75.76.170 - - [23/Oct/2025:15:51:13 +0300] "GET /060001263.htm HTTP/1.1" 200 - "-" "Mozilla/5.0 (compatible; SeznamBot/4.0; +https://o-seznam.cz/napoveda/vyhledavani/en/seznambot-crawler/)"
144.76.19.75 - - [23/Oct/2025:15:51:13 +0300] "GET /amp.php?m056023526?srsltid=AfmBOoHAAokkleJUk6v91p_EVrhGQ3M3m_uMnzsA9A-I-YuE4d4IJo HTTP/1.1" 200 467264 "-" "Mozilla/5.0 (compatible; BLEXBot/1.0; +https://help.seranking.com/en/blex-crawler)"
20.171.207.222 - - [23/Oct/2025:15:51:14 +0300] "GET /amp.php?products/198as34129 HTTP/1.1" 200 478133 "-" "Mozilla/5.0 AppleWebKit/537.36 (KHTML, like Gecko; compatible; GPTBot/1.2; +https://openai.com/gptbot)"
20.171.207.222 - - [23/Oct/2025:15:51:16 +0300] "GET /amp.php?products/294un14943 HTTP/1.1" 200 467143 "-" "Mozilla/5.0 AppleWebKit/537.36 (KHTML, like Gecko; compatible; GPTBot/1.2; +https://openai.com/gptbot)"
144.76.19.75 - - [23/Oct/2025:15:51:17 +0300] "GET /amp.php?m003048827?srsltid=AfmBOoDjvKdNJXpG50aS7H_8XQYZ9dpfe_srcZ6RBz-Z-U5q1fdWl7 HTTP/1.1" 200 464962 "-" "Mozilla/5.0 (compatible; BLEXBot/1.0; +https://help.seranking.com/en/blex-crawler)"
20.171.207.222 - - [23/Oct/2025:15:51:18 +0300] "GET /amp.php?products/294xj14941 HTTP/1.1" 200 466494 "-" "Mozilla/5.0 AppleWebKit/537.36 (KHTML, like Gecko; compatible; GPTBot/1.2; +https://openai.com/gptbot)"
74.91.19.178 - - [23/Oct/2025:15:51:20 +0300] "GET /wp-includes/install.php HTTP/1.1" 200 6 "https://avocor.eu/wp-includes/install.php" "Mozilla/5.0 (Windows NT 10.0; Win64; x64) AppleWebKit/537.36 (KHTML, like Gecko) Chrome/58.0.3029.110 Safari/537.3"
20.171.207.222 - - [23/Oct/2025:15:51:20 +0300] "GET /amp.php?products/250ho39773 HTTP/1.1" 200 471650 "-" "Mozilla/5.0 AppleWebKit/537.36 (KHTML, like Gecko; compatible; GPTBot/1.2; +https://openai.com/gptbot)"
74.91.19.178 - - [23/Oct/2025:15:51:21 +0300] "GET /wp-includes/install.php HTTP/1.1" 200 6 "https://avocor.eu/wp-includes/install.php" "Mozilla/5.0 (Windows NT 10.0; Win64; x64) AppleWebKit/537.36 (KHTML, like Gecko) Chrome/58.0.3029.110 Safari/537.3"
74.91.19.178 - - [23/Oct/2025:15:51:22 +0300] "GET /wp-includes/install.php HTTP/1.1" 200 6 "https://avocor.eu/wp-includes/install.php" "Mozilla/5.0 (Windows NT 10.0; Win64; x64) AppleWebKit/537.36 (KHTML, like Gecko) Chrome/58.0.3029.110 Safari/537.3"
144.76.19.75 - - [23/Oct/2025:15:51:22 +0300] "GET /amp.php?m056023534?srsltid=AfmBOoTKlbHLQbpYHAJOLa_VnS1dXbvku_l2HfeVDM-D-ZSVdgsU4h HTTP/1.1" 200 472250 "-" "Mozilla/5.0 (compatible; BLEXBot/1.0; +https://help.seranking.com/en/blex-crawler)"
20.171.207.222 - - [23/Oct/2025:15:51:22 +0300] "GET /amp.php?products/202yr18271 HTTP/1.1" 200 462172 "-" "Mozilla/5.0 AppleWebKit/537.36 (KHTML, like Gecko; compatible; GPTBot/1.2; +https://openai.com/gptbot)"
74.91.19.178 - - [23/Oct/2025:15:51:23 +0300] "GET /wp-includes/install.php HTTP/1.1" 200 6 "https://avocor.eu/wp-includes/install.php" "Mozilla/5.0 (Windows NT 10.0; Win64; x64) AppleWebKit/537.36 (KHTML, like Gecko) Chrome/58.0.3029.110 Safari/537.3"
20.171.207.222 - - [23/Oct/2025:15:51:24 +0300] "GET /amp.php?products/183md44254 HTTP/1.1" 200 479850 "-" "Mozilla/5.0 AppleWebKit/537.36 (KHTML, like Gecko; compatible; GPTBot/1.2; +https://openai.com/gptbot)"
20.171.207.222 - - [23/Oct/2025:15:51:26 +0300] "GET /amp.php?products/251sj10920 HTTP/1.1" 200 468112 "-" "Mozilla/5.0 AppleWebKit/537.36 (KHTML, like Gecko; compatible; GPTBot/1.2; +https://openai.com/gptbot)"
144.76.19.75 - - [23/Oct/2025:15:51:26 +0300] "GET /amp.php?m003048831?srsltid=AfmBOoSVGuosDeAPU5q1fd_FfhCjJqxty_YyME2vHB-W-c0dIqX3sE HTTP/1.1" 200 465050 "-" "Mozilla/5.0 (compatible; BLEXBot/1.0; +https://help.seranking.com/en/blex-crawler)"
20.171.207.222 - - [23/Oct/2025:15:51:27 +0300] "GET /amp.php?products/198tr35587 HTTP/1.1" 200 477906 "-" "Mozilla/5.0 AppleWebKit/537.36 (KHTML, like Gecko; compatible; GPTBot/1.2; +https://openai.com/gptbot)"
20.171.207.222 - - [23/Oct/2025:15:51:29 +0300] "GET /amp.php?products/198qu35593 HTTP/1.1" 200 465560 "-" "Mozilla/5.0 AppleWebKit/537.36 (KHTML, like Gecko; compatible; GPTBot/1.2; +https://openai.com/gptbot)"
144.76.19.75 - - [23/Oct/2025:15:51:30 +0300] "GET /amp.php?m056023538?srsltid=AfmBOovyCHUrlmtNZSVdgs_EDK5G0vggn_OGL3N7ww-B-J0uGppAVi HTTP/1.1" 200 464556 "-" "Mozilla/5.0 (compatible; BLEXBot/1.0; +https://help.seranking.com/en/blex-crawler)"
20.171.207.222 - - [23/Oct/2025:15:51:31 +0300] "GET /amp.php?products/182uo21173 HTTP/1.1" 200 497903 "-" "Mozilla/5.0 AppleWebKit/537.36 (KHTML, like Gecko; compatible; GPTBot/1.2; +https://openai.com/gptbot)"
20.171.207.222 - - [23/Oct/2025:15:51:34 +0300] "GET /amp.php?products/117qs47438 HTTP/1.1" 200 468024 "-" "Mozilla/5.0 AppleWebKit/537.36 (KHTML, like Gecko; compatible; GPTBot/1.2; +https://openai.com/gptbot)"
144.76.19.75 - - [23/Oct/2025:15:51:34 +0300] "GET /amp.php?m003048835?srsltid=AfmBOoCTSkGkNbOoc0dIqX_fVuUzewBim_2ZmKuC8D-A-V69x8CYow HTTP/1.1" 200 463108 "-" "Mozilla/5.0 (compatible; BLEXBot/1.0; +https://help.seranking.com/en/blex-crawler)"
20.171.207.222 - - [23/Oct/2025:15:51:35 +0300] "GET /amp.php?products/202lz18201 HTTP/1.1" 200 464359 "-" "Mozilla/5.0 AppleWebKit/537.36 (KHTML, like Gecko; compatible; GPTBot/1.2; +https://openai.com/gptbot)"
20.171.207.222 - - [23/Oct/2025:15:51:37 +0300] "GET /amp.php?products/294qp15969 HTTP/1.1" 200 464602 "-" "Mozilla/5.0 AppleWebKit/537.36 (KHTML, like Gecko; compatible; GPTBot/1.2; +https://openai.com/gptbot)"
144.76.19.75 - - [23/Oct/2025:15:51:39 +0300] "GET /amp.php?m056023540?srsltid=AfmBOoQxSKhJealtOGL3N7_ikH73ZZMlO_J0uGppAV-K-T7qqi18fD HTTP/1.1" 200 466511 "-" "Mozilla/5.0 (compatible; BLEXBot/1.0; +https://help.seranking.com/en/blex-crawler)"
20.171.207.222 - - [23/Oct/2025:15:51:39 +0300] "GET /amp.php?products/213ni37122 HTTP/1.1" 200 463542 "-" "Mozilla/5.0 AppleWebKit/537.36 (KHTML, like Gecko; compatible; GPTBot/1.2; +https://openai.com/gptbot)"
54.38.147.40 - - [23/Oct/2025:15:51:40 +0300] "GET /about/function.php?dir=/home/avocor/public_html&item=cgi-bin&action=chmod HTTP/1.1" 200 102241 "-" "Mozilla/5.0 (compatible; AhrefsBot/7.0; +http://ahrefs.com/robot/)"
20.171.207.222 - - [23/Oct/2025:15:51:41 +0300] "GET /amp.php?products/280rz42141 HTTP/1.1" 200 463382 "-" "Mozilla/5.0 AppleWebKit/537.36 (KHTML, like Gecko; compatible; GPTBot/1.2; +https://openai.com/gptbot)"
20.171.207.222 - - [23/Oct/2025:15:51:43 +0300] "GET /amp.php?products/255qd27156 HTTP/1.1" 200 462526 "-" "Mozilla/5.0 AppleWebKit/537.36 (KHTML, like Gecko; compatible; GPTBot/1.2; +https://openai.com/gptbot)"
144.76.19.75 - - [23/Oct/2025:15:51:43 +0300] "GET /amp.php?m003048845?srsltid=AfmBOoeirdcFJgNDvioSag_BvqsjwMV7G_npzPdQjU-A-62DLx0FbJ HTTP/1.1" 200 464584 "-" "Mozilla/5.0 (compatible; BLEXBot/1.0; +https://help.seranking.com/en/blex-crawler)"
20.171.207.222 - - [23/Oct/2025:15:51:45 +0300] "GET /amp.php?products/265og38622 HTTP/1.1" 200 471030 "-" "Mozilla/5.0 AppleWebKit/537.36 (KHTML, like Gecko; compatible; GPTBot/1.2; +https://openai.com/gptbot)"
20.171.207.222 - - [23/Oct/2025:15:51:47 +0300] "GET /amp.php?products/117ma47412 HTTP/1.1" 200 464893 "-" "Mozilla/5.0 AppleWebKit/537.36 (KHTML, like Gecko; compatible; GPTBot/1.2; +https://openai.com/gptbot)"
144.76.19.75 - - [23/Oct/2025:15:51:47 +0300] "GET /amp.php?m056023542?srsltid=AfmBOogaSYRzsWTZJ0uGpp_pnmZZIW13Q_T7qqi18f-N-OOcq7NxzL HTTP/1.1" 200 466458 "-" "Mozilla/5.0 (compatible; BLEXBot/1.0; +https://help.seranking.com/en/blex-crawler)"
20.171.207.222 - - [23/Oct/2025:15:51:48 +0300] "GET /amp.php?products/202pl18269 HTTP/1.1" 200 463134 "-" "Mozilla/5.0 AppleWebKit/537.36 (KHTML, like Gecko; compatible; GPTBot/1.2; +https://openai.com/gptbot)"
20.171.207.222 - - [23/Oct/2025:15:51:50 +0300] "GET /amp.php?products/117wy47410 HTTP/1.1" 200 467424 "-" "Mozilla/5.0 AppleWebKit/537.36 (KHTML, like Gecko; compatible; GPTBot/1.2; +https://openai.com/gptbot)"
144.76.19.75 - - [23/Oct/2025:15:51:52 +0300] "GET /amp.php?m003048847?srsltid=AfmBOoNYoUbPseganpzPdQ_tXg57RscLr_62DLx0Fb-U-vAmSoXi2V HTTP/1.1" 200 462177 "-" "Mozilla/5.0 (compatible; BLEXBot/1.0; +https://help.seranking.com/en/blex-crawler)"
20.171.207.222 - - [23/Oct/2025:15:51:52 +0300] "GET /amp.php?products/257ub27692 HTTP/1.1" 200 462397 "-" "Mozilla/5.0 AppleWebKit/537.36 (KHTML, like Gecko; compatible; GPTBot/1.2; +https://openai.com/gptbot)"
20.171.207.222 - - [23/Oct/2025:15:51:54 +0300] "GET /amp.php?products/280td42757 HTTP/1.1" 200 467361 "-" "Mozilla/5.0 AppleWebKit/537.36 (KHTML, like Gecko; compatible; GPTBot/1.2; +https://openai.com/gptbot)"
74.91.19.178 - - [23/Oct/2025:15:50:30 +0300] "GET /wp-includes/install.php HTTP/1.1" 200 - "https://avocor.eu/wp-includes/install.php" "Mozilla/5.0 (Windows NT 10.0; Win64; x64) AppleWebKit/537.36 (KHTML, like Gecko) Chrome/58.0.3029.110 Safari/537.3"
20.171.207.222 - - [23/Oct/2025:15:51:56 +0300] "GET /amp.php?products/190vj30901 HTTP/1.1" 200 462303 "-" "Mozilla/5.0 AppleWebKit/537.36 (KHTML, like Gecko; compatible; GPTBot/1.2; +https://openai.com/gptbot)"
144.76.19.75 - - [23/Oct/2025:15:51:56 +0300] "GET /amp.php?m056023544?srsltid=AfmBOolnQvckLNhpT7qqi1_LggKHebon9_OOcq7Nxz-E-mr4vFKPyc HTTP/1.1" 200 464669 "-" "Mozilla/5.0 (compatible; BLEXBot/1.0; +https://help.seranking.com/en/blex-crawler)"
20.171.207.222 - - [23/Oct/2025:15:51:58 +0300] "GET /amp.php?products/117bc47418 HTTP/1.1" 200 464270 "-" "Mozilla/5.0 AppleWebKit/537.36 (KHTML, like Gecko; compatible; GPTBot/1.2; +https://openai.com/gptbot)"
20.171.207.222 - - [23/Oct/2025:15:51:59 +0300] "GET /amp.php?products/202ou35593 HTTP/1.1" 200 463963 "-" "Mozilla/5.0 AppleWebKit/537.36 (KHTML, like Gecko; compatible; GPTBot/1.2; +https://openai.com/gptbot)"
74.91.19.178 - - [23/Oct/2025:15:52:01 +0300] "GET /wp-includes/install.php HTTP/1.1" 200 6 "https://avocor.eu/wp-includes/install.php" "Mozilla/5.0 (Windows NT 10.0; Win64; x64) AppleWebKit/537.36 (KHTML, like Gecko) Chrome/58.0.3029.110 Safari/537.3"
144.76.19.75 - - [23/Oct/2025:15:52:00 +0300] "GET /amp.php?m003048851?srsltid=AfmBOooAsMTwNZWdvAmSoX_ciJ36T5SYo_6rIFbwtX-Y-gUHNYGtWb HTTP/1.1" 200 461947 "-" "Mozilla/5.0 (compatible; BLEXBot/1.0; +https://help.seranking.com/en/blex-crawler)"
20.171.207.222 - - [23/Oct/2025:15:52:01 +0300] "GET /amp.php?products/244sn24193 HTTP/1.1" 200 470949 "-" "Mozilla/5.0 AppleWebKit/537.36 (KHTML, like Gecko; compatible; GPTBot/1.2; +https://openai.com/gptbot)"
74.91.19.178 - - [23/Oct/2025:15:52:02 +0300] "GET /wp-includes/install.php HTTP/1.1" 200 6 "https://avocor.eu/wp-includes/install.php" "Mozilla/5.0 (Windows NT 10.0; Win64; x64) AppleWebKit/537.36 (KHTML, like Gecko) Chrome/58.0.3029.110 Safari/537.3"
77.75.76.170 - - [23/Oct/2025:15:52:04 +0300] "GET /078031851.htm HTTP/1.1" 200 - "-" "Mozilla/5.0 (compatible; SeznamBot/4.0; +https://o-seznam.cz/napoveda/vyhledavani/en/seznambot-crawler/)"
20.171.207.222 - - [23/Oct/2025:15:52:03 +0300] "GET /amp.php?products/117kt47050 HTTP/1.1" 200 464580 "-" "Mozilla/5.0 AppleWebKit/537.36 (KHTML, like Gecko; compatible; GPTBot/1.2; +https://openai.com/gptbot)"
144.76.19.75 - - [23/Oct/2025:15:52:04 +0300] "GET /amp.php?m056023546?srsltid=AfmBOoABzKzvMIZtOOcq7N_GJ1e6m4BIP_mr4vFKPy-N-DBtXWlVJy HTTP/1.1" 200 466631 "-" "Mozilla/5.0 (compatible; BLEXBot/1.0; +https://help.seranking.com/en/blex-crawler)"
20.171.207.222 - - [23/Oct/2025:15:52:05 +0300] "GET /amp.php?products/287uy26674 HTTP/1.1" 200 461163 "-" "Mozilla/5.0 AppleWebKit/537.36 (KHTML, like Gecko; compatible; GPTBot/1.2; +https://openai.com/gptbot)"
20.171.207.222 - - [23/Oct/2025:15:52:07 +0300] "GET /amp.php?products/240ou48707 HTTP/1.1" 200 464414 "-" "Mozilla/5.0 AppleWebKit/537.36 (KHTML, like Gecko; compatible; GPTBot/1.2; +https://openai.com/gptbot)"
144.76.19.75 - - [23/Oct/2025:15:52:09 +0300] "GET /amp.php?m003048853?srsltid=AfmBOoHdcnVyueBw6rIFbw_9DymLiotsh_gUHNYGtW-T-qtz3OThUz HTTP/1.1" 200 463370 "-" "Mozilla/5.0 (compatible; BLEXBot/1.0; +https://help.seranking.com/en/blex-crawler)"
20.171.207.222 - - [23/Oct/2025:15:52:09 +0300] "GET /amp.php?products/117dv47046 HTTP/1.1" 200 469404 "-" "Mozilla/5.0 AppleWebKit/537.36 (KHTML, like Gecko; compatible; GPTBot/1.2; +https://openai.com/gptbot)"
20.171.207.222 - - [23/Oct/2025:15:52:11 +0300] "GET /amp.php?products/190vc33139 HTTP/1.1" 200 464166 "-" "Mozilla/5.0 AppleWebKit/537.36 (KHTML, like Gecko; compatible; GPTBot/1.2; +https://openai.com/gptbot)"
74.91.19.178 - - [23/Oct/2025:15:52:12 +0300] "GET /wp-includes/install.php HTTP/1.1" 200 6 "https://avocor.eu/wp-includes/install.php" "Mozilla/5.0 (Windows NT 10.0; Win64; x64) AppleWebKit/537.36 (KHTML, like Gecko) Chrome/58.0.3029.110 Safari/537.3"
74.91.19.178 - - [23/Oct/2025:15:52:13 +0300] "GET /wp-includes/install.php HTTP/1.1" 200 6 "https://avocor.eu/wp-includes/install.php" "Mozilla/5.0 (Windows NT 10.0; Win64; x64) AppleWebKit/537.36 (KHTML, like Gecko) Chrome/58.0.3029.110 Safari/537.3"
20.171.207.222 - - [23/Oct/2025:15:52:13 +0300] "GET /amp.php?products/117mk46646 HTTP/1.1" 200 472599 "-" "Mozilla/5.0 AppleWebKit/537.36 (KHTML, like Gecko; compatible; GPTBot/1.2; +https://openai.com/gptbot)"
77.75.76.170 - - [23/Oct/2025:15:52:14 +0300] "GET /q-~82elKRGOLBvGTbKMuQsZ8Vz30vSEJueZ33001/ HTTP/1.1" 200 - "-" "Mozilla/5.0 (compatible; SeznamBot/4.0; +https://o-seznam.cz/napoveda/vyhledavani/en/seznambot-crawler/)"
144.76.19.75 - - [23/Oct/2025:15:52:13 +0300] "GET /amp.php?m056023550?srsltid=AfmBOoSszmjBHPAXDBtXWl_fWcVI37JAy_eaSPZNIb-M-1RXFHWj1K HTTP/1.1" 200 466323 "-" "Mozilla/5.0 (compatible; BLEXBot/1.0; +https://help.seranking.com/en/blex-crawler)"
20.171.207.222 - - [23/Oct/2025:15:52:14 +0300] "GET /amp.php?products/202zg34303 HTTP/1.1" 200 469048 "-" "Mozilla/5.0 AppleWebKit/537.36 (KHTML, like Gecko; compatible; GPTBot/1.2; +https://openai.com/gptbot)"
20.171.207.222 - - [23/Oct/2025:15:52:16 +0300] "GET /amp.php?products/244bt25765 HTTP/1.1" 200 473700 "-" "Mozilla/5.0 AppleWebKit/537.36 (KHTML, like Gecko; compatible; GPTBot/1.2; +https://openai.com/gptbot)"
144.76.19.75 - - [23/Oct/2025:15:52:17 +0300] "GET /amp.php?m003048855?srsltid=AfmBOogZUukzIHnmgUHNYG_ghVwNvDUnw_qtz3OThU-V-jJwrsBjtM HTTP/1.1" 200 463468 "-" "Mozilla/5.0 (compatible; BLEXBot/1.0; +https://help.seranking.com/en/blex-crawler)"
