144.76.19.75 - - [23/Oct/2025:15:08:33 +0300] "GET /amp.php?m003048083?srsltid=AfmBOoJLtCzOUzqkbzkqjJ_tduZ3AbZCn_jMg2rygJ-R-87j08z11q HTTP/1.1" 200 464010 "-" "Mozilla/5.0 (compatible; BLEXBot/1.0; +https://help.seranking.com/en/blex-crawler)"
20.171.207.222 - - [23/Oct/2025:15:08:35 +0300] "GET /amp.php?products/131fq13212 HTTP/1.1" 200 467177 "-" "Mozilla/5.0 AppleWebKit/537.36 (KHTML, like Gecko; compatible; GPTBot/1.2; +https://openai.com/gptbot)"
20.171.207.222 - - [23/Oct/2025:15:08:37 +0300] "GET /amp.php?category/1826_18511/1 HTTP/1.1" 200 64934 "-" "Mozilla/5.0 AppleWebKit/537.36 (KHTML, like Gecko; compatible; GPTBot/1.2; +https://openai.com/gptbot)"
144.76.19.75 - - [23/Oct/2025:15:08:37 +0300] "GET /amp.php?m056022590?srsltid=AfmBOoPrLlQrazaazvhNHU_De7mn3N4uV_y0ESkVo6-L-sMqfY2XvP HTTP/1.1" 200 478708 "-" "Mozilla/5.0 (compatible; BLEXBot/1.0; +https://help.seranking.com/en/blex-crawler)"
20.171.207.222 - - [23/Oct/2025:15:08:38 +0300] "GET /amp.php?products/279ti29010 HTTP/1.1" 200 476832 "-" "Mozilla/5.0 AppleWebKit/537.36 (KHTML, like Gecko; compatible; GPTBot/1.2; +https://openai.com/gptbot)"
20.171.207.222 - - [23/Oct/2025:15:08:40 +0300] "GET /amp.php?products/204hb35233 HTTP/1.1" 200 461721 "-" "Mozilla/5.0 AppleWebKit/537.36 (KHTML, like Gecko; compatible; GPTBot/1.2; +https://openai.com/gptbot)"
144.76.19.75 - - [23/Oct/2025:15:08:41 +0300] "GET /amp.php?m003048085?srsltid=AfmBOoKzGQxwgZCBjMg2ry_A1jUI1r77h_87j08z11-J-tP5f88ons HTTP/1.1" 200 465850 "-" "Mozilla/5.0 (compatible; BLEXBot/1.0; +https://help.seranking.com/en/blex-crawler)"
66.249.75.103 - - [23/Oct/2025:15:08:42 +0300] "GET /translation/productive16/rwpdl-380/ HTTP/1.1" 200 115022 "-" "Mozilla/5.0 (Linux; Android 6.0.1; Nexus 5X Build/MMB29P) AppleWebKit/537.36 (KHTML, like Gecko) Chrome/141.0.7390.107 Mobile Safari/537.36 (compatible; Googlebot/2.1; +http://www.google.com/bot.html)"
20.171.207.222 - - [23/Oct/2025:15:08:42 +0300] "GET /amp.php?products/102ot17193 HTTP/1.1" 200 465205 "-" "Mozilla/5.0 AppleWebKit/537.36 (KHTML, like Gecko; compatible; GPTBot/1.2; +https://openai.com/gptbot)"
20.171.207.222 - - [23/Oct/2025:15:08:45 +0300] "GET /amp.php?products/266sf46607 HTTP/1.1" 200 468404 "-" "Mozilla/5.0 AppleWebKit/537.36 (KHTML, like Gecko; compatible; GPTBot/1.2; +https://openai.com/gptbot)"
144.76.19.75 - - [23/Oct/2025:15:08:46 +0300] "GET /amp.php?m056022596?srsltid=AfmBOohXckAOsxCZTSwDEr_My5ZdVz2qB_Mo5EF72x-M-U1muPZpz8 HTTP/1.1" 200 465966 "-" "Mozilla/5.0 (compatible; BLEXBot/1.0; +https://help.seranking.com/en/blex-crawler)"
77.75.76.170 - - [23/Oct/2025:15:08:47 +0300] "GET /026024935.htm HTTP/1.1" 200 - "-" "Mozilla/5.0 (compatible; SeznamBot/4.0; +https://o-seznam.cz/napoveda/vyhledavani/en/seznambot-crawler/)"
20.171.207.222 - - [23/Oct/2025:15:08:47 +0300] "GET /amp.php?products/268pr49267 HTTP/1.1" 200 464839 "-" "Mozilla/5.0 AppleWebKit/537.36 (KHTML, like Gecko; compatible; GPTBot/1.2; +https://openai.com/gptbot)"
20.171.207.222 - - [23/Oct/2025:15:08:48 +0300] "GET /amp.php?products/269ir31626 HTTP/1.1" 200 482673 "-" "Mozilla/5.0 AppleWebKit/537.36 (KHTML, like Gecko; compatible; GPTBot/1.2; +https://openai.com/gptbot)"
144.76.19.75 - - [23/Oct/2025:15:08:50 +0300] "GET /amp.php?m003048087?srsltid=AfmBOoxJbmkiZstn87j08z_1aW4bJJlh8_tP5f88on-L-b0kkeVxut HTTP/1.1" 200 463563 "-" "Mozilla/5.0 (compatible; BLEXBot/1.0; +https://help.seranking.com/en/blex-crawler)"
20.171.207.222 - - [23/Oct/2025:15:08:50 +0300] "GET /amp.php?products/278hp23647 HTTP/1.1" 200 461459 "-" "Mozilla/5.0 AppleWebKit/537.36 (KHTML, like Gecko; compatible; GPTBot/1.2; +https://openai.com/gptbot)"
20.171.207.222 - - [23/Oct/2025:15:08:52 +0300] "GET /amp.php?products/182od47219 HTTP/1.1" 200 461597 "-" "Mozilla/5.0 AppleWebKit/537.36 (KHTML, like Gecko; compatible; GPTBot/1.2; +https://openai.com/gptbot)"
77.75.76.170 - - [23/Oct/2025:15:08:54 +0300] "GET /estimated/it26/d8lhf-18650/ HTTP/1.1" 200 - "-" "Mozilla/5.0 (compatible; SeznamBot/4.0; +https://o-seznam.cz/napoveda/vyhledavani/en/seznambot-crawler/)"
144.76.19.75 - - [23/Oct/2025:15:08:54 +0300] "GET /amp.php?m056022600?srsltid=AfmBOojIGAeOgHKmU1muPZ_5RW94Lhgrx_T4jAdiGR-U-AS0o6QqAZ HTTP/1.1" 200 472058 "-" "Mozilla/5.0 (compatible; BLEXBot/1.0; +https://help.seranking.com/en/blex-crawler)"
20.171.207.222 - - [23/Oct/2025:15:08:54 +0300] "GET /amp.php?products/293od33754 HTTP/1.1" 200 461996 "-" "Mozilla/5.0 AppleWebKit/537.36 (KHTML, like Gecko; compatible; GPTBot/1.2; +https://openai.com/gptbot)"
20.171.207.222 - - [23/Oct/2025:15:08:56 +0300] "GET /amp.php?products/102vs25199 HTTP/1.1" 200 469874 "-" "Mozilla/5.0 AppleWebKit/537.36 (KHTML, like Gecko; compatible; GPTBot/1.2; +https://openai.com/gptbot)"
20.171.207.222 - - [23/Oct/2025:15:08:58 +0300] "GET /amp.php?products/208dd30933 HTTP/1.1" 200 464499 "-" "Mozilla/5.0 AppleWebKit/537.36 (KHTML, like Gecko; compatible; GPTBot/1.2; +https://openai.com/gptbot)"
144.76.19.75 - - [23/Oct/2025:15:08:58 +0300] "GET /amp.php?m003048089?srsltid=AfmBOojZeYNCxOcltP5f88_nzvaahBsNT_b0kkeVxu-A-MMpxjYIDO HTTP/1.1" 200 467246 "-" "Mozilla/5.0 (compatible; BLEXBot/1.0; +https://help.seranking.com/en/blex-crawler)"
20.171.207.222 - - [23/Oct/2025:15:09:00 +0300] "GET /amp.php?products/175fa11010 HTTP/1.1" 200 468658 "-" "Mozilla/5.0 AppleWebKit/537.36 (KHTML, like Gecko; compatible; GPTBot/1.2; +https://openai.com/gptbot)"
20.171.207.222 - - [23/Oct/2025:15:09:02 +0300] "GET /amp.php?products/138ab37119 HTTP/1.1" 200 466329 "-" "Mozilla/5.0 AppleWebKit/537.36 (KHTML, like Gecko; compatible; GPTBot/1.2; +https://openai.com/gptbot)"
144.76.19.75 - - [23/Oct/2025:15:09:03 +0300] "GET /amp.php?m056022602?srsltid=AfmBOotLpaBfWqDHT4jAdi_UP6wyCBbPF_AS0o6QqA-I-pM2frRlhk HTTP/1.1" 200 476056 "-" "Mozilla/5.0 (compatible; BLEXBot/1.0; +https://help.seranking.com/en/blex-crawler)"
20.171.207.222 - - [23/Oct/2025:15:09:04 +0300] "GET /amp.php?products/278df23253 HTTP/1.1" 200 461442 "-" "Mozilla/5.0 AppleWebKit/537.36 (KHTML, like Gecko; compatible; GPTBot/1.2; +https://openai.com/gptbot)"
20.171.207.222 - - [23/Oct/2025:15:09:06 +0300] "GET /amp.php?products/237ko23422 HTTP/1.1" 200 466048 "-" "Mozilla/5.0 AppleWebKit/537.36 (KHTML, like Gecko; compatible; GPTBot/1.2; +https://openai.com/gptbot)"
144.76.19.75 - - [23/Oct/2025:15:09:07 +0300] "GET /amp.php?m003048091?srsltid=AfmBOoCTcHnhjBdRb0kkeV_vDDr2iQPdo_MMpxjYID-U-34nYZWfQg HTTP/1.1" 200 466717 "-" "Mozilla/5.0 (compatible; BLEXBot/1.0; +https://help.seranking.com/en/blex-crawler)"
20.171.207.222 - - [23/Oct/2025:15:09:08 +0300] "GET /amp.php?products/278oe23257 HTTP/1.1" 200 461132 "-" "Mozilla/5.0 AppleWebKit/537.36 (KHTML, like Gecko; compatible; GPTBot/1.2; +https://openai.com/gptbot)"
20.171.207.222 - - [23/Oct/2025:15:09:10 +0300] "GET /amp.php?products/235ch28568 HTTP/1.1" 200 461832 "-" "Mozilla/5.0 AppleWebKit/537.36 (KHTML, like Gecko; compatible; GPTBot/1.2; +https://openai.com/gptbot)"
20.171.207.222 - - [23/Oct/2025:15:09:11 +0300] "GET /amp.php?products/175tc10880 HTTP/1.1" 200 461602 "-" "Mozilla/5.0 AppleWebKit/537.36 (KHTML, like Gecko; compatible; GPTBot/1.2; +https://openai.com/gptbot)"
144.76.19.75 - - [23/Oct/2025:15:09:12 +0300] "GET /amp.php?m056022604?srsltid=AfmBOovFSQUCoMRAAS0o6Q_x1ukUD9LzK_pM2frRlh-Q-d0bYmhNkp HTTP/1.1" 200 464429 "-" "Mozilla/5.0 (compatible; BLEXBot/1.0; +https://help.seranking.com/en/blex-crawler)"
20.171.207.222 - - [23/Oct/2025:15:09:13 +0300] "GET /amp.php?products/288ir23277 HTTP/1.1" 200 467886 "-" "Mozilla/5.0 AppleWebKit/537.36 (KHTML, like Gecko; compatible; GPTBot/1.2; +https://openai.com/gptbot)"
74.91.19.178 - - [23/Oct/2025:15:07:48 +0300] "GET /wp-includes/install.php HTTP/1.1" 200 - "https://avocor.eu/wp-includes/install.php" "Mozilla/5.0 (Windows NT 10.0; Win64; x64) AppleWebKit/537.36 (KHTML, like Gecko) Chrome/58.0.3029.110 Safari/537.3"
20.171.207.222 - - [23/Oct/2025:15:09:15 +0300] "GET /amp.php?products/280pw32837 HTTP/1.1" 200 492427 "-" "Mozilla/5.0 AppleWebKit/537.36 (KHTML, like Gecko; compatible; GPTBot/1.2; +https://openai.com/gptbot)"
144.76.19.75 - - [23/Oct/2025:15:09:16 +0300] "GET /amp.php?m003048093?srsltid=AfmBOosFikowLASvMMpxjY_rg9nH7aUyL_34nYZWfQ-L-cypfO9T1X HTTP/1.1" 200 464602 "-" "Mozilla/5.0 (compatible; BLEXBot/1.0; +https://help.seranking.com/en/blex-crawler)"
20.171.207.222 - - [23/Oct/2025:15:09:17 +0300] "GET /amp.php?products/258pm12727 HTTP/1.1" 200 467314 "-" "Mozilla/5.0 AppleWebKit/537.36 (KHTML, like Gecko; compatible; GPTBot/1.2; +https://openai.com/gptbot)"
20.171.207.222 - - [23/Oct/2025:15:09:19 +0300] "GET /amp.php?products/293qd33712 HTTP/1.1" 200 464914 "-" "Mozilla/5.0 AppleWebKit/537.36 (KHTML, like Gecko; compatible; GPTBot/1.2; +https://openai.com/gptbot)"
144.76.19.75 - - [23/Oct/2025:15:09:20 +0300] "GET /amp.php?m056022606?srsltid=AfmBOoqrSpVjhnMXpM2frR_cfJsWlvoNm_d0bYmhNk-U-T9iAkdn17 HTTP/1.1" 200 463560 "-" "Mozilla/5.0 (compatible; BLEXBot/1.0; +https://help.seranking.com/en/blex-crawler)"
20.171.207.222 - - [23/Oct/2025:15:09:21 +0300] "GET /amp.php?products/167zt36066 HTTP/1.1" 200 479353 "-" "Mozilla/5.0 AppleWebKit/537.36 (KHTML, like Gecko; compatible; GPTBot/1.2; +https://openai.com/gptbot)"
20.171.207.222 - - [23/Oct/2025:15:09:23 +0300] "GET /amp.php?products/118gh44145 HTTP/1.1" 200 463710 "-" "Mozilla/5.0 AppleWebKit/537.36 (KHTML, like Gecko; compatible; GPTBot/1.2; +https://openai.com/gptbot)"
144.76.19.75 - - [23/Oct/2025:15:09:25 +0300] "GET /amp.php?m003048095?srsltid=AfmBOochAmjrIuvH34nYZW_JGCnwX3Rqz_cypfO9T1-D-BxUFcsLXA HTTP/1.1" 200 466660 "-" "Mozilla/5.0 (compatible; BLEXBot/1.0; +https://help.seranking.com/en/blex-crawler)"
20.171.207.222 - - [23/Oct/2025:15:09:25 +0300] "GET /amp.php?products/235wo28484 HTTP/1.1" 200 464286 "-" "Mozilla/5.0 AppleWebKit/537.36 (KHTML, like Gecko; compatible; GPTBot/1.2; +https://openai.com/gptbot)"
20.171.207.222 - - [23/Oct/2025:15:09:26 +0300] "GET /amp.php?products/175vu10702 HTTP/1.1" 200 466799 "-" "Mozilla/5.0 AppleWebKit/537.36 (KHTML, like Gecko; compatible; GPTBot/1.2; +https://openai.com/gptbot)"
74.91.19.178 - - [23/Oct/2025:15:09:27 +0300] "GET /wp-includes/install.php HTTP/1.1" 200 6 "https://avocor.eu/wp-includes/install.php" "Mozilla/5.0 (Windows NT 10.0; Win64; x64) AppleWebKit/537.36 (KHTML, like Gecko) Chrome/58.0.3029.110 Safari/537.3"
20.171.207.222 - - [23/Oct/2025:15:09:28 +0300] "GET /amp.php?products/139st43958 HTTP/1.1" 200 462845 "-" "Mozilla/5.0 AppleWebKit/537.36 (KHTML, like Gecko; compatible; GPTBot/1.2; +https://openai.com/gptbot)"
144.76.19.75 - - [23/Oct/2025:15:09:29 +0300] "GET /amp.php?m056022608?srsltid=AfmBOoZLaqTEkCSPd0bYmh_h6kAuUDbXp_T9iAkdn1-E-6VP13mZyK HTTP/1.1" 200 466941 "-" "Mozilla/5.0 (compatible; BLEXBot/1.0; +https://help.seranking.com/en/blex-crawler)"
20.171.207.222 - - [23/Oct/2025:15:09:30 +0300] "GET /amp.php?products/258up13511 HTTP/1.1" 200 460156 "-" "Mozilla/5.0 AppleWebKit/537.36 (KHTML, like Gecko; compatible; GPTBot/1.2; +https://openai.com/gptbot)"
74.91.19.178 - - [23/Oct/2025:15:09:32 +0300] "GET /wp-includes/install.php HTTP/1.1" 200 6 "https://avocor.eu/wp-includes/install.php" "Mozilla/5.0 (Windows NT 10.0; Win64; x64) AppleWebKit/537.36 (KHTML, like Gecko) Chrome/58.0.3029.110 Safari/537.3"
20.171.207.222 - - [23/Oct/2025:15:09:32 +0300] "GET /amp.php?products/183cp24340 HTTP/1.1" 200 465888 "-" "Mozilla/5.0 AppleWebKit/537.36 (KHTML, like Gecko; compatible; GPTBot/1.2; +https://openai.com/gptbot)"
144.76.19.75 - - [23/Oct/2025:15:09:33 +0300] "GET /amp.php?m003048097?srsltid=AfmBOoMKFgYkDWQxcypfO9_juw8JdQmFY_BxUFcsLX-B-aovH4W7ol HTTP/1.1" 200 464241 "-" "Mozilla/5.0 (compatible; BLEXBot/1.0; +https://help.seranking.com/en/blex-crawler)"
20.171.207.222 - - [23/Oct/2025:15:09:34 +0300] "GET /amp.php?products/293bm32838 HTTP/1.1" 200 463303 "-" "Mozilla/5.0 AppleWebKit/537.36 (KHTML, like Gecko; compatible; GPTBot/1.2; +https://openai.com/gptbot)"
74.91.19.178 - - [23/Oct/2025:15:09:35 +0300] "GET /wp-includes/install.php HTTP/1.1" 200 6 "https://avocor.eu/wp-includes/install.php" "Mozilla/5.0 (Windows NT 10.0; Win64; x64) AppleWebKit/537.36 (KHTML, like Gecko) Chrome/58.0.3029.110 Safari/537.3"
74.91.19.178 - - [23/Oct/2025:15:09:36 +0300] "GET /wp-includes/install.php HTTP/1.1" 200 6 "https://avocor.eu/wp-includes/install.php" "Mozilla/5.0 (Windows NT 10.0; Win64; x64) AppleWebKit/537.36 (KHTML, like Gecko) Chrome/58.0.3029.110 Safari/537.3"
20.171.207.222 - - [23/Oct/2025:15:09:36 +0300] "GET /amp.php?products/262qp13651 HTTP/1.1" 200 465062 "-" "Mozilla/5.0 AppleWebKit/537.36 (KHTML, like Gecko; compatible; GPTBot/1.2; +https://openai.com/gptbot)"
74.91.19.178 - - [23/Oct/2025:15:09:38 +0300] "GET /wp-includes/install.php HTTP/1.1" 200 6 "https://avocor.eu/wp-includes/install.php" "Mozilla/5.0 (Windows NT 10.0; Win64; x64) AppleWebKit/537.36 (KHTML, like Gecko) Chrome/58.0.3029.110 Safari/537.3"
144.76.19.75 - - [23/Oct/2025:15:09:37 +0300] "GET /amp.php?m056022610?srsltid=AfmBOorypjgtaCemT9iAkd_iLuyKs0o4p_6VP13mZy-Y-qJ4dkyV7M HTTP/1.1" 200 466699 "-" "Mozilla/5.0 (compatible; BLEXBot/1.0; +https://help.seranking.com/en/blex-crawler)"
20.171.207.222 - - [23/Oct/2025:15:09:38 +0300] "GET /amp.php?products/166cj42217 HTTP/1.1" 200 463742 "-" "Mozilla/5.0 AppleWebKit/537.36 (KHTML, like Gecko; compatible; GPTBot/1.2; +https://openai.com/gptbot)"
20.171.207.222 - - [23/Oct/2025:15:09:40 +0300] "GET /amp.php?products/175do10766 HTTP/1.1" 200 468582 "-" "Mozilla/5.0 AppleWebKit/537.36 (KHTML, like Gecko; compatible; GPTBot/1.2; +https://openai.com/gptbot)"
20.171.207.222 - - [23/Oct/2025:15:09:42 +0300] "GET /amp.php?products/245sn24488 HTTP/1.1" 200 461602 "-" "Mozilla/5.0 AppleWebKit/537.36 (KHTML, like Gecko; compatible; GPTBot/1.2; +https://openai.com/gptbot)"
144.76.19.75 - - [23/Oct/2025:15:09:42 +0300] "GET /amp.php?m003048099?srsltid=AfmBOokibzMOuyzEBxUFcs_2mSCPRp7St_aovH4W7o-L-DNhvdqFAT HTTP/1.1" 200 465650 "-" "Mozilla/5.0 (compatible; BLEXBot/1.0; +https://help.seranking.com/en/blex-crawler)"
20.171.207.222 - - [23/Oct/2025:15:09:44 +0300] "GET /amp.php?products/139dc37110 HTTP/1.1" 200 463480 "-" "Mozilla/5.0 AppleWebKit/537.36 (KHTML, like Gecko; compatible; GPTBot/1.2; +https://openai.com/gptbot)"
20.171.207.222 - - [23/Oct/2025:15:09:45 +0300] "GET /amp.php?products/168ck15533 HTTP/1.1" 200 460125 "-" "Mozilla/5.0 AppleWebKit/537.36 (KHTML, like Gecko; compatible; GPTBot/1.2; +https://openai.com/gptbot)"
144.76.19.75 - - [23/Oct/2025:15:09:46 +0300] "GET /amp.php?m056022612?srsltid=AfmBOoUnmASdRsWM6VP13m_qci2W6Ous0_qJ4dkyV7-Z-v5yfNbQvW HTTP/1.1" 200 474933 "-" "Mozilla/5.0 (compatible; BLEXBot/1.0; +https://help.seranking.com/en/blex-crawler)"
77.75.76.170 - - [23/Oct/2025:15:09:48 +0300] "GET /064015691.htm HTTP/1.1" 200 - "-" "Mozilla/5.0 (compatible; SeznamBot/4.0; +https://o-seznam.cz/napoveda/vyhledavani/en/seznambot-crawler/)"
20.171.207.222 - - [23/Oct/2025:15:09:47 +0300] "GET /amp.php?products/258hu12535 HTTP/1.1" 200 462064 "-" "Mozilla/5.0 AppleWebKit/537.36 (KHTML, like Gecko; compatible; GPTBot/1.2; +https://openai.com/gptbot)"
20.171.207.222 - - [23/Oct/2025:15:09:49 +0300] "GET /amp.php?products/135ci35610 HTTP/1.1" 200 461985 "-" "Mozilla/5.0 AppleWebKit/537.36 (KHTML, like Gecko; compatible; GPTBot/1.2; +https://openai.com/gptbot)"
74.91.19.178 - - [23/Oct/2025:15:09:51 +0300] "GET /wp-includes/install.php HTTP/1.1" 200 6 "https://avocor.eu/wp-includes/install.php" "Mozilla/5.0 (Windows NT 10.0; Win64; x64) AppleWebKit/537.36 (KHTML, like Gecko) Chrome/58.0.3029.110 Safari/537.3"
144.76.19.75 - - [23/Oct/2025:15:09:50 +0300] "GET /amp.php?m003048101?srsltid=AfmBOodqRshMuQlUaovH4W_aIdCWbaznZ_DNhvdqFA-K-wZmeu2WF2 HTTP/1.1" 200 464015 "-" "Mozilla/5.0 (compatible; BLEXBot/1.0; +https://help.seranking.com/en/blex-crawler)"
20.171.207.222 - - [23/Oct/2025:15:09:51 +0300] "GET /amp.php?products/78xi15393 HTTP/1.1" 200 461396 "-" "Mozilla/5.0 AppleWebKit/537.36 (KHTML, like Gecko; compatible; GPTBot/1.2; +https://openai.com/gptbot)"
20.171.207.222 - - [23/Oct/2025:15:09:53 +0300] "GET /amp.php?products/189mz22918 HTTP/1.1" 200 471927 "-" "Mozilla/5.0 AppleWebKit/537.36 (KHTML, like Gecko; compatible; GPTBot/1.2; +https://openai.com/gptbot)"
20.171.207.222 - - [23/Oct/2025:15:09:55 +0300] "GET /amp.php?products/262er13373 HTTP/1.1" 200 471337 "-" "Mozilla/5.0 AppleWebKit/537.36 (KHTML, like Gecko; compatible; GPTBot/1.2; +https://openai.com/gptbot)"
144.76.19.75 - - [23/Oct/2025:15:09:55 +0300] "GET /amp.php?m056022614?srsltid=AfmBOoplJNbTshzVqJ4dky_KobXCqteoD_v5yfNbQv-Z-wX3khrexo HTTP/1.1" 200 475012 "-" "Mozilla/5.0 (compatible; BLEXBot/1.0; +https://help.seranking.com/en/blex-crawler)"
74.91.19.178 - - [23/Oct/2025:15:09:57 +0300] "GET /wp-includes/install.php HTTP/1.1" 200 6 "https://avocor.eu/wp-includes/install.php" "Mozilla/5.0 (Windows NT 10.0; Win64; x64) AppleWebKit/537.36 (KHTML, like Gecko) Chrome/58.0.3029.110 Safari/537.3"
20.171.207.222 - - [23/Oct/2025:15:09:57 +0300] "GET /amp.php?products/245ts24986 HTTP/1.1" 200 463221 "-" "Mozilla/5.0 AppleWebKit/537.36 (KHTML, like Gecko; compatible; GPTBot/1.2; +https://openai.com/gptbot)"
77.75.76.170 - - [23/Oct/2025:15:09:59 +0300] "GET /041046388.htm HTTP/1.1" 200 - "-" "Mozilla/5.0 (compatible; SeznamBot/4.0; +https://o-seznam.cz/napoveda/vyhledavani/en/seznambot-crawler/)"
20.171.207.222 - - [23/Oct/2025:15:09:59 +0300] "GET /amp.php?products/175do21976 HTTP/1.1" 200 463868 "-" "Mozilla/5.0 AppleWebKit/537.36 (KHTML, like Gecko; compatible; GPTBot/1.2; +https://openai.com/gptbot)"
144.76.19.75 - - [23/Oct/2025:15:09:59 +0300] "GET /amp.php?m003048103?srsltid=AfmBOosBjunzXKNQDNhvdq_8twkTUn1vn_wZmeu2WF-Y-Su07E17Qc HTTP/1.1" 200 467001 "-" "Mozilla/5.0 (compatible; BLEXBot/1.0; +https://help.seranking.com/en/blex-crawler)"
74.91.19.178 - - [23/Oct/2025:15:10:01 +0300] "GET /wp-includes/install.php HTTP/1.1" 200 6 "https://avocor.eu/wp-includes/install.php" "Mozilla/5.0 (Windows NT 10.0; Win64; x64) AppleWebKit/537.36 (KHTML, like Gecko) Chrome/58.0.3029.110 Safari/537.3"
20.171.207.222 - - [23/Oct/2025:15:10:01 +0300] "GET /amp.php?products/258hn12815 HTTP/1.1" 200 460730 "-" "Mozilla/5.0 AppleWebKit/537.36 (KHTML, like Gecko; compatible; GPTBot/1.2; +https://openai.com/gptbot)"
20.171.207.222 - - [23/Oct/2025:15:10:03 +0300] "GET /amp.php?products/245ea24984 HTTP/1.1" 200 462261 "-" "Mozilla/5.0 AppleWebKit/537.36 (KHTML, like Gecko; compatible; GPTBot/1.2; +https://openai.com/gptbot)"
77.75.76.170 - - [23/Oct/2025:15:10:04 +0300] "GET /002022315.htm HTTP/1.1" 200 - "-" "Mozilla/5.0 (compatible; SeznamBot/4.0; +https://o-seznam.cz/napoveda/vyhledavani/en/seznambot-crawler/)"
144.76.19.75 - - [23/Oct/2025:15:10:04 +0300] "GET /amp.php?m056022616?srsltid=AfmBOomrfMqmNQlGv5yfNb_WX2K61d5vb_wX3khrex-K-Pl5rmsdT2 HTTP/1.1" 200 469787 "-" "Mozilla/5.0 (compatible; BLEXBot/1.0; +https://help.seranking.com/en/blex-crawler)"
74.91.19.178 - - [23/Oct/2025:15:10:05 +0300] "GET /wp-includes/install.php HTTP/1.1" 200 6 "https://avocor.eu/wp-includes/install.php" "Mozilla/5.0 (Windows NT 10.0; Win64; x64) AppleWebKit/537.36 (KHTML, like Gecko) Chrome/58.0.3029.110 Safari/537.3"
20.171.207.222 - - [23/Oct/2025:15:10:05 +0300] "GET /amp.php?products/135ma39432 HTTP/1.1" 200 462236 "-" "Mozilla/5.0 AppleWebKit/537.36 (KHTML, like Gecko; compatible; GPTBot/1.2; +https://openai.com/gptbot)"
20.171.207.222 - - [23/Oct/2025:15:10:06 +0300] "GET /amp.php?products/245hn24982 HTTP/1.1" 200 462120 "-" "Mozilla/5.0 AppleWebKit/537.36 (KHTML, like Gecko; compatible; GPTBot/1.2; +https://openai.com/gptbot)"
144.76.19.75 - - [23/Oct/2025:15:10:08 +0300] "GET /amp.php?m003048105?srsltid=AfmBOoxBOrqFUJDUwZmeu2_Tjbm2Du2if_Su07E17Q-I-N4Dr4MHRx HTTP/1.1" 200 464965 "-" "Mozilla/5.0 (compatible; BLEXBot/1.0; +https://help.seranking.com/en/blex-crawler)"
20.171.207.222 - - [23/Oct/2025:15:10:08 +0300] "GET /amp.php?products/262mo12155 HTTP/1.1" 200 480850 "-" "Mozilla/5.0 AppleWebKit/537.36 (KHTML, like Gecko; compatible; GPTBot/1.2; +https://openai.com/gptbot)"
74.91.19.178 - - [23/Oct/2025:15:10:10 +0300] "GET /wp-includes/install.php HTTP/1.1" 200 6 "https://avocor.eu/wp-includes/install.php" "Mozilla/5.0 (Windows NT 10.0; Win64; x64) AppleWebKit/537.36 (KHTML, like Gecko) Chrome/58.0.3029.110 Safari/537.3"
20.171.207.222 - - [23/Oct/2025:15:10:10 +0300] "GET /amp.php?products/247bc47540 HTTP/1.1" 200 464874 "-" "Mozilla/5.0 AppleWebKit/537.36 (KHTML, like Gecko; compatible; GPTBot/1.2; +https://openai.com/gptbot)"
144.76.19.75 - - [23/Oct/2025:15:10:12 +0300] "GET /amp.php?m056022618?srsltid=AfmBOoluvgDLMemVwX3khr_V5oRWhAijH_Pl5rmsdT-Q-iw5tdb4t9 HTTP/1.1" 200 473040 "-" "Mozilla/5.0 (compatible; BLEXBot/1.0; +https://help.seranking.com/en/blex-crawler)"
20.171.207.222 - - [23/Oct/2025:15:10:12 +0300] "GET /amp.php?products/295ht39912 HTTP/1.1" 200 461669 "-" "Mozilla/5.0 AppleWebKit/537.36 (KHTML, like Gecko; compatible; GPTBot/1.2; +https://openai.com/gptbot)"
20.171.207.222 - - [23/Oct/2025:15:10:14 +0300] "GET /amp.php?products/33rt43494 HTTP/1.1" 200 462748 "-" "Mozilla/5.0 AppleWebKit/537.36 (KHTML, like Gecko; compatible; GPTBot/1.2; +https://openai.com/gptbot)"
20.171.207.222 - - [23/Oct/2025:15:10:16 +0300] "GET /amp.php?products/198pp22983 HTTP/1.1" 200 478345 "-" "Mozilla/5.0 AppleWebKit/537.36 (KHTML, like Gecko; compatible; GPTBot/1.2; +https://openai.com/gptbot)"
144.76.19.75 - - [23/Oct/2025:15:10:16 +0300] "GET /amp.php?m003048107?srsltid=AfmBOoXIRAhEYhWiSu07E1_HFNyEN0CTG_N4Dr4MHR-Y-UlVAz5CpF HTTP/1.1" 200 462970 "-" "Mozilla/5.0 (compatible; BLEXBot/1.0; +https://help.seranking.com/en/blex-crawler)"
20.171.207.222 - - [23/Oct/2025:15:10:18 +0300] "GET /amp.php?products/263kp45440 HTTP/1.1" 200 462133 "-" "Mozilla/5.0 AppleWebKit/537.36 (KHTML, like Gecko; compatible; GPTBot/1.2; +https://openai.com/gptbot)"
20.171.207.222 - - [23/Oct/2025:15:10:19 +0300] "GET /amp.php?products/135sa35842 HTTP/1.1" 200 462089 "-" "Mozilla/5.0 AppleWebKit/537.36 (KHTML, like Gecko; compatible; GPTBot/1.2; +https://openai.com/gptbot)"
144.76.19.75 - - [23/Oct/2025:15:10:21 +0300] "GET /amp.php?m056022622?srsltid=AfmBOoISghApnkLmiw5tdb_mHLaRgLIpP_RtIaotue-C-onu0WFcQZ HTTP/1.1" 200 472440 "-" "Mozilla/5.0 (compatible; BLEXBot/1.0; +https://help.seranking.com/en/blex-crawler)"
20.171.207.222 - - [23/Oct/2025:15:10:21 +0300] "GET /amp.php?products/135ii35848 HTTP/1.1" 200 463617 "-" "Mozilla/5.0 AppleWebKit/537.36 (KHTML, like Gecko; compatible; GPTBot/1.2; +https://openai.com/gptbot)"
20.171.207.222 - - [23/Oct/2025:15:10:23 +0300] "GET /amp.php?products/135ja35844 HTTP/1.1" 200 462002 "-" "Mozilla/5.0 AppleWebKit/537.36 (KHTML, like Gecko; compatible; GPTBot/1.2; +https://openai.com/gptbot)"
144.76.19.75 - - [23/Oct/2025:15:10:25 +0300] "GET /amp.php?m003048109?srsltid=AfmBOoZzrkyEIZKKN4Dr4M_qdXq7k9KUP_UlVAz5Cp-F-82zwAHkH0 HTTP/1.1" 200 462690 "-" "Mozilla/5.0 (compatible; BLEXBot/1.0; +https://help.seranking.com/en/blex-crawler)"
20.171.207.222 - - [23/Oct/2025:15:10:25 +0300] "GET /amp.php?products/255as38664 HTTP/1.1" 200 481023 "-" "Mozilla/5.0 AppleWebKit/537.36 (KHTML, like Gecko; compatible; GPTBot/1.2; +https://openai.com/gptbot)"
20.171.207.222 - - [23/Oct/2025:15:10:27 +0300] "GET /amp.php?products/142ky42211 HTTP/1.1" 200 468964 "-" "Mozilla/5.0 AppleWebKit/537.36 (KHTML, like Gecko; compatible; GPTBot/1.2; +https://openai.com/gptbot)"
20.171.207.222 - - [23/Oct/2025:15:10:29 +0300] "GET /amp.php?products/112ly24143 HTTP/1.1" 200 465578 "-" "Mozilla/5.0 AppleWebKit/537.36 (KHTML, like Gecko; compatible; GPTBot/1.2; +https://openai.com/gptbot)"
144.76.19.75 - - [23/Oct/2025:15:10:29 +0300] "GET /amp.php?m056022624?srsltid=AfmBOoLXbMlIsftFRtIaot_r9vhrW8T5Y_onu0WFcQ-Z-yNImv58Am HTTP/1.1" 200 464225 "-" "Mozilla/5.0 (compatible; BLEXBot/1.0; +https://help.seranking.com/en/blex-crawler)"
20.171.207.222 - - [23/Oct/2025:15:10:31 +0300] "GET /amp.php?products/198of21949 HTTP/1.1" 200 476628 "-" "Mozilla/5.0 AppleWebKit/537.36 (KHTML, like Gecko; compatible; GPTBot/1.2; +https://openai.com/gptbot)"
20.171.207.222 - - [23/Oct/2025:15:10:33 +0300] "GET /amp.php?products/296bt22927 HTTP/1.1" 200 465316 "-" "Mozilla/5.0 AppleWebKit/537.36 (KHTML, like Gecko; compatible; GPTBot/1.2; +https://openai.com/gptbot)"
144.76.19.75 - - [23/Oct/2025:15:10:33 +0300] "GET /amp.php?m003048111?srsltid=AfmBOohAYByqFFrpUlVAz5_uU4qPMWBWp_82zwAHkH-Z-3SxemeykR HTTP/1.1" 200 463930 "-" "Mozilla/5.0 (compatible; BLEXBot/1.0; +https://help.seranking.com/en/blex-crawler)"
20.171.207.222 - - [23/Oct/2025:15:10:34 +0300] "GET /amp.php?products/135ab39398 HTTP/1.1" 200 463203 "-" "Mozilla/5.0 AppleWebKit/537.36 (KHTML, like Gecko; compatible; GPTBot/1.2; +https://openai.com/gptbot)"
66.249.75.103 - - [23/Oct/2025:15:10:36 +0300] "GET /036006987.htm HTTP/1.1" 200 115656 "-" "Mozilla/5.0 (Linux; Android 6.0.1; Nexus 5X Build/MMB29P) AppleWebKit/537.36 (KHTML, like Gecko) Chrome/141.0.7390.107 Mobile Safari/537.36 (compatible; Googlebot/2.1; +http://www.google.com/bot.html)"
20.171.207.222 - - [23/Oct/2025:15:10:37 +0300] "GET /amp.php?products/295uu40104 HTTP/1.1" 200 464686 "-" "Mozilla/5.0 AppleWebKit/537.36 (KHTML, like Gecko; compatible; GPTBot/1.2; +https://openai.com/gptbot)"
144.76.19.75 - - [23/Oct/2025:15:10:38 +0300] "GET /amp.php?m056022630?srsltid=AfmBOohDIcXvgktg2lrZyp_zy2fDzlT0c_9J6BF5hq-X-WuDFhgGjg HTTP/1.1" 200 485485 "-" "Mozilla/5.0 (compatible; BLEXBot/1.0; +https://help.seranking.com/en/blex-crawler)"
20.171.207.222 - - [23/Oct/2025:15:10:39 +0300] "GET /amp.php?products/262fy12113 HTTP/1.1" 200 466073 "-" "Mozilla/5.0 AppleWebKit/537.36 (KHTML, like Gecko; compatible; GPTBot/1.2; +https://openai.com/gptbot)"
20.171.207.222 - - [23/Oct/2025:15:10:41 +0300] "GET /amp.php?products/142or41195 HTTP/1.1" 200 477616 "-" "Mozilla/5.0 AppleWebKit/537.36 (KHTML, like Gecko; compatible; GPTBot/1.2; +https://openai.com/gptbot)"
144.76.19.75 - - [23/Oct/2025:15:10:42 +0300] "GET /amp.php?m003048113?srsltid=AfmBOogSSrffREDW82zwAH_Y8OemymgXn_3Sxemeyk-X-NViVTSqdt HTTP/1.1" 200 464223 "-" "Mozilla/5.0 (compatible; BLEXBot/1.0; +https://help.seranking.com/en/blex-crawler)"
20.171.207.222 - - [23/Oct/2025:15:10:43 +0300] "GET /amp.php?products/142cn41199 HTTP/1.1" 200 466660 "-" "Mozilla/5.0 AppleWebKit/537.36 (KHTML, like Gecko; compatible; GPTBot/1.2; +https://openai.com/gptbot)"
74.91.19.178 - - [23/Oct/2025:15:09:18 +0300] "GET /wp-includes/install.php HTTP/1.1" 200 - "https://avocor.eu/wp-includes/install.php" "Mozilla/5.0 (Windows NT 10.0; Win64; x64) AppleWebKit/537.36 (KHTML, like Gecko) Chrome/58.0.3029.110 Safari/537.3"
20.171.207.222 - - [23/Oct/2025:15:10:45 +0300] "GET /amp.php?products/112hg24191 HTTP/1.1" 200 467400 "-" "Mozilla/5.0 AppleWebKit/537.36 (KHTML, like Gecko; compatible; GPTBot/1.2; +https://openai.com/gptbot)"
144.76.19.75 - - [23/Oct/2025:15:10:46 +0300] "GET /amp.php?m056022632?srsltid=AfmBOojMiafivfIy9J6BF5_h8WozHnZwn_WuDFhgGj-Z-0lYDc3DXg HTTP/1.1" 200 488289 "-" "Mozilla/5.0 (compatible; BLEXBot/1.0; +https://help.seranking.com/en/blex-crawler)"
20.171.207.222 - - [23/Oct/2025:15:10:47 +0300] "GET /amp.php?products/135rj35942 HTTP/1.1" 200 463027 "-" "Mozilla/5.0 AppleWebKit/537.36 (KHTML, like Gecko; compatible; GPTBot/1.2; +https://openai.com/gptbot)"
20.171.207.222 - - [23/Oct/2025:15:10:48 +0300] "GET /amp.php?products/212hb17429 HTTP/1.1" 200 462407 "-" "Mozilla/5.0 AppleWebKit/537.36 (KHTML, like Gecko; compatible; GPTBot/1.2; +https://openai.com/gptbot)"
144.76.19.75 - - [23/Oct/2025:15:10:51 +0300] "GET /amp.php?m003048115?srsltid=AfmBOoWseUZEuKOX3Sxeme_byPnP0kmEj_NViVTSqd-A-106bNaOSh HTTP/1.1" 200 464173 "-" "Mozilla/5.0 (compatible; BLEXBot/1.0; +https://help.seranking.com/en/blex-crawler)"
20.171.207.222 - - [23/Oct/2025:15:10:51 +0300] "GET /amp.php?products/262ss14899 HTTP/1.1" 200 463445 "-" "Mozilla/5.0 AppleWebKit/537.36 (KHTML, like Gecko; compatible; GPTBot/1.2; +https://openai.com/gptbot)"
20.171.207.222 - - [23/Oct/2025:15:10:53 +0300] "GET /amp.php?products/198do21953 HTTP/1.1" 200 472703 "-" "Mozilla/5.0 AppleWebKit/537.36 (KHTML, like Gecko; compatible; GPTBot/1.2; +https://openai.com/gptbot)"
20.171.207.222 - - [23/Oct/2025:15:10:54 +0300] "GET /amp.php?products/300ql48005 HTTP/1.1" 200 466984 "-" "Mozilla/5.0 AppleWebKit/537.36 (KHTML, like Gecko; compatible; GPTBot/1.2; +https://openai.com/gptbot)"
144.76.19.75 - - [23/Oct/2025:15:10:55 +0300] "GET /amp.php?m056022634?srsltid=AfmBOopgZjkvYOUqWuDFhg_t7POiTMiVd_0lYDc3DX-S-ahO3h9KhQ HTTP/1.1" 200 464223 "-" "Mozilla/5.0 (compatible; BLEXBot/1.0; +https://help.seranking.com/en/blex-crawler)"
20.171.207.222 - - [23/Oct/2025:15:10:56 +0300] "GET /amp.php?products/142yc41533 HTTP/1.1" 200 465498 "-" "Mozilla/5.0 AppleWebKit/537.36 (KHTML, like Gecko; compatible; GPTBot/1.2; +https://openai.com/gptbot)"
20.171.207.222 - - [23/Oct/2025:15:10:58 +0300] "GET /amp.php?products/164ha23063 HTTP/1.1" 200 462215 "-" "Mozilla/5.0 AppleWebKit/537.36 (KHTML, like Gecko; compatible; GPTBot/1.2; +https://openai.com/gptbot)"
20.171.207.222 - - [23/Oct/2025:15:11:00 +0300] "GET /amp.php?products/212up18009 HTTP/1.1" 200 462117 "-" "Mozilla/5.0 AppleWebKit/537.36 (KHTML, like Gecko; compatible; GPTBot/1.2; +https://openai.com/gptbot)"
144.76.19.75 - - [23/Oct/2025:15:10:59 +0300] "GET /amp.php?m003048117?srsltid=AfmBOooftjzhOPbHNViVTS_cwcDKkPaI1_106bNaOS-L-V1Rzcx7wm HTTP/1.1" 200 462797 "-" "Mozilla/5.0 (compatible; BLEXBot/1.0; +https://help.seranking.com/en/blex-crawler)"
20.171.207.222 - - [23/Oct/2025:15:11:02 +0300] "GET /amp.php?products/212oy18015 HTTP/1.1" 200 462909 "-" "Mozilla/5.0 AppleWebKit/537.36 (KHTML, like Gecko; compatible; GPTBot/1.2; +https://openai.com/gptbot)"
20.171.207.222 - - [23/Oct/2025:15:11:04 +0300] "GET /amp.php?products/135su35746 HTTP/1.1" 200 465844 "-" "Mozilla/5.0 AppleWebKit/537.36 (KHTML, like Gecko; compatible; GPTBot/1.2; +https://openai.com/gptbot)"
144.76.19.75 - - [23/Oct/2025:15:11:04 +0300] "GET /amp.php?m056022636?srsltid=AfmBOoJIYyZSBIsh0lYDc3_Vueace69eS_ahO3h9Kh-F-k3GelGzMS HTTP/1.1" 200 488984 "-" "Mozilla/5.0 (compatible; BLEXBot/1.0; +https://help.seranking.com/en/blex-crawler)"
20.171.207.222 - - [23/Oct/2025:15:11:06 +0300] "GET /amp.php?products/294cs35529 HTTP/1.1" 200 470497 "-" "Mozilla/5.0 AppleWebKit/537.36 (KHTML, like Gecko; compatible; GPTBot/1.2; +https://openai.com/gptbot)"
66.249.75.102 - - [23/Oct/2025:15:11:07 +0300] "GET /q-~204vmxnl3K8usD0jX8gTXr2dtdPS5aU0u20729/ HTTP/1.1" 200 128363 "-" "Mozilla/5.0 (compatible; Googlebot/2.1; +http://www.google.com/bot.html)"
20.171.207.222 - - [23/Oct/2025:15:11:07 +0300] "GET /amp.php?products/158pc43645 HTTP/1.1" 200 462794 "-" "Mozilla/5.0 AppleWebKit/537.36 (KHTML, like Gecko; compatible; GPTBot/1.2; +https://openai.com/gptbot)"
144.76.19.75 - - [23/Oct/2025:15:11:08 +0300] "GET /amp.php?m003048119?srsltid=AfmBOoKRpOteWGak106bNa_HRn2warEz8_V1Rzcx7w-T-irNzdF3wZ HTTP/1.1" 200 464165 "-" "Mozilla/5.0 (compatible; BLEXBot/1.0; +https://help.seranking.com/en/blex-crawler)"
74.91.19.178 - - [23/Oct/2025:15:11:10 +0300] "GET /wp-includes/install.php HTTP/1.1" 200 6 "https://avocor.eu/wp-includes/install.php" "Mozilla/5.0 (Windows NT 10.0; Win64; x64) AppleWebKit/537.36 (KHTML, like Gecko) Chrome/58.0.3029.110 Safari/537.3"
20.171.207.222 - - [23/Oct/2025:15:11:10 +0300] "GET /amp.php?products/198la21515 HTTP/1.1" 200 472520 "-" "Mozilla/5.0 AppleWebKit/537.36 (KHTML, like Gecko; compatible; GPTBot/1.2; +https://openai.com/gptbot)"
20.171.207.222 - - [23/Oct/2025:15:11:11 +0300] "GET /amp.php?products/269so21204 HTTP/1.1" 200 462248 "-" "Mozilla/5.0 AppleWebKit/537.36 (KHTML, like Gecko; compatible; GPTBot/1.2; +https://openai.com/gptbot)"
74.91.19.178 - - [23/Oct/2025:15:11:13 +0300] "GET /wp-includes/install.php HTTP/1.1" 200 6 "https://avocor.eu/wp-includes/install.php" "Mozilla/5.0 (Windows NT 10.0; Win64; x64) AppleWebKit/537.36 (KHTML, like Gecko) Chrome/58.0.3029.110 Safari/537.3"
144.76.19.75 - - [23/Oct/2025:15:11:12 +0300] "GET /amp.php?m056022638?srsltid=AfmBOoawJRVQAEtwahO3h9_7HS72M7Dmo_k3GelGzM-J-lJTlkE28y HTTP/1.1" 200 485683 "-" "Mozilla/5.0 (compatible; BLEXBot/1.0; +https://help.seranking.com/en/blex-crawler)"
20.171.207.222 - - [23/Oct/2025:15:11:14 +0300] "GET /amp.php?products/193lo34242 HTTP/1.1" 200 468958 "-" "Mozilla/5.0 AppleWebKit/537.36 (KHTML, like Gecko; compatible; GPTBot/1.2; +https://openai.com/gptbot)"
20.171.207.222 - - [23/Oct/2025:15:11:16 +0300] "GET /amp.php?products/300vc48703 HTTP/1.1" 200 470002 "-" "Mozilla/5.0 AppleWebKit/537.36 (KHTML, like Gecko; compatible; GPTBot/1.2; +https://openai.com/gptbot)"
74.91.19.178 - - [23/Oct/2025:15:11:17 +0300] "GET /wp-includes/install.php HTTP/1.1" 200 6 "https://avocor.eu/wp-includes/install.php" "Mozilla/5.0 (Windows NT 10.0; Win64; x64) AppleWebKit/537.36 (KHTML, like Gecko) Chrome/58.0.3029.110 Safari/537.3"
144.76.19.75 - - [23/Oct/2025:15:11:17 +0300] "GET /amp.php?m003048121?srsltid=AfmBOoXZFWvdWGJHV1Rzcx_dI2hRP1tTU_irNzdF3w-P-92CH0J3bX HTTP/1.1" 200 465928 "-" "Mozilla/5.0 (compatible; BLEXBot/1.0; +https://help.seranking.com/en/blex-crawler)"
20.171.207.222 - - [23/Oct/2025:15:11:18 +0300] "GET /amp.php?products/109ov11496 HTTP/1.1" 200 461207 "-" "Mozilla/5.0 AppleWebKit/537.36 (KHTML, like Gecko; compatible; GPTBot/1.2; +https://openai.com/gptbot)"
20.171.207.222 - - [23/Oct/2025:15:11:19 +0300] "GET /amp.php?products/286co37297 HTTP/1.1" 200 469415 "-" "Mozilla/5.0 AppleWebKit/537.36 (KHTML, like Gecko; compatible; GPTBot/1.2; +https://openai.com/gptbot)"
144.76.19.75 - - [23/Oct/2025:15:11:21 +0300] "GET /amp.php?m056022640?srsltid=AfmBOoTGiJtPFZvLk3GelG_bR2oRUBJ69_lJTlkE28-F-G4ixNetZY HTTP/1.1" 200 464488 "-" "Mozilla/5.0 (compatible; BLEXBot/1.0; +https://help.seranking.com/en/blex-crawler)"
20.171.207.222 - - [23/Oct/2025:15:11:21 +0300] "GET /amp.php?products/135pb35582 HTTP/1.1" 200 467850 "-" "Mozilla/5.0 AppleWebKit/537.36 (KHTML, like Gecko; compatible; GPTBot/1.2; +https://openai.com/gptbot)"
20.171.207.222 - - [23/Oct/2025:15:11:23 +0300] "GET /amp.php?products/221ga41254 HTTP/1.1" 200 464414 "-" "Mozilla/5.0 AppleWebKit/537.36 (KHTML, like Gecko; compatible; GPTBot/1.2; +https://openai.com/gptbot)"
144.76.19.75 - - [23/Oct/2025:15:11:25 +0300] "GET /amp.php?m003048123?srsltid=AfmBOooXYceDdbOeirNzdF_v6J0wirY3p_92CH0J3b-A-etgzoX4Sh HTTP/1.1" 200 464413 "-" "Mozilla/5.0 (compatible; BLEXBot/1.0; +https://help.seranking.com/en/blex-crawler)"
20.171.207.222 - - [23/Oct/2025:15:11:26 +0300] "GET /amp.php?products/255qd49248 HTTP/1.1" 200 461950 "-" "Mozilla/5.0 AppleWebKit/537.36 (KHTML, like Gecko; compatible; GPTBot/1.2; +https://openai.com/gptbot)"
20.171.207.222 - - [23/Oct/2025:15:11:27 +0300] "GET /amp.php?products/296nn22865 HTTP/1.1" 200 468654 "-" "Mozilla/5.0 AppleWebKit/537.36 (KHTML, like Gecko; compatible; GPTBot/1.2; +https://openai.com/gptbot)"
20.171.207.222 - - [23/Oct/2025:15:11:29 +0300] "GET /amp.php?products/300zc48707 HTTP/1.1" 200 468992 "-" "Mozilla/5.0 AppleWebKit/537.36 (KHTML, like Gecko; compatible; GPTBot/1.2; +https://openai.com/gptbot)"
144.76.19.75 - - [23/Oct/2025:15:11:30 +0300] "GET /amp.php?m056022642?srsltid=AfmBOoJftQOXixKmlJTlkE_9UywI1WKz5_G4ixNetZ-F-NLgyiv1wu HTTP/1.1" 200 466012 "-" "Mozilla/5.0 (compatible; BLEXBot/1.0; +https://help.seranking.com/en/blex-crawler)"
20.171.207.222 - - [23/Oct/2025:15:11:31 +0300] "GET /amp.php?products/176rc25921 HTTP/1.1" 200 463411 "-" "Mozilla/5.0 AppleWebKit/537.36 (KHTML, like Gecko; compatible; GPTBot/1.2; +https://openai.com/gptbot)"
66.249.72.237 - - [23/Oct/2025:15:11:32 +0300] "GET /parental/construction57/1s42v-10461/ HTTP/1.1" 200 566405 "-" "Mozilla/5.0 (Linux; Android 6.0.1; Nexus 5X Build/MMB29P) AppleWebKit/537.36 (KHTML, like Gecko) Chrome/141.0.7390.107 Mobile Safari/537.36 (compatible; GoogleOther)"
20.171.207.222 - - [23/Oct/2025:15:11:33 +0300] "GET /amp.php?products/132up16521 HTTP/1.1" 200 464282 "-" "Mozilla/5.0 AppleWebKit/537.36 (KHTML, like Gecko; compatible; GPTBot/1.2; +https://openai.com/gptbot)"
74.91.19.178 - - [23/Oct/2025:15:11:34 +0300] "GET /wp-includes/install.php HTTP/1.1" 200 6 "https://avocor.eu/wp-includes/install.php" "Mozilla/5.0 (Windows NT 10.0; Win64; x64) AppleWebKit/537.36 (KHTML, like Gecko) Chrome/58.0.3029.110 Safari/537.3"
144.76.19.75 - - [23/Oct/2025:15:11:34 +0300] "GET /amp.php?m003048125?srsltid=AfmBOoZgTrMQdPON92CH0J_JUyXi3GPKC_etgzoX4S-Z-WXxj7tsIC HTTP/1.1" 200 461660 "-" "Mozilla/5.0 (compatible; BLEXBot/1.0; +https://help.seranking.com/en/blex-crawler)"
20.171.207.222 - - [23/Oct/2025:15:11:35 +0300] "GET /amp.php?products/114ty10403 HTTP/1.1" 200 462839 "-" "Mozilla/5.0 AppleWebKit/537.36 (KHTML, like Gecko; compatible; GPTBot/1.2; +https://openai.com/gptbot)"
74.91.19.178 - - [23/Oct/2025:15:11:36 +0300] "GET /wp-includes/install.php HTTP/1.1" 200 6 "https://avocor.eu/wp-includes/install.php" "Mozilla/5.0 (Windows NT 10.0; Win64; x64) AppleWebKit/537.36 (KHTML, like Gecko) Chrome/58.0.3029.110 Safari/537.3"
20.171.207.222 - - [23/Oct/2025:15:11:37 +0300] "GET /amp.php?products/286ru19693 HTTP/1.1" 200 462016 "-" "Mozilla/5.0 AppleWebKit/537.36 (KHTML, like Gecko; compatible; GPTBot/1.2; +https://openai.com/gptbot)"
74.91.19.178 - - [23/Oct/2025:15:11:38 +0300] "GET /wp-includes/install.php HTTP/1.1" 200 6 "https://avocor.eu/wp-includes/install.php" "Mozilla/5.0 (Windows NT 10.0; Win64; x64) AppleWebKit/537.36 (KHTML, like Gecko) Chrome/58.0.3029.110 Safari/537.3"
144.76.19.75 - - [23/Oct/2025:15:11:38 +0300] "GET /amp.php?m056022644?srsltid=AfmBOoKxSMbMVvPZG4ixNe_4TVih0vtCR_NLgyiv1w-K-ve2tDIpK5 HTTP/1.1" 200 465038 "-" "Mozilla/5.0 (compatible; BLEXBot/1.0; +https://help.seranking.com/en/blex-crawler)"
74.91.19.178 - - [23/Oct/2025:15:11:39 +0300] "GET /wp-includes/install.php HTTP/1.1" 200 6 "https://avocor.eu/wp-includes/install.php" "Mozilla/5.0 (Windows NT 10.0; Win64; x64) AppleWebKit/537.36 (KHTML, like Gecko) Chrome/58.0.3029.110 Safari/537.3"
20.171.207.222 - - [23/Oct/2025:15:11:39 +0300] "GET /amp.php?products/145gz44942 HTTP/1.1" 200 463591 "-" "Mozilla/5.0 AppleWebKit/537.36 (KHTML, like Gecko; compatible; GPTBot/1.2; +https://openai.com/gptbot)"
74.91.19.178 - - [23/Oct/2025:15:11:40 +0300] "GET /wp-includes/install.php HTTP/1.1" 200 6 "https://avocor.eu/wp-includes/install.php" "Mozilla/5.0 (Windows NT 10.0; Win64; x64) AppleWebKit/537.36 (KHTML, like Gecko) Chrome/58.0.3029.110 Safari/537.3"
20.171.207.222 - - [23/Oct/2025:15:11:41 +0300] "GET /amp.php?products/296lt22877 HTTP/1.1" 200 464212 "-" "Mozilla/5.0 AppleWebKit/537.36 (KHTML, like Gecko; compatible; GPTBot/1.2; +https://openai.com/gptbot)"
144.76.19.75 - - [23/Oct/2025:15:11:43 +0300] "GET /amp.php?m003048129?srsltid=AfmBOoYDNqZUsYGpWXxj7t_PWizMZUaBx_Q5ktiqgB-L-j1wn7Gt2B HTTP/1.1" 200 461095 "-" "Mozilla/5.0 (compatible; BLEXBot/1.0; +https://help.seranking.com/en/blex-crawler)"
20.171.207.222 - - [23/Oct/2025:15:11:43 +0300] "GET /amp.php?products/296tz22893 HTTP/1.1" 200 467319 "-" "Mozilla/5.0 AppleWebKit/537.36 (KHTML, like Gecko; compatible; GPTBot/1.2; +https://openai.com/gptbot)"
74.91.19.178 - - [23/Oct/2025:15:11:45 +0300] "GET /wp-includes/install.php HTTP/1.1" 200 6 "https://avocor.eu/wp-includes/install.php" "Mozilla/5.0 (Windows NT 10.0; Win64; x64) AppleWebKit/537.36 (KHTML, like Gecko) Chrome/58.0.3029.110 Safari/537.3"
20.171.207.222 - - [23/Oct/2025:15:11:45 +0300] "GET /amp.php?products/255ir48522 HTTP/1.1" 200 464004 "-" "Mozilla/5.0 AppleWebKit/537.36 (KHTML, like Gecko; compatible; GPTBot/1.2; +https://openai.com/gptbot)"
20.171.207.222 - - [23/Oct/2025:15:11:46 +0300] "GET /amp.php?products/266es25469 HTTP/1.1" 200 461272 "-" "Mozilla/5.0 AppleWebKit/537.36 (KHTML, like Gecko; compatible; GPTBot/1.2; +https://openai.com/gptbot)"
144.76.19.75 - - [23/Oct/2025:15:11:47 +0300] "GET /amp.php?m056022648?srsltid=AfmBOoqiKKwyyZdYve2tDI_fq3IQElK8m_ezbqgNQ7-I-ILa37nCot HTTP/1.1" 200 491321 "-" "Mozilla/5.0 (compatible; BLEXBot/1.0; +https://help.seranking.com/en/blex-crawler)"
20.171.207.222 - - [23/Oct/2025:15:11:49 +0300] "GET /amp.php?products/253xw21888 HTTP/1.1" 200 460999 "-" "Mozilla/5.0 AppleWebKit/537.36 (KHTML, like Gecko; compatible; GPTBot/1.2; +https://openai.com/gptbot)"
20.171.207.222 - - [23/Oct/2025:15:11:51 +0300] "GET /amp.php?products/114zj24425 HTTP/1.1" 200 468011 "-" "Mozilla/5.0 AppleWebKit/537.36 (KHTML, like Gecko; compatible; GPTBot/1.2; +https://openai.com/gptbot)"
66.249.75.102 - - [23/Oct/2025:15:11:52 +0300] "GET /136029261.htm HTTP/1.1" 200 114692 "-" "Mozilla/5.0 (Linux; Android 6.0.1; Nexus 5X Build/MMB29P) AppleWebKit/537.36 (KHTML, like Gecko) Chrome/141.0.7390.107 Mobile Safari/537.36 (compatible; Googlebot/2.1; +http://www.google.com/bot.html)"
144.76.19.75 - - [23/Oct/2025:15:11:51 +0300] "GET /amp.php?m003048131?srsltid=AfmBOocRuduLQqVZQ5ktiq_PM0LXSO9he_j1wn7Gt2-M-U5JLwOF4f HTTP/1.1" 200 464159 "-" "Mozilla/5.0 (compatible; BLEXBot/1.0; +https://help.seranking.com/en/blex-crawler)"
20.171.207.222 - - [23/Oct/2025:15:11:52 +0300] "GET /amp.php?products/145sr44714 HTTP/1.1" 200 463424 "-" "Mozilla/5.0 AppleWebKit/537.36 (KHTML, like Gecko; compatible; GPTBot/1.2; +https://openai.com/gptbot)"
66.249.75.103 - - [23/Oct/2025:15:11:53 +0300] "GET /project/officially15/n2a2y-36749/ HTTP/1.1" 200 116694 "-" "Mozilla/5.0 (Linux; Android 6.0.1; Nexus 5X Build/MMB29P) AppleWebKit/537.36 (KHTML, like Gecko) Chrome/141.0.7390.107 Mobile Safari/537.36 (compatible; GoogleOther)"
20.171.207.222 - - [23/Oct/2025:15:11:54 +0300] "GET /amp.php?products/286ac19441 HTTP/1.1" 200 461163 "-" "Mozilla/5.0 AppleWebKit/537.36 (KHTML, like Gecko; compatible; GPTBot/1.2; +https://openai.com/gptbot)"
66.249.75.103 - - [23/Oct/2025:15:11:55 +0300] "GET /event/sixth63/b2dvo-32911/ HTTP/1.1" 200 114227 "-" "Mozilla/5.0 (compatible; Googlebot/2.1; +http://www.google.com/bot.html)"
144.76.19.75 - - [23/Oct/2025:15:11:56 +0300] "GET /amp.php?m056022652?srsltid=AfmBOoMpdLNthXFWILa37n_8c12opna92_zJGEta6N-R-RPhD59RUL HTTP/1.1" 200 487188 "-" "Mozilla/5.0 (compatible; BLEXBot/1.0; +https://help.seranking.com/en/blex-crawler)"
20.171.207.222 - - [23/Oct/2025:15:11:56 +0300] "GET /amp.php?products/114zs24439 HTTP/1.1" 200 465740 "-" "Mozilla/5.0 AppleWebKit/537.36 (KHTML, like Gecko; compatible; GPTBot/1.2; +https://openai.com/gptbot)"
74.91.19.178 - - [23/Oct/2025:15:11:58 +0300] "GET /wp-includes/install.php HTTP/1.1" 200 6 "https://avocor.eu/wp-includes/install.php" "Mozilla/5.0 (Windows NT 10.0; Win64; x64) AppleWebKit/537.36 (KHTML, like Gecko) Chrome/58.0.3029.110 Safari/537.3"
20.171.207.222 - - [23/Oct/2025:15:11:58 +0300] "GET /amp.php?products/109jj44644 HTTP/1.1" 200 462194 "-" "Mozilla/5.0 AppleWebKit/537.36 (KHTML, like Gecko; compatible; GPTBot/1.2; +https://openai.com/gptbot)"
20.171.207.222 - - [23/Oct/2025:15:12:00 +0300] "GET /amp.php?products/33to30040 HTTP/1.1" 200 477728 "-" "Mozilla/5.0 AppleWebKit/537.36 (KHTML, like Gecko; compatible; GPTBot/1.2; +https://openai.com/gptbot)"
144.76.19.75 - - [23/Oct/2025:15:12:00 +0300] "GET /amp.php?m003048133?srsltid=AfmBOoSqslOuWNJdj1wn7G_umP6GewIkR_U5JLwOF4-M-5iMxhnTZt HTTP/1.1" 200 463033 "-" "Mozilla/5.0 (compatible; BLEXBot/1.0; +https://help.seranking.com/en/blex-crawler)"
74.91.19.178 - - [23/Oct/2025:15:12:02 +0300] "GET /wp-includes/install.php HTTP/1.1" 200 6 "https://avocor.eu/wp-includes/install.php" "Mozilla/5.0 (Windows NT 10.0; Win64; x64) AppleWebKit/537.36 (KHTML, like Gecko) Chrome/58.0.3029.110 Safari/537.3"
20.171.207.222 - - [23/Oct/2025:15:12:02 +0300] "GET /amp.php?products/266tw26849 HTTP/1.1" 200 461509 "-" "Mozilla/5.0 AppleWebKit/537.36 (KHTML, like Gecko; compatible; GPTBot/1.2; +https://openai.com/gptbot)"
20.171.207.222 - - [23/Oct/2025:15:12:03 +0300] "GET /amp.php?products/186rv11823 HTTP/1.1" 200 482386 "-" "Mozilla/5.0 AppleWebKit/537.36 (KHTML, like Gecko; compatible; GPTBot/1.2; +https://openai.com/gptbot)"
144.76.19.75 - - [23/Oct/2025:15:12:04 +0300] "GET /amp.php?m056022660?srsltid=AfmBOoJzhKuOwqYbFyGUcP_9R18dnrVCY_MIncTZpL-C-5PgN8JbwH HTTP/1.1" 200 464262 "-" "Mozilla/5.0 (compatible; BLEXBot/1.0; +https://help.seranking.com/en/blex-crawler)"
74.91.19.178 - - [23/Oct/2025:15:12:06 +0300] "GET /wp-includes/install.php HTTP/1.1" 200 6 "https://avocor.eu/wp-includes/install.php" "Mozilla/5.0 (Windows NT 10.0; Win64; x64) AppleWebKit/537.36 (KHTML, like Gecko) Chrome/58.0.3029.110 Safari/537.3"
20.171.207.222 - - [23/Oct/2025:15:12:05 +0300] "GET /amp.php?products/183pp1722 HTTP/1.1" 200 495727 "-" "Mozilla/5.0 AppleWebKit/537.36 (KHTML, like Gecko; compatible; GPTBot/1.2; +https://openai.com/gptbot)"
20.171.207.222 - - [23/Oct/2025:15:12:07 +0300] "GET /amp.php?products/266so26847 HTTP/1.1" 200 462506 "-" "Mozilla/5.0 AppleWebKit/537.36 (KHTML, like Gecko; compatible; GPTBot/1.2; +https://openai.com/gptbot)"
74.91.19.178 - - [23/Oct/2025:15:12:09 +0300] "GET /wp-includes/install.php HTTP/1.1" 200 6 "https://avocor.eu/wp-includes/install.php" "Mozilla/5.0 (Windows NT 10.0; Win64; x64) AppleWebKit/537.36 (KHTML, like Gecko) Chrome/58.0.3029.110 Safari/537.3"
144.76.19.75 - - [23/Oct/2025:15:12:09 +0300] "GET /amp.php?m003048135?srsltid=AfmBOoNAYbwyIZssU5JLwO_eRWTJnvdOs_5iMxhnTZ-R-8hKpPHAv9 HTTP/1.1" 200 461925 "-" "Mozilla/5.0 (compatible; BLEXBot/1.0; +https://help.seranking.com/en/blex-crawler)"
20.171.207.222 - - [23/Oct/2025:15:12:09 +0300] "GET /amp.php?products/114ck42717 HTTP/1.1" 200 464188 "-" "Mozilla/5.0 AppleWebKit/537.36 (KHTML, like Gecko; compatible; GPTBot/1.2; +https://openai.com/gptbot)"
20.171.207.222 - - [23/Oct/2025:15:12:11 +0300] "GET /amp.php?products/33ax30090 HTTP/1.1" 200 477558 "-" "Mozilla/5.0 AppleWebKit/537.36 (KHTML, like Gecko; compatible; GPTBot/1.2; +https://openai.com/gptbot)"
20.171.207.222 - - [23/Oct/2025:15:12:13 +0300] "GET /amp.php?products/266wh25973 HTTP/1.1" 200 461303 "-" "Mozilla/5.0 AppleWebKit/537.36 (KHTML, like Gecko; compatible; GPTBot/1.2; +https://openai.com/gptbot)"
144.76.19.75 - - [23/Oct/2025:15:12:13 +0300] "GET /amp.php?m056022664?srsltid=AfmBOoAQshDRsHSF5PgN8J_P5IQJwagSi_4MKNFlEd-J-70zNdlSqc HTTP/1.1" 200 476375 "-" "Mozilla/5.0 (compatible; BLEXBot/1.0; +https://help.seranking.com/en/blex-crawler)"
20.171.207.222 - - [23/Oct/2025:15:12:15 +0300] "GET /amp.php?products/126wt42969 HTTP/1.1" 200 479970 "-" "Mozilla/5.0 AppleWebKit/537.36 (KHTML, like Gecko; compatible; GPTBot/1.2; +https://openai.com/gptbot)"
20.171.207.222 - - [23/Oct/2025:15:12:17 +0300] "GET /amp.php?products/186kd11833 HTTP/1.1" 200 496199 "-" "Mozilla/5.0 AppleWebKit/537.36 (KHTML, like Gecko; compatible; GPTBot/1.2; +https://openai.com/gptbot)"
74.91.19.178 - - [23/Oct/2025:15:12:18 +0300] "GET /wp-includes/install.php HTTP/1.1" 200 6 "https://avocor.eu/wp-includes/install.php" "Mozilla/5.0 (Windows NT 10.0; Win64; x64) AppleWebKit/537.36 (KHTML, like Gecko) Chrome/58.0.3029.110 Safari/537.3"
144.76.19.75 - - [23/Oct/2025:15:12:17 +0300] "GET /amp.php?m003048137?srsltid=AfmBOoYgDHacmmbG5iMxhn_lnhTw84fB7_8hKpPHAv-R-4GglX8AcG HTTP/1.1" 200 461823 "-" "Mozilla/5.0 (compatible; BLEXBot/1.0; +https://help.seranking.com/en/blex-crawler)"
20.171.207.222 - - [23/Oct/2025:15:12:18 +0300] "GET /amp.php?products/109za29402 HTTP/1.1" 200 464352 "-" "Mozilla/5.0 AppleWebKit/537.36 (KHTML, like Gecko; compatible; GPTBot/1.2; +https://openai.com/gptbot)"
74.91.19.178 - - [23/Oct/2025:15:12:19 +0300] "GET /wp-includes/install.php HTTP/1.1" 200 6 "https://avocor.eu/wp-includes/install.php" "Mozilla/5.0 (Windows NT 10.0; Win64; x64) AppleWebKit/537.36 (KHTML, like Gecko) Chrome/58.0.3029.110 Safari/537.3"
74.91.19.178 - - [23/Oct/2025:15:12:21 +0300] "GET /wp-includes/install.php HTTP/1.1" 200 6 "https://avocor.eu/wp-includes/install.php" "Mozilla/5.0 (Windows NT 10.0; Win64; x64) AppleWebKit/537.36 (KHTML, like Gecko) Chrome/58.0.3029.110 Safari/537.3"
74.91.19.178 - - [23/Oct/2025:15:10:55 +0300] "GET /wp-includes/install.php HTTP/1.1" 200 - "https://avocor.eu/wp-includes/install.php" "Mozilla/5.0 (Windows NT 10.0; Win64; x64) AppleWebKit/537.36 (KHTML, like Gecko) Chrome/58.0.3029.110 Safari/537.3"
20.171.207.222 - - [23/Oct/2025:15:12:21 +0300] "GET /amp.php?products/101pu15692 HTTP/1.1" 200 461688 "-" "Mozilla/5.0 AppleWebKit/537.36 (KHTML, like Gecko; compatible; GPTBot/1.2; +https://openai.com/gptbot)"
144.76.19.75 - - [23/Oct/2025:15:12:21 +0300] "GET /amp.php?m056022666?srsltid=AfmBOohJfMNeHguV4MKNFl_VbM5OaYgvr_70zNdlSq-M-ghKwzeyry HTTP/1.1" 200 467528 "-" "Mozilla/5.0 (compatible; BLEXBot/1.0; +https://help.seranking.com/en/blex-crawler)"
20.171.207.222 - - [23/Oct/2025:15:12:23 +0300] "GET /amp.php?products/154yn41485 HTTP/1.1" 200 463534 "-" "Mozilla/5.0 AppleWebKit/537.36 (KHTML, like Gecko; compatible; GPTBot/1.2; +https://openai.com/gptbot)"
20.171.207.222 - - [23/Oct/2025:15:12:24 +0300] "GET /amp.php?products/33mg30032 HTTP/1.1" 200 475922 "-" "Mozilla/5.0 AppleWebKit/537.36 (KHTML, like Gecko; compatible; GPTBot/1.2; +https://openai.com/gptbot)"
144.76.19.75 - - [23/Oct/2025:15:12:26 +0300] "GET /amp.php?m003048139?srsltid=AfmBOoSHHlJJjGPX8hKpPH_N5jvVTSoCj_4GglX8Ac-J-zgYdiB1Um HTTP/1.1" 200 462526 "-" "Mozilla/5.0 (compatible; BLEXBot/1.0; +https://help.seranking.com/en/blex-crawler)"
20.171.207.222 - - [23/Oct/2025:15:12:26 +0300] "GET /amp.php?products/33zm30030 HTTP/1.1" 200 474885 "-" "Mozilla/5.0 AppleWebKit/537.36 (KHTML, like Gecko; compatible; GPTBot/1.2; +https://openai.com/gptbot)"
20.171.207.222 - - [23/Oct/2025:15:12:28 +0300] "GET /amp.php?products/186cp12005 HTTP/1.1" 200 478847 "-" "Mozilla/5.0 AppleWebKit/537.36 (KHTML, like Gecko; compatible; GPTBot/1.2; +https://openai.com/gptbot)"
20.171.207.222 - - [23/Oct/2025:15:12:30 +0300] "GET /amp.php?products/144us46263 HTTP/1.1" 200 463507 "-" "Mozilla/5.0 AppleWebKit/537.36 (KHTML, like Gecko; compatible; GPTBot/1.2; +https://openai.com/gptbot)"
