20.171.207.222 - - [23/Oct/2025:16:22:49 +0300] "GET /amp.php?products/173dl17812 HTTP/1.1" 200 467478 "-" "Mozilla/5.0 AppleWebKit/537.36 (KHTML, like Gecko; compatible; GPTBot/1.2; +https://openai.com/gptbot)"
144.76.19.75 - - [23/Oct/2025:16:22:49 +0300] "GET /amp.php?m003049395?srsltid=AfmBOomfnybwKoUYPtnRcV_szUZAQ9eJ4_9eMOGZBX-H-nyVl9DNhs HTTP/1.1" 200 465203 "-" "Mozilla/5.0 (compatible; BLEXBot/1.0; +https://help.seranking.com/en/blex-crawler)"
20.171.207.222 - - [23/Oct/2025:16:22:51 +0300] "GET /amp.php?products/188oa13539 HTTP/1.1" 200 464819 "-" "Mozilla/5.0 AppleWebKit/537.36 (KHTML, like Gecko; compatible; GPTBot/1.2; +https://openai.com/gptbot)"
20.171.207.222 - - [23/Oct/2025:16:22:53 +0300] "GET /amp.php?products/274ud41011 HTTP/1.1" 200 463283 "-" "Mozilla/5.0 AppleWebKit/537.36 (KHTML, like Gecko; compatible; GPTBot/1.2; +https://openai.com/gptbot)"
144.76.19.75 - - [23/Oct/2025:16:22:54 +0300] "GET /amp.php?m056024228?srsltid=AfmBOoqAPNUSyVqMJ5NVQu_g4qeMlKBH2_XnS7CybU-N-Qto68y3bq HTTP/1.1" 200 469039 "-" "Mozilla/5.0 (compatible; BLEXBot/1.0; +https://help.seranking.com/en/blex-crawler)"
20.171.207.222 - - [23/Oct/2025:16:22:55 +0300] "GET /amp.php?products/223hu47686 HTTP/1.1" 200 468270 "-" "Mozilla/5.0 AppleWebKit/537.36 (KHTML, like Gecko; compatible; GPTBot/1.2; +https://openai.com/gptbot)"
20.171.207.222 - - [23/Oct/2025:16:22:57 +0300] "GET /amp.php?products/205rk20690 HTTP/1.1" 200 464734 "-" "Mozilla/5.0 AppleWebKit/537.36 (KHTML, like Gecko; compatible; GPTBot/1.2; +https://openai.com/gptbot)"
144.76.19.75 - - [23/Oct/2025:16:22:58 +0300] "GET /amp.php?m003049397?srsltid=AfmBOoIGSEkuaKog9eMOGZ_QTf87GruLR_nyVl9DNh-O-VxjFhZGFZ HTTP/1.1" 200 463356 "-" "Mozilla/5.0 (compatible; BLEXBot/1.0; +https://help.seranking.com/en/blex-crawler)"
20.171.207.222 - - [23/Oct/2025:16:22:59 +0300] "GET /amp.php?products/266rs38689 HTTP/1.1" 200 486514 "-" "Mozilla/5.0 AppleWebKit/537.36 (KHTML, like Gecko; compatible; GPTBot/1.2; +https://openai.com/gptbot)"
20.171.207.222 - - [23/Oct/2025:16:23:01 +0300] "GET /amp.php?products/138ti13093 HTTP/1.1" 200 472348 "-" "Mozilla/5.0 AppleWebKit/537.36 (KHTML, like Gecko; compatible; GPTBot/1.2; +https://openai.com/gptbot)"
144.76.19.75 - - [23/Oct/2025:16:23:02 +0300] "GET /amp.php?m056024230?srsltid=AfmBOoAMIUwXQUceXnS7Cy_0K9BiEtGUz_Qto68y3b-U-eDMI7ugpM HTTP/1.1" 200 464111 "-" "Mozilla/5.0 (compatible; BLEXBot/1.0; +https://help.seranking.com/en/blex-crawler)"
20.171.207.222 - - [23/Oct/2025:16:23:02 +0300] "GET /amp.php?products/177qm34176 HTTP/1.1" 200 468655 "-" "Mozilla/5.0 AppleWebKit/537.36 (KHTML, like Gecko; compatible; GPTBot/1.2; +https://openai.com/gptbot)"
20.171.207.222 - - [23/Oct/2025:16:23:04 +0300] "GET /amp.php?m157014827?srsltid=AfmBOoWIgXSOtVOML4nKYk_2GzsB10gAl_JIFO49Xg-W-4PL6ymp4u HTTP/1.1" 200 481857 "-" "Mozilla/5.0 AppleWebKit/537.36 (KHTML, like Gecko; compatible; GPTBot/1.2; +https://openai.com/gptbot)"
20.171.207.222 - - [23/Oct/2025:16:23:07 +0300] "GET /amp.php?products/223tr47350 HTTP/1.1" 200 468616 "-" "Mozilla/5.0 AppleWebKit/537.36 (KHTML, like Gecko; compatible; GPTBot/1.2; +https://openai.com/gptbot)"
144.76.19.75 - - [23/Oct/2025:16:23:07 +0300] "GET /amp.php?m003049399?srsltid=AfmBOoQEAJxbdEkwnyVl9D_MoZlQwhJQh_VxjFhZGF-Y-Fl9zVlzWB HTTP/1.1" 200 462442 "-" "Mozilla/5.0 (compatible; BLEXBot/1.0; +https://help.seranking.com/en/blex-crawler)"
20.171.207.222 - - [23/Oct/2025:16:23:08 +0300] "GET /amp.php?products/274rd40843 HTTP/1.1" 200 463381 "-" "Mozilla/5.0 AppleWebKit/537.36 (KHTML, like Gecko; compatible; GPTBot/1.2; +https://openai.com/gptbot)"
74.91.19.178 - - [23/Oct/2025:16:23:11 +0300] "GET /wp-includes/install.php HTTP/1.1" 200 6 "https://avocor.eu/wp-includes/install.php" "Mozilla/5.0 (Windows NT 10.0; Win64; x64) AppleWebKit/537.36 (KHTML, like Gecko) Chrome/58.0.3029.110 Safari/537.3"
20.171.207.222 - - [23/Oct/2025:16:23:10 +0300] "GET /amp.php?products/205ow20982 HTTP/1.1" 200 466670 "-" "Mozilla/5.0 AppleWebKit/537.36 (KHTML, like Gecko; compatible; GPTBot/1.2; +https://openai.com/gptbot)"
144.76.19.75 - - [23/Oct/2025:16:23:11 +0300] "GET /amp.php?m056024234?srsltid=AfmBOoAmgSvzVyhVeDMI7u_8MoE2lwMKM_bE4fFzbH-F-mMQtzHzpt HTTP/1.1" 200 461692 "-" "Mozilla/5.0 (compatible; BLEXBot/1.0; +https://help.seranking.com/en/blex-crawler)"
20.171.207.222 - - [23/Oct/2025:16:23:12 +0300] "GET /amp.php?products/125pk41186 HTTP/1.1" 200 463854 "-" "Mozilla/5.0 AppleWebKit/537.36 (KHTML, like Gecko; compatible; GPTBot/1.2; +https://openai.com/gptbot)"
20.171.207.222 - - [23/Oct/2025:16:23:14 +0300] "GET /amp.php?products/205re20980 HTTP/1.1" 200 460780 "-" "Mozilla/5.0 AppleWebKit/537.36 (KHTML, like Gecko; compatible; GPTBot/1.2; +https://openai.com/gptbot)"
77.75.76.170 - - [23/Oct/2025:16:23:15 +0300] "GET /011026130.htm HTTP/1.1" 200 - "-" "Mozilla/5.0 (compatible; SeznamBot/4.0; +https://o-seznam.cz/napoveda/vyhledavani/en/seznambot-crawler/)"
144.76.19.75 - - [23/Oct/2025:16:23:15 +0300] "GET /amp.php?m003049401?srsltid=AfmBOodlmfMTIbeyVxjFhZ_Q3ayYAaYwQ_Fl9zVlzW-Y-Dcexc16JN HTTP/1.1" 200 462299 "-" "Mozilla/5.0 (compatible; BLEXBot/1.0; +https://help.seranking.com/en/blex-crawler)"
20.171.207.222 - - [23/Oct/2025:16:23:16 +0300] "GET /amp.php?products/138gt12323 HTTP/1.1" 200 464090 "-" "Mozilla/5.0 AppleWebKit/537.36 (KHTML, like Gecko; compatible; GPTBot/1.2; +https://openai.com/gptbot)"
20.171.207.222 - - [23/Oct/2025:16:23:18 +0300] "GET /amp.php?products/157oy14814 HTTP/1.1" 200 466107 "-" "Mozilla/5.0 AppleWebKit/537.36 (KHTML, like Gecko; compatible; GPTBot/1.2; +https://openai.com/gptbot)"
144.76.19.75 - - [23/Oct/2025:16:23:19 +0300] "GET /amp.php?m056024236?srsltid=AfmBOoQxeuVrAVSSbE4fFz_phHyFOaOVF_mMQtzHzp-X-UAcGcwAhf HTTP/1.1" 200 462468 "-" "Mozilla/5.0 (compatible; BLEXBot/1.0; +https://help.seranking.com/en/blex-crawler)"
20.171.207.222 - - [23/Oct/2025:16:23:19 +0300] "GET /amp.php?products/205rj29254 HTTP/1.1" 200 467711 "-" "Mozilla/5.0 AppleWebKit/537.36 (KHTML, like Gecko; compatible; GPTBot/1.2; +https://openai.com/gptbot)"
20.171.207.222 - - [23/Oct/2025:16:23:21 +0300] "GET /amp.php?products/205as20800 HTTP/1.1" 200 466948 "-" "Mozilla/5.0 AppleWebKit/537.36 (KHTML, like Gecko; compatible; GPTBot/1.2; +https://openai.com/gptbot)"
20.171.207.222 - - [23/Oct/2025:16:23:23 +0300] "GET /amp.php?products/263st24154 HTTP/1.1" 200 462684 "-" "Mozilla/5.0 AppleWebKit/537.36 (KHTML, like Gecko; compatible; GPTBot/1.2; +https://openai.com/gptbot)"
144.76.19.75 - - [23/Oct/2025:16:23:24 +0300] "GET /amp.php?m003049403?srsltid=AfmBOociRtAwGjCVFl9zVl_UgeXUe40JA_Dcexc16J-C-XD2r6oHCw HTTP/1.1" 200 463918 "-" "Mozilla/5.0 (compatible; BLEXBot/1.0; +https://help.seranking.com/en/blex-crawler)"
20.171.207.222 - - [23/Oct/2025:16:23:25 +0300] "GET /amp.php?products/205pm20802 HTTP/1.1" 200 464830 "-" "Mozilla/5.0 AppleWebKit/537.36 (KHTML, like Gecko; compatible; GPTBot/1.2; +https://openai.com/gptbot)"
20.171.207.222 - - [23/Oct/2025:16:23:27 +0300] "GET /amp.php?products/274zo40477 HTTP/1.1" 200 463235 "-" "Mozilla/5.0 AppleWebKit/537.36 (KHTML, like Gecko; compatible; GPTBot/1.2; +https://openai.com/gptbot)"
144.76.19.75 - - [23/Oct/2025:16:23:28 +0300] "GET /amp.php?m056024238?srsltid=AfmBOoVXJFQJzzlCmMQtzH_9pabtbTanZ_UAcGcwAh-O-4C4DrizXE HTTP/1.1" 200 462526 "-" "Mozilla/5.0 (compatible; BLEXBot/1.0; +https://help.seranking.com/en/blex-crawler)"
20.171.207.222 - - [23/Oct/2025:16:23:29 +0300] "GET /amp.php?products/45ls48888 HTTP/1.1" 200 463555 "-" "Mozilla/5.0 AppleWebKit/537.36 (KHTML, like Gecko; compatible; GPTBot/1.2; +https://openai.com/gptbot)"
20.171.207.222 - - [23/Oct/2025:16:23:31 +0300] "GET /amp.php?products/205tv21050 HTTP/1.1" 200 464762 "-" "Mozilla/5.0 AppleWebKit/537.36 (KHTML, like Gecko; compatible; GPTBot/1.2; +https://openai.com/gptbot)"
74.91.19.178 - - [23/Oct/2025:16:23:33 +0300] "GET /wp-includes/install.php HTTP/1.1" 200 6 "https://avocor.eu/wp-includes/install.php" "Mozilla/5.0 (Windows NT 10.0; Win64; x64) AppleWebKit/537.36 (KHTML, like Gecko) Chrome/58.0.3029.110 Safari/537.3"
144.76.19.75 - - [23/Oct/2025:16:23:32 +0300] "GET /amp.php?m003049409?srsltid=AfmBOoOnNIZtvHBYkKdrIB_2gLOWa2sBu_KYxngSo7-T-Ao1P8tW9j HTTP/1.1" 200 464844 "-" "Mozilla/5.0 (compatible; BLEXBot/1.0; +https://help.seranking.com/en/blex-crawler)"
20.171.207.222 - - [23/Oct/2025:16:23:33 +0300] "GET /amp.php?products/138hd12713 HTTP/1.1" 200 463568 "-" "Mozilla/5.0 AppleWebKit/537.36 (KHTML, like Gecko; compatible; GPTBot/1.2; +https://openai.com/gptbot)"
74.91.19.178 - - [23/Oct/2025:16:23:35 +0300] "GET /wp-includes/install.php HTTP/1.1" 200 6 "https://avocor.eu/wp-includes/install.php" "Mozilla/5.0 (Windows NT 10.0; Win64; x64) AppleWebKit/537.36 (KHTML, like Gecko) Chrome/58.0.3029.110 Safari/537.3"
20.171.207.222 - - [23/Oct/2025:16:23:35 +0300] "GET /amp.php?products/205ja20904 HTTP/1.1" 200 467422 "-" "Mozilla/5.0 AppleWebKit/537.36 (KHTML, like Gecko; compatible; GPTBot/1.2; +https://openai.com/gptbot)"
20.171.207.222 - - [23/Oct/2025:16:23:36 +0300] "GET /amp.php?products/205cn20906 HTTP/1.1" 200 465047 "-" "Mozilla/5.0 AppleWebKit/537.36 (KHTML, like Gecko; compatible; GPTBot/1.2; +https://openai.com/gptbot)"
144.76.19.75 - - [23/Oct/2025:16:23:37 +0300] "GET /amp.php?m056024240?srsltid=AfmBOowKKXMMEeYrUAcGcw_9QbQr9PIhL_4C4DrizX-P-eNu6PrT51 HTTP/1.1" 200 464781 "-" "Mozilla/5.0 (compatible; BLEXBot/1.0; +https://help.seranking.com/en/blex-crawler)"
74.91.19.178 - - [23/Oct/2025:16:23:38 +0300] "GET /wp-includes/install.php HTTP/1.1" 200 6 "https://avocor.eu/wp-includes/install.php" "Mozilla/5.0 (Windows NT 10.0; Win64; x64) AppleWebKit/537.36 (KHTML, like Gecko) Chrome/58.0.3029.110 Safari/537.3"
20.171.207.222 - - [23/Oct/2025:16:23:38 +0300] "GET /amp.php?products/205us21058 HTTP/1.1" 200 462067 "-" "Mozilla/5.0 AppleWebKit/537.36 (KHTML, like Gecko; compatible; GPTBot/1.2; +https://openai.com/gptbot)"
20.171.207.222 - - [23/Oct/2025:16:23:40 +0300] "GET /amp.php?products/205qt20720 HTTP/1.1" 200 463496 "-" "Mozilla/5.0 AppleWebKit/537.36 (KHTML, like Gecko; compatible; GPTBot/1.2; +https://openai.com/gptbot)"
144.76.19.75 - - [23/Oct/2025:16:23:41 +0300] "GET /amp.php?m003049427?srsltid=AfmBOoPESQtqzahjl6OaQk_sM9ylQffBt_gMydnllP-O-oLHff7GnV HTTP/1.1" 200 463828 "-" "Mozilla/5.0 (compatible; BLEXBot/1.0; +https://help.seranking.com/en/blex-crawler)"
20.171.207.222 - - [23/Oct/2025:16:23:42 +0300] "GET /amp.php?products/138ah12717 HTTP/1.1" 200 466424 "-" "Mozilla/5.0 AppleWebKit/537.36 (KHTML, like Gecko; compatible; GPTBot/1.2; +https://openai.com/gptbot)"
20.171.207.222 - - [23/Oct/2025:16:23:44 +0300] "GET /amp.php?products/119pg48010 HTTP/1.1" 200 478857 "-" "Mozilla/5.0 AppleWebKit/537.36 (KHTML, like Gecko; compatible; GPTBot/1.2; +https://openai.com/gptbot)"
74.91.19.178 - - [23/Oct/2025:16:23:45 +0300] "GET /wp-includes/install.php HTTP/1.1" 200 6 "https://avocor.eu/wp-includes/install.php" "Mozilla/5.0 (Windows NT 10.0; Win64; x64) AppleWebKit/537.36 (KHTML, like Gecko) Chrome/58.0.3029.110 Safari/537.3"
144.76.19.75 - - [23/Oct/2025:16:23:45 +0300] "GET /amp.php?m056024248?srsltid=AfmBOoKepaRjlNyl8tW2Ij_y75i8N3L8j_Qw64aEU4-M-2U6aIUv3y HTTP/1.1" 200 463524 "-" "Mozilla/5.0 (compatible; BLEXBot/1.0; +https://help.seranking.com/en/blex-crawler)"
20.171.207.222 - - [23/Oct/2025:16:23:46 +0300] "GET /amp.php?products/125au40494 HTTP/1.1" 200 463667 "-" "Mozilla/5.0 AppleWebKit/537.36 (KHTML, like Gecko; compatible; GPTBot/1.2; +https://openai.com/gptbot)"
20.171.207.222 - - [23/Oct/2025:16:23:47 +0300] "GET /amp.php?products/300nh35343 HTTP/1.1" 200 462540 "-" "Mozilla/5.0 AppleWebKit/537.36 (KHTML, like Gecko; compatible; GPTBot/1.2; +https://openai.com/gptbot)"
20.171.207.222 - - [23/Oct/2025:16:23:49 +0300] "GET /amp.php?products/143xr40744 HTTP/1.1" 200 465663 "-" "Mozilla/5.0 AppleWebKit/537.36 (KHTML, like Gecko; compatible; GPTBot/1.2; +https://openai.com/gptbot)"
144.76.19.75 - - [23/Oct/2025:16:23:49 +0300] "GET /amp.php?m003049433?srsltid=AfmBOoLoETVXASWLC44zNF_ffczNK5wLg_YqKH17Wd-F-MPahkNXw4 HTTP/1.1" 200 463713 "-" "Mozilla/5.0 (compatible; BLEXBot/1.0; +https://help.seranking.com/en/blex-crawler)"
74.91.19.178 - - [23/Oct/2025:16:23:51 +0300] "GET /wp-includes/install.php HTTP/1.1" 200 6 "https://avocor.eu/wp-includes/install.php" "Mozilla/5.0 (Windows NT 10.0; Win64; x64) AppleWebKit/537.36 (KHTML, like Gecko) Chrome/58.0.3029.110 Safari/537.3"
20.171.207.222 - - [23/Oct/2025:16:23:51 +0300] "GET /amp.php?products/205lu21522 HTTP/1.1" 200 469266 "-" "Mozilla/5.0 AppleWebKit/537.36 (KHTML, like Gecko; compatible; GPTBot/1.2; +https://openai.com/gptbot)"
20.171.207.222 - - [23/Oct/2025:16:23:53 +0300] "GET /amp.php?products/131oe43456 HTTP/1.1" 200 479331 "-" "Mozilla/5.0 AppleWebKit/537.36 (KHTML, like Gecko; compatible; GPTBot/1.2; +https://openai.com/gptbot)"
74.91.19.178 - - [23/Oct/2025:16:22:28 +0300] "GET /wp-includes/install.php HTTP/1.1" 200 - "https://avocor.eu/wp-includes/install.php" "Mozilla/5.0 (Windows NT 10.0; Win64; x64) AppleWebKit/537.36 (KHTML, like Gecko) Chrome/58.0.3029.110 Safari/537.3"
144.76.19.75 - - [23/Oct/2025:16:23:54 +0300] "GET /amp.php?m056024256?srsltid=AfmBOoarPzmaRykuq3dAD1_LyqHv80XXt_Y6SV1x22-V-UTonRRJcK HTTP/1.1" 200 465129 "-" "Mozilla/5.0 (compatible; BLEXBot/1.0; +https://help.seranking.com/en/blex-crawler)"
20.171.207.222 - - [23/Oct/2025:16:23:55 +0300] "GET /amp.php?products/227ae26294 HTTP/1.1" 200 491215 "-" "Mozilla/5.0 AppleWebKit/537.36 (KHTML, like Gecko; compatible; GPTBot/1.2; +https://openai.com/gptbot)"
20.171.207.222 - - [23/Oct/2025:16:23:57 +0300] "GET /amp.php?products/189ml13880 HTTP/1.1" 200 461959 "-" "Mozilla/5.0 AppleWebKit/537.36 (KHTML, like Gecko; compatible; GPTBot/1.2; +https://openai.com/gptbot)"
144.76.19.75 - - [23/Oct/2025:16:23:58 +0300] "GET /amp.php?m003049435?srsltid=AfmBOoxJeQipatfMYqKH17_LhvA2nkzid_MPahkNXw-Y-O2RvhMrv6 HTTP/1.1" 200 465881 "-" "Mozilla/5.0 (compatible; BLEXBot/1.0; +https://help.seranking.com/en/blex-crawler)"
20.171.207.222 - - [23/Oct/2025:16:23:59 +0300] "GET /amp.php?products/144ax13803 HTTP/1.1" 200 465206 "-" "Mozilla/5.0 AppleWebKit/537.36 (KHTML, like Gecko; compatible; GPTBot/1.2; +https://openai.com/gptbot)"
20.171.207.222 - - [23/Oct/2025:16:24:01 +0300] "GET /amp.php?products/125pm41576 HTTP/1.1" 200 462355 "-" "Mozilla/5.0 AppleWebKit/537.36 (KHTML, like Gecko; compatible; GPTBot/1.2; +https://openai.com/gptbot)"
144.76.19.75 - - [23/Oct/2025:16:24:02 +0300] "GET /amp.php?m056024274?srsltid=AfmBOoclnwEAhDUUa2zxgZ_ag7fBhOrJR_uP1MhNOH-J-Igua0oiFe HTTP/1.1" 200 465991 "-" "Mozilla/5.0 (compatible; BLEXBot/1.0; +https://help.seranking.com/en/blex-crawler)"
20.171.207.222 - - [23/Oct/2025:16:24:03 +0300] "GET /amp.php?products/143zy41354 HTTP/1.1" 200 463551 "-" "Mozilla/5.0 AppleWebKit/537.36 (KHTML, like Gecko; compatible; GPTBot/1.2; +https://openai.com/gptbot)"
20.171.207.222 - - [23/Oct/2025:16:24:05 +0300] "GET /amp.php?products/244za40477 HTTP/1.1" 200 463331 "-" "Mozilla/5.0 AppleWebKit/537.36 (KHTML, like Gecko; compatible; GPTBot/1.2; +https://openai.com/gptbot)"
144.76.19.75 - - [23/Oct/2025:16:24:06 +0300] "GET /amp.php?m003049437?srsltid=AfmBOokIUQRlFYQyMPahkN_uXv5CR8KCl_O2RvhMrv-J-8lqxwlgLG HTTP/1.1" 200 462186 "-" "Mozilla/5.0 (compatible; BLEXBot/1.0; +https://help.seranking.com/en/blex-crawler)"
20.171.207.222 - - [23/Oct/2025:16:24:07 +0300] "GET /amp.php?products/139hg44644 HTTP/1.1" 200 466011 "-" "Mozilla/5.0 AppleWebKit/537.36 (KHTML, like Gecko; compatible; GPTBot/1.2; +https://openai.com/gptbot)"
20.171.207.222 - - [23/Oct/2025:16:24:09 +0300] "GET /amp.php?products/201un17474 HTTP/1.1" 200 465521 "-" "Mozilla/5.0 AppleWebKit/537.36 (KHTML, like Gecko; compatible; GPTBot/1.2; +https://openai.com/gptbot)"
20.171.207.222 - - [23/Oct/2025:16:24:11 +0300] "GET /amp.php?products/144hw13707 HTTP/1.1" 200 465458 "-" "Mozilla/5.0 AppleWebKit/537.36 (KHTML, like Gecko; compatible; GPTBot/1.2; +https://openai.com/gptbot)"
144.76.19.75 - - [23/Oct/2025:16:24:11 +0300] "GET /amp.php?m056024280?srsltid=AfmBOotrFhaXMbvO7sdVgh_tGXDi9b3t5_2zY1GvoZ-K-un3blDUlO HTTP/1.1" 200 474403 "-" "Mozilla/5.0 (compatible; BLEXBot/1.0; +https://help.seranking.com/en/blex-crawler)"
20.171.207.222 - - [23/Oct/2025:16:24:13 +0300] "GET /amp.php?products/276ic16173 HTTP/1.1" 200 464968 "-" "Mozilla/5.0 AppleWebKit/537.36 (KHTML, like Gecko; compatible; GPTBot/1.2; +https://openai.com/gptbot)"
20.171.207.222 - - [23/Oct/2025:16:24:14 +0300] "GET /amp.php?products/227or26392 HTTP/1.1" 200 483782 "-" "Mozilla/5.0 AppleWebKit/537.36 (KHTML, like Gecko; compatible; GPTBot/1.2; +https://openai.com/gptbot)"
144.76.19.75 - - [23/Oct/2025:16:24:15 +0300] "GET /amp.php?m003049439?srsltid=AfmBOomfbOCwuEaTO2RvhM_GnlVLvly9r_8lqxwlgL-A-XOTH2j9JO HTTP/1.1" 200 462542 "-" "Mozilla/5.0 (compatible; BLEXBot/1.0; +https://help.seranking.com/en/blex-crawler)"
208.110.64.178 - - [23/Oct/2025:16:24:17 +0300] "GET /wp-includes/admin.php HTTP/1.1" 200 6 "https://mail.avocor.eu/wp-includes/admin.php" "Mozilla/5.0 (Windows NT 10.0; Win64; x64) AppleWebKit/537.36 (KHTML, like Gecko) Chrome/58.0.3029.110 Safari/537.3"
20.171.207.222 - - [23/Oct/2025:16:24:17 +0300] "GET /amp.php?products/244zn39443 HTTP/1.1" 200 463142 "-" "Mozilla/5.0 AppleWebKit/537.36 (KHTML, like Gecko; compatible; GPTBot/1.2; +https://openai.com/gptbot)"
20.171.207.222 - - [23/Oct/2025:16:24:19 +0300] "GET /amp.php?products/244aq39449 HTTP/1.1" 200 463337 "-" "Mozilla/5.0 AppleWebKit/537.36 (KHTML, like Gecko; compatible; GPTBot/1.2; +https://openai.com/gptbot)"
144.76.19.75 - - [23/Oct/2025:16:24:19 +0300] "GET /amp.php?m056024286?srsltid=AfmBOoESUVtsnVzSlqetye_T3Dt3s0g0c_P64PJCfC-J-JW3QwQFXC HTTP/1.1" 200 470648 "-" "Mozilla/5.0 (compatible; BLEXBot/1.0; +https://help.seranking.com/en/blex-crawler)"
20.171.207.222 - - [23/Oct/2025:16:24:21 +0300] "GET /amp.php?products/73ms29584 HTTP/1.1" 200 463535 "-" "Mozilla/5.0 AppleWebKit/537.36 (KHTML, like Gecko; compatible; GPTBot/1.2; +https://openai.com/gptbot)"
20.171.207.222 - - [23/Oct/2025:16:24:22 +0300] "GET /amp.php?products/144cg13653 HTTP/1.1" 200 468936 "-" "Mozilla/5.0 AppleWebKit/537.36 (KHTML, like Gecko; compatible; GPTBot/1.2; +https://openai.com/gptbot)"
144.76.19.75 - - [23/Oct/2025:16:24:24 +0300] "GET /amp.php?m003049441?srsltid=AfmBOoFUvJuEwYOr8lqxwl_dX3JdIu4U3_XOTH2j9J-E-TQNXgIewa HTTP/1.1" 200 463729 "-" "Mozilla/5.0 (compatible; BLEXBot/1.0; +https://help.seranking.com/en/blex-crawler)"
20.171.207.222 - - [23/Oct/2025:16:24:24 +0300] "GET /amp.php?products/108ex32225 HTTP/1.1" 200 465430 "-" "Mozilla/5.0 AppleWebKit/537.36 (KHTML, like Gecko; compatible; GPTBot/1.2; +https://openai.com/gptbot)"
20.171.207.222 - - [23/Oct/2025:16:24:26 +0300] "GET /amp.php?products/293xt35302 HTTP/1.1" 200 461648 "-" "Mozilla/5.0 AppleWebKit/537.36 (KHTML, like Gecko; compatible; GPTBot/1.2; +https://openai.com/gptbot)"
144.76.19.75 - - [23/Oct/2025:16:24:28 +0300] "GET /amp.php?m056024292?srsltid=AfmBOoTxJhNDTksiwRGR80_PyP2K1f79I_5vTNG37l-B-d7RqIc6Hv HTTP/1.1" 200 463734 "-" "Mozilla/5.0 (compatible; BLEXBot/1.0; +https://help.seranking.com/en/blex-crawler)"
20.171.207.222 - - [23/Oct/2025:16:24:28 +0300] "GET /amp.php?products/99pk49972 HTTP/1.1" 200 467131 "-" "Mozilla/5.0 AppleWebKit/537.36 (KHTML, like Gecko; compatible; GPTBot/1.2; +https://openai.com/gptbot)"
20.171.207.222 - - [23/Oct/2025:16:24:30 +0300] "GET /amp.php?products/244rg39445 HTTP/1.1" 200 461106 "-" "Mozilla/5.0 AppleWebKit/537.36 (KHTML, like Gecko; compatible; GPTBot/1.2; +https://openai.com/gptbot)"
20.171.207.222 - - [23/Oct/2025:16:24:32 +0300] "GET /amp.php?products/227qi27464 HTTP/1.1" 200 463657 "-" "Mozilla/5.0 AppleWebKit/537.36 (KHTML, like Gecko; compatible; GPTBot/1.2; +https://openai.com/gptbot)"
144.76.19.75 - - [23/Oct/2025:16:24:32 +0300] "GET /amp.php?m003049443?srsltid=AfmBOogZuFJfBeymXOTH2j_PkIQh2MPvW_TQNXgIew-T-9eN21kY4H HTTP/1.1" 200 464692 "-" "Mozilla/5.0 (compatible; BLEXBot/1.0; +https://help.seranking.com/en/blex-crawler)"
20.171.207.222 - - [23/Oct/2025:16:24:34 +0300] "GET /amp.php?products/159tl12990 HTTP/1.1" 200 473569 "-" "Mozilla/5.0 AppleWebKit/537.36 (KHTML, like Gecko; compatible; GPTBot/1.2; +https://openai.com/gptbot)"
20.171.207.222 - - [23/Oct/2025:16:24:36 +0300] "GET /amp.php?products/125pm41462 HTTP/1.1" 200 465633 "-" "Mozilla/5.0 AppleWebKit/537.36 (KHTML, like Gecko; compatible; GPTBot/1.2; +https://openai.com/gptbot)"
144.76.19.75 - - [23/Oct/2025:16:24:36 +0300] "GET /amp.php?m056024294?srsltid=AfmBOojHnqFvxwup5vTNG3_AVzaJLlIw6_d7RqIc6H-U-nFRIEsG3M HTTP/1.1" 200 466629 "-" "Mozilla/5.0 (compatible; BLEXBot/1.0; +https://help.seranking.com/en/blex-crawler)"
20.171.207.222 - - [23/Oct/2025:16:24:37 +0300] "GET /amp.php?products/192zh39983 HTTP/1.1" 200 487074 "-" "Mozilla/5.0 AppleWebKit/537.36 (KHTML, like Gecko; compatible; GPTBot/1.2; +https://openai.com/gptbot)"
20.171.207.222 - - [23/Oct/2025:16:24:39 +0300] "GET /amp.php?products/293es36006 HTTP/1.1" 200 465496 "-" "Mozilla/5.0 AppleWebKit/537.36 (KHTML, like Gecko; compatible; GPTBot/1.2; +https://openai.com/gptbot)"
144.76.19.75 - - [23/Oct/2025:16:24:41 +0300] "GET /amp.php?m003049445?srsltid=AfmBOoDmANNUnPMRTQNXgI_wIZxYyASp2_9eN21kY4-L-6AdFuGNTG HTTP/1.1" 200 464052 "-" "Mozilla/5.0 (compatible; BLEXBot/1.0; +https://help.seranking.com/en/blex-crawler)"
20.171.207.222 - - [23/Oct/2025:16:24:41 +0300] "GET /amp.php?products/293co36012 HTTP/1.1" 200 463321 "-" "Mozilla/5.0 AppleWebKit/537.36 (KHTML, like Gecko; compatible; GPTBot/1.2; +https://openai.com/gptbot)"
20.171.207.222 - - [23/Oct/2025:16:24:43 +0300] "GET /amp.php?products/135ok22318 HTTP/1.1" 200 462902 "-" "Mozilla/5.0 AppleWebKit/537.36 (KHTML, like Gecko; compatible; GPTBot/1.2; +https://openai.com/gptbot)"
144.76.19.75 - - [23/Oct/2025:16:24:45 +0300] "GET /amp.php?m056024296?srsltid=AfmBOosjuXaNTCQrd7RqIc_XDV43HyNQp_nFRIEsG3-E-62YDzLRNK HTTP/1.1" 200 468521 "-" "Mozilla/5.0 (compatible; BLEXBot/1.0; +https://help.seranking.com/en/blex-crawler)"
20.171.207.222 - - [23/Oct/2025:16:24:45 +0300] "GET /amp.php?products/183wf11558 HTTP/1.1" 200 462883 "-" "Mozilla/5.0 AppleWebKit/537.36 (KHTML, like Gecko; compatible; GPTBot/1.2; +https://openai.com/gptbot)"
20.171.207.222 - - [23/Oct/2025:16:24:47 +0300] "GET /amp.php?products/293oc36016 HTTP/1.1" 200 465885 "-" "Mozilla/5.0 AppleWebKit/537.36 (KHTML, like Gecko; compatible; GPTBot/1.2; +https://openai.com/gptbot)"
20.171.207.222 - - [23/Oct/2025:16:24:49 +0300] "GET /amp.php?products/244mh11383 HTTP/1.1" 200 465522 "-" "Mozilla/5.0 AppleWebKit/537.36 (KHTML, like Gecko; compatible; GPTBot/1.2; +https://openai.com/gptbot)"
144.76.19.75 - - [23/Oct/2025:16:24:49 +0300] "GET /amp.php?m003049449?srsltid=AfmBOoMIKndYEPyj6AdFuG_aBuRQvEQDM_m7bIULI6-I-XhKIh05Re HTTP/1.1" 200 463705 "-" "Mozilla/5.0 (compatible; BLEXBot/1.0; +https://help.seranking.com/en/blex-crawler)"
74.91.19.178 - - [23/Oct/2025:16:24:51 +0300] "GET /wp-includes/install.php HTTP/1.1" 200 6 "https://avocor.eu/wp-includes/install.php" "Mozilla/5.0 (Windows NT 10.0; Win64; x64) AppleWebKit/537.36 (KHTML, like Gecko) Chrome/58.0.3029.110 Safari/537.3"
20.171.207.222 - - [23/Oct/2025:16:24:50 +0300] "GET /amp.php?products/6zy35891 HTTP/1.1" 200 463012 "-" "Mozilla/5.0 AppleWebKit/537.36 (KHTML, like Gecko; compatible; GPTBot/1.2; +https://openai.com/gptbot)"
74.91.19.178 - - [23/Oct/2025:16:24:53 +0300] "GET /wp-includes/install.php HTTP/1.1" 200 6 "https://avocor.eu/wp-includes/install.php" "Mozilla/5.0 (Windows NT 10.0; Win64; x64) AppleWebKit/537.36 (KHTML, like Gecko) Chrome/58.0.3029.110 Safari/537.3"
20.171.207.222 - - [23/Oct/2025:16:24:52 +0300] "GET /amp.php?products/262uh36429 HTTP/1.1" 200 463953 "-" "Mozilla/5.0 AppleWebKit/537.36 (KHTML, like Gecko; compatible; GPTBot/1.2; +https://openai.com/gptbot)"
74.91.19.178 - - [23/Oct/2025:16:24:54 +0300] "GET /wp-includes/install.php HTTP/1.1" 200 6 "https://avocor.eu/wp-includes/install.php" "Mozilla/5.0 (Windows NT 10.0; Win64; x64) AppleWebKit/537.36 (KHTML, like Gecko) Chrome/58.0.3029.110 Safari/537.3"
144.76.19.75 - - [23/Oct/2025:16:24:53 +0300] "GET /amp.php?m056024302?srsltid=AfmBOofExvpWVwcF9iyVLW_JB6lQZx9q0_KHtdp570-H-poNjlJ9Z1 HTTP/1.1" 200 464067 "-" "Mozilla/5.0 (compatible; BLEXBot/1.0; +https://help.seranking.com/en/blex-crawler)"
20.171.207.222 - - [23/Oct/2025:16:24:55 +0300] "GET /amp.php?products/103rd35344 HTTP/1.1" 200 466444 "-" "Mozilla/5.0 AppleWebKit/537.36 (KHTML, like Gecko; compatible; GPTBot/1.2; +https://openai.com/gptbot)"
20.171.207.222 - - [23/Oct/2025:16:24:56 +0300] "GET /amp.php?products/151pr40616 HTTP/1.1" 200 467181 "-" "Mozilla/5.0 AppleWebKit/537.36 (KHTML, like Gecko; compatible; GPTBot/1.2; +https://openai.com/gptbot)"
74.91.19.178 - - [23/Oct/2025:16:24:58 +0300] "GET /wp-includes/install.php HTTP/1.1" 200 6 "https://avocor.eu/wp-includes/install.php" "Mozilla/5.0 (Windows NT 10.0; Win64; x64) AppleWebKit/537.36 (KHTML, like Gecko) Chrome/58.0.3029.110 Safari/537.3"
144.76.19.75 - - [23/Oct/2025:16:24:58 +0300] "GET /amp.php?m003049451?srsltid=AfmBOolkNssVYyRom7bIUL_KnEhfE6ANY_XhKIh05R-E-6HRAdnfPx HTTP/1.1" 200 460452 "-" "Mozilla/5.0 (compatible; BLEXBot/1.0; +https://help.seranking.com/en/blex-crawler)"
66.249.75.103 - - [23/Oct/2025:16:24:58 +0300] "GET /030004527.htm HTTP/1.1" 200 122270 "-" "Mozilla/5.0 (Linux; Android 6.0.1; Nexus 5X Build/MMB29P) AppleWebKit/537.36 (KHTML, like Gecko) Chrome/141.0.7390.107 Mobile Safari/537.36 (compatible; Googlebot/2.1; +http://www.google.com/bot.html)"
20.171.207.222 - - [23/Oct/2025:16:24:58 +0300] "GET /amp.php?products/187zx11488 HTTP/1.1" 200 461842 "-" "Mozilla/5.0 AppleWebKit/537.36 (KHTML, like Gecko; compatible; GPTBot/1.2; +https://openai.com/gptbot)"
20.171.207.222 - - [23/Oct/2025:16:25:00 +0300] "GET /amp.php?products/282zw28535 HTTP/1.1" 200 465994 "-" "Mozilla/5.0 AppleWebKit/537.36 (KHTML, like Gecko; compatible; GPTBot/1.2; +https://openai.com/gptbot)"
144.76.19.75 - - [23/Oct/2025:16:25:02 +0300] "GET /amp.php?m056024312?srsltid=AfmBOobFaRkHDGKVSwyzfY_WidDhXfEEs_5mKAEIdd-W-mzRH44VT0 HTTP/1.1" 200 462959 "-" "Mozilla/5.0 (compatible; BLEXBot/1.0; +https://help.seranking.com/en/blex-crawler)"
20.171.207.222 - - [23/Oct/2025:16:25:02 +0300] "GET /amp.php?products/277bd25336 HTTP/1.1" 200 463368 "-" "Mozilla/5.0 AppleWebKit/537.36 (KHTML, like Gecko; compatible; GPTBot/1.2; +https://openai.com/gptbot)"
74.91.19.178 - - [23/Oct/2025:16:25:03 +0300] "GET /wp-includes/install.php HTTP/1.1" 200 6 "https://avocor.eu/wp-includes/install.php" "Mozilla/5.0 (Windows NT 10.0; Win64; x64) AppleWebKit/537.36 (KHTML, like Gecko) Chrome/58.0.3029.110 Safari/537.3"
74.91.19.178 - - [23/Oct/2025:16:25:05 +0300] "GET /wp-includes/install.php HTTP/1.1" 200 6 "https://avocor.eu/wp-includes/install.php" "Mozilla/5.0 (Windows NT 10.0; Win64; x64) AppleWebKit/537.36 (KHTML, like Gecko) Chrome/58.0.3029.110 Safari/537.3"
20.171.207.222 - - [23/Oct/2025:16:25:04 +0300] "GET /amp.php?products/129pm24172 HTTP/1.1" 200 461343 "-" "Mozilla/5.0 AppleWebKit/537.36 (KHTML, like Gecko; compatible; GPTBot/1.2; +https://openai.com/gptbot)"
144.76.19.75 - - [23/Oct/2025:16:25:06 +0300] "GET /amp.php?m003049453?srsltid=AfmBOoIzUVBZAneLXhKIh0_sapsKm9ZNy_6HRAdnfP-K-Sk1u0UWnK HTTP/1.1" 200 461609 "-" "Mozilla/5.0 (compatible; BLEXBot/1.0; +https://help.seranking.com/en/blex-crawler)"
20.171.207.222 - - [23/Oct/2025:16:25:06 +0300] "GET /amp.php?products/255mp14748 HTTP/1.1" 200 464517 "-" "Mozilla/5.0 AppleWebKit/537.36 (KHTML, like Gecko; compatible; GPTBot/1.2; +https://openai.com/gptbot)"
20.171.207.222 - - [23/Oct/2025:16:25:08 +0300] "GET /amp.php?products/137ia11310 HTTP/1.1" 200 458217 "-" "Mozilla/5.0 AppleWebKit/537.36 (KHTML, like Gecko; compatible; GPTBot/1.2; +https://openai.com/gptbot)"
74.91.19.178 - - [23/Oct/2025:16:25:10 +0300] "GET /wp-includes/install.php HTTP/1.1" 200 6 "https://avocor.eu/wp-includes/install.php" "Mozilla/5.0 (Windows NT 10.0; Win64; x64) AppleWebKit/537.36 (KHTML, like Gecko) Chrome/58.0.3029.110 Safari/537.3"
20.171.207.222 - - [23/Oct/2025:16:25:10 +0300] "GET /amp.php?m299047305?srsltid=AfmBOoUqGyIcjJADzQtkEh_98TkrCUceM_RF0DP3Wu-P-2Hodpe3j4 HTTP/1.1" 200 466087 "-" "Mozilla/5.0 AppleWebKit/537.36 (KHTML, like Gecko; compatible; GPTBot/1.2; +https://openai.com/gptbot)"
144.76.19.75 - - [23/Oct/2025:16:25:10 +0300] "GET /amp.php?m056024316?srsltid=AfmBOosHDVKVjPiOmzRH44_qVi77pxO0A_MFxxbigv-H-qqUiRVoSo HTTP/1.1" 200 464241 "-" "Mozilla/5.0 (compatible; BLEXBot/1.0; +https://help.seranking.com/en/blex-crawler)"
77.75.76.170 - - [23/Oct/2025:16:25:12 +0300] "GET /064041789.htm HTTP/1.1" 200 - "-" "Mozilla/5.0 (compatible; SeznamBot/4.0; +https://o-seznam.cz/napoveda/vyhledavani/en/seznambot-crawler/)"
20.171.207.222 - - [23/Oct/2025:16:25:12 +0300] "GET /amp.php?products/77jt47766 HTTP/1.1" 200 491397 "-" "Mozilla/5.0 AppleWebKit/537.36 (KHTML, like Gecko; compatible; GPTBot/1.2; +https://openai.com/gptbot)"
20.171.207.222 - - [23/Oct/2025:16:25:14 +0300] "GET /amp.php?products/282ff28793 HTTP/1.1" 200 469715 "-" "Mozilla/5.0 AppleWebKit/537.36 (KHTML, like Gecko; compatible; GPTBot/1.2; +https://openai.com/gptbot)"
144.76.19.75 - - [23/Oct/2025:16:25:15 +0300] "GET /amp.php?m003049455?srsltid=AfmBOoTMwkzeoJCO6HRAdn_B60DF9zlqZ_Sk1u0UWn-T-efXWUZ1Tg HTTP/1.1" 200 462782 "-" "Mozilla/5.0 (compatible; BLEXBot/1.0; +https://help.seranking.com/en/blex-crawler)"
77.75.76.170 - - [23/Oct/2025:16:25:16 +0300] "GET /otherwise/sacred28/3lpwl-2204/ HTTP/1.1" 200 - "-" "Mozilla/5.0 (compatible; SeznamBot/4.0; +https://o-seznam.cz/napoveda/vyhledavani/en/seznambot-crawler/)"
20.171.207.222 - - [23/Oct/2025:16:25:16 +0300] "GET /amp.php?products/258ds17077 HTTP/1.1" 200 463100 "-" "Mozilla/5.0 AppleWebKit/537.36 (KHTML, like Gecko; compatible; GPTBot/1.2; +https://openai.com/gptbot)"
20.171.207.222 - - [23/Oct/2025:16:25:18 +0300] "GET /amp.php?products/282le28787 HTTP/1.1" 200 463731 "-" "Mozilla/5.0 AppleWebKit/537.36 (KHTML, like Gecko; compatible; GPTBot/1.2; +https://openai.com/gptbot)"
144.76.19.75 - - [23/Oct/2025:16:25:19 +0300] "GET /amp.php?m056024318?srsltid=AfmBOoVDAKGtpxtvMFxxbi_2hhymZIUeU_qqUiRVoS-R-By4Kr2rPe HTTP/1.1" 200 474809 "-" "Mozilla/5.0 (compatible; BLEXBot/1.0; +https://help.seranking.com/en/blex-crawler)"
20.171.207.222 - - [23/Oct/2025:16:25:20 +0300] "GET /amp.php?products/224ht32143 HTTP/1.1" 200 474875 "-" "Mozilla/5.0 AppleWebKit/537.36 (KHTML, like Gecko; compatible; GPTBot/1.2; +https://openai.com/gptbot)"
20.171.207.222 - - [23/Oct/2025:16:25:22 +0300] "GET /amp.php?category/1171_13893/1 HTTP/1.1" 200 62271 "-" "Mozilla/5.0 AppleWebKit/537.36 (KHTML, like Gecko; compatible; GPTBot/1.2; +https://openai.com/gptbot)"
20.171.207.222 - - [23/Oct/2025:16:25:23 +0300] "GET /amp.php?products/28hp25775 HTTP/1.1" 200 465655 "-" "Mozilla/5.0 AppleWebKit/537.36 (KHTML, like Gecko; compatible; GPTBot/1.2; +https://openai.com/gptbot)"
144.76.19.75 - - [23/Oct/2025:16:25:23 +0300] "GET /amp.php?m003049457?srsltid=AfmBOomCduJimTzmSk1u0U_nGYMo2T8hd_efXWUZ1T-J-RuETyCPIl HTTP/1.1" 200 465979 "-" "Mozilla/5.0 (compatible; BLEXBot/1.0; +https://help.seranking.com/en/blex-crawler)"
74.91.19.178 - - [23/Oct/2025:16:23:59 +0300] "GET /wp-includes/install.php HTTP/1.1" 200 - "https://avocor.eu/wp-includes/install.php" "Mozilla/5.0 (Windows NT 10.0; Win64; x64) AppleWebKit/537.36 (KHTML, like Gecko) Chrome/58.0.3029.110 Safari/537.3"
20.171.207.222 - - [23/Oct/2025:16:25:25 +0300] "GET /amp.php?products/300us49191 HTTP/1.1" 200 468652 "-" "Mozilla/5.0 AppleWebKit/537.36 (KHTML, like Gecko; compatible; GPTBot/1.2; +https://openai.com/gptbot)"
20.171.207.222 - - [23/Oct/2025:16:25:28 +0300] "GET /amp.php?products/279gm11932 HTTP/1.1" 200 463060 "-" "Mozilla/5.0 AppleWebKit/537.36 (KHTML, like Gecko; compatible; GPTBot/1.2; +https://openai.com/gptbot)"
144.76.19.75 - - [23/Oct/2025:16:25:28 +0300] "GET /amp.php?m056024320?srsltid=AfmBOoNDCNISprHmqqUiRV_PlN7CZtZmq_By4Kr2rP-V-KZl8lHqJF HTTP/1.1" 200 462116 "-" "Mozilla/5.0 (compatible; BLEXBot/1.0; +https://help.seranking.com/en/blex-crawler)"
20.171.207.222 - - [23/Oct/2025:16:25:29 +0300] "GET /amp.php?products/146yk16649 HTTP/1.1" 200 465457 "-" "Mozilla/5.0 AppleWebKit/537.36 (KHTML, like Gecko; compatible; GPTBot/1.2; +https://openai.com/gptbot)"
66.249.72.236 - - [23/Oct/2025:16:25:31 +0300] "GET /novel/loss78/nmwnw-11898/ HTTP/1.1" 200 565085 "-" "Mozilla/5.0 (Linux; Android 6.0.1; Nexus 5X Build/MMB29P) AppleWebKit/537.36 (KHTML, like Gecko) Chrome/141.0.7390.107 Mobile Safari/537.36 (compatible; GoogleOther)"
20.171.207.222 - - [23/Oct/2025:16:25:31 +0300] "GET /amp.php?products/151qq40840 HTTP/1.1" 200 466006 "-" "Mozilla/5.0 AppleWebKit/537.36 (KHTML, like Gecko; compatible; GPTBot/1.2; +https://openai.com/gptbot)"
74.91.19.178 - - [23/Oct/2025:16:25:33 +0300] "GET /wp-includes/install.php HTTP/1.1" 200 6 "https://avocor.eu/wp-includes/install.php" "Mozilla/5.0 (Windows NT 10.0; Win64; x64) AppleWebKit/537.36 (KHTML, like Gecko) Chrome/58.0.3029.110 Safari/537.3"
144.76.19.75 - - [23/Oct/2025:16:25:32 +0300] "GET /amp.php?m003049459?srsltid=AfmBOoiGobjUIjdjefXWUZ_DVvw07qmNy_RuETyCPI-G-iWRLkXqL7 HTTP/1.1" 200 464246 "-" "Mozilla/5.0 (compatible; BLEXBot/1.0; +https://help.seranking.com/en/blex-crawler)"
20.171.207.222 - - [23/Oct/2025:16:25:33 +0300] "GET /amp.php?products/282ei28789 HTTP/1.1" 200 463652 "-" "Mozilla/5.0 AppleWebKit/537.36 (KHTML, like Gecko; compatible; GPTBot/1.2; +https://openai.com/gptbot)"
20.171.207.222 - - [23/Oct/2025:16:25:35 +0300] "GET /amp.php?products/224lu31103 HTTP/1.1" 200 477433 "-" "Mozilla/5.0 AppleWebKit/537.36 (KHTML, like Gecko; compatible; GPTBot/1.2; +https://openai.com/gptbot)"
144.76.19.75 - - [23/Oct/2025:16:25:36 +0300] "GET /amp.php?m056024322?srsltid=AfmBOobtfDxqQHkgBy4Kr2_PjiuIubO61_KZl8lHqJ-Z-yayDRrlEF HTTP/1.1" 200 463171 "-" "Mozilla/5.0 (compatible; BLEXBot/1.0; +https://help.seranking.com/en/blex-crawler)"
20.171.207.222 - - [23/Oct/2025:16:25:37 +0300] "GET /amp.php?products/237ae27992 HTTP/1.1" 200 461591 "-" "Mozilla/5.0 AppleWebKit/537.36 (KHTML, like Gecko; compatible; GPTBot/1.2; +https://openai.com/gptbot)"
51.195.215.67 - - [23/Oct/2025:16:25:39 +0300] "GET /about/function.php?dir=%0D/home/avocor/public_html HTTP/1.1" 200 7628 "-" "Mozilla/5.0 (compatible; AhrefsBot/7.0; +http://ahrefs.com/robot/)"
74.91.19.178 - - [23/Oct/2025:16:25:39 +0300] "GET /wp-includes/install.php HTTP/1.1" 200 6 "https://avocor.eu/wp-includes/install.php" "Mozilla/5.0 (Windows NT 10.0; Win64; x64) AppleWebKit/537.36 (KHTML, like Gecko) Chrome/58.0.3029.110 Safari/537.3"
20.171.207.222 - - [23/Oct/2025:16:25:39 +0300] "GET /amp.php?products/112rq22625 HTTP/1.1" 200 462906 "-" "Mozilla/5.0 AppleWebKit/537.36 (KHTML, like Gecko; compatible; GPTBot/1.2; +https://openai.com/gptbot)"
20.171.207.222 - - [23/Oct/2025:16:25:41 +0300] "GET /amp.php?products/191ad36442 HTTP/1.1" 200 463092 "-" "Mozilla/5.0 AppleWebKit/537.36 (KHTML, like Gecko; compatible; GPTBot/1.2; +https://openai.com/gptbot)"
144.76.19.75 - - [23/Oct/2025:16:25:41 +0300] "GET /amp.php?m003049461?srsltid=AfmBOoTEjkPrqrbBRuETyC_3vLloPuSoJ_iWRLkXqL-K-bFz9xF8Cy HTTP/1.1" 200 464248 "-" "Mozilla/5.0 (compatible; BLEXBot/1.0; +https://help.seranking.com/en/blex-crawler)"
20.171.207.222 - - [23/Oct/2025:16:25:43 +0300] "GET /amp.php?products/146tn16833 HTTP/1.1" 200 464179 "-" "Mozilla/5.0 AppleWebKit/537.36 (KHTML, like Gecko; compatible; GPTBot/1.2; +https://openai.com/gptbot)"
20.171.207.222 - - [23/Oct/2025:16:25:45 +0300] "GET /amp.php?products/146hx16831 HTTP/1.1" 200 464576 "-" "Mozilla/5.0 AppleWebKit/537.36 (KHTML, like Gecko; compatible; GPTBot/1.2; +https://openai.com/gptbot)"
144.76.19.75 - - [23/Oct/2025:16:25:45 +0300] "GET /amp.php?m056024326?srsltid=AfmBOogkcfhnvWliyayDRr_q4EJOCPgfP_unpD8gvP-T-3ydfopf3K HTTP/1.1" 200 463334 "-" "Mozilla/5.0 (compatible; BLEXBot/1.0; +https://help.seranking.com/en/blex-crawler)"
20.171.207.222 - - [23/Oct/2025:16:25:46 +0300] "GET /amp.php?products/279op29474 HTTP/1.1" 200 463677 "-" "Mozilla/5.0 AppleWebKit/537.36 (KHTML, like Gecko; compatible; GPTBot/1.2; +https://openai.com/gptbot)"
20.171.207.222 - - [23/Oct/2025:16:25:48 +0300] "GET /amp.php?products/282ju28407 HTTP/1.1" 200 467682 "-" "Mozilla/5.0 AppleWebKit/537.36 (KHTML, like Gecko; compatible; GPTBot/1.2; +https://openai.com/gptbot)"
144.76.19.75 - - [23/Oct/2025:16:25:49 +0300] "GET /amp.php?m003049463?srsltid=AfmBOovZvAZjUcdCiWRLkX_J7Is0kIMfO_bFz9xF8C-T-KHoxknPvr HTTP/1.1" 200 463123 "-" "Mozilla/5.0 (compatible; BLEXBot/1.0; +https://help.seranking.com/en/blex-crawler)"
20.171.207.222 - - [23/Oct/2025:16:25:50 +0300] "GET /amp.php?products/112zb22351 HTTP/1.1" 200 463238 "-" "Mozilla/5.0 AppleWebKit/537.36 (KHTML, like Gecko; compatible; GPTBot/1.2; +https://openai.com/gptbot)"
20.171.207.222 - - [23/Oct/2025:16:25:52 +0300] "GET /amp.php?products/75et42752 HTTP/1.1" 200 462723 "-" "Mozilla/5.0 AppleWebKit/537.36 (KHTML, like Gecko; compatible; GPTBot/1.2; +https://openai.com/gptbot)"
17.246.19.50 - - [23/Oct/2025:16:25:54 +0300] "GET /acquire/shed26/ucej1-25334/ HTTP/1.1" 200 - "-" "Mozilla/5.0 (Macintosh; Intel Mac OS X 10_15_7) AppleWebKit/605.1.15 (KHTML, like Gecko) Version/17.4 Safari/605.1.15 (Applebot/0.1; +http://www.apple.com/go/applebot)"
144.76.19.75 - - [23/Oct/2025:16:25:54 +0300] "GET /amp.php?m056024328?srsltid=AfmBOooQevxSUrpbunpD8g_jcxJRPqRcs_3ydfopf3-Z-8TgxT1RqV HTTP/1.1" 200 461787 "-" "Mozilla/5.0 (compatible; BLEXBot/1.0; +https://help.seranking.com/en/blex-crawler)"
20.171.207.222 - - [23/Oct/2025:16:25:54 +0300] "GET /amp.php?products/112xg22355 HTTP/1.1" 200 461781 "-" "Mozilla/5.0 AppleWebKit/537.36 (KHTML, like Gecko; compatible; GPTBot/1.2; +https://openai.com/gptbot)"
20.171.207.222 - - [23/Oct/2025:16:25:56 +0300] "GET /amp.php?products/150rr23733 HTTP/1.1" 200 464080 "-" "Mozilla/5.0 AppleWebKit/537.36 (KHTML, like Gecko; compatible; GPTBot/1.2; +https://openai.com/gptbot)"
20.171.207.222 - - [23/Oct/2025:16:25:58 +0300] "GET /amp.php?products/282hl28185 HTTP/1.1" 200 463412 "-" "Mozilla/5.0 AppleWebKit/537.36 (KHTML, like Gecko; compatible; GPTBot/1.2; +https://openai.com/gptbot)"
144.76.19.75 - - [23/Oct/2025:16:25:58 +0300] "GET /amp.php?m003049471?srsltid=AfmBOofACoaSTScLeigLdc_bcN9pbyL7K_mhpdt5gO-O-aZLzcDBia HTTP/1.1" 200 464064 "-" "Mozilla/5.0 (compatible; BLEXBot/1.0; +https://help.seranking.com/en/blex-crawler)"
77.75.76.170 - - [23/Oct/2025:16:25:59 +0300] "GET /044001817.htm HTTP/1.1" 200 - "-" "Mozilla/5.0 (compatible; SeznamBot/4.0; +https://o-seznam.cz/napoveda/vyhledavani/en/seznambot-crawler/)"
20.171.207.222 - - [23/Oct/2025:16:26:00 +0300] "GET /amp.php?products/221ej31324 HTTP/1.1" 200 468027 "-" "Mozilla/5.0 AppleWebKit/537.36 (KHTML, like Gecko; compatible; GPTBot/1.2; +https://openai.com/gptbot)"
20.171.207.222 - - [23/Oct/2025:16:26:02 +0300] "GET /amp.php?products/211io42130 HTTP/1.1" 200 469515 "-" "Mozilla/5.0 AppleWebKit/537.36 (KHTML, like Gecko; compatible; GPTBot/1.2; +https://openai.com/gptbot)"
77.75.76.170 - - [23/Oct/2025:16:26:02 +0300] "GET /sitemap535.xml HTTP/1.1" 200 498776 "-" "Mozilla/5.0 (compatible; SeznamBot/4.0; +https://o-seznam.cz/napoveda/vyhledavani/en/seznambot-crawler/)"
144.76.19.75 - - [23/Oct/2025:16:26:02 +0300] "GET /amp.php?m056024330?srsltid=AfmBOoqSpPFDmiuO3ydfop_rIjLCjDWuY_8TgxT1Rq-O-woj6naAHc HTTP/1.1" 200 464782 "-" "Mozilla/5.0 (compatible; BLEXBot/1.0; +https://help.seranking.com/en/blex-crawler)"
176.65.149.195 - - [23/Oct/2025:16:26:04 +0300] "GET / HTTP/1.1" 200 - "-" "Mozilla/5.0 (Windows NT 10.0; Win64; x64) AppleWebKit/537.36 (KHTML, like Gecko) Chrome/134.0.0.0 Safari/537.3"
17.22.253.165 - - [23/Oct/2025:16:26:04 +0300] "GET /014015139.htm HTTP/1.1" 200 - "-" "Mozilla/5.0 (Macintosh; Intel Mac OS X 10_15_7) AppleWebKit/605.1.15 (KHTML, like Gecko) Version/17.4 Safari/605.1.15 (Applebot/0.1; +http://www.apple.com/go/applebot)"
20.171.207.222 - - [23/Oct/2025:16:26:04 +0300] "GET /amp.php?m282040482?srsltid=AfmBOoOQWlzPBgSfRQaw1U_roMw68DdAm_0ByF7tAG-D-416OUz5Ny HTTP/1.1" 200 461306 "-" "Mozilla/5.0 AppleWebKit/537.36 (KHTML, like Gecko; compatible; GPTBot/1.2; +https://openai.com/gptbot)"
20.171.207.222 - - [23/Oct/2025:16:26:05 +0300] "GET /amp.php?products/112lm23891 HTTP/1.1" 200 463917 "-" "Mozilla/5.0 AppleWebKit/537.36 (KHTML, like Gecko; compatible; GPTBot/1.2; +https://openai.com/gptbot)"
144.76.19.75 - - [23/Oct/2025:16:26:07 +0300] "GET /amp.php?m003049473?srsltid=AfmBOojBjbMwRXppmhpdt5_zDudML5tXD_aZLzcDBi-U-IEwqBuW8y HTTP/1.1" 200 464100 "-" "Mozilla/5.0 (compatible; BLEXBot/1.0; +https://help.seranking.com/en/blex-crawler)"
20.171.207.222 - - [23/Oct/2025:16:26:07 +0300] "GET /amp.php?products/213yc42324 HTTP/1.1" 200 463258 "-" "Mozilla/5.0 AppleWebKit/537.36 (KHTML, like Gecko; compatible; GPTBot/1.2; +https://openai.com/gptbot)"
20.171.207.222 - - [23/Oct/2025:16:26:09 +0300] "GET /amp.php?products/282ax28099 HTTP/1.1" 200 474003 "-" "Mozilla/5.0 AppleWebKit/537.36 (KHTML, like Gecko; compatible; GPTBot/1.2; +https://openai.com/gptbot)"
74.91.19.178 - - [23/Oct/2025:16:26:10 +0300] "GET /wp-includes/install.php HTTP/1.1" 200 6 "https://avocor.eu/wp-includes/install.php" "Mozilla/5.0 (Windows NT 10.0; Win64; x64) AppleWebKit/537.36 (KHTML, like Gecko) Chrome/58.0.3029.110 Safari/537.3"
74.91.19.178 - - [23/Oct/2025:16:26:11 +0300] "GET /wp-includes/install.php HTTP/1.1" 200 6 "https://avocor.eu/wp-includes/install.php" "Mozilla/5.0 (Windows NT 10.0; Win64; x64) AppleWebKit/537.36 (KHTML, like Gecko) Chrome/58.0.3029.110 Safari/537.3"
144.76.19.75 - - [23/Oct/2025:16:26:11 +0300] "GET /amp.php?m056024332?srsltid=AfmBOoASJydSKMvH8TgxT1_iqQiNC2054_woj6naAH-P-5238E6OBU HTTP/1.1" 200 465861 "-" "Mozilla/5.0 (compatible; BLEXBot/1.0; +https://help.seranking.com/en/blex-crawler)"
20.171.207.222 - - [23/Oct/2025:16:26:11 +0300] "GET /amp.php?products/257ud24006 HTTP/1.1" 200 475782 "-" "Mozilla/5.0 AppleWebKit/537.36 (KHTML, like Gecko; compatible; GPTBot/1.2; +https://openai.com/gptbot)"
20.171.207.222 - - [23/Oct/2025:16:26:13 +0300] "GET /amp.php?products/221vh31664 HTTP/1.1" 200 466135 "-" "Mozilla/5.0 AppleWebKit/537.36 (KHTML, like Gecko; compatible; GPTBot/1.2; +https://openai.com/gptbot)"
20.171.207.222 - - [23/Oct/2025:16:26:15 +0300] "GET /amp.php?products/221qk31662 HTTP/1.1" 200 467837 "-" "Mozilla/5.0 AppleWebKit/537.36 (KHTML, like Gecko; compatible; GPTBot/1.2; +https://openai.com/gptbot)"
144.76.19.75 - - [23/Oct/2025:16:26:15 +0300] "GET /amp.php?m003049475?srsltid=AfmBOoqkfNWOllHwaZLzcD_V3MoHc6NUl_IEwqBuW8-L-ZEypKG3Xg HTTP/1.1" 200 463823 "-" "Mozilla/5.0 (compatible; BLEXBot/1.0; +https://help.seranking.com/en/blex-crawler)"
17.241.219.51 - - [23/Oct/2025:16:26:17 +0300] "GET /spectrum/used16/5m64b-26440/ HTTP/1.1" 200 - "-" "Mozilla/5.0 (Macintosh; Intel Mac OS X 10_15_7) AppleWebKit/605.1.15 (KHTML, like Gecko) Version/17.4 Safari/605.1.15 (Applebot/0.1; +http://www.apple.com/go/applebot)"
20.171.207.222 - - [23/Oct/2025:16:26:17 +0300] "GET /amp.php?products/221cd31668 HTTP/1.1" 200 465915 "-" "Mozilla/5.0 AppleWebKit/537.36 (KHTML, like Gecko; compatible; GPTBot/1.2; +https://openai.com/gptbot)"
20.171.207.222 - - [23/Oct/2025:16:26:19 +0300] "GET /amp.php?products/200rh48933 HTTP/1.1" 200 463229 "-" "Mozilla/5.0 AppleWebKit/537.36 (KHTML, like Gecko; compatible; GPTBot/1.2; +https://openai.com/gptbot)"
144.76.19.75 - - [23/Oct/2025:16:26:19 +0300] "GET /amp.php?m056024334?srsltid=AfmBOoQFhqnKszjWwoj6na_Oyp8ItJYZj_5238E6OB-G-niFY2BRu6 HTTP/1.1" 200 466397 "-" "Mozilla/5.0 (compatible; BLEXBot/1.0; +https://help.seranking.com/en/blex-crawler)"
77.75.76.170 - - [23/Oct/2025:16:26:22 +0300] "GET /047010686.htm HTTP/1.1" 200 - "-" "Mozilla/5.0 (compatible; SeznamBot/4.0; +https://o-seznam.cz/napoveda/vyhledavani/en/seznambot-crawler/)"
20.171.207.222 - - [23/Oct/2025:16:26:21 +0300] "GET /amp.php?products/112dr22769 HTTP/1.1" 200 461773 "-" "Mozilla/5.0 AppleWebKit/537.36 (KHTML, like Gecko; compatible; GPTBot/1.2; +https://openai.com/gptbot)"
20.171.207.222 - - [23/Oct/2025:16:26:23 +0300] "GET /amp.php?products/112yy21511 HTTP/1.1" 200 478887 "-" "Mozilla/5.0 AppleWebKit/537.36 (KHTML, like Gecko; compatible; GPTBot/1.2; +https://openai.com/gptbot)"
77.75.76.170 - - [23/Oct/2025:16:26:25 +0300] "GET /002013529.htm HTTP/1.1" 200 - "-" "Mozilla/5.0 (compatible; SeznamBot/4.0; +https://o-seznam.cz/napoveda/vyhledavani/en/seznambot-crawler/)"
144.76.19.75 - - [23/Oct/2025:16:26:24 +0300] "GET /amp.php?m003049477?srsltid=AfmBOoRXXVCCDRPaIEwqBu_v9NET0hZeI_ZEypKG3X-W-YCsyUrWy9 HTTP/1.1" 200 462302 "-" "Mozilla/5.0 (compatible; BLEXBot/1.0; +https://help.seranking.com/en/blex-crawler)"
20.171.207.222 - - [23/Oct/2025:16:26:24 +0300] "GET /amp.php?products/221pr31200 HTTP/1.1" 200 466194 "-" "Mozilla/5.0 AppleWebKit/537.36 (KHTML, like Gecko; compatible; GPTBot/1.2; +https://openai.com/gptbot)"
20.171.207.222 - - [23/Oct/2025:16:26:26 +0300] "GET /amp.php?products/221xc31198 HTTP/1.1" 200 467538 "-" "Mozilla/5.0 AppleWebKit/537.36 (KHTML, like Gecko; compatible; GPTBot/1.2; +https://openai.com/gptbot)"
144.76.19.75 - - [23/Oct/2025:16:26:28 +0300] "GET /amp.php?m056024336?srsltid=AfmBOobKzhfxvlFF5238E6_niVm0TS165_niFY2BRu-W-71OiF4sMs HTTP/1.1" 200 467849 "-" "Mozilla/5.0 (compatible; BLEXBot/1.0; +https://help.seranking.com/en/blex-crawler)"
20.171.207.222 - - [23/Oct/2025:16:26:28 +0300] "GET /amp.php?products/282uy28109 HTTP/1.1" 200 469450 "-" "Mozilla/5.0 AppleWebKit/537.36 (KHTML, like Gecko; compatible; GPTBot/1.2; +https://openai.com/gptbot)"
20.171.207.222 - - [23/Oct/2025:16:26:30 +0300] "GET /amp.php?products/282nv28115 HTTP/1.1" 200 467474 "-" "Mozilla/5.0 AppleWebKit/537.36 (KHTML, like Gecko; compatible; GPTBot/1.2; +https://openai.com/gptbot)"
74.91.19.178 - - [23/Oct/2025:16:26:31 +0300] "GET /wp-includes/install.php HTTP/1.1" 200 6 "https://avocor.eu/wp-includes/install.php" "Mozilla/5.0 (Windows NT 10.0; Win64; x64) AppleWebKit/537.36 (KHTML, like Gecko) Chrome/58.0.3029.110 Safari/537.3"
20.171.207.222 - - [23/Oct/2025:16:26:32 +0300] "GET /amp.php?products/282xb28113 HTTP/1.1" 200 466242 "-" "Mozilla/5.0 AppleWebKit/537.36 (KHTML, like Gecko; compatible; GPTBot/1.2; +https://openai.com/gptbot)"
144.76.19.75 - - [23/Oct/2025:16:26:32 +0300] "GET /amp.php?m003049481?srsltid=AfmBOoxZsyByvCuxYCsyUr_V953uD5r0j_1wO6twme-P-65SnphaIA HTTP/1.1" 200 461582 "-" "Mozilla/5.0 (compatible; BLEXBot/1.0; +https://help.seranking.com/en/blex-crawler)"
20.171.207.222 - - [23/Oct/2025:16:26:34 +0300] "GET /amp.php?products/257kk30250 HTTP/1.1" 200 463185 "-" "Mozilla/5.0 AppleWebKit/537.36 (KHTML, like Gecko; compatible; GPTBot/1.2; +https://openai.com/gptbot)"
74.91.19.178 - - [23/Oct/2025:16:26:35 +0300] "GET /wp-includes/install.php HTTP/1.1" 200 6 "https://avocor.eu/wp-includes/install.php" "Mozilla/5.0 (Windows NT 10.0; Win64; x64) AppleWebKit/537.36 (KHTML, like Gecko) Chrome/58.0.3029.110 Safari/537.3"
20.171.207.222 - - [23/Oct/2025:16:26:36 +0300] "GET /amp.php?products/221mo31578 HTTP/1.1" 200 464213 "-" "Mozilla/5.0 AppleWebKit/537.36 (KHTML, like Gecko; compatible; GPTBot/1.2; +https://openai.com/gptbot)"
144.76.19.75 - - [23/Oct/2025:16:26:36 +0300] "GET /amp.php?m056024338?srsltid=AfmBOoSFfNpUhhaVniFY2B_GxiEB02mqm_71OiF4sM-U-Ir6dn9nF7 HTTP/1.1" 200 463314 "-" "Mozilla/5.0 (compatible; BLEXBot/1.0; +https://help.seranking.com/en/blex-crawler)"
20.171.207.222 - - [23/Oct/2025:16:26:38 +0300] "GET /amp.php?products/282nh37807 HTTP/1.1" 200 460878 "-" "Mozilla/5.0 AppleWebKit/537.36 (KHTML, like Gecko; compatible; GPTBot/1.2; +https://openai.com/gptbot)"
20.171.207.222 - - [23/Oct/2025:16:26:40 +0300] "GET /amp.php?products/112uw22781 HTTP/1.1" 200 462887 "-" "Mozilla/5.0 AppleWebKit/537.36 (KHTML, like Gecko; compatible; GPTBot/1.2; +https://openai.com/gptbot)"
144.76.19.75 - - [23/Oct/2025:16:26:41 +0300] "GET /amp.php?m003049483?srsltid=AfmBOoBtTmkLgOei1wO6tw_Y8JCYwakbn_65SnphaI-U-Lkg67JH8x HTTP/1.1" 200 461962 "-" "Mozilla/5.0 (compatible; BLEXBot/1.0; +https://help.seranking.com/en/blex-crawler)"
20.171.207.222 - - [23/Oct/2025:16:26:42 +0300] "GET /amp.php?products/282ut28575 HTTP/1.1" 200 469376 "-" "Mozilla/5.0 AppleWebKit/537.36 (KHTML, like Gecko; compatible; GPTBot/1.2; +https://openai.com/gptbot)"
20.171.207.222 - - [23/Oct/2025:16:26:44 +0300] "GET /amp.php?products/207pg12330 HTTP/1.1" 200 461133 "-" "Mozilla/5.0 AppleWebKit/537.36 (KHTML, like Gecko; compatible; GPTBot/1.2; +https://openai.com/gptbot)"
144.76.19.75 - - [23/Oct/2025:16:26:45 +0300] "GET /amp.php?m056024340?srsltid=AfmBOoTssnMMhPcy71OiF4_vPQjKataM6_Ir6dn9nF-J-3ns7sdiu2 HTTP/1.1" 200 474241 "-" "Mozilla/5.0 (compatible; BLEXBot/1.0; +https://help.seranking.com/en/blex-crawler)"
20.171.207.222 - - [23/Oct/2025:16:26:46 +0300] "GET /amp.php?products/282ls28577 HTTP/1.1" 200 467021 "-" "Mozilla/5.0 AppleWebKit/537.36 (KHTML, like Gecko; compatible; GPTBot/1.2; +https://openai.com/gptbot)"
74.91.19.178 - - [23/Oct/2025:16:26:47 +0300] "GET /wp-includes/install.php HTTP/1.1" 200 6 "https://avocor.eu/wp-includes/install.php" "Mozilla/5.0 (Windows NT 10.0; Win64; x64) AppleWebKit/537.36 (KHTML, like Gecko) Chrome/58.0.3029.110 Safari/537.3"
20.171.207.222 - - [23/Oct/2025:16:26:48 +0300] "GET /amp.php?products/257mv28286 HTTP/1.1" 200 461224 "-" "Mozilla/5.0 AppleWebKit/537.36 (KHTML, like Gecko; compatible; GPTBot/1.2; +https://openai.com/gptbot)"
20.171.207.222 - - [23/Oct/2025:16:26:49 +0300] "GET /amp.php?products/145ci22842 HTTP/1.1" 200 465081 "-" "Mozilla/5.0 AppleWebKit/537.36 (KHTML, like Gecko; compatible; GPTBot/1.2; +https://openai.com/gptbot)"
144.76.19.75 - - [23/Oct/2025:16:26:49 +0300] "GET /amp.php?m003049485?srsltid=AfmBOocuOoLDwqyC65Snph_SlKf9Vw6Wv_Lkg67JH8-U-m7SxMn0aV HTTP/1.1" 200 465824 "-" "Mozilla/5.0 (compatible; BLEXBot/1.0; +https://help.seranking.com/en/blex-crawler)"
