20.171.207.222 - - [23/Oct/2025:15:16:41 +0300] "GET /amp.php?products/223ma29114 HTTP/1.1" 200 469420 "-" "Mozilla/5.0 AppleWebKit/537.36 (KHTML, like Gecko; compatible; GPTBot/1.2; +https://openai.com/gptbot)"
20.171.207.222 - - [23/Oct/2025:15:16:43 +0300] "GET /amp.php?_bd_prev_page=https://avocor.eu/super.jsp?m073004679?srsltid=AfmBOoyuyqNebIzX1lnqnc_fMRMmwoiSr_4x4TGaeW-G-XCgJAYaCr&_bdsid=04mgdi.n~IWQNV.179774795.177546350&_gz=2.190387635.199814562.179671556-861378464.169980708 HTTP/1.1" 200 464358 "-" "Mozilla/5.0 AppleWebKit/537.36 (KHTML, like Gecko; compatible; GPTBot/1.2; +https://openai.com/gptbot)"
144.76.19.75 - - [23/Oct/2025:15:16:44 +0300] "GET /amp.php?m003048207?srsltid=AfmBOoYYTFUsblTNr26N6k_EFuFPixtdX_DsDoi7wK-T-2NohMk9Ks HTTP/1.1" 200 463746 "-" "Mozilla/5.0 (compatible; BLEXBot/1.0; +https://help.seranking.com/en/blex-crawler)"
20.171.207.222 - - [23/Oct/2025:15:16:44 +0300] "GET /amp.php?products/159ou15472 HTTP/1.1" 200 460345 "-" "Mozilla/5.0 AppleWebKit/537.36 (KHTML, like Gecko; compatible; GPTBot/1.2; +https://openai.com/gptbot)"
20.171.207.222 - - [23/Oct/2025:15:16:46 +0300] "GET /amp.php?products/202cr17219 HTTP/1.1" 200 470862 "-" "Mozilla/5.0 AppleWebKit/537.36 (KHTML, like Gecko; compatible; GPTBot/1.2; +https://openai.com/gptbot)"
20.171.207.222 - - [23/Oct/2025:15:16:48 +0300] "GET /amp.php?products/225ht39982 HTTP/1.1" 200 467948 "-" "Mozilla/5.0 AppleWebKit/537.36 (KHTML, like Gecko; compatible; GPTBot/1.2; +https://openai.com/gptbot)"
144.76.19.75 - - [23/Oct/2025:15:16:49 +0300] "GET /amp.php?m056022762?srsltid=AfmBOoSoQwYHcrzxAgT0g9_3hA3RwG7by_CdYba8H6-O-X8ezRBW59 HTTP/1.1" 200 469205 "-" "Mozilla/5.0 (compatible; BLEXBot/1.0; +https://help.seranking.com/en/blex-crawler)"
77.75.76.170 - - [23/Oct/2025:15:16:50 +0300] "GET /016032405.htm HTTP/1.1" 200 - "-" "Mozilla/5.0 (compatible; SeznamBot/4.0; +https://o-seznam.cz/napoveda/vyhledavani/en/seznambot-crawler/)"
20.171.207.222 - - [23/Oct/2025:15:16:50 +0300] "GET /amp.php?products/154td47973 HTTP/1.1" 200 470315 "-" "Mozilla/5.0 AppleWebKit/537.36 (KHTML, like Gecko; compatible; GPTBot/1.2; +https://openai.com/gptbot)"
20.171.207.222 - - [23/Oct/2025:15:16:52 +0300] "GET /amp.php?_bd_prev_page=https://avocor.eu/super.jsp?products/83bs36308&_bdsid=04mgdi.n~IWQNV.179774795.177546350&_gz=2.190387635.199814562.179671556-861378464.169980708 HTTP/1.1" 200 462264 "-" "Mozilla/5.0 AppleWebKit/537.36 (KHTML, like Gecko; compatible; GPTBot/1.2; +https://openai.com/gptbot)"
144.76.19.75 - - [23/Oct/2025:15:16:53 +0300] "GET /amp.php?m003048209?srsltid=AfmBOoCgdyRSBhNsDsDoi7_8ryjcUd6iB_2NohMk9K-B-gyVo2aJHY HTTP/1.1" 200 466795 "-" "Mozilla/5.0 (compatible; BLEXBot/1.0; +https://help.seranking.com/en/blex-crawler)"
74.91.19.178 - - [23/Oct/2025:15:15:27 +0300] "GET /wp-includes/install.php HTTP/1.1" 200 - "https://avocor.eu/wp-includes/install.php" "Mozilla/5.0 (Windows NT 10.0; Win64; x64) AppleWebKit/537.36 (KHTML, like Gecko) Chrome/58.0.3029.110 Safari/537.3"
20.171.207.222 - - [23/Oct/2025:15:16:54 +0300] "GET /amp.php?products/291ai47112 HTTP/1.1" 200 462660 "-" "Mozilla/5.0 AppleWebKit/537.36 (KHTML, like Gecko; compatible; GPTBot/1.2; +https://openai.com/gptbot)"
20.171.207.222 - - [23/Oct/2025:15:16:56 +0300] "GET /amp.php?products/223zi29752 HTTP/1.1" 200 488729 "-" "Mozilla/5.0 AppleWebKit/537.36 (KHTML, like Gecko; compatible; GPTBot/1.2; +https://openai.com/gptbot)"
144.76.19.75 - - [23/Oct/2025:15:16:57 +0300] "GET /amp.php?m056022764?srsltid=AfmBOoYlLUHPkEjoCdYba8_10mTnuZKRW_X8ezRBW5-X-bN6vA3xB8 HTTP/1.1" 200 491067 "-" "Mozilla/5.0 (compatible; BLEXBot/1.0; +https://help.seranking.com/en/blex-crawler)"
20.171.207.222 - - [23/Oct/2025:15:16:58 +0300] "GET /amp.php?products/123au31934 HTTP/1.1" 200 463007 "-" "Mozilla/5.0 AppleWebKit/537.36 (KHTML, like Gecko; compatible; GPTBot/1.2; +https://openai.com/gptbot)"
20.171.207.222 - - [23/Oct/2025:15:17:00 +0300] "GET /amp.php?products/202ws17119 HTTP/1.1" 200 469440 "-" "Mozilla/5.0 AppleWebKit/537.36 (KHTML, like Gecko; compatible; GPTBot/1.2; +https://openai.com/gptbot)"
144.76.19.75 - - [23/Oct/2025:15:17:01 +0300] "GET /amp.php?m003048211?srsltid=AfmBOomsUjWZTXGl2NohMk_HRsJNyazrp_gyVo2aJH-S-lWJEi7PYk HTTP/1.1" 200 468671 "-" "Mozilla/5.0 (compatible; BLEXBot/1.0; +https://help.seranking.com/en/blex-crawler)"
20.171.207.222 - - [23/Oct/2025:15:17:02 +0300] "GET /amp.php?products/225rq41562 HTTP/1.1" 200 471922 "-" "Mozilla/5.0 AppleWebKit/537.36 (KHTML, like Gecko; compatible; GPTBot/1.2; +https://openai.com/gptbot)"
20.171.207.222 - - [23/Oct/2025:15:17:04 +0300] "GET /amp.php?products/202yr17115 HTTP/1.1" 200 471211 "-" "Mozilla/5.0 AppleWebKit/537.36 (KHTML, like Gecko; compatible; GPTBot/1.2; +https://openai.com/gptbot)"
144.76.19.75 - - [23/Oct/2025:15:17:06 +0300] "GET /amp.php?m056022766?srsltid=AfmBOoTRacSTjmAEX8ezRB_uc70Z6KUmH_bN6vA3xB-X-NfALUl2rT HTTP/1.1" 200 466870 "-" "Mozilla/5.0 (compatible; BLEXBot/1.0; +https://help.seranking.com/en/blex-crawler)"
20.171.207.222 - - [23/Oct/2025:15:17:06 +0300] "GET /amp.php?products/141hq12238 HTTP/1.1" 200 462621 "-" "Mozilla/5.0 AppleWebKit/537.36 (KHTML, like Gecko; compatible; GPTBot/1.2; +https://openai.com/gptbot)"
20.171.207.222 - - [23/Oct/2025:15:17:08 +0300] "GET /amp.php?products/225hj41564 HTTP/1.1" 200 472901 "-" "Mozilla/5.0 AppleWebKit/537.36 (KHTML, like Gecko; compatible; GPTBot/1.2; +https://openai.com/gptbot)"
144.76.19.75 - - [23/Oct/2025:15:17:10 +0300] "GET /amp.php?m003048213?srsltid=AfmBOoZicEEHPJyWgyVo2a_9zDs1g5EMV_lWJEi7PY-F-EMYfKocKp HTTP/1.1" 200 463995 "-" "Mozilla/5.0 (compatible; BLEXBot/1.0; +https://help.seranking.com/en/blex-crawler)"
20.171.207.222 - - [23/Oct/2025:15:17:10 +0300] "GET /amp.php?products/118zh40741 HTTP/1.1" 200 462062 "-" "Mozilla/5.0 AppleWebKit/537.36 (KHTML, like Gecko; compatible; GPTBot/1.2; +https://openai.com/gptbot)"
20.171.207.222 - - [23/Oct/2025:15:17:13 +0300] "GET /amp.php?products/252zq12215 HTTP/1.1" 200 460847 "-" "Mozilla/5.0 AppleWebKit/537.36 (KHTML, like Gecko; compatible; GPTBot/1.2; +https://openai.com/gptbot)"
144.76.19.75 - - [23/Oct/2025:15:17:14 +0300] "GET /amp.php?m056022768?srsltid=AfmBOoPtEcARbpCgbN6vA3_Ey0KDm3pWI_NfALUl2r-J-q4kDomTMZ HTTP/1.1" 200 464087 "-" "Mozilla/5.0 (compatible; BLEXBot/1.0; +https://help.seranking.com/en/blex-crawler)"
74.91.19.178 - - [23/Oct/2025:15:17:16 +0300] "GET /wp-includes/install.php HTTP/1.1" 200 6 "https://avocor.eu/wp-includes/install.php" "Mozilla/5.0 (Windows NT 10.0; Win64; x64) AppleWebKit/537.36 (KHTML, like Gecko) Chrome/58.0.3029.110 Safari/537.3"
20.171.207.222 - - [23/Oct/2025:15:17:15 +0300] "GET /amp.php?products/207fk20224 HTTP/1.1" 200 464690 "-" "Mozilla/5.0 AppleWebKit/537.36 (KHTML, like Gecko; compatible; GPTBot/1.2; +https://openai.com/gptbot)"
20.171.207.222 - - [23/Oct/2025:15:17:17 +0300] "GET /amp.php?products/225vi40916 HTTP/1.1" 200 466991 "-" "Mozilla/5.0 AppleWebKit/537.36 (KHTML, like Gecko; compatible; GPTBot/1.2; +https://openai.com/gptbot)"
144.76.19.75 - - [23/Oct/2025:15:17:18 +0300] "GET /amp.php?m003048215?srsltid=AfmBOoeIBSBPcQbclWJEi7_Q4H5YhuOhy_EMYfKocK-Y-mV8ZB8SC9 HTTP/1.1" 200 464247 "-" "Mozilla/5.0 (compatible; BLEXBot/1.0; +https://help.seranking.com/en/blex-crawler)"
20.171.207.222 - - [23/Oct/2025:15:17:19 +0300] "GET /amp.php?products/225mp40920 HTTP/1.1" 200 465962 "-" "Mozilla/5.0 AppleWebKit/537.36 (KHTML, like Gecko; compatible; GPTBot/1.2; +https://openai.com/gptbot)"
20.171.207.222 - - [23/Oct/2025:15:17:21 +0300] "GET /amp.php?products/103de40374 HTTP/1.1" 200 469746 "-" "Mozilla/5.0 AppleWebKit/537.36 (KHTML, like Gecko; compatible; GPTBot/1.2; +https://openai.com/gptbot)"
144.76.19.75 - - [23/Oct/2025:15:17:23 +0300] "GET /amp.php?m056022772?srsltid=AfmBOowglKfYoGSIq4kDom_1zL7NynXBp_fbYzipL7-B-umTF5SIro HTTP/1.1" 200 474351 "-" "Mozilla/5.0 (compatible; BLEXBot/1.0; +https://help.seranking.com/en/blex-crawler)"
20.171.207.222 - - [23/Oct/2025:15:17:23 +0300] "GET /amp.php?products/225mm40970 HTTP/1.1" 200 479278 "-" "Mozilla/5.0 AppleWebKit/537.36 (KHTML, like Gecko; compatible; GPTBot/1.2; +https://openai.com/gptbot)"
20.171.207.222 - - [23/Oct/2025:15:17:24 +0300] "GET /amp.php?products/205ae32232 HTTP/1.1" 200 463169 "-" "Mozilla/5.0 AppleWebKit/537.36 (KHTML, like Gecko; compatible; GPTBot/1.2; +https://openai.com/gptbot)"
20.171.207.222 - - [23/Oct/2025:15:17:26 +0300] "GET /amp.php?products/270rd23813 HTTP/1.1" 200 464313 "-" "Mozilla/5.0 AppleWebKit/537.36 (KHTML, like Gecko; compatible; GPTBot/1.2; +https://openai.com/gptbot)"
74.91.19.178 - - [23/Oct/2025:15:17:27 +0300] "GET /wp-includes/install.php HTTP/1.1" 200 6 "https://avocor.eu/wp-includes/install.php" "Mozilla/5.0 (Windows NT 10.0; Win64; x64) AppleWebKit/537.36 (KHTML, like Gecko) Chrome/58.0.3029.110 Safari/537.3"
144.76.19.75 - - [23/Oct/2025:15:17:27 +0300] "GET /amp.php?m003048217?srsltid=AfmBOoEcfjmRFmbIEMYfKo_0Pqvrlvwoc_mV8ZB8SC-Z-HlLHXoyI7 HTTP/1.1" 200 463847 "-" "Mozilla/5.0 (compatible; BLEXBot/1.0; +https://help.seranking.com/en/blex-crawler)"
20.171.207.222 - - [23/Oct/2025:15:17:28 +0300] "GET /amp.php?products/207rm20402 HTTP/1.1" 200 463098 "-" "Mozilla/5.0 AppleWebKit/537.36 (KHTML, like Gecko; compatible; GPTBot/1.2; +https://openai.com/gptbot)"
20.171.207.222 - - [23/Oct/2025:15:17:30 +0300] "GET /amp.php?products/83ol48180 HTTP/1.1" 200 462508 "-" "Mozilla/5.0 AppleWebKit/537.36 (KHTML, like Gecko; compatible; GPTBot/1.2; +https://openai.com/gptbot)"
144.76.19.75 - - [23/Oct/2025:15:17:31 +0300] "GET /amp.php?m056022774?srsltid=AfmBOoDTlvNncWphfbYzip_FVuRLixCGb_umTF5SIr-Z-AiymXf8H0 HTTP/1.1" 200 471895 "-" "Mozilla/5.0 (compatible; BLEXBot/1.0; +https://help.seranking.com/en/blex-crawler)"
20.171.207.222 - - [23/Oct/2025:15:17:32 +0300] "GET /amp.php?products/252ya23795 HTTP/1.1" 200 461027 "-" "Mozilla/5.0 AppleWebKit/537.36 (KHTML, like Gecko; compatible; GPTBot/1.2; +https://openai.com/gptbot)"
20.171.207.222 - - [23/Oct/2025:15:17:34 +0300] "GET /amp.php?products/207xu20408 HTTP/1.1" 200 463669 "-" "Mozilla/5.0 AppleWebKit/537.36 (KHTML, like Gecko; compatible; GPTBot/1.2; +https://openai.com/gptbot)"
144.76.19.75 - - [23/Oct/2025:15:17:35 +0300] "GET /amp.php?m003048219?srsltid=AfmBOoiInOugzHXgmV8ZB8_heCGeb3pOS_HlLHXoyI-I-F2ykJ4jXy HTTP/1.1" 200 464373 "-" "Mozilla/5.0 (compatible; BLEXBot/1.0; +https://help.seranking.com/en/blex-crawler)"
20.171.207.222 - - [23/Oct/2025:15:17:36 +0300] "GET /amp.php?products/103js40340 HTTP/1.1" 200 469208 "-" "Mozilla/5.0 AppleWebKit/537.36 (KHTML, like Gecko; compatible; GPTBot/1.2; +https://openai.com/gptbot)"
20.171.207.222 - - [23/Oct/2025:15:17:38 +0300] "GET /amp.php?products/201mp15264 HTTP/1.1" 200 462204 "-" "Mozilla/5.0 AppleWebKit/537.36 (KHTML, like Gecko; compatible; GPTBot/1.2; +https://openai.com/gptbot)"
144.76.19.75 - - [23/Oct/2025:15:17:40 +0300] "GET /amp.php?m056022776?srsltid=AfmBOoxSQjSaLnaaumTF5S_GErw8ViOu9_AiymXf8H-O-FvQIE8Axo HTTP/1.1" 200 488685 "-" "Mozilla/5.0 (compatible; BLEXBot/1.0; +https://help.seranking.com/en/blex-crawler)"
20.171.207.222 - - [23/Oct/2025:15:17:40 +0300] "GET /amp.php?m270024210?srsltid=AfmBOoJseoPdeOBEABaZ29_n4exKbQxoS_Je6v2R6G-N-xIwdx2Tyy HTTP/1.1" 200 484751 "-" "Mozilla/5.0 AppleWebKit/537.36 (KHTML, like Gecko; compatible; GPTBot/1.2; +https://openai.com/gptbot)"
20.171.207.222 - - [23/Oct/2025:15:17:42 +0300] "GET /amp.php?products/83af48888 HTTP/1.1" 200 461487 "-" "Mozilla/5.0 AppleWebKit/537.36 (KHTML, like Gecko; compatible; GPTBot/1.2; +https://openai.com/gptbot)"
74.91.19.178 - - [23/Oct/2025:15:17:44 +0300] "GET /wp-includes/install.php HTTP/1.1" 200 6 "https://avocor.eu/wp-includes/install.php" "Mozilla/5.0 (Windows NT 10.0; Win64; x64) AppleWebKit/537.36 (KHTML, like Gecko) Chrome/58.0.3029.110 Safari/537.3"
20.171.207.222 - - [23/Oct/2025:15:17:44 +0300] "GET /amp.php?products/141uo17758 HTTP/1.1" 200 463367 "-" "Mozilla/5.0 AppleWebKit/537.36 (KHTML, like Gecko; compatible; GPTBot/1.2; +https://openai.com/gptbot)"
144.76.19.75 - - [23/Oct/2025:15:17:44 +0300] "GET /amp.php?m003048221?srsltid=AfmBOoZLIdDpKdQaHlLHXo_QWB0IXEyR0_F2ykJ4jX-G-TClwNZTIc HTTP/1.1" 200 464056 "-" "Mozilla/5.0 (compatible; BLEXBot/1.0; +https://help.seranking.com/en/blex-crawler)"
74.91.19.178 - - [23/Oct/2025:15:17:46 +0300] "GET /wp-includes/install.php HTTP/1.1" 200 6 "https://avocor.eu/wp-includes/install.php" "Mozilla/5.0 (Windows NT 10.0; Win64; x64) AppleWebKit/537.36 (KHTML, like Gecko) Chrome/58.0.3029.110 Safari/537.3"
20.171.207.222 - - [23/Oct/2025:15:17:45 +0300] "GET /amp.php?products/252mw14527 HTTP/1.1" 200 462276 "-" "Mozilla/5.0 AppleWebKit/537.36 (KHTML, like Gecko; compatible; GPTBot/1.2; +https://openai.com/gptbot)"
74.91.19.178 - - [23/Oct/2025:15:17:47 +0300] "GET /wp-includes/install.php HTTP/1.1" 200 6 "https://avocor.eu/wp-includes/install.php" "Mozilla/5.0 (Windows NT 10.0; Win64; x64) AppleWebKit/537.36 (KHTML, like Gecko) Chrome/58.0.3029.110 Safari/537.3"
77.75.76.170 - - [23/Oct/2025:15:17:47 +0300] "GET /sitemap992.xml HTTP/1.1" 200 498633 "-" "Mozilla/5.0 (compatible; SeznamBot/4.0; +https://o-seznam.cz/napoveda/vyhledavani/en/seznambot-crawler/)"
20.171.207.222 - - [23/Oct/2025:15:17:47 +0300] "GET /amp.php?products/184sl40805 HTTP/1.1" 200 463890 "-" "Mozilla/5.0 AppleWebKit/537.36 (KHTML, like Gecko; compatible; GPTBot/1.2; +https://openai.com/gptbot)"
144.76.19.75 - - [23/Oct/2025:15:17:48 +0300] "GET /amp.php?m056022778?srsltid=AfmBOotOytHOBBCHAiymXf_3ESwANboyC_FvQIE8Ax-R-GzOnRoF1P HTTP/1.1" 200 486147 "-" "Mozilla/5.0 (compatible; BLEXBot/1.0; +https://help.seranking.com/en/blex-crawler)"
20.171.207.222 - - [23/Oct/2025:15:17:49 +0300] "GET /amp.php?products/270ok24211 HTTP/1.1" 200 470543 "-" "Mozilla/5.0 AppleWebKit/537.36 (KHTML, like Gecko; compatible; GPTBot/1.2; +https://openai.com/gptbot)"
20.171.207.222 - - [23/Oct/2025:15:17:51 +0300] "GET /amp.php?products/270yd25247 HTTP/1.1" 200 467220 "-" "Mozilla/5.0 AppleWebKit/537.36 (KHTML, like Gecko; compatible; GPTBot/1.2; +https://openai.com/gptbot)"
74.91.19.178 - - [23/Oct/2025:15:17:52 +0300] "GET /wp-includes/install.php HTTP/1.1" 200 6 "https://avocor.eu/wp-includes/install.php" "Mozilla/5.0 (Windows NT 10.0; Win64; x64) AppleWebKit/537.36 (KHTML, like Gecko) Chrome/58.0.3029.110 Safari/537.3"
74.91.19.178 - - [23/Oct/2025:15:17:52 +0300] "GET /wp-includes/install.php HTTP/1.1" 200 6 "https://avocor.eu/wp-includes/install.php" "Mozilla/5.0 (Windows NT 10.0; Win64; x64) AppleWebKit/537.36 (KHTML, like Gecko) Chrome/58.0.3029.110 Safari/537.3"
144.76.19.75 - - [23/Oct/2025:15:17:53 +0300] "GET /amp.php?m003048223?srsltid=AfmBOoZKeEHYXcktF2ykJ4_cOJHvi8Owp_TClwNZTI-Q-juQE7fPf2 HTTP/1.1" 200 463115 "-" "Mozilla/5.0 (compatible; BLEXBot/1.0; +https://help.seranking.com/en/blex-crawler)"
20.171.207.222 - - [23/Oct/2025:15:17:53 +0300] "GET /amp.php?products/270tu24235 HTTP/1.1" 200 465763 "-" "Mozilla/5.0 AppleWebKit/537.36 (KHTML, like Gecko; compatible; GPTBot/1.2; +https://openai.com/gptbot)"
20.171.207.222 - - [23/Oct/2025:15:17:55 +0300] "GET /amp.php?products/201uf15404 HTTP/1.1" 200 462463 "-" "Mozilla/5.0 AppleWebKit/537.36 (KHTML, like Gecko; compatible; GPTBot/1.2; +https://openai.com/gptbot)"
20.171.207.222 - - [23/Oct/2025:15:17:57 +0300] "GET /amp.php?products/231nn12004 HTTP/1.1" 200 469281 "-" "Mozilla/5.0 AppleWebKit/537.36 (KHTML, like Gecko; compatible; GPTBot/1.2; +https://openai.com/gptbot)"
144.76.19.75 - - [23/Oct/2025:15:17:57 +0300] "GET /amp.php?m056022780?srsltid=AfmBOoVKKyyypWFUFvQIE8_ijmDhR1UOX_GzOnRoF1-Q-LRn79aTpy HTTP/1.1" 200 489708 "-" "Mozilla/5.0 (compatible; BLEXBot/1.0; +https://help.seranking.com/en/blex-crawler)"
20.171.207.222 - - [23/Oct/2025:15:17:59 +0300] "GET /amp.php?products/184mn41789 HTTP/1.1" 200 462969 "-" "Mozilla/5.0 AppleWebKit/537.36 (KHTML, like Gecko; compatible; GPTBot/1.2; +https://openai.com/gptbot)"
204.12.252.98 - - [23/Oct/2025:15:18:00 +0300] "GET /wp-includes/admin.php HTTP/1.1" 200 6 "https://mail.avocor.eu/wp-includes/admin.php" "Mozilla/5.0 (Windows NT 10.0; Win64; x64) AppleWebKit/537.36 (KHTML, like Gecko) Chrome/58.0.3029.110 Safari/537.3"
20.171.207.222 - - [23/Oct/2025:15:18:01 +0300] "GET /amp.php?products/224pg37799 HTTP/1.1" 200 462775 "-" "Mozilla/5.0 AppleWebKit/537.36 (KHTML, like Gecko; compatible; GPTBot/1.2; +https://openai.com/gptbot)"
144.76.19.75 - - [23/Oct/2025:15:18:01 +0300] "GET /amp.php?m003048225?srsltid=AfmBOorREZGaHTmRTClwNZ_UILfD0AHA3_juQE7fPf-H-c1MgngGeY HTTP/1.1" 200 464376 "-" "Mozilla/5.0 (compatible; BLEXBot/1.0; +https://help.seranking.com/en/blex-crawler)"
77.75.76.170 - - [23/Oct/2025:15:18:03 +0300] "GET /038029083.htm HTTP/1.1" 200 - "-" "Mozilla/5.0 (compatible; SeznamBot/4.0; +https://o-seznam.cz/napoveda/vyhledavani/en/seznambot-crawler/)"
20.171.207.222 - - [23/Oct/2025:15:18:03 +0300] "GET /amp.php?products/225oc40734 HTTP/1.1" 200 477028 "-" "Mozilla/5.0 AppleWebKit/537.36 (KHTML, like Gecko; compatible; GPTBot/1.2; +https://openai.com/gptbot)"
74.91.19.178 - - [23/Oct/2025:15:18:05 +0300] "GET /wp-includes/install.php HTTP/1.1" 200 6 "https://avocor.eu/wp-includes/install.php" "Mozilla/5.0 (Windows NT 10.0; Win64; x64) AppleWebKit/537.36 (KHTML, like Gecko) Chrome/58.0.3029.110 Safari/537.3"
20.171.207.222 - - [23/Oct/2025:15:18:05 +0300] "GET /amp.php?_bd_prev_page=https://avocor.eu/super.jsp?m270019332?srsltid=AfmBOocCoTASevGPuvXyMh_n5iSW5rN9F_z1kCzRYZ-U-Wq21l7tpi&_bdsid=04mgdi.n~IWQNV.179774795.177546350&_gz=2.190387635.199814562.179671556-861378464.169980708 HTTP/1.1" 200 476531 "-" "Mozilla/5.0 AppleWebKit/537.36 (KHTML, like Gecko; compatible; GPTBot/1.2; +https://openai.com/gptbot)"
144.76.19.75 - - [23/Oct/2025:15:18:06 +0300] "GET /amp.php?m056022782?srsltid=AfmBOoLwBJvTIccuGzOnRo_kKdCQYxboe_LRn79aTp-K-2NnpRFXWL HTTP/1.1" 200 487502 "-" "Mozilla/5.0 (compatible; BLEXBot/1.0; +https://help.seranking.com/en/blex-crawler)"
20.171.207.222 - - [23/Oct/2025:15:18:06 +0300] "GET /amp.php?products/270oi20579 HTTP/1.1" 200 479116 "-" "Mozilla/5.0 AppleWebKit/537.36 (KHTML, like Gecko; compatible; GPTBot/1.2; +https://openai.com/gptbot)"
20.171.207.222 - - [23/Oct/2025:15:18:08 +0300] "GET /amp.php?products/201cr15458 HTTP/1.1" 200 462589 "-" "Mozilla/5.0 AppleWebKit/537.36 (KHTML, like Gecko; compatible; GPTBot/1.2; +https://openai.com/gptbot)"
74.91.19.178 - - [23/Oct/2025:15:18:10 +0300] "GET /wp-includes/install.php HTTP/1.1" 200 6 "https://avocor.eu/wp-includes/install.php" "Mozilla/5.0 (Windows NT 10.0; Win64; x64) AppleWebKit/537.36 (KHTML, like Gecko) Chrome/58.0.3029.110 Safari/537.3"
144.76.19.75 - - [23/Oct/2025:15:18:10 +0300] "GET /amp.php?m003048227?srsltid=AfmBOoFbckowVhHLjuQE7f_PQX1nsndLW_c1MgngGe-I-57F78rymv HTTP/1.1" 200 462626 "-" "Mozilla/5.0 (compatible; BLEXBot/1.0; +https://help.seranking.com/en/blex-crawler)"
20.171.207.222 - - [23/Oct/2025:15:18:11 +0300] "GET /amp.php?products/141tk12232 HTTP/1.1" 200 463133 "-" "Mozilla/5.0 AppleWebKit/537.36 (KHTML, like Gecko; compatible; GPTBot/1.2; +https://openai.com/gptbot)"
20.171.207.222 - - [23/Oct/2025:15:18:13 +0300] "GET /amp.php?products/244vm28417 HTTP/1.1" 200 462983 "-" "Mozilla/5.0 AppleWebKit/537.36 (KHTML, like Gecko; compatible; GPTBot/1.2; +https://openai.com/gptbot)"
74.91.19.178 - - [23/Oct/2025:15:18:14 +0300] "GET /wp-includes/install.php HTTP/1.1" 200 6 "https://avocor.eu/wp-includes/install.php" "Mozilla/5.0 (Windows NT 10.0; Win64; x64) AppleWebKit/537.36 (KHTML, like Gecko) Chrome/58.0.3029.110 Safari/537.3"
144.76.19.75 - - [23/Oct/2025:15:18:14 +0300] "GET /amp.php?m056022784?srsltid=AfmBOoQnAACXXlamLRn79a_cSpQ7jJIng_2NnpRFXW-U-p9miLt6xd HTTP/1.1" 200 472245 "-" "Mozilla/5.0 (compatible; BLEXBot/1.0; +https://help.seranking.com/en/blex-crawler)"
20.171.207.222 - - [23/Oct/2025:15:18:15 +0300] "GET /amp.php?products/225fr40122 HTTP/1.1" 200 476051 "-" "Mozilla/5.0 AppleWebKit/537.36 (KHTML, like Gecko; compatible; GPTBot/1.2; +https://openai.com/gptbot)"
20.171.207.222 - - [23/Oct/2025:15:18:17 +0300] "GET /amp.php?products/225ah40114 HTTP/1.1" 200 472323 "-" "Mozilla/5.0 AppleWebKit/537.36 (KHTML, like Gecko; compatible; GPTBot/1.2; +https://openai.com/gptbot)"
144.76.19.75 - - [23/Oct/2025:15:18:19 +0300] "GET /amp.php?m003048229?srsltid=AfmBOoZFWqbQDjzHc1Mgng_2z5N5Kfr2E_57F78rym-V-TRxs1pUBd HTTP/1.1" 200 465674 "-" "Mozilla/5.0 (compatible; BLEXBot/1.0; +https://help.seranking.com/en/blex-crawler)"
20.171.207.222 - - [23/Oct/2025:15:18:19 +0300] "GET /amp.php?products/231zg12030 HTTP/1.1" 200 463855 "-" "Mozilla/5.0 AppleWebKit/537.36 (KHTML, like Gecko; compatible; GPTBot/1.2; +https://openai.com/gptbot)"
66.249.72.237 - - [23/Oct/2025:15:18:19 +0300] "GET /eleven/expectation32/rzfka-25844/ HTTP/1.1" 200 592653 "-" "Mozilla/5.0 (Linux; Android 6.0.1; Nexus 5X Build/MMB29P) AppleWebKit/537.36 (KHTML, like Gecko) Chrome/141.0.7390.107 Mobile Safari/537.36 (compatible; Googlebot/2.1; +http://www.google.com/bot.html)"
20.171.207.222 - - [23/Oct/2025:15:18:21 +0300] "GET /amp.php?products/270au21461 HTTP/1.1" 200 469261 "-" "Mozilla/5.0 AppleWebKit/537.36 (KHTML, like Gecko; compatible; GPTBot/1.2; +https://openai.com/gptbot)"
20.171.207.222 - - [23/Oct/2025:15:18:23 +0300] "GET /amp.php?m235047973?srsltid=AfmBOoQfqqIddvqCb0msWh_ITYA3AehW5_r26N6kVL-T-DsDoi7wKA HTTP/1.1" 200 462788 "-" "Mozilla/5.0 AppleWebKit/537.36 (KHTML, like Gecko; compatible; GPTBot/1.2; +https://openai.com/gptbot)"
144.76.19.75 - - [23/Oct/2025:15:18:23 +0300] "GET /amp.php?m056022786?srsltid=AfmBOoLLXwVtFGOg2NnpRF_V13uWmyI4F_p9miLt6x-O-9cK3BmTWw HTTP/1.1" 200 476786 "-" "Mozilla/5.0 (compatible; BLEXBot/1.0; +https://help.seranking.com/en/blex-crawler)"
74.91.19.178 - - [23/Oct/2025:15:16:59 +0300] "GET /wp-includes/install.php HTTP/1.1" 200 - "https://avocor.eu/wp-includes/install.php" "Mozilla/5.0 (Windows NT 10.0; Win64; x64) AppleWebKit/537.36 (KHTML, like Gecko) Chrome/58.0.3029.110 Safari/537.3"
20.171.207.222 - - [23/Oct/2025:15:18:25 +0300] "GET /amp.php?products/201aj15302 HTTP/1.1" 200 462230 "-" "Mozilla/5.0 AppleWebKit/537.36 (KHTML, like Gecko; compatible; GPTBot/1.2; +https://openai.com/gptbot)"
20.171.207.222 - - [23/Oct/2025:15:18:26 +0300] "GET /amp.php?products/270fh21471 HTTP/1.1" 200 474157 "-" "Mozilla/5.0 AppleWebKit/537.36 (KHTML, like Gecko; compatible; GPTBot/1.2; +https://openai.com/gptbot)"
144.76.19.75 - - [23/Oct/2025:15:18:28 +0300] "GET /amp.php?m003048233?srsltid=AfmBOonIutBXemnQTRxs1p_OQYhfNdpCw_npK1PfB5-X-9UpMGY6qK HTTP/1.1" 200 461517 "-" "Mozilla/5.0 (compatible; BLEXBot/1.0; +https://help.seranking.com/en/blex-crawler)"
20.171.207.222 - - [23/Oct/2025:15:18:28 +0300] "GET /amp.php?products/244qk29955 HTTP/1.1" 200 465486 "-" "Mozilla/5.0 AppleWebKit/537.36 (KHTML, like Gecko; compatible; GPTBot/1.2; +https://openai.com/gptbot)"
20.171.207.222 - - [23/Oct/2025:15:18:30 +0300] "GET /amp.php?products/225tb41582 HTTP/1.1" 200 470363 "-" "Mozilla/5.0 AppleWebKit/537.36 (KHTML, like Gecko; compatible; GPTBot/1.2; +https://openai.com/gptbot)"
144.76.19.75 - - [23/Oct/2025:15:18:32 +0300] "GET /amp.php?m056022788?srsltid=AfmBOoskXCHLvUyWp9miLt_1zONtanQK8_9cK3BmTW-W-WaZ29SJnT HTTP/1.1" 200 469582 "-" "Mozilla/5.0 (compatible; BLEXBot/1.0; +https://help.seranking.com/en/blex-crawler)"
20.171.207.222 - - [23/Oct/2025:15:18:32 +0300] "GET /amp.php?products/261gx36226 HTTP/1.1" 200 465260 "-" "Mozilla/5.0 AppleWebKit/537.36 (KHTML, like Gecko; compatible; GPTBot/1.2; +https://openai.com/gptbot)"
20.171.207.222 - - [23/Oct/2025:15:18:34 +0300] "GET /amp.php?products/101kb12626 HTTP/1.1" 200 464312 "-" "Mozilla/5.0 AppleWebKit/537.36 (KHTML, like Gecko; compatible; GPTBot/1.2; +https://openai.com/gptbot)"
20.171.207.222 - - [23/Oct/2025:15:18:36 +0300] "GET /amp.php?products/180uu21337 HTTP/1.1" 200 461801 "-" "Mozilla/5.0 AppleWebKit/537.36 (KHTML, like Gecko; compatible; GPTBot/1.2; +https://openai.com/gptbot)"
144.76.19.75 - - [23/Oct/2025:15:18:36 +0300] "GET /amp.php?m003048235?srsltid=AfmBOoKxzPKfFsncnpK1Pf_VZdlU7tHaI_9UpMGY6q-E-10dJXYUng HTTP/1.1" 200 464055 "-" "Mozilla/5.0 (compatible; BLEXBot/1.0; +https://help.seranking.com/en/blex-crawler)"
20.171.207.222 - - [23/Oct/2025:15:18:38 +0300] "GET /amp.php?products/267zu15622 HTTP/1.1" 200 463362 "-" "Mozilla/5.0 AppleWebKit/537.36 (KHTML, like Gecko; compatible; GPTBot/1.2; +https://openai.com/gptbot)"
20.171.207.222 - - [23/Oct/2025:15:18:40 +0300] "GET /amp.php?products/244uj29953 HTTP/1.1" 200 466383 "-" "Mozilla/5.0 AppleWebKit/537.36 (KHTML, like Gecko; compatible; GPTBot/1.2; +https://openai.com/gptbot)"
144.76.19.75 - - [23/Oct/2025:15:18:40 +0300] "GET /amp.php?m056022792?srsltid=AfmBOozthHgroUfLWaZ29S_IMO6zlTKqn_KOZQmtE8-A-p9ksmFbjJ HTTP/1.1" 200 476943 "-" "Mozilla/5.0 (compatible; BLEXBot/1.0; +https://help.seranking.com/en/blex-crawler)"
77.75.76.170 - - [23/Oct/2025:15:18:43 +0300] "GET /056009955.htm HTTP/1.1" 200 - "-" "Mozilla/5.0 (compatible; SeznamBot/4.0; +https://o-seznam.cz/napoveda/vyhledavani/en/seznambot-crawler/)"
20.171.207.222 - - [23/Oct/2025:15:18:42 +0300] "GET /amp.php?products/209la10790 HTTP/1.1" 200 464067 "-" "Mozilla/5.0 AppleWebKit/537.36 (KHTML, like Gecko; compatible; GPTBot/1.2; +https://openai.com/gptbot)"
77.75.76.170 - - [23/Oct/2025:15:18:44 +0300] "GET /062015597.htm HTTP/1.1" 200 - "-" "Mozilla/5.0 (compatible; SeznamBot/4.0; +https://o-seznam.cz/napoveda/vyhledavani/en/seznambot-crawler/)"
20.171.207.222 - - [23/Oct/2025:15:18:44 +0300] "GET /amp.php?products/252xo23785 HTTP/1.1" 200 465039 "-" "Mozilla/5.0 AppleWebKit/537.36 (KHTML, like Gecko; compatible; GPTBot/1.2; +https://openai.com/gptbot)"
144.76.19.75 - - [23/Oct/2025:15:18:45 +0300] "GET /amp.php?m003048237?srsltid=AfmBOouNgquNKImh9UpMGY_Lx8ht2B5fP_10dJXYUn-P-efG79J4zE HTTP/1.1" 200 463826 "-" "Mozilla/5.0 (compatible; BLEXBot/1.0; +https://help.seranking.com/en/blex-crawler)"
20.171.207.222 - - [23/Oct/2025:15:18:46 +0300] "GET /amp.php?products/190dz31013 HTTP/1.1" 200 465118 "-" "Mozilla/5.0 AppleWebKit/537.36 (KHTML, like Gecko; compatible; GPTBot/1.2; +https://openai.com/gptbot)"
20.171.207.222 - - [23/Oct/2025:15:18:47 +0300] "GET /amp.php?products/261va42426 HTTP/1.1" 200 466601 "-" "Mozilla/5.0 AppleWebKit/537.36 (KHTML, like Gecko; compatible; GPTBot/1.2; +https://openai.com/gptbot)"
66.249.75.102 - - [23/Oct/2025:15:18:48 +0300] "GET /ceremony/say142/1n82u-3376/ HTTP/1.1" 200 120057 "-" "Mozilla/5.0 (Linux; Android 6.0.1; Nexus 5X Build/MMB29P) AppleWebKit/537.36 (KHTML, like Gecko) Chrome/141.0.7390.107 Mobile Safari/537.36 (compatible; GoogleOther)"
20.171.207.222 - - [23/Oct/2025:15:18:49 +0300] "GET /amp.php?products/101mp13386 HTTP/1.1" 200 464031 "-" "Mozilla/5.0 AppleWebKit/537.36 (KHTML, like Gecko; compatible; GPTBot/1.2; +https://openai.com/gptbot)"
144.76.19.75 - - [23/Oct/2025:15:18:49 +0300] "GET /amp.php?m056022794?srsltid=AfmBOoCOUudOoXbTKOZQmt_oW0gBFtKEi_p9ksmFbj-O-WK0SjrVWW HTTP/1.1" 200 466435 "-" "Mozilla/5.0 (compatible; BLEXBot/1.0; +https://help.seranking.com/en/blex-crawler)"
77.75.76.170 - - [23/Oct/2025:15:18:51 +0300] "GET /050019497.htm HTTP/1.1" 200 - "-" "Mozilla/5.0 (compatible; SeznamBot/4.0; +https://o-seznam.cz/napoveda/vyhledavani/en/seznambot-crawler/)"
20.171.207.222 - - [23/Oct/2025:15:18:51 +0300] "GET /amp.php?products/180ak22833 HTTP/1.1" 200 472888 "-" "Mozilla/5.0 AppleWebKit/537.36 (KHTML, like Gecko; compatible; GPTBot/1.2; +https://openai.com/gptbot)"
20.171.207.222 - - [23/Oct/2025:15:18:53 +0300] "GET /amp.php?products/209ox10474 HTTP/1.1" 200 466454 "-" "Mozilla/5.0 AppleWebKit/537.36 (KHTML, like Gecko; compatible; GPTBot/1.2; +https://openai.com/gptbot)"
144.76.19.75 - - [23/Oct/2025:15:18:54 +0300] "GET /amp.php?m003048239?srsltid=AfmBOotgklQEcZzQ10dJXY_vOK5xgf4tI_efG79J4z-W-wGMtzamOz HTTP/1.1" 200 464845 "-" "Mozilla/5.0 (compatible; BLEXBot/1.0; +https://help.seranking.com/en/blex-crawler)"
20.171.207.222 - - [23/Oct/2025:15:18:55 +0300] "GET /amp.php?products/261co31214 HTTP/1.1" 200 460913 "-" "Mozilla/5.0 AppleWebKit/537.36 (KHTML, like Gecko; compatible; GPTBot/1.2; +https://openai.com/gptbot)"
20.171.207.222 - - [23/Oct/2025:15:18:57 +0300] "GET /amp.php?products/101ow13394 HTTP/1.1" 200 464259 "-" "Mozilla/5.0 AppleWebKit/537.36 (KHTML, like Gecko; compatible; GPTBot/1.2; +https://openai.com/gptbot)"
144.76.19.75 - - [23/Oct/2025:15:18:58 +0300] "GET /amp.php?m056022796?srsltid=AfmBOoMWftRzDycJp9ksmF_sgITZOlngg_WK0SjrVW-G-4VvSG55sK HTTP/1.1" 200 478569 "-" "Mozilla/5.0 (compatible; BLEXBot/1.0; +https://help.seranking.com/en/blex-crawler)"
20.171.207.222 - - [23/Oct/2025:15:18:58 +0300] "GET /amp.php?products/244vb29949 HTTP/1.1" 200 465532 "-" "Mozilla/5.0 AppleWebKit/537.36 (KHTML, like Gecko; compatible; GPTBot/1.2; +https://openai.com/gptbot)"
20.171.207.222 - - [23/Oct/2025:15:19:00 +0300] "GET /amp.php?products/143ld40332 HTTP/1.1" 200 466950 "-" "Mozilla/5.0 AppleWebKit/537.36 (KHTML, like Gecko; compatible; GPTBot/1.2; +https://openai.com/gptbot)"
144.76.19.75 - - [23/Oct/2025:15:19:02 +0300] "GET /amp.php?m003048241?srsltid=AfmBOoBCLxQrkurEefG79J_7sTYDajBSa_wGMtzamO-Q-SEDZ0gDgw HTTP/1.1" 200 463301 "-" "Mozilla/5.0 (compatible; BLEXBot/1.0; +https://help.seranking.com/en/blex-crawler)"
20.171.207.222 - - [23/Oct/2025:15:19:02 +0300] "GET /amp.php?products/258cs32275 HTTP/1.1" 200 461502 "-" "Mozilla/5.0 AppleWebKit/537.36 (KHTML, like Gecko; compatible; GPTBot/1.2; +https://openai.com/gptbot)"
20.171.207.222 - - [23/Oct/2025:15:19:04 +0300] "GET /amp.php?products/101kp13850 HTTP/1.1" 200 463913 "-" "Mozilla/5.0 AppleWebKit/537.36 (KHTML, like Gecko; compatible; GPTBot/1.2; +https://openai.com/gptbot)"
20.171.207.222 - - [23/Oct/2025:15:19:06 +0300] "GET /amp.php?products/249vy44912 HTTP/1.1" 200 462152 "-" "Mozilla/5.0 AppleWebKit/537.36 (KHTML, like Gecko; compatible; GPTBot/1.2; +https://openai.com/gptbot)"
144.76.19.75 - - [23/Oct/2025:15:19:06 +0300] "GET /amp.php?m056022798?srsltid=AfmBOoOrwfirfEypWK0Sjr_EReiJ4AAxX_4VvSG55s-K-VZT77z6FD HTTP/1.1" 200 467579 "-" "Mozilla/5.0 (compatible; BLEXBot/1.0; +https://help.seranking.com/en/blex-crawler)"
20.171.207.222 - - [23/Oct/2025:15:19:08 +0300] "GET /amp.php?products/200oe2197 HTTP/1.1" 200 467129 "-" "Mozilla/5.0 AppleWebKit/537.36 (KHTML, like Gecko; compatible; GPTBot/1.2; +https://openai.com/gptbot)"
20.171.207.222 - - [23/Oct/2025:15:19:10 +0300] "GET /amp.php?products/299rb23698 HTTP/1.1" 200 470208 "-" "Mozilla/5.0 AppleWebKit/537.36 (KHTML, like Gecko; compatible; GPTBot/1.2; +https://openai.com/gptbot)"
144.76.19.75 - - [23/Oct/2025:15:19:11 +0300] "GET /amp.php?m003048243?srsltid=AfmBOoPXIPFEsHCbwGMtza_THEKGqbKbD_SEDZ0gDg-J-K9qUKUXpf HTTP/1.1" 200 464232 "-" "Mozilla/5.0 (compatible; BLEXBot/1.0; +https://help.seranking.com/en/blex-crawler)"
20.171.207.222 - - [23/Oct/2025:15:19:12 +0300] "GET /amp.php?products/175zg2714 HTTP/1.1" 200 460428 "-" "Mozilla/5.0 AppleWebKit/537.36 (KHTML, like Gecko; compatible; GPTBot/1.2; +https://openai.com/gptbot)"
20.171.207.222 - - [23/Oct/2025:15:19:14 +0300] "GET /amp.php?products/57da45474 HTTP/1.1" 200 469120 "-" "Mozilla/5.0 AppleWebKit/537.36 (KHTML, like Gecko; compatible; GPTBot/1.2; +https://openai.com/gptbot)"
144.76.19.75 - - [23/Oct/2025:15:19:15 +0300] "GET /amp.php?m056022800?srsltid=AfmBOowEGBgoQKzl4VvSG5_ILXOrrKbHJ_VZT77z6F-B-NZZSoUcQE HTTP/1.1" 200 469617 "-" "Mozilla/5.0 (compatible; BLEXBot/1.0; +https://help.seranking.com/en/blex-crawler)"
20.171.207.222 - - [23/Oct/2025:15:19:16 +0300] "GET /amp.php?products/219ra20878 HTTP/1.1" 200 463412 "-" "Mozilla/5.0 AppleWebKit/537.36 (KHTML, like Gecko; compatible; GPTBot/1.2; +https://openai.com/gptbot)"
20.171.207.222 - - [23/Oct/2025:15:19:18 +0300] "GET /amp.php?products/195ud23262 HTTP/1.1" 200 462371 "-" "Mozilla/5.0 AppleWebKit/537.36 (KHTML, like Gecko; compatible; GPTBot/1.2; +https://openai.com/gptbot)"
74.91.19.178 - - [23/Oct/2025:15:19:19 +0300] "GET /wp-includes/install.php HTTP/1.1" 200 6 "https://avocor.eu/wp-includes/install.php" "Mozilla/5.0 (Windows NT 10.0; Win64; x64) AppleWebKit/537.36 (KHTML, like Gecko) Chrome/58.0.3029.110 Safari/537.3"
144.76.19.75 - - [23/Oct/2025:15:19:19 +0300] "GET /amp.php?m003048245?srsltid=AfmBOoalHNsWabHWSEDZ0g_ESQjCSCdzK_K9qUKUXp-X-Y0u093Mu0 HTTP/1.1" 200 464170 "-" "Mozilla/5.0 (compatible; BLEXBot/1.0; +https://help.seranking.com/en/blex-crawler)"
20.171.207.222 - - [23/Oct/2025:15:19:20 +0300] "GET /amp.php?products/260ax42409 HTTP/1.1" 200 465528 "-" "Mozilla/5.0 AppleWebKit/537.36 (KHTML, like Gecko; compatible; GPTBot/1.2; +https://openai.com/gptbot)"
74.91.19.178 - - [23/Oct/2025:15:19:22 +0300] "GET /wp-includes/install.php HTTP/1.1" 200 6 "https://avocor.eu/wp-includes/install.php" "Mozilla/5.0 (Windows NT 10.0; Win64; x64) AppleWebKit/537.36 (KHTML, like Gecko) Chrome/58.0.3029.110 Safari/537.3"
20.171.207.222 - - [23/Oct/2025:15:19:22 +0300] "GET /amp.php?products/225cv40720 HTTP/1.1" 200 475206 "-" "Mozilla/5.0 AppleWebKit/537.36 (KHTML, like Gecko; compatible; GPTBot/1.2; +https://openai.com/gptbot)"
144.76.19.75 - - [23/Oct/2025:15:19:23 +0300] "GET /amp.php?m056022804?srsltid=AfmBOoUAHhdusamHNZZSoU_DD5A67vVpN_NpUXVRyl-G-ycBmahGEb HTTP/1.1" 200 464146 "-" "Mozilla/5.0 (compatible; BLEXBot/1.0; +https://help.seranking.com/en/blex-crawler)"
20.171.207.222 - - [23/Oct/2025:15:19:24 +0300] "GET /amp.php?products/270ky20557 HTTP/1.1" 200 484145 "-" "Mozilla/5.0 AppleWebKit/537.36 (KHTML, like Gecko; compatible; GPTBot/1.2; +https://openai.com/gptbot)"
74.91.19.178 - - [23/Oct/2025:15:19:25 +0300] "GET /wp-includes/install.php HTTP/1.1" 200 6 "https://avocor.eu/wp-includes/install.php" "Mozilla/5.0 (Windows NT 10.0; Win64; x64) AppleWebKit/537.36 (KHTML, like Gecko) Chrome/58.0.3029.110 Safari/537.3"
20.171.207.222 - - [23/Oct/2025:15:19:25 +0300] "GET /amp.php?products/72eb10333 HTTP/1.1" 200 462512 "-" "Mozilla/5.0 AppleWebKit/537.36 (KHTML, like Gecko; compatible; GPTBot/1.2; +https://openai.com/gptbot)"
74.91.19.178 - - [23/Oct/2025:15:19:27 +0300] "GET /wp-includes/install.php HTTP/1.1" 200 6 "https://avocor.eu/wp-includes/install.php" "Mozilla/5.0 (Windows NT 10.0; Win64; x64) AppleWebKit/537.36 (KHTML, like Gecko) Chrome/58.0.3029.110 Safari/537.3"
144.76.19.75 - - [23/Oct/2025:15:19:28 +0300] "GET /amp.php?m003048247?srsltid=AfmBOoqKogUBEfJXK9qUKU_rDBaBAclaB_Y0u093Mu-B-M8hkXM87A HTTP/1.1" 200 462785 "-" "Mozilla/5.0 (compatible; BLEXBot/1.0; +https://help.seranking.com/en/blex-crawler)"
20.171.207.222 - - [23/Oct/2025:15:19:28 +0300] "GET /amp.php?products/288tk13723 HTTP/1.1" 200 471809 "-" "Mozilla/5.0 AppleWebKit/537.36 (KHTML, like Gecko; compatible; GPTBot/1.2; +https://openai.com/gptbot)"
74.91.19.178 - - [23/Oct/2025:15:19:29 +0300] "GET /wp-includes/install.php HTTP/1.1" 200 6 "https://avocor.eu/wp-includes/install.php" "Mozilla/5.0 (Windows NT 10.0; Win64; x64) AppleWebKit/537.36 (KHTML, like Gecko) Chrome/58.0.3029.110 Safari/537.3"
74.91.19.178 - - [23/Oct/2025:15:19:30 +0300] "GET /wp-includes/install.php HTTP/1.1" 200 6 "https://avocor.eu/wp-includes/install.php" "Mozilla/5.0 (Windows NT 10.0; Win64; x64) AppleWebKit/537.36 (KHTML, like Gecko) Chrome/58.0.3029.110 Safari/537.3"
20.171.207.222 - - [23/Oct/2025:15:19:30 +0300] "GET /amp.php?products/219tf21898 HTTP/1.1" 200 464676 "-" "Mozilla/5.0 AppleWebKit/537.36 (KHTML, like Gecko; compatible; GPTBot/1.2; +https://openai.com/gptbot)"
20.171.207.222 - - [23/Oct/2025:15:19:31 +0300] "GET /amp.php?products/225op41558 HTTP/1.1" 200 474532 "-" "Mozilla/5.0 AppleWebKit/537.36 (KHTML, like Gecko; compatible; GPTBot/1.2; +https://openai.com/gptbot)"
144.76.19.75 - - [23/Oct/2025:15:19:32 +0300] "GET /amp.php?m056022812?srsltid=AfmBOoTmjKQrFBpjkPs5m8_kK2Y9dDrD4_eKEAl3U3-L-MfCIlIraj HTTP/1.1" 200 472736 "-" "Mozilla/5.0 (compatible; BLEXBot/1.0; +https://help.seranking.com/en/blex-crawler)"
74.91.19.178 - - [23/Oct/2025:15:19:33 +0300] "GET /wp-includes/install.php HTTP/1.1" 200 6 "https://avocor.eu/wp-includes/install.php" "Mozilla/5.0 (Windows NT 10.0; Win64; x64) AppleWebKit/537.36 (KHTML, like Gecko) Chrome/58.0.3029.110 Safari/537.3"
20.171.207.222 - - [23/Oct/2025:15:19:33 +0300] "GET /amp.php?products/260cd42437 HTTP/1.1" 200 463555 "-" "Mozilla/5.0 AppleWebKit/537.36 (KHTML, like Gecko; compatible; GPTBot/1.2; +https://openai.com/gptbot)"
20.171.207.222 - - [23/Oct/2025:15:19:35 +0300] "GET /amp.php?products/225rh40068 HTTP/1.1" 200 474142 "-" "Mozilla/5.0 AppleWebKit/537.36 (KHTML, like Gecko; compatible; GPTBot/1.2; +https://openai.com/gptbot)"
144.76.19.75 - - [23/Oct/2025:15:19:36 +0300] "GET /amp.php?m003048249?srsltid=AfmBOoQzfOIBnzwiY0u093_HYHZvoYHSl_M8hkXM87-J-F8hJvCTrQ HTTP/1.1" 200 462579 "-" "Mozilla/5.0 (compatible; BLEXBot/1.0; +https://help.seranking.com/en/blex-crawler)"
74.91.19.178 - - [23/Oct/2025:15:19:38 +0300] "GET /wp-includes/install.php HTTP/1.1" 200 6 "https://avocor.eu/wp-includes/install.php" "Mozilla/5.0 (Windows NT 10.0; Win64; x64) AppleWebKit/537.36 (KHTML, like Gecko) Chrome/58.0.3029.110 Safari/537.3"
20.171.207.222 - - [23/Oct/2025:15:19:37 +0300] "GET /amp.php?products/270rb23727 HTTP/1.1" 200 480268 "-" "Mozilla/5.0 AppleWebKit/537.36 (KHTML, like Gecko; compatible; GPTBot/1.2; +https://openai.com/gptbot)"
20.171.207.222 - - [23/Oct/2025:15:19:39 +0300] "GET /amp.php?products/22ph45299 HTTP/1.1" 200 463822 "-" "Mozilla/5.0 AppleWebKit/537.36 (KHTML, like Gecko; compatible; GPTBot/1.2; +https://openai.com/gptbot)"
144.76.19.75 - - [23/Oct/2025:15:19:41 +0300] "GET /amp.php?m056022816?srsltid=AfmBOoklWIYdgqJzMfCIlI_4xcLcoipHo_9D6DZSM3-L-Vzk3NXk6z HTTP/1.1" 200 467366 "-" "Mozilla/5.0 (compatible; BLEXBot/1.0; +https://help.seranking.com/en/blex-crawler)"
20.171.207.222 - - [23/Oct/2025:15:19:41 +0300] "GET /amp.php?products/260va42427 HTTP/1.1" 200 462764 "-" "Mozilla/5.0 AppleWebKit/537.36 (KHTML, like Gecko; compatible; GPTBot/1.2; +https://openai.com/gptbot)"
20.171.207.222 - - [23/Oct/2025:15:19:43 +0300] "GET /amp.php?products/263gm44036 HTTP/1.1" 200 462261 "-" "Mozilla/5.0 AppleWebKit/537.36 (KHTML, like Gecko; compatible; GPTBot/1.2; +https://openai.com/gptbot)"
20.171.207.222 - - [23/Oct/2025:15:19:45 +0300] "GET /amp.php?products/259pf18242 HTTP/1.1" 200 465440 "-" "Mozilla/5.0 AppleWebKit/537.36 (KHTML, like Gecko; compatible; GPTBot/1.2; +https://openai.com/gptbot)"
144.76.19.75 - - [23/Oct/2025:15:19:45 +0300] "GET /amp.php?m003048251?srsltid=AfmBOoXglTFXcWugM8hkXM_e6APKedjt8_F8hJvCTr-R-N7I4GWhDt HTTP/1.1" 200 463397 "-" "Mozilla/5.0 (compatible; BLEXBot/1.0; +https://help.seranking.com/en/blex-crawler)"
20.171.207.222 - - [23/Oct/2025:15:19:47 +0300] "GET /amp.php?products/201ph15406 HTTP/1.1" 200 461926 "-" "Mozilla/5.0 AppleWebKit/537.36 (KHTML, like Gecko; compatible; GPTBot/1.2; +https://openai.com/gptbot)"
20.171.207.222 - - [23/Oct/2025:15:19:48 +0300] "GET /amp.php?products/270rs20443 HTTP/1.1" 200 483179 "-" "Mozilla/5.0 AppleWebKit/537.36 (KHTML, like Gecko; compatible; GPTBot/1.2; +https://openai.com/gptbot)"
144.76.19.75 - - [23/Oct/2025:15:19:49 +0300] "GET /amp.php?m056022820?srsltid=AfmBOooeKxSQeVpdVzk3NX_QTHrJTRQYt_yv4Vy9Lu-D-ZEWFsc6tI HTTP/1.1" 200 472711 "-" "Mozilla/5.0 (compatible; BLEXBot/1.0; +https://help.seranking.com/en/blex-crawler)"
20.171.207.222 - - [23/Oct/2025:15:19:50 +0300] "GET /amp.php?products/270ta20535 HTTP/1.1" 200 485333 "-" "Mozilla/5.0 AppleWebKit/537.36 (KHTML, like Gecko; compatible; GPTBot/1.2; +https://openai.com/gptbot)"
20.171.207.222 - - [23/Oct/2025:15:19:52 +0300] "GET /amp.php?products/234tt48613 HTTP/1.1" 200 465099 "-" "Mozilla/5.0 AppleWebKit/537.36 (KHTML, like Gecko; compatible; GPTBot/1.2; +https://openai.com/gptbot)"
144.76.19.75 - - [23/Oct/2025:15:19:53 +0300] "GET /amp.php?m003048253?srsltid=AfmBOoFTxQFMcKONF8hJvC_Bo5ubAr0DT_N7I4GWhD-U-cpLCPDEXN HTTP/1.1" 200 464104 "-" "Mozilla/5.0 (compatible; BLEXBot/1.0; +https://help.seranking.com/en/blex-crawler)"
74.91.19.178 - - [23/Oct/2025:15:18:28 +0300] "GET /wp-includes/install.php HTTP/1.1" 200 - "https://avocor.eu/wp-includes/install.php" "Mozilla/5.0 (Windows NT 10.0; Win64; x64) AppleWebKit/537.36 (KHTML, like Gecko) Chrome/58.0.3029.110 Safari/537.3"
20.171.207.222 - - [23/Oct/2025:15:19:54 +0300] "GET /amp.php?products/207ge20400 HTTP/1.1" 200 463033 "-" "Mozilla/5.0 AppleWebKit/537.36 (KHTML, like Gecko; compatible; GPTBot/1.2; +https://openai.com/gptbot)"
20.171.207.222 - - [23/Oct/2025:15:19:56 +0300] "GET /amp.php?products/259zt16196 HTTP/1.1" 200 475574 "-" "Mozilla/5.0 AppleWebKit/537.36 (KHTML, like Gecko; compatible; GPTBot/1.2; +https://openai.com/gptbot)"
77.75.76.170 - - [23/Oct/2025:15:19:58 +0300] "GET /translate/m126?pid=34026 HTTP/1.1" 200 - "-" "Mozilla/5.0 (compatible; SeznamBot/4.0; +https://o-seznam.cz/napoveda/vyhledavani/en/seznambot-crawler/)"
144.76.19.75 - - [23/Oct/2025:15:19:58 +0300] "GET /amp.php?m056022828?srsltid=AfmBOoXCtoLPUEJTWKlcod_xcCInghejc_5Bmvqfzw-X-iwKl4FGEW HTTP/1.1" 200 483094 "-" "Mozilla/5.0 (compatible; BLEXBot/1.0; +https://help.seranking.com/en/blex-crawler)"
20.171.207.222 - - [23/Oct/2025:15:19:58 +0300] "GET /amp.php?products/225he27032 HTTP/1.1" 200 463016 "-" "Mozilla/5.0 AppleWebKit/537.36 (KHTML, like Gecko; compatible; GPTBot/1.2; +https://openai.com/gptbot)"
20.171.207.222 - - [23/Oct/2025:15:20:00 +0300] "GET /amp.php?products/259go16212 HTTP/1.1" 200 474961 "-" "Mozilla/5.0 AppleWebKit/537.36 (KHTML, like Gecko; compatible; GPTBot/1.2; +https://openai.com/gptbot)"
20.171.207.222 - - [23/Oct/2025:15:20:02 +0300] "GET /amp.php?products/244kp29951 HTTP/1.1" 200 461376 "-" "Mozilla/5.0 AppleWebKit/537.36 (KHTML, like Gecko; compatible; GPTBot/1.2; +https://openai.com/gptbot)"
144.76.19.75 - - [23/Oct/2025:15:20:02 +0300] "GET /amp.php?m003048255?srsltid=AfmBOoCIcqRoOSvDN7I4GW_AbQZ0XFG9g_cpLCPDEX-O-QlpFLSxs3 HTTP/1.1" 200 464058 "-" "Mozilla/5.0 (compatible; BLEXBot/1.0; +https://help.seranking.com/en/blex-crawler)"
20.171.207.222 - - [23/Oct/2025:15:20:04 +0300] "GET /amp.php?products/234az46627 HTTP/1.1" 200 462090 "-" "Mozilla/5.0 AppleWebKit/537.36 (KHTML, like Gecko; compatible; GPTBot/1.2; +https://openai.com/gptbot)"
20.171.207.222 - - [23/Oct/2025:15:20:06 +0300] "GET /amp.php?products/234sv46623 HTTP/1.1" 200 463027 "-" "Mozilla/5.0 AppleWebKit/537.36 (KHTML, like Gecko; compatible; GPTBot/1.2; +https://openai.com/gptbot)"
144.76.19.75 - - [23/Oct/2025:15:20:06 +0300] "GET /amp.php?m056022832?srsltid=AfmBOohndLltqvkwiwKl4F_QDyiCImcnW_f52QY9gT-U-eSClIZ4Mh HTTP/1.1" 200 467045 "-" "Mozilla/5.0 (compatible; BLEXBot/1.0; +https://help.seranking.com/en/blex-crawler)"
20.171.207.222 - - [23/Oct/2025:15:20:08 +0300] "GET /amp.php?products/262qa18121 HTTP/1.1" 200 461989 "-" "Mozilla/5.0 AppleWebKit/537.36 (KHTML, like Gecko; compatible; GPTBot/1.2; +https://openai.com/gptbot)"
20.171.207.222 - - [23/Oct/2025:15:20:09 +0300] "GET /amp.php?products/225bg28126 HTTP/1.1" 200 465333 "-" "Mozilla/5.0 AppleWebKit/537.36 (KHTML, like Gecko; compatible; GPTBot/1.2; +https://openai.com/gptbot)"
66.249.72.236 - - [23/Oct/2025:15:20:10 +0300] "GET /impress/command78/nmwnw-11898/ HTTP/1.1" 200 565007 "-" "Mozilla/5.0 (Linux; Android 6.0.1; Nexus 5X Build/MMB29P) AppleWebKit/537.36 (KHTML, like Gecko) Chrome/141.0.7390.107 Mobile Safari/537.36 (compatible; GoogleOther)"
144.76.19.75 - - [23/Oct/2025:15:20:10 +0300] "GET /amp.php?m003048257?srsltid=AfmBOoJkbgwRsYwMcpLCPD_jxIhSKtQpz_QlpFLSxs-F-qZMlE8pfP HTTP/1.1" 200 462113 "-" "Mozilla/5.0 (compatible; BLEXBot/1.0; +https://help.seranking.com/en/blex-crawler)"
20.171.207.222 - - [23/Oct/2025:15:20:11 +0300] "GET /amp.php?products/164hp27631 HTTP/1.1" 200 470773 "-" "Mozilla/5.0 AppleWebKit/537.36 (KHTML, like Gecko; compatible; GPTBot/1.2; +https://openai.com/gptbot)"
20.171.207.222 - - [23/Oct/2025:15:20:13 +0300] "GET /amp.php?products/206pr42041 HTTP/1.1" 200 463205 "-" "Mozilla/5.0 AppleWebKit/537.36 (KHTML, like Gecko; compatible; GPTBot/1.2; +https://openai.com/gptbot)"
144.76.19.75 - - [23/Oct/2025:15:20:15 +0300] "GET /amp.php?m056022834?srsltid=AfmBOoyVghaoASzrf52QY9_Jz4XagxmZk_eSClIZ4M-P-yF3wDEOEW HTTP/1.1" 200 465348 "-" "Mozilla/5.0 (compatible; BLEXBot/1.0; +https://help.seranking.com/en/blex-crawler)"
20.171.207.222 - - [23/Oct/2025:15:20:15 +0300] "GET /amp.php?products/120dn35135 HTTP/1.1" 200 466157 "-" "Mozilla/5.0 AppleWebKit/537.36 (KHTML, like Gecko; compatible; GPTBot/1.2; +https://openai.com/gptbot)"
20.171.207.222 - - [23/Oct/2025:15:20:17 +0300] "GET /amp.php?products/231kd25310 HTTP/1.1" 200 473879 "-" "Mozilla/5.0 AppleWebKit/537.36 (KHTML, like Gecko; compatible; GPTBot/1.2; +https://openai.com/gptbot)"
20.171.207.222 - - [23/Oct/2025:15:20:19 +0300] "GET /amp.php?products/234sg45493 HTTP/1.1" 200 466331 "-" "Mozilla/5.0 AppleWebKit/537.36 (KHTML, like Gecko; compatible; GPTBot/1.2; +https://openai.com/gptbot)"
144.76.19.75 - - [23/Oct/2025:15:20:19 +0300] "GET /amp.php?m003048263?srsltid=AfmBOotCfqQJTpKn8KVZkn_53XTjIahga_uMP9Hb74-W-MO1bkvbGr HTTP/1.1" 200 465602 "-" "Mozilla/5.0 (compatible; BLEXBot/1.0; +https://help.seranking.com/en/blex-crawler)"
20.171.207.222 - - [23/Oct/2025:15:20:21 +0300] "GET /amp.php?products/119ss44822 HTTP/1.1" 200 461648 "-" "Mozilla/5.0 AppleWebKit/537.36 (KHTML, like Gecko; compatible; GPTBot/1.2; +https://openai.com/gptbot)"
20.171.207.222 - - [23/Oct/2025:15:20:23 +0300] "GET /amp.php?products/279tz24496 HTTP/1.1" 200 460859 "-" "Mozilla/5.0 AppleWebKit/537.36 (KHTML, like Gecko; compatible; GPTBot/1.2; +https://openai.com/gptbot)"
144.76.19.75 - - [23/Oct/2025:15:20:23 +0300] "GET /amp.php?m056022836?srsltid=AfmBOofHUkyOzMFfeSClIZ_wgAaBTO8OV_yF3wDEOE-A-mdpqXqn8k HTTP/1.1" 200 470477 "-" "Mozilla/5.0 (compatible; BLEXBot/1.0; +https://help.seranking.com/en/blex-crawler)"
20.171.207.222 - - [23/Oct/2025:15:20:25 +0300] "GET /amp.php?products/262tr17289 HTTP/1.1" 200 468663 "-" "Mozilla/5.0 AppleWebKit/537.36 (KHTML, like Gecko; compatible; GPTBot/1.2; +https://openai.com/gptbot)"
20.171.207.222 - - [23/Oct/2025:15:20:26 +0300] "GET /amp.php?products/259bh19258 HTTP/1.1" 200 475409 "-" "Mozilla/5.0 AppleWebKit/537.36 (KHTML, like Gecko; compatible; GPTBot/1.2; +https://openai.com/gptbot)"
144.76.19.75 - - [23/Oct/2025:15:20:28 +0300] "GET /amp.php?m003048267?srsltid=AfmBOobSxoVofMQdMO1bkv_m8r1BroNae_jruirw5H-H-zE0b4Vv5b HTTP/1.1" 200 465843 "-" "Mozilla/5.0 (compatible; BLEXBot/1.0; +https://help.seranking.com/en/blex-crawler)"
20.171.207.222 - - [23/Oct/2025:15:20:28 +0300] "GET /amp.php?products/284ar26855 HTTP/1.1" 200 497431 "-" "Mozilla/5.0 AppleWebKit/537.36 (KHTML, like Gecko; compatible; GPTBot/1.2; +https://openai.com/gptbot)"
20.171.207.222 - - [23/Oct/2025:15:20:30 +0300] "GET /amp.php?products/253of43644 HTTP/1.1" 200 462007 "-" "Mozilla/5.0 AppleWebKit/537.36 (KHTML, like Gecko; compatible; GPTBot/1.2; +https://openai.com/gptbot)"
20.171.207.222 - - [23/Oct/2025:15:20:32 +0300] "GET /amp.php?products/231ww24166 HTTP/1.1" 200 481026 "-" "Mozilla/5.0 AppleWebKit/537.36 (KHTML, like Gecko; compatible; GPTBot/1.2; +https://openai.com/gptbot)"
144.76.19.75 - - [23/Oct/2025:15:20:32 +0300] "GET /amp.php?m056022838?srsltid=AfmBOoQiFwPOFiAgyF3wDE_W5cQ6S6jAE_mdpqXqn8-E-UjmjBzZIl HTTP/1.1" 200 473830 "-" "Mozilla/5.0 (compatible; BLEXBot/1.0; +https://help.seranking.com/en/blex-crawler)"
20.171.207.222 - - [23/Oct/2025:15:20:34 +0300] "GET /amp.php?products/170cn44517 HTTP/1.1" 200 461453 "-" "Mozilla/5.0 AppleWebKit/537.36 (KHTML, like Gecko; compatible; GPTBot/1.2; +https://openai.com/gptbot)"
20.171.207.222 - - [23/Oct/2025:15:20:36 +0300] "GET /amp.php?products/258co44805 HTTP/1.1" 200 469655 "-" "Mozilla/5.0 AppleWebKit/537.36 (KHTML, like Gecko; compatible; GPTBot/1.2; +https://openai.com/gptbot)"
144.76.19.75 - - [23/Oct/2025:15:20:36 +0300] "GET /amp.php?m003048269?srsltid=AfmBOoQtjmkTrUffjruirw_saQs0x6dP0_zE0b4Vv5-D-SMIPUgMuT HTTP/1.1" 200 463854 "-" "Mozilla/5.0 (compatible; BLEXBot/1.0; +https://help.seranking.com/en/blex-crawler)"
20.171.207.222 - - [23/Oct/2025:15:20:38 +0300] "GET /amp.php?products/231ar12026 HTTP/1.1" 200 465145 "-" "Mozilla/5.0 AppleWebKit/537.36 (KHTML, like Gecko; compatible; GPTBot/1.2; +https://openai.com/gptbot)"
20.171.207.222 - - [23/Oct/2025:15:20:40 +0300] "GET /amp.php?products/192vv25211 HTTP/1.1" 200 465601 "-" "Mozilla/5.0 AppleWebKit/537.36 (KHTML, like Gecko; compatible; GPTBot/1.2; +https://openai.com/gptbot)"
144.76.19.75 - - [23/Oct/2025:15:20:41 +0300] "GET /amp.php?m056022840?srsltid=AfmBOozGFeNlJChDmdpqXq_hOMXMjswW2_UjmjBzZI-B-J3UuYfsqX HTTP/1.1" 200 472694 "-" "Mozilla/5.0 (compatible; BLEXBot/1.0; +https://help.seranking.com/en/blex-crawler)"
20.171.207.222 - - [23/Oct/2025:15:20:42 +0300] "GET /amp.php?products/259nm22508 HTTP/1.1" 200 464265 "-" "Mozilla/5.0 AppleWebKit/537.36 (KHTML, like Gecko; compatible; GPTBot/1.2; +https://openai.com/gptbot)"
20.171.207.222 - - [23/Oct/2025:15:20:44 +0300] "GET /amp.php?products/259ar22504 HTTP/1.1" 200 464388 "-" "Mozilla/5.0 AppleWebKit/537.36 (KHTML, like Gecko; compatible; GPTBot/1.2; +https://openai.com/gptbot)"
144.76.19.75 - - [23/Oct/2025:15:20:45 +0300] "GET /amp.php?m003048271?srsltid=AfmBOoUfxLPMVVhKzE0b4V_7eG40rYGPt_SMIPUgMu-B-oyDrIgmq0 HTTP/1.1" 200 461972 "-" "Mozilla/5.0 (compatible; BLEXBot/1.0; +https://help.seranking.com/en/blex-crawler)"
20.171.207.222 - - [23/Oct/2025:15:20:46 +0300] "GET /amp.php?products/182tj35331 HTTP/1.1" 200 465110 "-" "Mozilla/5.0 AppleWebKit/537.36 (KHTML, like Gecko; compatible; GPTBot/1.2; +https://openai.com/gptbot)"
66.249.75.103 - - [23/Oct/2025:15:20:46 +0300] "GET /Mexican/fortunately47/5mx3g-11897/ HTTP/1.1" 200 114170 "-" "Mozilla/5.0 (Linux; Android 6.0.1; Nexus 5X Build/MMB29P) AppleWebKit/537.36 (KHTML, like Gecko) Chrome/141.0.7390.107 Mobile Safari/537.36 (compatible; GoogleOther)"
