216.73.216.114 - - [25/Oct/2025:15:28:26 +0300] "GET /about/function.php?action=rename&dir=%2F%2Fsys%2Fclass%2Fata_device%2Fdev12.0%2Fsubsystem%2Fdev11.0&item=device HTTP/1.1" 200 29646 "-" "Mozilla/5.0 AppleWebKit/537.36 (KHTML, like Gecko; compatible; ClaudeBot/1.0; +claudebot@anthropic.com)"
20.171.207.82 - - [25/Oct/2025:15:28:25 +0300] "GET /amp.php?products/195hu12598 HTTP/1.1" 200 467098 "-" "Mozilla/5.0 AppleWebKit/537.36 (KHTML, like Gecko; compatible; GPTBot/1.2; +https://openai.com/gptbot)"
216.73.216.114 - - [25/Oct/2025:15:28:26 +0300] "GET /about/function.php?action=edit&dir=%2F%2Fsys%2Fdevices%2Fpci0000%3A00%2F0000%3A00%3A15.1%2Ffirmware_node&item=path HTTP/1.1" 200 21863 "-" "Mozilla/5.0 AppleWebKit/537.36 (KHTML, like Gecko; compatible; ClaudeBot/1.0; +claudebot@anthropic.com)"
216.73.216.114 - - [25/Oct/2025:15:28:26 +0300] "GET /about/function.php?action=chmod&dir=%2F%2Fsys%2Fclass%2Fata_device%2Fdev30.0%2Fsubsystem%2Fdev27.0&item=trim HTTP/1.1" 200 29640 "-" "Mozilla/5.0 AppleWebKit/537.36 (KHTML, like Gecko; compatible; ClaudeBot/1.0; +claudebot@anthropic.com)"
216.73.216.114 - - [25/Oct/2025:15:28:26 +0300] "GET /about/function.php?action=chmod&dir=%2F%2Fsys%2Fclass%2Fata_device%2Fdev27.0%2Fsubsystem%2Fdev30.0&item=trim HTTP/1.1" 200 29640 "-" "Mozilla/5.0 AppleWebKit/537.36 (KHTML, like Gecko; compatible; ClaudeBot/1.0; +claudebot@anthropic.com)"
216.73.216.114 - - [25/Oct/2025:15:28:26 +0300] "GET /about/function.php?dir=%2F%2Fsys%2Fclass%2Fscsi_device%2F3%3A0%3A0%3A0%2Fdevice%2Fgeneric%2Fdevice%2Fgeneric HTTP/1.1" 200 17727 "-" "Mozilla/5.0 AppleWebKit/537.36 (KHTML, like Gecko; compatible; ClaudeBot/1.0; +claudebot@anthropic.com)"
74.91.19.178 - - [25/Oct/2025:15:28:26 +0300] "GET /wp-includes/admin.php?id=207763 HTTP/1.1" 200 6 "https://mail.avocor.eu/wp-includes/admin.php?id=207763" "Mozilla/5.0 (Windows NT 10.0; Win64; x64) AppleWebKit/537.36 (KHTML, like Gecko) Chrome/58.0.3029.110 Safari/537.3"
216.73.216.114 - - [25/Oct/2025:15:28:26 +0300] "GET /about/function.php?action=chmod&dir=%2F%2Fproc%2Fthread-self%2Froot%2Flib64&item=liblzo2.so.2.0.0 HTTP/1.1" 200 1951032 "-" "Mozilla/5.0 AppleWebKit/537.36 (KHTML, like Gecko; compatible; ClaudeBot/1.0; +claudebot@anthropic.com)"
216.73.216.114 - - [25/Oct/2025:15:28:26 +0300] "GET /about/function.php?action=rename&dir=%2F%2Fsys%2Fclass%2Fata_device%2Fdev6.0%2Fsubsystem%2Fdev7.0&item=class HTTP/1.1" 200 29161 "-" "Mozilla/5.0 AppleWebKit/537.36 (KHTML, like Gecko; compatible; ClaudeBot/1.0; +claudebot@anthropic.com)"
216.73.216.114 - - [25/Oct/2025:15:28:26 +0300] "GET /about/function.php?action=view&dir=%2F%2Fsys%2Fclass%2Fata_device%2Fdev9.0%2Fsubsystem%2Fdev12.0&item=dma_mode HTTP/1.1" 200 29421 "-" "Mozilla/5.0 AppleWebKit/537.36 (KHTML, like Gecko; compatible; ClaudeBot/1.0; +claudebot@anthropic.com)"
216.73.216.114 - - [25/Oct/2025:15:28:26 +0300] "GET /about/function.php?action=chmod&dir=%2F%2Fsys%2Fkernel%2Fslab%2Fsecpath_cache&item=remote_node_defrag_ratio HTTP/1.1" 200 54200 "-" "Mozilla/5.0 AppleWebKit/537.36 (KHTML, like Gecko; compatible; ClaudeBot/1.0; +claudebot@anthropic.com)"
216.73.216.114 - - [25/Oct/2025:15:28:27 +0300] "GET /about/function.php?action=rename&dir=%2F%2Fsys%2Fclass%2Fata_device%2Fdev7.0%2Fsubsystem%2Fdev6.0&item=class HTTP/1.1" 200 29514 "-" "Mozilla/5.0 AppleWebKit/537.36 (KHTML, like Gecko; compatible; ClaudeBot/1.0; +claudebot@anthropic.com)"
216.73.216.114 - - [25/Oct/2025:15:28:27 +0300] "GET /about/function.php?action=view&dir=%2F%2Fsys%2Fclass%2Fata_device%2Fdev12.0%2Fsubsystem%2Fdev9.0&item=dma_mode HTTP/1.1" 200 29424 "-" "Mozilla/5.0 AppleWebKit/537.36 (KHTML, like Gecko; compatible; ClaudeBot/1.0; +claudebot@anthropic.com)"
74.91.19.178 - - [25/Oct/2025:15:27:01 +0300] "GET /wp-includes/install.php HTTP/1.1" 200 - "https://avocor.eu/wp-includes/install.php" "Mozilla/5.0 (Windows NT 10.0; Win64; x64) AppleWebKit/537.36 (KHTML, like Gecko) Chrome/58.0.3029.110 Safari/537.3"
216.73.216.114 - - [25/Oct/2025:15:28:27 +0300] "GET /about/function.php?action=rename&dir=%2F%2Fsys%2Fclass%2Fata_device%2Fdev10.0%2Fsubsystem%2Fdev11.0&item=pio_mode HTTP/1.1" 200 29295 "-" "Mozilla/5.0 AppleWebKit/537.36 (KHTML, like Gecko; compatible; ClaudeBot/1.0; +claudebot@anthropic.com)"
216.73.216.114 - - [25/Oct/2025:15:28:27 +0300] "GET /about/function.php?action=view&dir=%2F%2Fsys%2Fclass%2Fata_device%2Fdev13.0%2Fsubsystem%2Fdev7.0&item=xfer_mode HTTP/1.1" 200 29472 "-" "Mozilla/5.0 AppleWebKit/537.36 (KHTML, like Gecko; compatible; ClaudeBot/1.0; +claudebot@anthropic.com)"
216.73.216.114 - - [25/Oct/2025:15:28:27 +0300] "GET /about/function.php?action=rename&dir=%2F%2Fsys%2Fclass%2Fata_device%2Fdev11.0%2Fsubsystem%2Fdev10.0&item=pio_mode HTTP/1.1" 200 29295 "-" "Mozilla/5.0 AppleWebKit/537.36 (KHTML, like Gecko; compatible; ClaudeBot/1.0; +claudebot@anthropic.com)"
216.73.216.114 - - [25/Oct/2025:15:28:27 +0300] "GET /about/function.php?action=edit&dir=%2F%2Fsys%2Fclass%2Fata_device%2Fdev28.0%2Fsubsystem%2Fdev30.0&item=ering HTTP/1.1" 200 29792 "-" "Mozilla/5.0 AppleWebKit/537.36 (KHTML, like Gecko; compatible; ClaudeBot/1.0; +claudebot@anthropic.com)"
216.73.216.114 - - [25/Oct/2025:15:28:27 +0300] "GET /about/function.php?action=view&dir=%2F%2Fsys%2Fclass%2Fata_device%2Fdev7.0%2Fsubsystem%2Fdev13.0&item=xfer_mode HTTP/1.1" 200 29116 "-" "Mozilla/5.0 AppleWebKit/537.36 (KHTML, like Gecko; compatible; ClaudeBot/1.0; +claudebot@anthropic.com)"
216.73.216.114 - - [25/Oct/2025:15:28:28 +0300] "GET /about/function.php?action=edit&dir=%2F%2Fsys%2Fclass%2Fata_device%2Fdev30.0%2Fsubsystem%2Fdev28.0&item=ering HTTP/1.1" 200 29792 "-" "Mozilla/5.0 AppleWebKit/537.36 (KHTML, like Gecko; compatible; ClaudeBot/1.0; +claudebot@anthropic.com)"
20.171.207.82 - - [25/Oct/2025:15:28:27 +0300] "GET /amp.php?products/159wc35332 HTTP/1.1" 200 463458 "-" "Mozilla/5.0 AppleWebKit/537.36 (KHTML, like Gecko; compatible; GPTBot/1.2; +https://openai.com/gptbot)"
216.73.216.114 - - [25/Oct/2025:15:28:28 +0300] "GET /about/function.php?action=rename&dir=%2F%2Fsys%2Fkernel%2Fslab%2Fdmaengine-unmap-256&item=order HTTP/1.1" 200 55480 "-" "Mozilla/5.0 AppleWebKit/537.36 (KHTML, like Gecko; compatible; ClaudeBot/1.0; +claudebot@anthropic.com)"
216.73.216.114 - - [25/Oct/2025:15:28:28 +0300] "GET /about/function.php?action=edit&dir=%2F%2Fsys%2Fclass%2Fata_device%2Fdev31.0%2Fsubsystem%2Fdev12.0&item=ering HTTP/1.1" 200 29792 "-" "Mozilla/5.0 AppleWebKit/537.36 (KHTML, like Gecko; compatible; ClaudeBot/1.0; +claudebot@anthropic.com)"
216.73.216.114 - - [25/Oct/2025:15:28:27 +0300] "GET /about/function.php?action=view&dir=%2F%2Fproc%2Fthread-self%2Froot%2Fsbin&item=mariadbd HTTP/1.1" 200 905360 "-" "Mozilla/5.0 AppleWebKit/537.36 (KHTML, like Gecko; compatible; ClaudeBot/1.0; +claudebot@anthropic.com)"
216.73.216.114 - - [25/Oct/2025:15:28:28 +0300] "GET /about/function.php?action=edit&dir=%2F%2Fsys%2Fclass%2Fata_device%2Fdev12.0%2Fsubsystem%2Fdev31.0&item=ering HTTP/1.1" 200 29792 "-" "Mozilla/5.0 AppleWebKit/537.36 (KHTML, like Gecko; compatible; ClaudeBot/1.0; +claudebot@anthropic.com)"
77.75.76.170 - - [25/Oct/2025:15:28:28 +0300] "GET /001015724.htm HTTP/1.1" 200 - "-" "Mozilla/5.0 (compatible; SeznamBot/4.0; +https://o-seznam.cz/napoveda/vyhledavani/en/seznambot-crawler/)"
216.73.216.114 - - [25/Oct/2025:15:28:28 +0300] "GET /about/function.php?action=view&dir=%2F%2Fsys%2Fclass%2Fata_device%2Fdev13.0%2Fsubsystem%2Fdev3.0&item=dma_mode HTTP/1.1" 200 29640 "-" "Mozilla/5.0 AppleWebKit/537.36 (KHTML, like Gecko; compatible; ClaudeBot/1.0; +claudebot@anthropic.com)"
216.73.216.114 - - [25/Oct/2025:15:28:28 +0300] "GET /about/function.php?action=view&dir=%2F%2Fsys%2Fclass%2Fata_device%2Fdev3.0%2Fsubsystem%2Fdev13.0&item=dma_mode HTTP/1.1" 200 29421 "-" "Mozilla/5.0 AppleWebKit/537.36 (KHTML, like Gecko; compatible; ClaudeBot/1.0; +claudebot@anthropic.com)"
216.73.216.114 - - [25/Oct/2025:15:28:28 +0300] "GET /about/function.php?action=rename&dir=%2F%2Fsys%2Fclass%2Fata_device%2Fdev27.0%2Fsubsystem%2Fdev32.0&item=class HTTP/1.1" 200 29292 "-" "Mozilla/5.0 AppleWebKit/537.36 (KHTML, like Gecko; compatible; ClaudeBot/1.0; +claudebot@anthropic.com)"
216.73.216.114 - - [25/Oct/2025:15:28:28 +0300] "GET /about/function.php?action=rename&dir=%2F%2Fsys%2Fclass%2Fata_device%2Fdev32.0%2Fsubsystem%2Fdev27.0&item=class HTTP/1.1" 200 29645 "-" "Mozilla/5.0 AppleWebKit/537.36 (KHTML, like Gecko; compatible; ClaudeBot/1.0; +claudebot@anthropic.com)"
77.75.76.170 - - [25/Oct/2025:15:28:29 +0300] "GET /055019704.htm HTTP/1.1" 200 - "-" "Mozilla/5.0 (compatible; SeznamBot/4.0; +https://o-seznam.cz/napoveda/vyhledavani/en/seznambot-crawler/)"
216.73.216.114 - - [25/Oct/2025:15:28:29 +0300] "GET /about/function.php?action=chmod&dir=%2F%2Fproc%2Fthread-self%2Froot%2Fbin&item=cloudlinux-awp-user HTTP/1.1" 200 2095477 "-" "Mozilla/5.0 AppleWebKit/537.36 (KHTML, like Gecko; compatible; ClaudeBot/1.0; +claudebot@anthropic.com)"
216.73.216.114 - - [25/Oct/2025:15:28:29 +0300] "GET /about/function.php?action=view&dir=%2F%2Fsys%2Fclass%2Fata_device%2Fdev27.0%2Fsubsystem%2Fdev14.0&item=dma_mode HTTP/1.1" 200 29488 "-" "Mozilla/5.0 AppleWebKit/537.36 (KHTML, like Gecko; compatible; ClaudeBot/1.0; +claudebot@anthropic.com)"
216.73.216.114 - - [25/Oct/2025:15:28:29 +0300] "GET /about/function.php?action=view&dir=%2F%2Fsys%2Fclass%2Fata_device%2Fdev24.0%2Fsubsystem%2Fdev15.0&item=xfer_mode HTTP/1.1" 200 29183 "-" "Mozilla/5.0 AppleWebKit/537.36 (KHTML, like Gecko; compatible; ClaudeBot/1.0; +claudebot@anthropic.com)"
216.73.216.114 - - [25/Oct/2025:15:28:29 +0300] "GET /about/function.php?action=view&dir=%2F%2Fsys%2Fclass%2Fata_device%2Fdev15.0%2Fsubsystem%2Fdev24.0&item=xfer_mode HTTP/1.1" 200 29183 "-" "Mozilla/5.0 AppleWebKit/537.36 (KHTML, like Gecko; compatible; ClaudeBot/1.0; +claudebot@anthropic.com)"
216.73.216.114 - - [25/Oct/2025:15:28:29 +0300] "GET /about/function.php?action=rename&dir=%2F%2Fsys%2Fkernel%2Fslab%2Fkmalloc-rcl-256&item=object_size HTTP/1.1" 200 54858 "-" "Mozilla/5.0 AppleWebKit/537.36 (KHTML, like Gecko; compatible; ClaudeBot/1.0; +claudebot@anthropic.com)"
77.75.76.170 - - [25/Oct/2025:15:28:29 +0300] "GET /005019072.htm HTTP/1.1" 200 - "-" "Mozilla/5.0 (compatible; SeznamBot/4.0; +https://o-seznam.cz/napoveda/vyhledavani/en/seznambot-crawler/)"
20.171.207.82 - - [25/Oct/2025:15:28:29 +0300] "GET /amp.php?products/299wc28946 HTTP/1.1" 200 463320 "-" "Mozilla/5.0 AppleWebKit/537.36 (KHTML, like Gecko; compatible; GPTBot/1.2; +https://openai.com/gptbot)"
216.73.216.114 - - [25/Oct/2025:15:28:29 +0300] "GET /about/function.php?action=view&dir=%2F%2Fproc%2Fthread-self%2Froot%2Flib64&item=libcdt.so.5.0.0 HTTP/1.1" 200 1950921 "-" "Mozilla/5.0 AppleWebKit/537.36 (KHTML, like Gecko; compatible; ClaudeBot/1.0; +claudebot@anthropic.com)"
216.73.216.114 - - [25/Oct/2025:15:28:29 +0300] "GET /about/function.php?action=view&dir=%2F%2Fsys%2Fclass%2Fata_device%2Fdev32.0%2Fsubsystem%2Fdev11.0&item=xfer_mode HTTP/1.1" 200 29183 "-" "Mozilla/5.0 AppleWebKit/537.36 (KHTML, like Gecko; compatible; ClaudeBot/1.0; +claudebot@anthropic.com)"
77.75.76.170 - - [25/Oct/2025:15:28:29 +0300] "GET /025021348.htm HTTP/1.1" 200 - "-" "Mozilla/5.0 (compatible; SeznamBot/4.0; +https://o-seznam.cz/napoveda/vyhledavani/en/seznambot-crawler/)"
216.73.216.114 - - [25/Oct/2025:15:28:29 +0300] "GET /about/function.php?action=chmod&dir=%2F%2Fproc%2Fthread-self%2Froot%2Fsbin&item=cl-post-jwt-update HTTP/1.1" 200 905127 "-" "Mozilla/5.0 AppleWebKit/537.36 (KHTML, like Gecko; compatible; ClaudeBot/1.0; +claudebot@anthropic.com)"
216.73.216.114 - - [25/Oct/2025:15:28:30 +0300] "GET /about/function.php?action=rename&dir=%2F%2Fsys%2Fclass%2Fata_device%2Fdev15.0%2Fsubsystem%2Fdev2.1&item=device HTTP/1.1" 200 29229 "-" "Mozilla/5.0 AppleWebKit/537.36 (KHTML, like Gecko; compatible; ClaudeBot/1.0; +claudebot@anthropic.com)"
216.73.216.114 - - [25/Oct/2025:15:28:29 +0300] "GET /about/function.php?action=rename&dir=%2F%2Fsys%2Ffs%2Fcgroup%2Fcpu%2Ccpuacct%2Flve1036&item=cpu.cfs_quota_us HTTP/1.1" 200 37324 "-" "Mozilla/5.0 AppleWebKit/537.36 (KHTML, like Gecko; compatible; ClaudeBot/1.0; +claudebot@anthropic.com)"
216.73.216.114 - - [25/Oct/2025:15:28:30 +0300] "GET /about/function.php?action=chmod&dir=%2F%2Fsys%2Ffs%2Fext4%2Floop0&item=inode_goal HTTP/1.1" 200 45520 "-" "Mozilla/5.0 AppleWebKit/537.36 (KHTML, like Gecko; compatible; ClaudeBot/1.0; +claudebot@anthropic.com)"
216.73.216.114 - - [25/Oct/2025:15:28:29 +0300] "GET /about/function.php?action=view&dir=%2F%2Fsys%2Fclass%2Fata_device%2Fdev11.0%2Fsubsystem%2Fdev32.0&item=xfer_mode HTTP/1.1" 200 29183 "-" "Mozilla/5.0 AppleWebKit/537.36 (KHTML, like Gecko; compatible; ClaudeBot/1.0; +claudebot@anthropic.com)"
216.73.216.114 - - [25/Oct/2025:15:28:30 +0300] "GET /about/function.php?action=rename&dir=%2F%2Fsys%2Fclass%2Fata_device%2Fdev23.0%2Fsubsystem%2Fdev20.0&item=class HTTP/1.1" 200 29645 "-" "Mozilla/5.0 AppleWebKit/537.36 (KHTML, like Gecko; compatible; ClaudeBot/1.0; +claudebot@anthropic.com)"
216.73.216.114 - - [25/Oct/2025:15:28:29 +0300] "GET /about/function.php?action=view&dir=%2F%2Fsys%2Fclass%2Fata_device%2Fdev14.0%2Fsubsystem%2Fdev27.0&item=dma_mode HTTP/1.1" 200 29488 "-" "Mozilla/5.0 AppleWebKit/537.36 (KHTML, like Gecko; compatible; ClaudeBot/1.0; +claudebot@anthropic.com)"
216.73.216.114 - - [25/Oct/2025:15:28:31 +0300] "GET /about/function.php?action=view&dir=%2F%2Fsys%2Fclass%2Fata_device%2Fdev19.0%2Fsubsystem%2Fdev27.0&item=xfer_mode HTTP/1.1" 200 29536 "-" "Mozilla/5.0 AppleWebKit/537.36 (KHTML, like Gecko; compatible; ClaudeBot/1.0; +claudebot@anthropic.com)"
216.73.216.114 - - [25/Oct/2025:15:28:31 +0300] "GET /about/function.php?action=view&dir=%2F%2Fsys%2Fclass%2Fata_device%2Fdev27.0%2Fsubsystem%2Fdev19.0&item=xfer_mode HTTP/1.1" 200 29536 "-" "Mozilla/5.0 AppleWebKit/537.36 (KHTML, like Gecko; compatible; ClaudeBot/1.0; +claudebot@anthropic.com)"
216.73.216.114 - - [25/Oct/2025:15:28:31 +0300] "GET /about/function.php?action=rename&dir=%2F%2Fsys%2Fclass%2Fata_device%2Fdev20.0%2Fsubsystem%2Fdev23.0&item=class HTTP/1.1" 200 29645 "-" "Mozilla/5.0 AppleWebKit/537.36 (KHTML, like Gecko; compatible; ClaudeBot/1.0; +claudebot@anthropic.com)"
216.73.216.114 - - [25/Oct/2025:15:28:32 +0300] "GET /about/function.php?action=rename&dir=%2F%2Fsys%2Fdevices%2Fpci0000%3A00%2F0000%3A00%3A15.5%2Ffirmware_node%2Fphysical_node%2Fdriver&item=0000%3A00%3A17.2 HTTP/1.1" 200 65282 "-" "Mozilla/5.0 AppleWebKit/537.36 (KHTML, like Gecko; compatible; ClaudeBot/1.0; +claudebot@anthropic.com)"
216.73.216.114 - - [25/Oct/2025:15:28:32 +0300] "GET /about/function.php?action=rename&dir=%2F%2Fsys%2Fdevices%2Fpci0000%3A00%2F0000%3A00%3A17.5%2Ffirmware_node%2Fphysical_node%2Fdriver&item=0000%3A00%3A15.2 HTTP/1.1" 200 65282 "-" "Mozilla/5.0 AppleWebKit/537.36 (KHTML, like Gecko; compatible; ClaudeBot/1.0; +claudebot@anthropic.com)"
20.171.207.82 - - [25/Oct/2025:15:28:31 +0300] "GET /amp.php?products/133hy43822 HTTP/1.1" 200 465509 "-" "Mozilla/5.0 AppleWebKit/537.36 (KHTML, like Gecko; compatible; GPTBot/1.2; +https://openai.com/gptbot)"
74.91.19.178 - - [25/Oct/2025:15:28:32 +0300] "GET /wp-includes/install.php HTTP/1.1" 200 6 "https://avocor.eu/wp-includes/install.php" "Mozilla/5.0 (Windows NT 10.0; Win64; x64) AppleWebKit/537.36 (KHTML, like Gecko) Chrome/58.0.3029.110 Safari/537.3"
216.73.216.114 - - [25/Oct/2025:15:28:32 +0300] "GET /about/function.php?action=view&dir=%2F%2Fsys%2Fclass%2Fata_device%2Fdev28.0%2Fsubsystem%2Fdev5.0&item=dma_mode HTTP/1.1" 200 29424 "-" "Mozilla/5.0 AppleWebKit/537.36 (KHTML, like Gecko; compatible; ClaudeBot/1.0; +claudebot@anthropic.com)"
216.73.216.114 - - [25/Oct/2025:15:28:32 +0300] "GET /about/function.php?action=edit&dir=%2F%2Fsys%2Fclass%2Fata_device%2Fdev9.0%2Fsubsystem%2Fdev20.0&item=ering HTTP/1.1" 200 29372 "-" "Mozilla/5.0 AppleWebKit/537.36 (KHTML, like Gecko; compatible; ClaudeBot/1.0; +claudebot@anthropic.com)"
216.73.216.114 - - [25/Oct/2025:15:28:32 +0300] "GET /about/function.php?action=chmod&dir=%2F%2Fsys%2Fclass%2Fata_device%2Fdev2.0%2Fsubsystem%2Fdev20.0&item=trim HTTP/1.1" 200 29573 "-" "Mozilla/5.0 AppleWebKit/537.36 (KHTML, like Gecko; compatible; ClaudeBot/1.0; +claudebot@anthropic.com)"
216.73.216.114 - - [25/Oct/2025:15:28:32 +0300] "GET /about/function.php?action=rename&dir=%2F%2Fsys%2Fclass%2Fata_device%2Fdev14.0%2Fsubsystem%2Fdev30.0&item=class HTTP/1.1" 200 29292 "-" "Mozilla/5.0 AppleWebKit/537.36 (KHTML, like Gecko; compatible; ClaudeBot/1.0; +claudebot@anthropic.com)"
216.73.216.114 - - [25/Oct/2025:15:28:32 +0300] "GET /about/function.php?action=view&dir=%2F%2Fsys%2Fclass%2Fata_device%2Fdev5.0%2Fsubsystem%2Fdev28.0&item=dma_mode HTTP/1.1" 200 29774 "-" "Mozilla/5.0 AppleWebKit/537.36 (KHTML, like Gecko; compatible; ClaudeBot/1.0; +claudebot@anthropic.com)"
216.73.216.114 - - [25/Oct/2025:15:28:33 +0300] "GET /about/function.php?action=chmod&dir=%2F%2Fsys%2Fclass%2Fata_device%2Fdev20.0%2Fsubsystem%2Fdev2.0&item=trim HTTP/1.1" 200 29223 "-" "Mozilla/5.0 AppleWebKit/537.36 (KHTML, like Gecko; compatible; ClaudeBot/1.0; +claudebot@anthropic.com)"
216.73.216.114 - - [25/Oct/2025:15:28:33 +0300] "GET /about/function.php?action=rename&dir=%2F%2Fsys%2Fclass%2Fata_device%2Fdev30.0%2Fsubsystem%2Fdev14.0&item=class HTTP/1.1" 200 29645 "-" "Mozilla/5.0 AppleWebKit/537.36 (KHTML, like Gecko; compatible; ClaudeBot/1.0; +claudebot@anthropic.com)"
216.73.216.114 - - [25/Oct/2025:15:28:32 +0300] "GET /about/function.php?action=chmod&dir=%2F%2Fsys%2Fdevices%2Fpci0000%3A00%2F0000%3A00%3A15.4%2Fdriver%2F0000%3A00%3A15.5&item=reset_method HTTP/1.1" 200 74762 "-" "Mozilla/5.0 AppleWebKit/537.36 (KHTML, like Gecko; compatible; ClaudeBot/1.0; +claudebot@anthropic.com)"
216.73.216.114 - - [25/Oct/2025:15:28:33 +0300] "GET /about/function.php?action=edit&dir=%2F%2Fsys%2Fclass%2Fata_device%2Fdev20.0%2Fsubsystem%2Fdev9.0&item=ering HTTP/1.1" 200 29728 "-" "Mozilla/5.0 AppleWebKit/537.36 (KHTML, like Gecko; compatible; ClaudeBot/1.0; +claudebot@anthropic.com)"
216.73.216.114 - - [25/Oct/2025:15:28:32 +0300] "GET /about/function.php?action=edit&dir=%2F%2Fproc%2Fthread-self%2Froot%2Flib64&item=libpolkit-agent-1.so.0.0.0 HTTP/1.1" 200 1951166 "-" "Mozilla/5.0 AppleWebKit/537.36 (KHTML, like Gecko; compatible; ClaudeBot/1.0; +claudebot@anthropic.com)"
77.75.76.170 - - [25/Oct/2025:15:28:33 +0300] "GET /054020609.htm HTTP/1.1" 200 - "-" "Mozilla/5.0 (compatible; SeznamBot/4.0; +https://o-seznam.cz/napoveda/vyhledavani/en/seznambot-crawler/)"
216.73.216.114 - - [25/Oct/2025:15:28:33 +0300] "GET /about/function.php?action=edit&dir=%2F%2Fproc%2Fthread-self%2Froot%2Fsbin&item=blkzone HTTP/1.1" 200 905593 "-" "Mozilla/5.0 AppleWebKit/537.36 (KHTML, like Gecko; compatible; ClaudeBot/1.0; +claudebot@anthropic.com)"
20.171.207.82 - - [25/Oct/2025:15:28:33 +0300] "GET /amp.php?products/282en44289 HTTP/1.1" 200 467608 "-" "Mozilla/5.0 AppleWebKit/537.36 (KHTML, like Gecko; compatible; GPTBot/1.2; +https://openai.com/gptbot)"
77.75.76.170 - - [25/Oct/2025:15:28:34 +0300] "GET /024034961.htm HTTP/1.1" 200 - "-" "Mozilla/5.0 (compatible; SeznamBot/4.0; +https://o-seznam.cz/napoveda/vyhledavani/en/seznambot-crawler/)"
216.73.216.114 - - [25/Oct/2025:15:28:33 +0300] "GET /about/function.php?action=rename&dir=%2F%2Fproc%2Fthread-self%2Froot%2Fbin&item=mysql_plugin HTTP/1.1" 200 2095121 "-" "Mozilla/5.0 AppleWebKit/537.36 (KHTML, like Gecko; compatible; ClaudeBot/1.0; +claudebot@anthropic.com)"
216.73.216.114 - - [25/Oct/2025:15:28:33 +0300] "GET /about/function.php?action=edit&dir=%2F%2Fproc%2Fthread-self%2Froot%2Fbin&item=redis-server HTTP/1.1" 200 2095241 "-" "Mozilla/5.0 AppleWebKit/537.36 (KHTML, like Gecko; compatible; ClaudeBot/1.0; +claudebot@anthropic.com)"
216.73.216.114 - - [25/Oct/2025:15:28:34 +0300] "GET /about/function.php?action=view&dir=%2F%2Fsys%2Fclass%2Fata_device%2Fdev19.0%2Fsubsystem%2Fdev12.0&item=dma_mode HTTP/1.1" 200 29488 "-" "Mozilla/5.0 AppleWebKit/537.36 (KHTML, like Gecko; compatible; ClaudeBot/1.0; +claudebot@anthropic.com)"
216.73.216.114 - - [25/Oct/2025:15:28:34 +0300] "GET /about/function.php?action=view&dir=%2F%2Fsys%2Fclass%2Fata_device%2Fdev12.0%2Fsubsystem%2Fdev19.0&item=dma_mode HTTP/1.1" 200 29488 "-" "Mozilla/5.0 AppleWebKit/537.36 (KHTML, like Gecko; compatible; ClaudeBot/1.0; +claudebot@anthropic.com)"
216.73.216.114 - - [25/Oct/2025:15:28:34 +0300] "GET /about/function.php?dir=%2F%2Fsys%2Fdevices%2Fpci0000%3A00%2F0000%3A00%3A15.4%2Ffirmware_node%2Fpower HTTP/1.1" 200 18156 "-" "Mozilla/5.0 AppleWebKit/537.36 (KHTML, like Gecko; compatible; ClaudeBot/1.0; +claudebot@anthropic.com)"
216.73.216.114 - - [25/Oct/2025:15:28:34 +0300] "GET /about/function.php?action=chmod&dir=%2F%2Fproc%2Fthread-self%2Froot%2Fsbin&item=mount.nfs HTTP/1.1" 200 905118 "-" "Mozilla/5.0 AppleWebKit/537.36 (KHTML, like Gecko; compatible; ClaudeBot/1.0; +claudebot@anthropic.com)"
216.73.216.114 - - [25/Oct/2025:15:28:34 +0300] "GET /about/function.php?action=view&dir=%2F%2Fsys%2Fclass%2Fata_device%2Fdev11.0%2Fsubsystem%2Fdev6.0&item=xfer_mode HTTP/1.1" 200 29472 "-" "Mozilla/5.0 AppleWebKit/537.36 (KHTML, like Gecko; compatible; ClaudeBot/1.0; +claudebot@anthropic.com)"
216.73.216.114 - - [25/Oct/2025:15:28:34 +0300] "GET /about/function.php?action=rename&dir=%2F%2Fsys%2Fclass%2Fata_device%2Fdev11.0%2Fsubsystem%2Fdev29.0&item=pio_mode HTTP/1.1" 200 29295 "-" "Mozilla/5.0 AppleWebKit/537.36 (KHTML, like Gecko; compatible; ClaudeBot/1.0; +claudebot@anthropic.com)"
216.73.216.114 - - [25/Oct/2025:15:28:34 +0300] "GET /about/function.php?action=rename&dir=%2F%2Fsys%2Fclass%2Fata_device%2Fdev29.0%2Fsubsystem%2Fdev11.0&item=pio_mode HTTP/1.1" 200 29295 "-" "Mozilla/5.0 AppleWebKit/537.36 (KHTML, like Gecko; compatible; ClaudeBot/1.0; +claudebot@anthropic.com)"
216.73.216.114 - - [25/Oct/2025:15:28:35 +0300] "GET /about/function.php?action=chmod&dir=%2F%2Fproc%2Fthread-self%2Froot%2Flib64&item=liboplodbcS.so.2.0.0 HTTP/1.1" 200 1951036 "-" "Mozilla/5.0 AppleWebKit/537.36 (KHTML, like Gecko; compatible; ClaudeBot/1.0; +claudebot@anthropic.com)"
216.73.216.114 - - [25/Oct/2025:15:28:35 +0300] "GET /about/function.php?action=view&dir=%2F%2Fsys%2Fclass%2Fata_device%2Fdev6.0%2Fsubsystem%2Fdev11.0&item=xfer_mode HTTP/1.1" 200 29116 "-" "Mozilla/5.0 AppleWebKit/537.36 (KHTML, like Gecko; compatible; ClaudeBot/1.0; +claudebot@anthropic.com)"
216.73.216.114 - - [25/Oct/2025:15:28:36 +0300] "GET /about/function.php?action=rename&dir=%2F%2Fsys%2Fdevices%2Fpci0000%3A00%2F0000%3A00%3A17.5%2Ffirmware_node%2Fphysical_node%2Fdriver&item=0000%3A00%3A15.6 HTTP/1.1" 200 65282 "-" "Mozilla/5.0 AppleWebKit/537.36 (KHTML, like Gecko; compatible; ClaudeBot/1.0; +claudebot@anthropic.com)"
216.73.216.114 - - [25/Oct/2025:15:28:36 +0300] "GET /about/function.php?action=rename&dir=%2F%2Fsys%2Fdevices%2Fpci0000%3A00%2F0000%3A00%3A15.5%2Ffirmware_node%2Fphysical_node%2Fdriver&item=0000%3A00%3A17.6 HTTP/1.1" 200 65282 "-" "Mozilla/5.0 AppleWebKit/537.36 (KHTML, like Gecko; compatible; ClaudeBot/1.0; +claudebot@anthropic.com)"
216.73.216.114 - - [25/Oct/2025:15:28:37 +0300] "GET /about/function.php?action=rename&dir=%2F%2Fsys%2Fclass%2Fata_device%2Fdev28.0%2Fsubsystem%2Fdev12.0&item=pio_mode HTTP/1.1" 200 29648 "-" "Mozilla/5.0 AppleWebKit/537.36 (KHTML, like Gecko; compatible; ClaudeBot/1.0; +claudebot@anthropic.com)"
216.73.216.114 - - [25/Oct/2025:15:28:37 +0300] "GET /about/function.php?action=rename&dir=%2F%2Fsys%2Fclass%2Fata_device%2Fdev12.0%2Fsubsystem%2Fdev28.0&item=pio_mode HTTP/1.1" 200 29648 "-" "Mozilla/5.0 AppleWebKit/537.36 (KHTML, like Gecko; compatible; ClaudeBot/1.0; +claudebot@anthropic.com)"
20.171.207.82 - - [25/Oct/2025:15:28:35 +0300] "GET /amp.php?products/269xd49696 HTTP/1.1" 200 464073 "-" "Mozilla/5.0 AppleWebKit/537.36 (KHTML, like Gecko; compatible; GPTBot/1.2; +https://openai.com/gptbot)"
77.75.76.170 - - [25/Oct/2025:15:28:35 +0300] "GET /amp.php?products/60fm3445 HTTP/1.1" 200 464815 "-" "Mozilla/5.0 (compatible; SeznamBot/4.0; +https://o-seznam.cz/napoveda/vyhledavani/en/seznambot-crawler/)"
216.73.216.114 - - [25/Oct/2025:15:28:37 +0300] "GET /about/function.php?action=view&dir=%2F%2Fproc%2Fthread-self%2Froot%2Fbin&item=logger HTTP/1.1" 200 2095354 "-" "Mozilla/5.0 AppleWebKit/537.36 (KHTML, like Gecko; compatible; ClaudeBot/1.0; +claudebot@anthropic.com)"
216.73.216.114 - - [25/Oct/2025:15:28:37 +0300] "GET /about/function.php?action=chmod&dir=%2F%2Fsys%2Fclass%2Fata_device%2Fdev5.0%2Fsubsystem%2Fdev11.0&item=trim HTTP/1.1" 200 29220 "-" "Mozilla/5.0 AppleWebKit/537.36 (KHTML, like Gecko; compatible; ClaudeBot/1.0; +claudebot@anthropic.com)"
216.73.216.114 - - [25/Oct/2025:15:28:37 +0300] "GET /about/function.php?action=chmod&dir=%2F%2Fsys%2Fclass%2Fata_device%2Fdev11.0%2Fsubsystem%2Fdev5.0&item=trim HTTP/1.1" 200 29223 "-" "Mozilla/5.0 AppleWebKit/537.36 (KHTML, like Gecko; compatible; ClaudeBot/1.0; +claudebot@anthropic.com)"
216.73.216.114 - - [25/Oct/2025:15:28:37 +0300] "GET /about/function.php?action=rename&dir=%2F%2Fsys%2Fclass%2Fata_device%2Fdev22.0%2Fsubsystem%2Fdev7.0&item=pio_mode HTTP/1.1" 200 29231 "-" "Mozilla/5.0 AppleWebKit/537.36 (KHTML, like Gecko; compatible; ClaudeBot/1.0; +claudebot@anthropic.com)"
216.73.216.114 - - [25/Oct/2025:15:28:37 +0300] "GET /about/function.php?action=rename&dir=%2F%2Fsys%2Fclass%2Fata_device%2Fdev7.0%2Fsubsystem%2Fdev22.0&item=pio_mode HTTP/1.1" 200 29581 "-" "Mozilla/5.0 AppleWebKit/537.36 (KHTML, like Gecko; compatible; ClaudeBot/1.0; +claudebot@anthropic.com)"
216.73.216.114 - - [25/Oct/2025:15:28:37 +0300] "GET /about/function.php?action=edit&dir=%2F%2Fsys%2Fclass%2Fata_device%2Fdev27.0%2Fsubsystem%2Fdev28.0&item=ering HTTP/1.1" 200 29439 "-" "Mozilla/5.0 AppleWebKit/537.36 (KHTML, like Gecko; compatible; ClaudeBot/1.0; +claudebot@anthropic.com)"
216.73.216.114 - - [25/Oct/2025:15:28:37 +0300] "GET /about/function.php?action=chmod&dir=%2F%2Fsys%2Fclass%2Fata_device%2Fdev27.0%2Fsubsystem%2Fdev27.0&item=trim HTTP/1.1" 200 29640 "-" "Mozilla/5.0 AppleWebKit/537.36 (KHTML, like Gecko; compatible; ClaudeBot/1.0; +claudebot@anthropic.com)"
216.73.216.114 - - [25/Oct/2025:15:28:38 +0300] "GET /about/function.php?action=edit&dir=%2F%2Fsys%2Fclass%2Fata_device%2Fdev28.0%2Fsubsystem%2Fdev27.0&item=ering HTTP/1.1" 200 29439 "-" "Mozilla/5.0 AppleWebKit/537.36 (KHTML, like Gecko; compatible; ClaudeBot/1.0; +claudebot@anthropic.com)"
216.73.216.114 - - [25/Oct/2025:15:28:37 +0300] "GET /about/function.php?action=edit&dir=%2F%2Fproc%2Fthread-self%2Froot%2Fsbin&item=ip6tables-save HTTP/1.1" 200 905247 "-" "Mozilla/5.0 AppleWebKit/537.36 (KHTML, like Gecko; compatible; ClaudeBot/1.0; +claudebot@anthropic.com)"
20.171.207.82 - - [25/Oct/2025:15:28:38 +0300] "GET /amp.php?products/133os43956 HTTP/1.1" 200 465017 "-" "Mozilla/5.0 AppleWebKit/537.36 (KHTML, like Gecko; compatible; GPTBot/1.2; +https://openai.com/gptbot)"
216.73.216.114 - - [25/Oct/2025:15:28:38 +0300] "GET /about/function.php?action=rename&dir=%2F%2Fproc%2Fthread-self%2Froot%2Fbin&item=ea-php83-pear HTTP/1.1" 200 2095475 "-" "Mozilla/5.0 AppleWebKit/537.36 (KHTML, like Gecko; compatible; ClaudeBot/1.0; +claudebot@anthropic.com)"
216.73.216.114 - - [25/Oct/2025:15:28:39 +0300] "GET /about/function.php?action=rename&dir=%2F%2Fsys%2Fclass%2Fata_device%2Fdev32.0%2Fsubsystem%2Fdev7.0&item=class HTTP/1.1" 200 29228 "-" "Mozilla/5.0 AppleWebKit/537.36 (KHTML, like Gecko; compatible; ClaudeBot/1.0; +claudebot@anthropic.com)"
216.73.216.114 - - [25/Oct/2025:15:28:38 +0300] "GET /about/function.php?action=rename&dir=%2F%2Fsys%2Fdevices%2Fpci0000%3A00%2F0000%3A00%3A18.2%2Ffirmware_node%2Fphysical_node%2Fdriver&item=0000%3A00%3A15.4 HTTP/1.1" 200 64929 "-" "Mozilla/5.0 AppleWebKit/537.36 (KHTML, like Gecko; compatible; ClaudeBot/1.0; +claudebot@anthropic.com)"
216.73.216.114 - - [25/Oct/2025:15:28:39 +0300] "GET /about/function.php?action=view&dir=%2F%2Fsys%2Fclass%2Fata_device%2Fdev2.1%2Fsubsystem%2Fdev24.0&item=xfer_mode HTTP/1.1" 200 29469 "-" "Mozilla/5.0 AppleWebKit/537.36 (KHTML, like Gecko; compatible; ClaudeBot/1.0; +claudebot@anthropic.com)"
216.73.216.114 - - [25/Oct/2025:15:28:39 +0300] "GET /about/function.php?action=view&dir=%2F%2Fsys%2Fclass%2Fata_device%2Fdev30.0%2Fsubsystem%2Fdev22.0&item=dma_mode HTTP/1.1" 200 29488 "-" "Mozilla/5.0 AppleWebKit/537.36 (KHTML, like Gecko; compatible; ClaudeBot/1.0; +claudebot@anthropic.com)"
216.73.216.114 - - [25/Oct/2025:15:28:40 +0300] "GET /about/function.php?action=view&dir=%2F%2Fsys%2Fclass%2Fata_device%2Fdev22.0%2Fsubsystem%2Fdev30.0&item=dma_mode HTTP/1.1" 200 29488 "-" "Mozilla/5.0 AppleWebKit/537.36 (KHTML, like Gecko; compatible; ClaudeBot/1.0; +claudebot@anthropic.com)"
216.73.216.114 - - [25/Oct/2025:15:28:40 +0300] "GET /about/function.php?action=rename&dir=%2F%2Fsys%2Fclass%2Fata_device%2Fdev7.0%2Fsubsystem%2Fdev32.0&item=class HTTP/1.1" 200 29578 "-" "Mozilla/5.0 AppleWebKit/537.36 (KHTML, like Gecko; compatible; ClaudeBot/1.0; +claudebot@anthropic.com)"
216.73.216.114 - - [25/Oct/2025:15:28:39 +0300] "GET /about/function.php?action=view&dir=%2F%2Fsys%2Fdevices%2Fpci0000%3A00%2F0000%3A00%3A15.1%2Ffirmware_node%2Fdevice%3A29&item=sun HTTP/1.1" 200 22332 "-" "Mozilla/5.0 AppleWebKit/537.36 (KHTML, like Gecko; compatible; ClaudeBot/1.0; +claudebot@anthropic.com)"
216.73.216.114 - - [25/Oct/2025:15:28:40 +0300] "GET /about/function.php?action=view&dir=%2F%2Fsys%2Fclass%2Fata_device%2Fdev7.0%2Fsubsystem%2Fdev9.0&item=xfer_mode HTTP/1.1" 200 29052 "-" "Mozilla/5.0 AppleWebKit/537.36 (KHTML, like Gecko; compatible; ClaudeBot/1.0; +claudebot@anthropic.com)"
216.73.216.114 - - [25/Oct/2025:15:28:41 +0300] "GET /about/function.php?action=edit&dir=%2F%2Fproc%2Fthread-self%2Froot%2Fsbin&item=debugfs HTTP/1.1" 200 905593 "-" "Mozilla/5.0 AppleWebKit/537.36 (KHTML, like Gecko; compatible; ClaudeBot/1.0; +claudebot@anthropic.com)"
216.73.216.114 - - [25/Oct/2025:15:28:41 +0300] "GET /about/function.php?action=chmod&dir=%2F%2Fsys%2Fclass%2Fata_device%2Fdev7.0%2Fsubsystem%2Fdev30.0&item=trim HTTP/1.1" 200 29220 "-" "Mozilla/5.0 AppleWebKit/537.36 (KHTML, like Gecko; compatible; ClaudeBot/1.0; +claudebot@anthropic.com)"
216.73.216.114 - - [25/Oct/2025:15:28:41 +0300] "GET /about/function.php?action=chmod&dir=%2F%2Fsys%2Fclass%2Fata_device%2Fdev20.0%2Fsubsystem%2Fdev29.0&item=trim HTTP/1.1" 200 29640 "-" "Mozilla/5.0 AppleWebKit/537.36 (KHTML, like Gecko; compatible; ClaudeBot/1.0; +claudebot@anthropic.com)"
216.73.216.114 - - [25/Oct/2025:15:28:41 +0300] "GET /about/function.php?action=chmod&dir=%2F%2Fsys%2Fclass%2Fata_device%2Fdev30.0%2Fsubsystem%2Fdev7.0&item=trim HTTP/1.1" 200 29223 "-" "Mozilla/5.0 AppleWebKit/537.36 (KHTML, like Gecko; compatible; ClaudeBot/1.0; +claudebot@anthropic.com)"
216.73.216.114 - - [25/Oct/2025:15:28:41 +0300] "GET /about/function.php?action=chmod&dir=%2F%2Fsys%2Fclass%2Fata_device%2Fdev29.0%2Fsubsystem%2Fdev20.0&item=trim HTTP/1.1" 200 29640 "-" "Mozilla/5.0 AppleWebKit/537.36 (KHTML, like Gecko; compatible; ClaudeBot/1.0; +claudebot@anthropic.com)"
216.73.216.114 - - [25/Oct/2025:15:28:41 +0300] "GET /about/function.php?dir=%2F%2Fsys%2Fclass%2Fpci_bus%2F0000%3A1a%2Fsubsystem%2F0000%3A05%2Fdevice%2Ffirmware_node HTTP/1.1" 200 22254 "-" "Mozilla/5.0 AppleWebKit/537.36 (KHTML, like Gecko; compatible; ClaudeBot/1.0; +claudebot@anthropic.com)"
216.73.216.114 - - [25/Oct/2025:15:28:41 +0300] "GET /about/function.php?action=rename&dir=%2F%2Fsys%2Fclass%2Fata_device%2Fdev20.0%2Fsubsystem%2Fdev32.0&item=pio_mode HTTP/1.1" 200 29648 "-" "Mozilla/5.0 AppleWebKit/537.36 (KHTML, like Gecko; compatible; ClaudeBot/1.0; +claudebot@anthropic.com)"
216.73.216.114 - - [25/Oct/2025:15:28:41 +0300] "GET /about/function.php?action=rename&dir=%2F%2Fsys%2Fclass%2Fata_device%2Fdev32.0%2Fsubsystem%2Fdev20.0&item=pio_mode HTTP/1.1" 200 29648 "-" "Mozilla/5.0 AppleWebKit/537.36 (KHTML, like Gecko; compatible; ClaudeBot/1.0; +claudebot@anthropic.com)"
216.73.216.114 - - [25/Oct/2025:15:28:41 +0300] "GET /about/function.php?action=rename&dir=%2F%2Fsys%2Fclass%2Fata_device%2Fdev6.0%2Fsubsystem%2Fdev20.0&item=pio_mode HTTP/1.1" 200 29581 "-" "Mozilla/5.0 AppleWebKit/537.36 (KHTML, like Gecko; compatible; ClaudeBot/1.0; +claudebot@anthropic.com)"
20.171.207.82 - - [25/Oct/2025:15:28:41 +0300] "GET /amp.php?products/195yo12242 HTTP/1.1" 200 468360 "-" "Mozilla/5.0 AppleWebKit/537.36 (KHTML, like Gecko; compatible; GPTBot/1.2; +https://openai.com/gptbot)"
216.73.216.114 - - [25/Oct/2025:15:28:41 +0300] "GET /about/function.php?action=edit&dir=%2F%2Fproc%2Fthread-self%2Froot%2Flib64&item=libgirepository-1.0.so.1.0.0 HTTP/1.1" 200 1951168 "-" "Mozilla/5.0 AppleWebKit/537.36 (KHTML, like Gecko; compatible; ClaudeBot/1.0; +claudebot@anthropic.com)"
216.73.216.114 - - [25/Oct/2025:15:28:42 +0300] "GET /about/function.php?action=chmod&dir=%2F%2Fsys%2Fclass%2Fata_device%2Fdev20.0%2Fsubsystem%2Fdev10.0&item=trim HTTP/1.1" 200 29287 "-" "Mozilla/5.0 AppleWebKit/537.36 (KHTML, like Gecko; compatible; ClaudeBot/1.0; +claudebot@anthropic.com)"
216.73.216.114 - - [25/Oct/2025:15:28:42 +0300] "GET /about/function.php?action=chmod&dir=%2F%2Fsys%2Fclass%2Fata_device%2Fdev10.0%2Fsubsystem%2Fdev20.0&item=trim HTTP/1.1" 200 29287 "-" "Mozilla/5.0 AppleWebKit/537.36 (KHTML, like Gecko; compatible; ClaudeBot/1.0; +claudebot@anthropic.com)"
216.73.216.114 - - [25/Oct/2025:15:28:42 +0300] "GET /about/function.php?action=edit&dir=%2F%2Fsys%2Fclass%2Fata_device%2Fdev1.1%2Fsubsystem%2Fdev32.0&item=ering HTTP/1.1" 200 29372 "-" "Mozilla/5.0 AppleWebKit/537.36 (KHTML, like Gecko; compatible; ClaudeBot/1.0; +claudebot@anthropic.com)"
216.73.216.114 - - [25/Oct/2025:15:28:42 +0300] "GET /about/function.php?action=edit&dir=%2F%2Fsys%2Fclass%2Fata_device%2Fdev32.0%2Fsubsystem%2Fdev11.0&item=ering HTTP/1.1" 200 29792 "-" "Mozilla/5.0 AppleWebKit/537.36 (KHTML, like Gecko; compatible; ClaudeBot/1.0; +claudebot@anthropic.com)"
216.73.216.114 - - [25/Oct/2025:15:28:42 +0300] "GET /about/function.php?action=view&dir=%2F%2Fsys%2Fclass%2Fata_device%2Fdev9.0%2Fsubsystem%2Fdev3.0&item=dma_mode HTTP/1.1" 200 29573 "-" "Mozilla/5.0 AppleWebKit/537.36 (KHTML, like Gecko; compatible; ClaudeBot/1.0; +claudebot@anthropic.com)"
216.73.216.114 - - [25/Oct/2025:15:28:42 +0300] "GET /about/function.php?action=view&dir=%2F%2Fsys%2Fclass%2Fata_device%2Fdev3.0%2Fsubsystem%2Fdev9.0&item=dma_mode HTTP/1.1" 200 29710 "-" "Mozilla/5.0 AppleWebKit/537.36 (KHTML, like Gecko; compatible; ClaudeBot/1.0; +claudebot@anthropic.com)"
216.73.216.114 - - [25/Oct/2025:15:28:42 +0300] "GET /about/function.php?action=edit&dir=%2F%2Fsys%2Fclass%2Fata_device%2Fdev7.0%2Fsubsystem%2Fdev28.0&item=ering HTTP/1.1" 200 29725 "-" "Mozilla/5.0 AppleWebKit/537.36 (KHTML, like Gecko; compatible; ClaudeBot/1.0; +claudebot@anthropic.com)"
216.73.216.114 - - [25/Oct/2025:15:28:42 +0300] "GET /about/function.php?action=rename&dir=%2F%2Fsys%2Fclass%2Fata_device%2Fdev2.1%2Fsubsystem%2Fdev2.1&item=device HTTP/1.1" 200 29515 "-" "Mozilla/5.0 AppleWebKit/537.36 (KHTML, like Gecko; compatible; ClaudeBot/1.0; +claudebot@anthropic.com)"
216.73.216.114 - - [25/Oct/2025:15:28:42 +0300] "GET /about/function.php?action=edit&dir=%2F%2Fsys%2Fclass%2Fata_device%2Fdev28.0%2Fsubsystem%2Fdev7.0&item=ering HTTP/1.1" 200 29728 "-" "Mozilla/5.0 AppleWebKit/537.36 (KHTML, like Gecko; compatible; ClaudeBot/1.0; +claudebot@anthropic.com)"
216.73.216.114 - - [25/Oct/2025:15:28:42 +0300] "GET /about/function.php?action=rename&dir=%2F%2Fsys%2Fclass%2Fata_device%2Fdev20.0%2Fsubsystem%2Fdev6.0&item=pio_mode HTTP/1.1" 200 29584 "-" "Mozilla/5.0 AppleWebKit/537.36 (KHTML, like Gecko; compatible; ClaudeBot/1.0; +claudebot@anthropic.com)"
216.73.216.114 - - [25/Oct/2025:15:28:43 +0300] "GET /about/function.php?action=edit&dir=%2F%2Fsys%2Fclass%2Fata_device%2Fdev11.0%2Fsubsystem%2Fdev32.0&item=ering HTTP/1.1" 200 29792 "-" "Mozilla/5.0 AppleWebKit/537.36 (KHTML, like Gecko; compatible; ClaudeBot/1.0; +claudebot@anthropic.com)"
216.73.216.114 - - [25/Oct/2025:15:28:43 +0300] "GET /about/function.php?action=edit&dir=%2F%2Fsys%2Fclass%2Fata_device%2Fdev11.0%2Fsubsystem%2Fdev12.0&item=xfer_mode HTTP/1.1" 200 29770 "-" "Mozilla/5.0 AppleWebKit/537.36 (KHTML, like Gecko; compatible; ClaudeBot/1.0; +claudebot@anthropic.com)"
216.73.216.114 - - [25/Oct/2025:15:28:43 +0300] "GET /about/function.php?action=view&dir=%2F%2Fsys%2Fclass%2Fata_device%2Fdev5.0%2Fsubsystem%2Fdev31.0&item=xfer_mode HTTP/1.1" 200 29469 "-" "Mozilla/5.0 AppleWebKit/537.36 (KHTML, like Gecko; compatible; ClaudeBot/1.0; +claudebot@anthropic.com)"
216.73.216.114 - - [25/Oct/2025:15:28:43 +0300] "GET /about/function.php?action=view&dir=%2F%2Fsys%2Fclass%2Fata_device%2Fdev14.0%2Fsubsystem%2Fdev7.0&item=dma_mode HTTP/1.1" 200 29777 "-" "Mozilla/5.0 AppleWebKit/537.36 (KHTML, like Gecko; compatible; ClaudeBot/1.0; +claudebot@anthropic.com)"
216.73.216.114 - - [25/Oct/2025:15:28:43 +0300] "GET /about/function.php?action=view&dir=%2F%2Fsys%2Fclass%2Fata_device%2Fdev7.0%2Fsubsystem%2Fdev14.0&item=dma_mode HTTP/1.1" 200 29774 "-" "Mozilla/5.0 AppleWebKit/537.36 (KHTML, like Gecko; compatible; ClaudeBot/1.0; +claudebot@anthropic.com)"
216.73.216.114 - - [25/Oct/2025:15:28:43 +0300] "GET /about/function.php?action=edit&dir=%2F%2Fsys%2Fclass%2Fata_device%2Fdev12.0%2Fsubsystem%2Fdev11.0&item=xfer_mode HTTP/1.1" 200 29770 "-" "Mozilla/5.0 AppleWebKit/537.36 (KHTML, like Gecko; compatible; ClaudeBot/1.0; +claudebot@anthropic.com)"
216.73.216.114 - - [25/Oct/2025:15:28:43 +0300] "GET /about/function.php?action=view&dir=%2F%2Fsys%2Fclass%2Fata_device%2Fdev30.0%2Fsubsystem%2Fdev28.0&item=xfer_mode HTTP/1.1" 200 29536 "-" "Mozilla/5.0 AppleWebKit/537.36 (KHTML, like Gecko; compatible; ClaudeBot/1.0; +claudebot@anthropic.com)"
216.73.216.114 - - [25/Oct/2025:15:28:43 +0300] "GET /about/function.php?dir=%2F%2Fsys%2Ffs%2Fcgroup%2Fcpu%2Ccpuacct%2Fsystem.slice%2Fnamed.service HTTP/1.1" 200 38661 "-" "Mozilla/5.0 AppleWebKit/537.36 (KHTML, like Gecko; compatible; ClaudeBot/1.0; +claudebot@anthropic.com)"
216.73.216.114 - - [25/Oct/2025:15:28:43 +0300] "GET /about/function.php?action=rename&dir=%2F%2Fsys%2Fclass%2Fata_device%2Fdev9.0%2Fsubsystem%2Fdev12.0&item=class HTTP/1.1" 200 29578 "-" "Mozilla/5.0 AppleWebKit/537.36 (KHTML, like Gecko; compatible; ClaudeBot/1.0; +claudebot@anthropic.com)"
216.73.216.114 - - [25/Oct/2025:15:28:43 +0300] "GET /about/function.php?action=rename&dir=%2F%2Fsys%2Fclass%2Fata_device%2Fdev12.0%2Fsubsystem%2Fdev9.0&item=class HTTP/1.1" 200 29581 "-" "Mozilla/5.0 AppleWebKit/537.36 (KHTML, like Gecko; compatible; ClaudeBot/1.0; +claudebot@anthropic.com)"
216.73.216.114 - - [25/Oct/2025:15:28:43 +0300] "GET /about/function.php?action=chmod&dir=%2F%2Fsys%2Fkernel%2Fslab%2Fsigqueue&item=slabs HTTP/1.1" 200 53749 "-" "Mozilla/5.0 AppleWebKit/537.36 (KHTML, like Gecko; compatible; ClaudeBot/1.0; +claudebot@anthropic.com)"
20.171.207.82 - - [25/Oct/2025:15:28:42 +0300] "GET /amp.php?products/204ps28267 HTTP/1.1" 200 471349 "-" "Mozilla/5.0 AppleWebKit/537.36 (KHTML, like Gecko; compatible; GPTBot/1.2; +https://openai.com/gptbot)"
216.73.216.114 - - [25/Oct/2025:15:28:44 +0300] "GET /about/function.php?action=view&dir=%2F%2Fsys%2Fclass%2Fata_device%2Fdev31.0%2Fsubsystem%2Fdev5.0&item=xfer_mode HTTP/1.1" 200 29472 "-" "Mozilla/5.0 AppleWebKit/537.36 (KHTML, like Gecko; compatible; ClaudeBot/1.0; +claudebot@anthropic.com)"
77.75.76.170 - - [25/Oct/2025:15:28:44 +0300] "GET /wildlife/pro65/ox397-18959/ HTTP/1.1" 200 - "-" "Mozilla/5.0 (compatible; SeznamBot/4.0; +https://o-seznam.cz/napoveda/vyhledavani/en/seznambot-crawler/)"
216.73.216.114 - - [25/Oct/2025:15:28:44 +0300] "GET /about/function.php?action=rename&dir=%2F%2Fsys%2Fclass%2Fata_device%2Fdev14.0%2Fsubsystem%2Fdev27.0&item=class HTTP/1.1" 200 29645 "-" "Mozilla/5.0 AppleWebKit/537.36 (KHTML, like Gecko; compatible; ClaudeBot/1.0; +claudebot@anthropic.com)"
216.73.216.114 - - [25/Oct/2025:15:28:44 +0300] "GET /about/function.php?action=rename&dir=%2F%2Fsys%2Fclass%2Fata_device%2Fdev27.0%2Fsubsystem%2Fdev14.0&item=class HTTP/1.1" 200 29645 "-" "Mozilla/5.0 AppleWebKit/537.36 (KHTML, like Gecko; compatible; ClaudeBot/1.0; +claudebot@anthropic.com)"
216.73.216.114 - - [25/Oct/2025:15:28:44 +0300] "GET /about/function.php?action=view&dir=%2F%2Fsys%2Fclass%2Fata_device%2Fdev28.0%2Fsubsystem%2Fdev30.0&item=xfer_mode HTTP/1.1" 200 29536 "-" "Mozilla/5.0 AppleWebKit/537.36 (KHTML, like Gecko; compatible; ClaudeBot/1.0; +claudebot@anthropic.com)"
216.73.216.114 - - [25/Oct/2025:15:28:44 +0300] "GET /about/function.php?action=view&dir=%2F%2Fsys%2Fclass%2Fata_device%2Fdev11.0%2Fsubsystem%2Fdev2.0&item=dma_mode HTTP/1.1" 200 29777 "-" "Mozilla/5.0 AppleWebKit/537.36 (KHTML, like Gecko; compatible; ClaudeBot/1.0; +claudebot@anthropic.com)"
216.73.216.114 - - [25/Oct/2025:15:28:44 +0300] "GET /about/function.php?action=view&dir=%2F%2Fsys%2Fclass%2Fata_device%2Fdev20.0%2Fsubsystem%2Fdev25.0&item=xfer_mode HTTP/1.1" 200 29536 "-" "Mozilla/5.0 AppleWebKit/537.36 (KHTML, like Gecko; compatible; ClaudeBot/1.0; +claudebot@anthropic.com)"
77.75.76.170 - - [25/Oct/2025:15:28:44 +0300] "GET /071024516.htm HTTP/1.1" 200 - "-" "Mozilla/5.0 (compatible; SeznamBot/4.0; +https://o-seznam.cz/napoveda/vyhledavani/en/seznambot-crawler/)"
216.73.216.114 - - [25/Oct/2025:15:28:44 +0300] "GET /about/function.php?action=view&dir=%2F%2Fsys%2Fclass%2Fata_device%2Fdev7.0%2Fsubsystem%2Fdev19.0&item=xfer_mode HTTP/1.1" 200 29469 "-" "Mozilla/5.0 AppleWebKit/537.36 (KHTML, like Gecko; compatible; ClaudeBot/1.0; +claudebot@anthropic.com)"
216.73.216.114 - - [25/Oct/2025:15:28:44 +0300] "GET /about/function.php?action=view&dir=%2F%2Fsys%2Fclass%2Fata_device%2Fdev19.0%2Fsubsystem%2Fdev7.0&item=xfer_mode HTTP/1.1" 200 29472 "-" "Mozilla/5.0 AppleWebKit/537.36 (KHTML, like Gecko; compatible; ClaudeBot/1.0; +claudebot@anthropic.com)"
216.73.216.114 - - [25/Oct/2025:15:28:44 +0300] "GET /about/function.php?action=view&dir=%2F%2Fsys%2Fclass%2Fata_device%2Fdev9.0%2Fsubsystem%2Fdev7.0&item=xfer_mode HTTP/1.1" 200 29405 "-" "Mozilla/5.0 AppleWebKit/537.36 (KHTML, like Gecko; compatible; ClaudeBot/1.0; +claudebot@anthropic.com)"
216.73.216.114 - - [25/Oct/2025:15:28:44 +0300] "GET /about/function.php?action=rename&dir=%2F%2Fsys%2Fclass%2Fata_device%2Fdev3.0%2Fsubsystem%2Fdev9.0&item=class HTTP/1.1" 200 29514 "-" "Mozilla/5.0 AppleWebKit/537.36 (KHTML, like Gecko; compatible; ClaudeBot/1.0; +claudebot@anthropic.com)"
77.75.76.170 - - [25/Oct/2025:15:28:45 +0300] "GET /066049833.htm HTTP/1.1" 200 - "-" "Mozilla/5.0 (compatible; SeznamBot/4.0; +https://o-seznam.cz/napoveda/vyhledavani/en/seznambot-crawler/)"
216.73.216.114 - - [25/Oct/2025:15:28:45 +0300] "GET /about/function.php?action=view&dir=%2F%2Fsys%2Fclass%2Fata_device%2Fdev25.0%2Fsubsystem%2Fdev20.0&item=xfer_mode HTTP/1.1" 200 29536 "-" "Mozilla/5.0 AppleWebKit/537.36 (KHTML, like Gecko; compatible; ClaudeBot/1.0; +claudebot@anthropic.com)"
216.73.216.114 - - [25/Oct/2025:15:28:45 +0300] "GET /about/function.php?action=rename&dir=%2F%2Fsys%2Fclass%2Fata_device%2Fdev3.0%2Fsubsystem%2Fdev28.0&item=pio_mode HTTP/1.1" 200 29581 "-" "Mozilla/5.0 AppleWebKit/537.36 (KHTML, like Gecko; compatible; ClaudeBot/1.0; +claudebot@anthropic.com)"
216.73.216.114 - - [25/Oct/2025:15:28:45 +0300] "GET /about/function.php?action=view&dir=%2F%2Fsys%2Fclass%2Fata_device%2Fdev2.0%2Fsubsystem%2Fdev11.0&item=dma_mode HTTP/1.1" 200 29774 "-" "Mozilla/5.0 AppleWebKit/537.36 (KHTML, like Gecko; compatible; ClaudeBot/1.0; +claudebot@anthropic.com)"
216.73.216.114 - - [25/Oct/2025:15:28:45 +0300] "GET /about/function.php?action=rename&dir=%2F%2Fsys%2Fclass%2Fata_device%2Fdev28.0%2Fsubsystem%2Fdev3.0&item=pio_mode HTTP/1.1" 200 29570 "-" "Mozilla/5.0 AppleWebKit/537.36 (KHTML, like Gecko; compatible; ClaudeBot/1.0; +claudebot@anthropic.com)"
216.73.216.114 - - [25/Oct/2025:15:28:45 +0300] "GET /about/function.php?action=edit&dir=%2F%2Fsys%2Fclass%2Fata_device%2Fdev20.0%2Fsubsystem%2Fdev19.0&item=ering HTTP/1.1" 200 29792 "-" "Mozilla/5.0 AppleWebKit/537.36 (KHTML, like Gecko; compatible; ClaudeBot/1.0; +claudebot@anthropic.com)"
77.75.76.170 - - [25/Oct/2025:15:28:45 +0300] "GET /024001955.htm HTTP/1.1" 200 - "-" "Mozilla/5.0 (compatible; SeznamBot/4.0; +https://o-seznam.cz/napoveda/vyhledavani/en/seznambot-crawler/)"
216.73.216.114 - - [25/Oct/2025:15:28:45 +0300] "GET /about/function.php?action=view&dir=%2F%2Fsys%2Fclass%2Fata_device%2Fdev20.0%2Fsubsystem%2Fdev16.0&item=xfer_mode HTTP/1.1" 200 29536 "-" "Mozilla/5.0 AppleWebKit/537.36 (KHTML, like Gecko; compatible; ClaudeBot/1.0; +claudebot@anthropic.com)"
216.73.216.114 - - [25/Oct/2025:15:28:45 +0300] "GET /about/function.php?action=edit&dir=%2F%2Fsys%2Fclass%2Fata_device%2Fdev19.0%2Fsubsystem%2Fdev20.0&item=ering HTTP/1.1" 200 29792 "-" "Mozilla/5.0 AppleWebKit/537.36 (KHTML, like Gecko; compatible; ClaudeBot/1.0; +claudebot@anthropic.com)"
216.73.216.114 - - [25/Oct/2025:15:28:45 +0300] "GET /about/function.php?action=rename&dir=%2F%2Fsys%2Fclass%2Fata_device%2Fdev9.0%2Fsubsystem%2Fdev3.0&item=class HTTP/1.1" 200 29500 "-" "Mozilla/5.0 AppleWebKit/537.36 (KHTML, like Gecko; compatible; ClaudeBot/1.0; +claudebot@anthropic.com)"
77.75.76.170 - - [25/Oct/2025:15:28:45 +0300] "GET /q-~74DL8gfoNOW6cj9hBh69BgU2vQociScu19797/ HTTP/1.1" 200 - "-" "Mozilla/5.0 (compatible; SeznamBot/4.0; +https://o-seznam.cz/napoveda/vyhledavani/en/seznambot-crawler/)"
216.73.216.114 - - [25/Oct/2025:15:28:45 +0300] "GET /about/function.php?action=view&dir=%2F%2Fsys%2Fclass%2Fata_device%2Fdev2.0%2Fsubsystem%2Fdev4.0&item=xfer_mode HTTP/1.1" 200 29405 "-" "Mozilla/5.0 AppleWebKit/537.36 (KHTML, like Gecko; compatible; ClaudeBot/1.0; +claudebot@anthropic.com)"
216.73.216.114 - - [25/Oct/2025:15:28:45 +0300] "GET /about/function.php?action=view&dir=%2F%2Fsys%2Fclass%2Fata_device%2Fdev4.0%2Fsubsystem%2Fdev2.0&item=xfer_mode HTTP/1.1" 200 29405 "-" "Mozilla/5.0 AppleWebKit/537.36 (KHTML, like Gecko; compatible; ClaudeBot/1.0; +claudebot@anthropic.com)"
77.75.76.170 - - [25/Oct/2025:15:28:45 +0300] "GET /048022435.htm HTTP/1.1" 200 - "-" "Mozilla/5.0 (compatible; SeznamBot/4.0; +https://o-seznam.cz/napoveda/vyhledavani/en/seznambot-crawler/)"
20.171.207.82 - - [25/Oct/2025:15:28:44 +0300] "GET /amp.php?products/299za29542 HTTP/1.1" 200 462458 "-" "Mozilla/5.0 AppleWebKit/537.36 (KHTML, like Gecko; compatible; GPTBot/1.2; +https://openai.com/gptbot)"
216.73.216.114 - - [25/Oct/2025:15:28:45 +0300] "GET /about/function.php?action=rename&dir=%2F%2Fusr%2Fshare%2Fmime&item=treemagic HTTP/1.1" 200 41856 "-" "Mozilla/5.0 AppleWebKit/537.36 (KHTML, like Gecko; compatible; ClaudeBot/1.0; +claudebot@anthropic.com)"
77.75.76.170 - - [25/Oct/2025:15:28:46 +0300] "GET /020028145.htm HTTP/1.1" 200 - "-" "Mozilla/5.0 (compatible; SeznamBot/4.0; +https://o-seznam.cz/napoveda/vyhledavani/en/seznambot-crawler/)"
216.73.216.114 - - [25/Oct/2025:15:28:46 +0300] "GET /about/function.php?action=view&dir=%2F%2Fsys%2Fclass%2Fata_device%2Fdev27.0%2Fsubsystem%2Fdev22.0&item=dma_mode HTTP/1.1" 200 29841 "-" "Mozilla/5.0 AppleWebKit/537.36 (KHTML, like Gecko; compatible; ClaudeBot/1.0; +claudebot@anthropic.com)"
216.73.216.114 - - [25/Oct/2025:15:28:46 +0300] "GET /about/function.php?action=view&dir=%2F%2Fsys%2Fclass%2Fata_device%2Fdev16.0%2Fsubsystem%2Fdev20.0&item=xfer_mode HTTP/1.1" 200 29536 "-" "Mozilla/5.0 AppleWebKit/537.36 (KHTML, like Gecko; compatible; ClaudeBot/1.0; +claudebot@anthropic.com)"
216.73.216.114 - - [25/Oct/2025:15:28:46 +0300] "GET /about/function.php?action=view&dir=%2F%2Fsys%2Fclass%2Fata_device%2Fdev22.0%2Fsubsystem%2Fdev27.0&item=dma_mode HTTP/1.1" 200 29841 "-" "Mozilla/5.0 AppleWebKit/537.36 (KHTML, like Gecko; compatible; ClaudeBot/1.0; +claudebot@anthropic.com)"
216.73.216.114 - - [25/Oct/2025:15:28:46 +0300] "GET /about/function.php?action=edit&dir=%2F%2Fsys%2Fclass%2Fata_device%2Fdev14.0%2Fsubsystem%2Fdev11.0&item=ering HTTP/1.1" 200 29792 "-" "Mozilla/5.0 AppleWebKit/537.36 (KHTML, like Gecko; compatible; ClaudeBot/1.0; +claudebot@anthropic.com)"
77.75.76.170 - - [25/Oct/2025:15:28:46 +0300] "GET /118003161.htm HTTP/1.1" 200 - "-" "Mozilla/5.0 (compatible; SeznamBot/4.0; +https://o-seznam.cz/napoveda/vyhledavani/en/seznambot-crawler/)"
216.73.216.114 - - [25/Oct/2025:15:28:46 +0300] "GET /about/function.php?action=edit&dir=%2F%2Fsys%2Fclass%2Fata_device%2Fdev11.0%2Fsubsystem%2Fdev14.0&item=ering HTTP/1.1" 200 29792 "-" "Mozilla/5.0 AppleWebKit/537.36 (KHTML, like Gecko; compatible; ClaudeBot/1.0; +claudebot@anthropic.com)"
77.75.76.170 - - [25/Oct/2025:15:28:46 +0300] "GET /tomorrow/orbit5/kc0bi-33173/ HTTP/1.1" 200 - "-" "Mozilla/5.0 (compatible; SeznamBot/4.0; +https://o-seznam.cz/napoveda/vyhledavani/en/seznambot-crawler/)"
216.73.216.114 - - [25/Oct/2025:15:28:46 +0300] "GET /about/function.php?action=view&dir=%2F%2Fproc%2Fthread-self%2Froot%2Flib64&item=libssl.so.1.1.1k HTTP/1.1" 200 1950922 "-" "Mozilla/5.0 AppleWebKit/537.36 (KHTML, like Gecko; compatible; ClaudeBot/1.0; +claudebot@anthropic.com)"
216.73.216.114 - - [25/Oct/2025:15:28:46 +0300] "GET /about/function.php?action=view&dir=%2F%2Fsys%2Fclass%2Fata_device%2Fdev19.0%2Fsubsystem%2Fdev3.0&item=dma_mode HTTP/1.1" 200 29287 "-" "Mozilla/5.0 AppleWebKit/537.36 (KHTML, like Gecko; compatible; ClaudeBot/1.0; +claudebot@anthropic.com)"
216.73.216.114 - - [25/Oct/2025:15:28:46 +0300] "GET /about/function.php?dir=%2F%2Fsys%2Ffs%2Fcgroup%2Fcpu%2Ccpuacct%2Fsystem.slice%2Frhnsd.service HTTP/1.1" 200 38308 "-" "Mozilla/5.0 AppleWebKit/537.36 (KHTML, like Gecko; compatible; ClaudeBot/1.0; +claudebot@anthropic.com)"
216.73.216.114 - - [25/Oct/2025:15:28:46 +0300] "GET /about/function.php?action=edit&dir=%2F%2Fsys%2Fclass%2Fata_device%2Fdev1.1%2Fsubsystem%2Fdev14.0&item=ering HTTP/1.1" 200 29725 "-" "Mozilla/5.0 AppleWebKit/537.36 (KHTML, like Gecko; compatible; ClaudeBot/1.0; +claudebot@anthropic.com)"
