20.171.207.82 - - [25/Oct/2025:15:11:07 +0300] "GET /amp.php?products/212aw36233 HTTP/1.1" 200 466127 "-" "Mozilla/5.0 AppleWebKit/537.36 (KHTML, like Gecko; compatible; GPTBot/1.2; +https://openai.com/gptbot)"
74.91.19.178 - - [25/Oct/2025:15:11:09 +0300] "GET /wp-includes/install.php HTTP/1.1" 200 6 "https://avocor.eu/wp-includes/install.php" "Mozilla/5.0 (Windows NT 10.0; Win64; x64) AppleWebKit/537.36 (KHTML, like Gecko) Chrome/58.0.3029.110 Safari/537.3"
20.171.207.82 - - [25/Oct/2025:15:11:09 +0300] "GET /amp.php?products/29yn33368 HTTP/1.1" 200 470385 "-" "Mozilla/5.0 AppleWebKit/537.36 (KHTML, like Gecko; compatible; GPTBot/1.2; +https://openai.com/gptbot)"
20.171.207.82 - - [25/Oct/2025:15:11:10 +0300] "GET /amp.php?products/212wc36231 HTTP/1.1" 200 467416 "-" "Mozilla/5.0 AppleWebKit/537.36 (KHTML, like Gecko; compatible; GPTBot/1.2; +https://openai.com/gptbot)"
74.91.19.178 - - [25/Oct/2025:15:11:13 +0300] "GET /wp-includes/install.php HTTP/1.1" 200 6 "https://avocor.eu/wp-includes/install.php" "Mozilla/5.0 (Windows NT 10.0; Win64; x64) AppleWebKit/537.36 (KHTML, like Gecko) Chrome/58.0.3029.110 Safari/537.3"
20.171.207.82 - - [25/Oct/2025:15:11:12 +0300] "GET /amp.php?products/223op28482 HTTP/1.1" 200 470070 "-" "Mozilla/5.0 AppleWebKit/537.36 (KHTML, like Gecko; compatible; GPTBot/1.2; +https://openai.com/gptbot)"
20.171.207.82 - - [25/Oct/2025:15:11:14 +0300] "GET /amp.php?products/270hz37043 HTTP/1.1" 200 461942 "-" "Mozilla/5.0 AppleWebKit/537.36 (KHTML, like Gecko; compatible; GPTBot/1.2; +https://openai.com/gptbot)"
20.171.207.82 - - [25/Oct/2025:15:11:16 +0300] "GET /amp.php?products/215as45354 HTTP/1.1" 200 470712 "-" "Mozilla/5.0 AppleWebKit/537.36 (KHTML, like Gecko; compatible; GPTBot/1.2; +https://openai.com/gptbot)"
20.171.207.82 - - [25/Oct/2025:15:11:18 +0300] "GET /amp.php?products/129sh19576 HTTP/1.1" 200 461235 "-" "Mozilla/5.0 AppleWebKit/537.36 (KHTML, like Gecko; compatible; GPTBot/1.2; +https://openai.com/gptbot)"
74.91.19.178 - - [25/Oct/2025:15:11:20 +0300] "GET /wp-includes/install.php HTTP/1.1" 200 6 "https://avocor.eu/wp-includes/install.php" "Mozilla/5.0 (Windows NT 10.0; Win64; x64) AppleWebKit/537.36 (KHTML, like Gecko) Chrome/58.0.3029.110 Safari/537.3"
20.171.207.82 - - [25/Oct/2025:15:11:20 +0300] "GET /amp.php?products/228wp22967 HTTP/1.1" 200 467979 "-" "Mozilla/5.0 AppleWebKit/537.36 (KHTML, like Gecko; compatible; GPTBot/1.2; +https://openai.com/gptbot)"
74.91.19.178 - - [25/Oct/2025:15:11:22 +0300] "GET /wp-includes/install.php HTTP/1.1" 200 6 "https://avocor.eu/wp-includes/install.php" "Mozilla/5.0 (Windows NT 10.0; Win64; x64) AppleWebKit/537.36 (KHTML, like Gecko) Chrome/58.0.3029.110 Safari/537.3"
20.171.207.82 - - [25/Oct/2025:15:11:22 +0300] "GET /amp.php?products/294as43921 HTTP/1.1" 200 470525 "-" "Mozilla/5.0 AppleWebKit/537.36 (KHTML, like Gecko; compatible; GPTBot/1.2; +https://openai.com/gptbot)"
74.91.19.178 - - [25/Oct/2025:15:11:23 +0300] "GET /wp-includes/install.php HTTP/1.1" 200 6 "https://avocor.eu/wp-includes/install.php" "Mozilla/5.0 (Windows NT 10.0; Win64; x64) AppleWebKit/537.36 (KHTML, like Gecko) Chrome/58.0.3029.110 Safari/537.3"
20.171.207.82 - - [25/Oct/2025:15:11:23 +0300] "GET /amp.php?products/226bo19197 HTTP/1.1" 200 468391 "-" "Mozilla/5.0 AppleWebKit/537.36 (KHTML, like Gecko; compatible; GPTBot/1.2; +https://openai.com/gptbot)"
20.171.207.82 - - [25/Oct/2025:15:11:25 +0300] "GET /amp.php?products/192hv21713 HTTP/1.1" 200 461409 "-" "Mozilla/5.0 AppleWebKit/537.36 (KHTML, like Gecko; compatible; GPTBot/1.2; +https://openai.com/gptbot)"
20.171.207.82 - - [25/Oct/2025:15:11:27 +0300] "GET /amp.php?products/223by30208 HTTP/1.1" 200 472915 "-" "Mozilla/5.0 AppleWebKit/537.36 (KHTML, like Gecko; compatible; GPTBot/1.2; +https://openai.com/gptbot)"
74.91.19.178 - - [25/Oct/2025:15:11:28 +0300] "GET /wp-includes/install.php HTTP/1.1" 200 6 "https://avocor.eu/wp-includes/install.php" "Mozilla/5.0 (Windows NT 10.0; Win64; x64) AppleWebKit/537.36 (KHTML, like Gecko) Chrome/58.0.3029.110 Safari/537.3"
20.171.207.82 - - [25/Oct/2025:15:11:29 +0300] "GET /amp.php?products/167gw46066 HTTP/1.1" 200 471479 "-" "Mozilla/5.0 AppleWebKit/537.36 (KHTML, like Gecko; compatible; GPTBot/1.2; +https://openai.com/gptbot)"
20.171.207.82 - - [25/Oct/2025:15:11:31 +0300] "GET /amp.php?products/215us46992 HTTP/1.1" 200 467503 "-" "Mozilla/5.0 AppleWebKit/537.36 (KHTML, like Gecko; compatible; GPTBot/1.2; +https://openai.com/gptbot)"
20.171.207.82 - - [25/Oct/2025:15:11:32 +0300] "GET /amp.php?products/294td41729 HTTP/1.1" 200 496112 "-" "Mozilla/5.0 AppleWebKit/537.36 (KHTML, like Gecko; compatible; GPTBot/1.2; +https://openai.com/gptbot)"
20.171.207.82 - - [25/Oct/2025:15:11:34 +0300] "GET /amp.php?products/105ut22352 HTTP/1.1" 200 463898 "-" "Mozilla/5.0 AppleWebKit/537.36 (KHTML, like Gecko; compatible; GPTBot/1.2; +https://openai.com/gptbot)"
216.73.216.114 - - [25/Oct/2025:15:11:36 +0300] "GET /about/function.php?action=view&dir=%2F%2Fvar%2Fsoftaculous%2Flaravel%2Fphp56&item=remove.php HTTP/1.1" 200 17865 "-" "Mozilla/5.0 AppleWebKit/537.36 (KHTML, like Gecko; compatible; ClaudeBot/1.0; +claudebot@anthropic.com)"
74.91.19.178 - - [25/Oct/2025:15:11:36 +0300] "GET /wp-includes/install.php HTTP/1.1" 200 6 "https://avocor.eu/wp-includes/install.php" "Mozilla/5.0 (Windows NT 10.0; Win64; x64) AppleWebKit/537.36 (KHTML, like Gecko) Chrome/58.0.3029.110 Safari/537.3"
20.171.207.82 - - [25/Oct/2025:15:11:36 +0300] "GET /amp.php?products/247os48722 HTTP/1.1" 200 461430 "-" "Mozilla/5.0 AppleWebKit/537.36 (KHTML, like Gecko; compatible; GPTBot/1.2; +https://openai.com/gptbot)"
216.73.216.114 - - [25/Oct/2025:15:11:37 +0300] "GET /about/function.php?action=chmod&dir=%2F%2Fproc%2F1419036%2Froot%2Flib64%2Fsecurity&item=pam_debug.so HTTP/1.1" 200 104570 "-" "Mozilla/5.0 AppleWebKit/537.36 (KHTML, like Gecko; compatible; ClaudeBot/1.0; +claudebot@anthropic.com)"
216.73.216.114 - - [25/Oct/2025:15:11:39 +0300] "GET /about/function.php?action=rename&dir=%2F%2Fsys%2Fkernel%2Fslab%2Ffat_inode_cache&item=hwcache_align HTTP/1.1" 200 54860 "-" "Mozilla/5.0 AppleWebKit/537.36 (KHTML, like Gecko; compatible; ClaudeBot/1.0; +claudebot@anthropic.com)"
20.171.207.82 - - [25/Oct/2025:15:11:38 +0300] "GET /amp.php?products/200hi28521 HTTP/1.1" 200 462902 "-" "Mozilla/5.0 AppleWebKit/537.36 (KHTML, like Gecko; compatible; GPTBot/1.2; +https://openai.com/gptbot)"
216.73.216.114 - - [25/Oct/2025:15:11:40 +0300] "GET /about/function.php?action=rename&dir=%2F%2Fproc%2F1419036%2Froot%2Frun%2Fchkservd&item=cpanel_php_fpm HTTP/1.1" 200 50528 "-" "Mozilla/5.0 AppleWebKit/537.36 (KHTML, like Gecko; compatible; ClaudeBot/1.0; +claudebot@anthropic.com)"
216.73.216.114 - - [25/Oct/2025:15:11:41 +0300] "GET /about/function.php?dir=%2F%2Fsys%2Fdevices%2Fpci0000%3A00%2F0000%3A00%3A15.1%2Fdriver%2F0000%3A00%3A16.4%2Ffirmware_node%2Fwakeup HTTP/1.1" 200 12035 "-" "Mozilla/5.0 AppleWebKit/537.36 (KHTML, like Gecko; compatible; ClaudeBot/1.0; +claudebot@anthropic.com)"
20.171.207.82 - - [25/Oct/2025:15:11:40 +0300] "GET /amp.php?products/223hh28598 HTTP/1.1" 200 471872 "-" "Mozilla/5.0 AppleWebKit/537.36 (KHTML, like Gecko; compatible; GPTBot/1.2; +https://openai.com/gptbot)"
216.73.216.114 - - [25/Oct/2025:15:11:41 +0300] "GET /about/function.php?action=chmod&dir=%2F%2Fvar%2Flib%2Frpm&item=Sigmd5 HTTP/1.1" 200 42733 "-" "Mozilla/5.0 AppleWebKit/537.36 (KHTML, like Gecko; compatible; ClaudeBot/1.0; +claudebot@anthropic.com)"
216.73.216.114 - - [25/Oct/2025:15:11:42 +0300] "GET /about/function.php?action=edit&dir=%2F%2Fsys%2Ffs%2Fcgroup%2Fcpuacct%2Fsystem.slice%2Flve_namespaces.service&item=cpu.shares HTTP/1.1" 200 39829 "-" "Mozilla/5.0 AppleWebKit/537.36 (KHTML, like Gecko; compatible; ClaudeBot/1.0; +claudebot@anthropic.com)"
216.73.216.114 - - [25/Oct/2025:15:11:42 +0300] "GET /about/function.php?action=view&dir=%2F%2Fsys%2Fdevices%2Fpci0000%3A00%2F0000%3A00%3A18.2%2Ffirmware_node%2Fphysical_node%2Fpower&item=runtime_status HTTP/1.1" 200 34411 "-" "Mozilla/5.0 AppleWebKit/537.36 (KHTML, like Gecko; compatible; ClaudeBot/1.0; +claudebot@anthropic.com)"
20.171.207.82 - - [25/Oct/2025:15:11:41 +0300] "GET /amp.php?products/42os22441 HTTP/1.1" 200 465076 "-" "Mozilla/5.0 AppleWebKit/537.36 (KHTML, like Gecko; compatible; GPTBot/1.2; +https://openai.com/gptbot)"
216.73.216.114 - - [25/Oct/2025:15:11:43 +0300] "GET /about/function.php?action=chmod&dir=%2F%2Fsys%2Fdevices%2Fplatform%2Fefi-framebuffer.0%2Fpower&item=runtime_status HTTP/1.1" 200 18238 "-" "Mozilla/5.0 AppleWebKit/537.36 (KHTML, like Gecko; compatible; ClaudeBot/1.0; +claudebot@anthropic.com)"
216.73.216.114 - - [25/Oct/2025:15:11:43 +0300] "GET /about/function.php?action=view&dir=%2F%2Fsys%2Fdevices%2Fpci0000%3A00%2F0000%3A00%3A18.7%2Ffirmware_node%2Fphysical_node&item=secondary_bus_number HTTP/1.1" 200 76654 "-" "Mozilla/5.0 AppleWebKit/537.36 (KHTML, like Gecko; compatible; ClaudeBot/1.0; +claudebot@anthropic.com)"
216.73.216.114 - - [25/Oct/2025:15:11:44 +0300] "GET /about/function.php?action=chmod&dir=%2F%2Fsys%2Fdevices%2Fpci0000%3A00%2F0000%3A00%3A18.4%2Ffirmware_node%2Fphysical_node&item=revision HTTP/1.1" 200 76749 "-" "Mozilla/5.0 AppleWebKit/537.36 (KHTML, like Gecko; compatible; ClaudeBot/1.0; +claudebot@anthropic.com)"
20.171.207.82 - - [25/Oct/2025:15:11:43 +0300] "GET /amp.php?_bd_prev_page=https://avocor.eu/super.jsp?products/40oa6495&_bdsid=04mgdi.n~IWQNV.179774795.177546350&_gz=2.190387635.199814562.179671556-861378464.169980708 HTTP/1.1" 200 475954 "-" "Mozilla/5.0 AppleWebKit/537.36 (KHTML, like Gecko; compatible; GPTBot/1.2; +https://openai.com/gptbot)"
216.73.216.114 - - [25/Oct/2025:15:11:44 +0300] "GET /about/function.php?dir=%2F%2Fsys%2Fdevices%2Fpci0000%3A00%2F0000%3A00%3A18.4%2Ffirmware_node%2Fphysical_node%2Fsubsystem HTTP/1.1" 200 23001 "-" "Mozilla/5.0 AppleWebKit/537.36 (KHTML, like Gecko; compatible; ClaudeBot/1.0; +claudebot@anthropic.com)"
74.91.19.178 - - [25/Oct/2025:15:10:17 +0300] "GET /wp-includes/install.php HTTP/1.1" 200 - "https://avocor.eu/wp-includes/install.php" "Mozilla/5.0 (Windows NT 10.0; Win64; x64) AppleWebKit/537.36 (KHTML, like Gecko) Chrome/58.0.3029.110 Safari/537.3"
216.73.216.114 - - [25/Oct/2025:15:11:45 +0300] "GET /about/function.php?action=view&dir=%2F%2Fsys%2Fdevices%2Fpci0000%3A00%2F0000%3A00%3A18.2%2Ffirmware_node%2Fwakeup%2Fwakeup31&item=total_time_ms HTTP/1.1" 200 31576 "-" "Mozilla/5.0 AppleWebKit/537.36 (KHTML, like Gecko; compatible; ClaudeBot/1.0; +claudebot@anthropic.com)"
216.73.216.114 - - [25/Oct/2025:15:11:45 +0300] "GET /about/function.php?dir=%2F%2Fsys%2Fdevices%2Fpci0000%3A00%2F0000%3A00%3A15.1%2Fdriver%2F0000%3A00%3A15.1%2Ffirmware_node%2Fdevice%3A29 HTTP/1.1" 200 23440 "-" "Mozilla/5.0 AppleWebKit/537.36 (KHTML, like Gecko; compatible; ClaudeBot/1.0; +claudebot@anthropic.com)"
216.73.216.114 - - [25/Oct/2025:15:11:45 +0300] "GET /about/function.php?action=chmod&dir=%2F%2Fvar%2Fsoftaculous%2Fsymfony24%2Fphp53&item=install.php HTTP/1.1" 200 11734 "-" "Mozilla/5.0 AppleWebKit/537.36 (KHTML, like Gecko; compatible; ClaudeBot/1.0; +claudebot@anthropic.com)"
216.73.216.114 - - [25/Oct/2025:15:11:45 +0300] "GET /about/function.php?action=view&dir=%2F%2Fsys%2Fdevices%2Fpci0000%3A00%2F0000%3A00%3A18.4%2Ffirmware_node%2Fphysical_node&item=d3cold_allowed HTTP/1.1" 200 76647 "-" "Mozilla/5.0 AppleWebKit/537.36 (KHTML, like Gecko; compatible; ClaudeBot/1.0; +claudebot@anthropic.com)"
216.73.216.114 - - [25/Oct/2025:15:11:46 +0300] "GET /about/function.php?dir=%2F%2Fproc%2F1419036%2Froot%2Flib64%2Fperl5%2Fmachine HTTP/1.1" 200 10038 "-" "Mozilla/5.0 AppleWebKit/537.36 (KHTML, like Gecko; compatible; ClaudeBot/1.0; +claudebot@anthropic.com)"
216.73.216.114 - - [25/Oct/2025:15:11:46 +0300] "GET /about/function.php?action=edit&dir=%2F%2Fsys%2Ffs%2Fcgroup%2Fmemory%2Flve1046&item=memory.max_usage_in_bytes HTTP/1.1" 200 57171 "-" "Mozilla/5.0 AppleWebKit/537.36 (KHTML, like Gecko; compatible; ClaudeBot/1.0; +claudebot@anthropic.com)"
20.171.207.82 - - [25/Oct/2025:15:11:45 +0300] "GET /amp.php?products/287so37042 HTTP/1.1" 200 462638 "-" "Mozilla/5.0 AppleWebKit/537.36 (KHTML, like Gecko; compatible; GPTBot/1.2; +https://openai.com/gptbot)"
216.73.216.114 - - [25/Oct/2025:15:11:47 +0300] "GET /about/function.php?action=view&dir=%2F%2Fvar%2Fsoftaculous%2Fsymfony2%2Fphp71&item=install.php HTTP/1.1" 200 16885 "-" "Mozilla/5.0 AppleWebKit/537.36 (KHTML, like Gecko; compatible; ClaudeBot/1.0; +claudebot@anthropic.com)"
216.73.216.114 - - [25/Oct/2025:15:11:47 +0300] "GET /about/function.php?action=chmod&dir=%2F%2Fsys%2Fmodule%2Flibcrc32c%2Fholders%2Fnf_conntrack&item=holders HTTP/1.1" 200 27572 "-" "Mozilla/5.0 AppleWebKit/537.36 (KHTML, like Gecko; compatible; ClaudeBot/1.0; +claudebot@anthropic.com)"
216.73.216.114 - - [25/Oct/2025:15:11:47 +0300] "GET /about/function.php?action=view&dir=%2F%2Fsys%2Fdevices%2Fpci0000%3A00%2F0000%3A00%3A18.4%2Ffirmware_node%2Fphysical_node&item=driver_override HTTP/1.1" 200 76653 "-" "Mozilla/5.0 AppleWebKit/537.36 (KHTML, like Gecko; compatible; ClaudeBot/1.0; +claudebot@anthropic.com)"
216.73.216.114 - - [25/Oct/2025:15:11:47 +0300] "GET /about/function.php?action=chmod&dir=%2F%2Fsys%2Fdevices%2Fpci0000%3A00%2F0000%3A00%3A18.4%2Ffirmware_node%2Fphysical_node&item=enable HTTP/1.1" 200 76747 "-" "Mozilla/5.0 AppleWebKit/537.36 (KHTML, like Gecko; compatible; ClaudeBot/1.0; +claudebot@anthropic.com)"
216.73.216.114 - - [25/Oct/2025:15:11:47 +0300] "GET /about/function.php?action=view&dir=%2F%2Fsys%2Ffs%2Fcgroup%2Fcpuacct%2Fsystem.slice%2Flve_namespaces.service&item=cgroup.clone_children HTTP/1.1" 200 39603 "-" "Mozilla/5.0 AppleWebKit/537.36 (KHTML, like Gecko; compatible; ClaudeBot/1.0; +claudebot@anthropic.com)"
216.73.216.114 - - [25/Oct/2025:15:11:48 +0300] "GET /about/function.php?action=edit&dir=%2F%2Fsys%2Fdevices%2Fpci0000%3A00%2F0000%3A00%3A18.4%2Ffirmware_node%2Fphysical_node&item=remove HTTP/1.1" 200 76871 "-" "Mozilla/5.0 AppleWebKit/537.36 (KHTML, like Gecko; compatible; ClaudeBot/1.0; +claudebot@anthropic.com)"
216.73.216.114 - - [25/Oct/2025:15:11:48 +0300] "GET /about/function.php?action=rename&dir=%2F%2Fsys%2Ffs%2Fcgroup%2Fmemory%2Flve1241&item=memory.kmem.max_usage_in_bytes HTTP/1.1" 200 56695 "-" "Mozilla/5.0 AppleWebKit/537.36 (KHTML, like Gecko; compatible; ClaudeBot/1.0; +claudebot@anthropic.com)"
216.73.216.114 - - [25/Oct/2025:15:11:48 +0300] "GET /about/function.php?dir=%2F%2Fsys%2Fdevices%2Fpci0000%3A00%2F0000%3A00%3A15.1%2Fdriver%2F0000%3A00%3A15.1%2Ffirmware_node%2Fwakeup HTTP/1.1" 200 12030 "-" "Mozilla/5.0 AppleWebKit/537.36 (KHTML, like Gecko; compatible; ClaudeBot/1.0; +claudebot@anthropic.com)"
216.73.216.114 - - [25/Oct/2025:15:11:48 +0300] "GET /about/function.php?action=chmod&dir=%2F%2Fsys%2Fdev%2Fchar%2F13%3A65%2Fdevice%2Fdevice&item=firmware_node HTTP/1.1" 200 38180 "-" "Mozilla/5.0 AppleWebKit/537.36 (KHTML, like Gecko; compatible; ClaudeBot/1.0; +claudebot@anthropic.com)"
20.171.207.82 - - [25/Oct/2025:15:11:47 +0300] "GET /amp.php?products/105qs22560 HTTP/1.1" 200 470324 "-" "Mozilla/5.0 AppleWebKit/537.36 (KHTML, like Gecko; compatible; GPTBot/1.2; +https://openai.com/gptbot)"
216.73.216.114 - - [25/Oct/2025:15:11:49 +0300] "GET /about/function.php?dir=%2F%2Fproc%2F1419036%2Froot%2Fvar%2Fcache%2Fdnf%2Fcloudlinux-ea4-rollout-2-7ed843f5605ca6f0 HTTP/1.1" 200 11715 "-" "Mozilla/5.0 AppleWebKit/537.36 (KHTML, like Gecko; compatible; ClaudeBot/1.0; +claudebot@anthropic.com)"
216.73.216.114 - - [25/Oct/2025:15:11:49 +0300] "GET /about/function.php?action=edit&dir=%2F%2Fsys%2Ffs%2Fcgroup%2Fmemory%2Flve1113&item=memory.kmem.max_usage_in_bytes HTTP/1.1" 200 57152 "-" "Mozilla/5.0 AppleWebKit/537.36 (KHTML, like Gecko; compatible; ClaudeBot/1.0; +claudebot@anthropic.com)"
216.73.216.114 - - [25/Oct/2025:15:11:49 +0300] "GET /about/function.php?action=rename&dir=%2F%2Fsys%2Ffs%2Fcgroup%2Fcpuacct%2Fsystem.slice%2Fhome-virtfs-webdesi6-usr.mount&item=cgroup.clone_children HTTP/1.1" 200 40451 "-" "Mozilla/5.0 AppleWebKit/537.36 (KHTML, like Gecko; compatible; ClaudeBot/1.0; +claudebot@anthropic.com)"
216.73.216.114 - - [25/Oct/2025:15:11:49 +0300] "GET /about/function.php?action=edit&dir=%2F%2Fproc%2Fself%2Froot%2Fvar%2Frun&item=ea-php.lock HTTP/1.1" 200 216533 "-" "Mozilla/5.0 AppleWebKit/537.36 (KHTML, like Gecko; compatible; ClaudeBot/1.0; +claudebot@anthropic.com)"
216.73.216.114 - - [25/Oct/2025:15:11:49 +0300] "GET /about/function.php?action=chmod&dir=%2F%2Fproc%2F1419036%2Froot%2Flib64%2Frpm-plugins&item=systemd_inhibit.so HTTP/1.1" 200 13470 "-" "Mozilla/5.0 AppleWebKit/537.36 (KHTML, like Gecko; compatible; ClaudeBot/1.0; +claudebot@anthropic.com)"
216.73.216.114 - - [25/Oct/2025:15:11:49 +0300] "GET /about/function.php?action=rename&dir=%2F%2Fproc%2Fself%2Froot%2Fvar%2Frun&item=cloudlinux_cl-quota.cronlock HTTP/1.1" 200 216430 "-" "Mozilla/5.0 AppleWebKit/537.36 (KHTML, like Gecko; compatible; ClaudeBot/1.0; +claudebot@anthropic.com)"
216.73.216.114 - - [25/Oct/2025:15:11:50 +0300] "GET /about/function.php?action=chmod&dir=%2F%2Fsys%2Fdevices%2Fpci0000%3A00%2F0000%3A00%3A18.4%2Ffirmware_node%2Fphysical_node&item=subordinate_bus_number HTTP/1.1" 200 76763 "-" "Mozilla/5.0 AppleWebKit/537.36 (KHTML, like Gecko; compatible; ClaudeBot/1.0; +claudebot@anthropic.com)"
216.73.216.114 - - [25/Oct/2025:15:11:50 +0300] "GET /about/function.php?action=chmod&dir=%2F%2Fproc%2Fself%2Froot%2Fvar%2Frun&item=cpanel_php_fpm.pid HTTP/1.1" 200 216416 "-" "Mozilla/5.0 AppleWebKit/537.36 (KHTML, like Gecko; compatible; ClaudeBot/1.0; +claudebot@anthropic.com)"
216.73.216.114 - - [25/Oct/2025:15:11:50 +0300] "GET /about/function.php?action=rename&dir=%2F%2Fsys%2Ffs%2Fcgroup%2Fcpuacct%2Fsystem.slice%2Fhome-virtfs-mcloud-etc-pki-tls.mount&item=cpu.shares HTTP/1.1" 200 40992 "-" "Mozilla/5.0 AppleWebKit/537.36 (KHTML, like Gecko; compatible; ClaudeBot/1.0; +claudebot@anthropic.com)"
20.171.207.82 - - [25/Oct/2025:15:11:49 +0300] "GET /amp.php?products/281fo16066 HTTP/1.1" 200 481621 "-" "Mozilla/5.0 AppleWebKit/537.36 (KHTML, like Gecko; compatible; GPTBot/1.2; +https://openai.com/gptbot)"
216.73.216.114 - - [25/Oct/2025:15:11:50 +0300] "GET /about/function.php?action=chmod&dir=%2F%2Fproc%2F1419036%2Froot%2Flib64%2Fperl5&item=wait.ph HTTP/1.1" 200 86890 "-" "Mozilla/5.0 AppleWebKit/537.36 (KHTML, like Gecko; compatible; ClaudeBot/1.0; +claudebot@anthropic.com)"
216.73.216.114 - - [25/Oct/2025:15:11:50 +0300] "GET /about/function.php?action=rename&dir=%2F%2Fsys%2Ffs%2Fcgroup%2Fcpuacct%2Fsystem.slice%2Fhome-virtfs-salonnoa-usr-sbin.mount&item=cgroup.clone_children HTTP/1.1" 200 40911 "-" "Mozilla/5.0 AppleWebKit/537.36 (KHTML, like Gecko; compatible; ClaudeBot/1.0; +claudebot@anthropic.com)"
216.73.216.114 - - [25/Oct/2025:15:11:51 +0300] "GET /about/function.php?action=chmod&dir=%2F%2Fproc%2F1419036%2Froot%2Fvar%2Fcache%2Fdnf&item=cloudlinux-rollout-4-cb7ed8483bfbf09e HTTP/1.1" 200 275146 "-" "Mozilla/5.0 AppleWebKit/537.36 (KHTML, like Gecko; compatible; ClaudeBot/1.0; +claudebot@anthropic.com)"
216.73.216.114 - - [25/Oct/2025:15:11:51 +0300] "GET /about/function.php?action=edit&dir=%2F%2Fsys%2Fkernel%2Fslab%2Ffat_inode_cache&item=object_size HTTP/1.1" 200 54625 "-" "Mozilla/5.0 AppleWebKit/537.36 (KHTML, like Gecko; compatible; ClaudeBot/1.0; +claudebot@anthropic.com)"
216.73.216.114 - - [25/Oct/2025:15:11:51 +0300] "GET /about/function.php?action=rename&dir=%2F%2Fsys%2Ffs%2Fcgroup%2Fcpuacct%2Fsystem.slice%2Fhome-virtfs-fagulets-var.mount&item=cgroup.clone_children HTTP/1.1" 200 40451 "-" "Mozilla/5.0 AppleWebKit/537.36 (KHTML, like Gecko; compatible; ClaudeBot/1.0; +claudebot@anthropic.com)"
216.73.216.114 - - [25/Oct/2025:15:11:51 +0300] "GET /about/function.php?action=view&dir=%2F%2Fsys%2Ffs%2Fcgroup%2Fmemory%2Flve1241&item=memory.kmem.usage_in_bytes HTTP/1.1" 200 56932 "-" "Mozilla/5.0 AppleWebKit/537.36 (KHTML, like Gecko; compatible; ClaudeBot/1.0; +claudebot@anthropic.com)"
216.73.216.114 - - [25/Oct/2025:15:11:51 +0300] "GET /about/function.php?action=view&dir=%2F%2Fvar%2Fsoftaculous%2Fsymfony2%2Fphp82&item=install.php HTTP/1.1" 200 16040 "-" "Mozilla/5.0 AppleWebKit/537.36 (KHTML, like Gecko; compatible; ClaudeBot/1.0; +claudebot@anthropic.com)"
216.73.216.114 - - [25/Oct/2025:15:11:51 +0300] "GET /about/function.php?action=view&dir=%2F%2Fusr%2Fsrc%2Fkernels%2F4.18.0-553.58.1.lve.el8.x86_64&item=Makefile HTTP/1.1" 200 116472 "-" "Mozilla/5.0 AppleWebKit/537.36 (KHTML, like Gecko; compatible; ClaudeBot/1.0; +claudebot@anthropic.com)"
216.73.216.114 - - [25/Oct/2025:15:11:51 +0300] "GET /about/function.php?action=view&dir=%2F%2Fsys%2Fdevices%2Fpci0000%3A00%2F0000%3A00%3A18.7%2Ffirmware_node%2Fphysical_node&item=class HTTP/1.1" 200 76645 "-" "Mozilla/5.0 AppleWebKit/537.36 (KHTML, like Gecko; compatible; ClaudeBot/1.0; +claudebot@anthropic.com)"
216.73.216.114 - - [25/Oct/2025:15:11:51 +0300] "GET /about/function.php?action=rename&dir=%2F%2Fvar%2Flib%2Frpm&item=Suggestname HTTP/1.1" 200 42742 "-" "Mozilla/5.0 AppleWebKit/537.36 (KHTML, like Gecko; compatible; ClaudeBot/1.0; +claudebot@anthropic.com)"
216.73.216.114 - - [25/Oct/2025:15:11:51 +0300] "GET /about/function.php?action=rename&dir=%2F%2Fusr%2Fsrc%2Fkernels%2F4.18.0-553.54.1.lve.el8.x86_64&item=security HTTP/1.1" 200 51634 "-" "Mozilla/5.0 AppleWebKit/537.36 (KHTML, like Gecko; compatible; ClaudeBot/1.0; +claudebot@anthropic.com)"
216.73.216.114 - - [25/Oct/2025:15:11:52 +0300] "GET /about/function.php?action=chmod&dir=%2F%2Fproc%2F1419036%2Froot%2Flib64%2Fperl5&item=stdc-predef.ph HTTP/1.1" 200 86897 "-" "Mozilla/5.0 AppleWebKit/537.36 (KHTML, like Gecko; compatible; ClaudeBot/1.0; +claudebot@anthropic.com)"
216.73.216.114 - - [25/Oct/2025:15:11:52 +0300] "GET /about/function.php?action=chmod&dir=%2F%2Fvar%2Fsoftaculous%2Fdoku%2Fphp71&item=edit.php HTTP/1.1" 200 17381 "-" "Mozilla/5.0 AppleWebKit/537.36 (KHTML, like Gecko; compatible; ClaudeBot/1.0; +claudebot@anthropic.com)"
216.73.216.114 - - [25/Oct/2025:15:11:52 +0300] "GET /about/function.php?action=view&dir=%2F%2Fvar%2Flib%2Frpm&item=Conflictname HTTP/1.1" 200 42629 "-" "Mozilla/5.0 AppleWebKit/537.36 (KHTML, like Gecko; compatible; ClaudeBot/1.0; +claudebot@anthropic.com)"
216.73.216.114 - - [25/Oct/2025:15:11:52 +0300] "GET /about/function.php?action=edit&dir=%2F%2Fproc%2Fself%2Froot%2Fvar%2Frun&item=system_needs_reboot.cache HTTP/1.1" 200 216547 "-" "Mozilla/5.0 AppleWebKit/537.36 (KHTML, like Gecko; compatible; ClaudeBot/1.0; +claudebot@anthropic.com)"
216.73.216.114 - - [25/Oct/2025:15:11:52 +0300] "GET /about/function.php?dir=%2F%2Fsys%2Fdevices%2Fpci0000%3A00%2F0000%3A00%3A17.1%2Fdriver%2F0000%3A00%3A16.1%2Ffirmware_node%2Fdevice%3A39 HTTP/1.1" 200 23440 "-" "Mozilla/5.0 AppleWebKit/537.36 (KHTML, like Gecko; compatible; ClaudeBot/1.0; +claudebot@anthropic.com)"
20.171.207.82 - - [25/Oct/2025:15:11:51 +0300] "GET /amp.php?products/105zo22570 HTTP/1.1" 200 466936 "-" "Mozilla/5.0 AppleWebKit/537.36 (KHTML, like Gecko; compatible; GPTBot/1.2; +https://openai.com/gptbot)"
216.73.216.114 - - [25/Oct/2025:15:11:52 +0300] "GET /about/function.php?action=chmod&dir=%2F%2Fsys%2Fmodule%2Fintel_rapl_common%2Fholders%2Fintel_rapl_msr%2Fsections&item=.rodata.str1.8 HTTP/1.1" 200 44140 "-" "Mozilla/5.0 AppleWebKit/537.36 (KHTML, like Gecko; compatible; ClaudeBot/1.0; +claudebot@anthropic.com)"
216.73.216.114 - - [25/Oct/2025:15:11:52 +0300] "GET /about/function.php?action=chmod&dir=%2F%2Fusr%2Fsrc%2Fkernels%2F4.18.0-553.54.1.lve.el8.x86_64&item=Kconfig.redhat HTTP/1.1" 200 51636 "-" "Mozilla/5.0 AppleWebKit/537.36 (KHTML, like Gecko; compatible; ClaudeBot/1.0; +claudebot@anthropic.com)"
216.73.216.114 - - [25/Oct/2025:15:11:52 +0300] "GET /about/function.php?action=rename&dir=%2F%2Fsys%2Ffs%2Fcgroup%2Fcpuacct%2Fsystem.slice%2Fhome-virtfs-chedenta-var.mount&item=cgroup.clone_children HTTP/1.1" 200 40451 "-" "Mozilla/5.0 AppleWebKit/537.36 (KHTML, like Gecko; compatible; ClaudeBot/1.0; +claudebot@anthropic.com)"
216.73.216.114 - - [25/Oct/2025:15:11:53 +0300] "GET /about/function.php?action=rename&dir=%2F%2Fsys%2Fmodule%2Fintel_rapl_common%2Fholders%2Fintel_rapl_msr%2Fnotes&item=.note.gnu.build-id HTTP/1.1" 200 12369 "-" "Mozilla/5.0 AppleWebKit/537.36 (KHTML, like Gecko; compatible; ClaudeBot/1.0; +claudebot@anthropic.com)"
216.73.216.114 - - [25/Oct/2025:15:11:53 +0300] "GET /about/function.php?action=chmod&dir=%2F%2Fsys%2Fdevices%2Fpci0000%3A00%2F0000%3A00%3A17.1%2Fdriver%2F0000%3A00%3A16.1%2Ffirmware_node&item=physical_node HTTP/1.1" 200 22867 "-" "Mozilla/5.0 AppleWebKit/537.36 (KHTML, like Gecko; compatible; ClaudeBot/1.0; +claudebot@anthropic.com)"
216.73.216.114 - - [25/Oct/2025:15:11:53 +0300] "GET /about/function.php?action=edit&dir=%2F%2Fsys%2Ffs%2Fcgroup%2Fmemory%2Flve1178&item=memory.kmem.max_usage_in_bytes HTTP/1.1" 200 57170 "-" "Mozilla/5.0 AppleWebKit/537.36 (KHTML, like Gecko; compatible; ClaudeBot/1.0; +claudebot@anthropic.com)"
216.73.216.114 - - [25/Oct/2025:15:11:53 +0300] "GET /about/function.php?action=view&dir=%2F%2Fsys%2Fdevices%2Fpci0000%3A00%2F0000%3A00%3A18.7%2Ffirmware_node%2Fphysical_node&item=current_link_speed HTTP/1.1" 200 76663 "-" "Mozilla/5.0 AppleWebKit/537.36 (KHTML, like Gecko; compatible; ClaudeBot/1.0; +claudebot@anthropic.com)"
216.73.216.114 - - [25/Oct/2025:15:11:53 +0300] "GET /about/function.php?action=chmod&dir=%2F%2Fsys%2Fdev%2Fchar%2F10%3A200%2Fsubsystem&item=loop-control HTTP/1.1" 200 27724 "-" "Mozilla/5.0 AppleWebKit/537.36 (KHTML, like Gecko; compatible; ClaudeBot/1.0; +claudebot@anthropic.com)"
216.73.216.114 - - [25/Oct/2025:15:11:53 +0300] "GET /about/function.php?action=view&dir=%2F%2Fsys%2Fdevices%2Fpci0000%3A00%2F0000%3A00%3A18.5%2Ffirmware_node%2Fphysical_node%2Fpower&item=wakeup_expire_count HTTP/1.1" 200 34410 "-" "Mozilla/5.0 AppleWebKit/537.36 (KHTML, like Gecko; compatible; ClaudeBot/1.0; +claudebot@anthropic.com)"
216.73.216.114 - - [25/Oct/2025:15:11:53 +0300] "GET /about/function.php?action=chmod&dir=%2F%2Fsys%2Fdevices%2Fpci0000%3A00%2F0000%3A00%3A17.5%2Ffirmware_node%2Fphysical_node%2Fpower&item=wakeup_count HTTP/1.1" 200 34512 "-" "Mozilla/5.0 AppleWebKit/537.36 (KHTML, like Gecko; compatible; ClaudeBot/1.0; +claudebot@anthropic.com)"
216.73.216.114 - - [25/Oct/2025:15:11:53 +0300] "GET /about/function.php?action=view&dir=%2F%2Fsys%2Fkernel%2Fslab%2Ffat_inode_cache&item=ctor HTTP/1.1" 200 54737 "-" "Mozilla/5.0 AppleWebKit/537.36 (KHTML, like Gecko; compatible; ClaudeBot/1.0; +claudebot@anthropic.com)"
216.73.216.114 - - [25/Oct/2025:15:11:53 +0300] "GET /about/function.php?action=view&dir=%2F%2Fsys%2Fdevices%2Fpci0000%3A00%2F0000%3A00%3A18.4%2Ffirmware_node%2Fphysical_node&item=ari_enabled HTTP/1.1" 200 76644 "-" "Mozilla/5.0 AppleWebKit/537.36 (KHTML, like Gecko; compatible; ClaudeBot/1.0; +claudebot@anthropic.com)"
216.73.216.114 - - [25/Oct/2025:15:11:53 +0300] "GET /about/function.php?action=view&dir=%2F%2Fsys%2Fdevices%2Fpci0000%3A00%2F0000%3A00%3A18.4%2Ffirmware_node%2Fphysical_node&item=device HTTP/1.1" 200 76644 "-" "Mozilla/5.0 AppleWebKit/537.36 (KHTML, like Gecko; compatible; ClaudeBot/1.0; +claudebot@anthropic.com)"
216.73.216.114 - - [25/Oct/2025:15:11:53 +0300] "GET /about/function.php?action=chmod&dir=%2F%2Fsys%2Fdevices%2Fpci0000%3A00%2F0000%3A00%3A18.7%2Ffirmware_node%2Fphysical_node&item=d3cold_allowed HTTP/1.1" 200 76755 "-" "Mozilla/5.0 AppleWebKit/537.36 (KHTML, like Gecko; compatible; ClaudeBot/1.0; +claudebot@anthropic.com)"
216.73.216.114 - - [25/Oct/2025:15:11:53 +0300] "GET /about/function.php?action=rename&dir=%2F%2Fsys%2Ffs%2Fcgroup%2Fcpuacct%2Fsystem.slice%2Fhome-virtfs-fagulets-etc-mail.mount&item=cgroup.clone_children HTTP/1.1" 200 40911 "-" "Mozilla/5.0 AppleWebKit/537.36 (KHTML, like Gecko; compatible; ClaudeBot/1.0; +claudebot@anthropic.com)"
216.73.216.114 - - [25/Oct/2025:15:11:54 +0300] "GET /about/function.php?action=chmod&dir=%2F%2Fproc%2F1419036%2Froot%2Frun&item=cl_detect_ls_for_users.cronlock HTTP/1.1" 200 215584 "-" "Mozilla/5.0 AppleWebKit/537.36 (KHTML, like Gecko; compatible; ClaudeBot/1.0; +claudebot@anthropic.com)"
216.73.216.114 - - [25/Oct/2025:15:11:54 +0300] "GET /about/function.php?action=view&dir=%2F%2Fproc%2F1419036%2Froot%2Flib64%2Fperl5&item=signal.ph HTTP/1.1" 200 90445 "-" "Mozilla/5.0 AppleWebKit/537.36 (KHTML, like Gecko; compatible; ClaudeBot/1.0; +claudebot@anthropic.com)"
216.73.216.114 - - [25/Oct/2025:15:11:54 +0300] "GET /about/function.php?dir=%2F%2Fsys%2Fdev%2Fchar%2F10%3A124%2Fsubsystem%2Floop-control HTTP/1.1" 200 15239 "-" "Mozilla/5.0 AppleWebKit/537.36 (KHTML, like Gecko; compatible; ClaudeBot/1.0; +claudebot@anthropic.com)"
20.171.207.82 - - [25/Oct/2025:15:11:53 +0300] "GET /amp.php?products/223wd30270 HTTP/1.1" 200 469482 "-" "Mozilla/5.0 AppleWebKit/537.36 (KHTML, like Gecko; compatible; GPTBot/1.2; +https://openai.com/gptbot)"
216.73.216.114 - - [25/Oct/2025:15:11:54 +0300] "GET /about/function.php?action=edit&dir=%2F%2Fsys%2Ffs%2Fcgroup%2Fmemory%2Flve1298&item=memory.usage_in_bytes HTTP/1.1" 200 57148 "-" "Mozilla/5.0 AppleWebKit/537.36 (KHTML, like Gecko; compatible; ClaudeBot/1.0; +claudebot@anthropic.com)"
216.73.216.114 - - [25/Oct/2025:15:11:54 +0300] "GET /about/function.php?action=edit&dir=%2F%2Fsys%2Fdevices%2Fpci0000%3A00%2F0000%3A00%3A18.4%2Ffirmware_node%2Fphysical_node&item=modalias HTTP/1.1" 200 76927 "-" "Mozilla/5.0 AppleWebKit/537.36 (KHTML, like Gecko; compatible; ClaudeBot/1.0; +claudebot@anthropic.com)"
216.73.216.114 - - [25/Oct/2025:15:11:54 +0300] "GET /about/function.php?action=chmod&dir=%2F%2Fvar%2Fsoftaculous%2Fdoku%2Fphp82&item=edit.php HTTP/1.1" 200 17383 "-" "Mozilla/5.0 AppleWebKit/537.36 (KHTML, like Gecko; compatible; ClaudeBot/1.0; +claudebot@anthropic.com)"
216.73.216.114 - - [25/Oct/2025:15:11:54 +0300] "GET /about/function.php?action=view&dir=%2F%2Fvar%2Fsoftaculous%2Fdoku%2Fphp53&item=edit.php HTTP/1.1" 200 20947 "-" "Mozilla/5.0 AppleWebKit/537.36 (KHTML, like Gecko; compatible; ClaudeBot/1.0; +claudebot@anthropic.com)"
216.73.216.114 - - [25/Oct/2025:15:11:54 +0300] "GET /about/function.php?action=chmod&dir=%2F%2Fproc%2F1419036%2Froot%2Flib64%2Fperl5&item=endian.ph HTTP/1.1" 200 86892 "-" "Mozilla/5.0 AppleWebKit/537.36 (KHTML, like Gecko; compatible; ClaudeBot/1.0; +claudebot@anthropic.com)"
216.73.216.114 - - [25/Oct/2025:15:11:54 +0300] "GET /about/function.php?action=chmod&dir=%2F%2Fsys%2Fdevices%2Fpci0000%3A00%2F0000%3A00%3A18.7%2Ffirmware_node%2Fphysical_node&item=driver_override HTTP/1.1" 200 76756 "-" "Mozilla/5.0 AppleWebKit/537.36 (KHTML, like Gecko; compatible; ClaudeBot/1.0; +claudebot@anthropic.com)"
216.73.216.114 - - [25/Oct/2025:15:11:54 +0300] "GET /about/function.php?action=edit&dir=%2F%2Fsys%2Fdevices%2Fpci0000%3A00%2F0000%3A00%3A17.5%2Ffirmware_node%2Fphysical_node%2Fpower&item=runtime_active_time HTTP/1.1" 200 34298 "-" "Mozilla/5.0 AppleWebKit/537.36 (KHTML, like Gecko; compatible; ClaudeBot/1.0; +claudebot@anthropic.com)"
216.73.216.114 - - [25/Oct/2025:15:11:54 +0300] "GET /about/function.php?action=chmod&dir=%2F%2Fproc%2F1419036%2Froot%2Fvar%2Fcache%2Fdnf&item=cloudlinux-rollout-16-e2391d2b991e54d5 HTTP/1.1" 200 275147 "-" "Mozilla/5.0 AppleWebKit/537.36 (KHTML, like Gecko; compatible; ClaudeBot/1.0; +claudebot@anthropic.com)"
216.73.216.114 - - [25/Oct/2025:15:11:55 +0300] "GET /about/function.php?dir=%2F%2Fproc%2F1419036%2Froot%2Flib64%2Fperl5%2FCORE HTTP/1.1" 200 119623 "-" "Mozilla/5.0 AppleWebKit/537.36 (KHTML, like Gecko; compatible; ClaudeBot/1.0; +claudebot@anthropic.com)"
216.73.216.114 - - [25/Oct/2025:15:11:55 +0300] "GET /about/function.php?action=view&dir=%2F%2Fsys%2Fdev%2Fblock%2F8%3A2&item=alignment_offset HTTP/1.1" 200 28217 "-" "Mozilla/5.0 AppleWebKit/537.36 (KHTML, like Gecko; compatible; ClaudeBot/1.0; +claudebot@anthropic.com)"
216.73.216.114 - - [25/Oct/2025:15:11:55 +0300] "GET /about/function.php?action=rename&dir=%2F%2Fvar%2Flib%2Fselinux&item=tmp HTTP/1.1" 200 13625 "-" "Mozilla/5.0 AppleWebKit/537.36 (KHTML, like Gecko; compatible; ClaudeBot/1.0; +claudebot@anthropic.com)"
216.73.216.114 - - [25/Oct/2025:15:11:55 +0300] "GET /about/function.php?action=view&dir=%2F%2Fproc%2F1419036%2Froot%2Flib64%2Frpm-plugins&item=selinux.so HTTP/1.1" 200 13352 "-" "Mozilla/5.0 AppleWebKit/537.36 (KHTML, like Gecko; compatible; ClaudeBot/1.0; +claudebot@anthropic.com)"
216.73.216.114 - - [25/Oct/2025:15:11:55 +0300] "GET /about/function.php?action=view&dir=%2F%2Fproc%2Fself%2Froot%2Fvar%2Frun&item=cloudlinux-xray-plugin-check.cronlock HTTP/1.1" 200 216325 "-" "Mozilla/5.0 AppleWebKit/537.36 (KHTML, like Gecko; compatible; ClaudeBot/1.0; +claudebot@anthropic.com)"
216.73.216.114 - - [25/Oct/2025:15:11:55 +0300] "GET /about/function.php?dir=%2F%2Fsys%2Fdevices%2Fpci0000%3A00%2F0000%3A00%3A18.1%2Fdriver%2F0000%3A00%3A16.1%2Ffirmware_node%2Fwakeup HTTP/1.1" 200 12035 "-" "Mozilla/5.0 AppleWebKit/537.36 (KHTML, like Gecko; compatible; ClaudeBot/1.0; +claudebot@anthropic.com)"
216.73.216.114 - - [25/Oct/2025:15:11:55 +0300] "GET /about/function.php?action=rename&dir=%2F%2Fsys%2Ffs%2Fcgroup%2Fcpuacct%2Fsystem.slice%2Fsystemd-coredump.socket&item=cgroup.clone_children HTTP/1.1" 200 39807 "-" "Mozilla/5.0 AppleWebKit/537.36 (KHTML, like Gecko; compatible; ClaudeBot/1.0; +claudebot@anthropic.com)"
216.73.216.114 - - [25/Oct/2025:15:11:55 +0300] "GET /about/function.php?action=rename&dir=%2F%2Fsys%2Ffs%2Fcgroup%2Fcpuacct%2Fsystem.slice%2Fhome-virtfs-chedenta-etc-mail.mount&item=cgroup.clone_children HTTP/1.1" 200 40911 "-" "Mozilla/5.0 AppleWebKit/537.36 (KHTML, like Gecko; compatible; ClaudeBot/1.0; +claudebot@anthropic.com)"
216.73.216.114 - - [25/Oct/2025:15:11:55 +0300] "GET /about/function.php?action=chmod&dir=%2F%2Flib%2Flocale%2Fen_US.utf8&item=LC_NUMERIC HTTP/1.1" 200 26896 "-" "Mozilla/5.0 AppleWebKit/537.36 (KHTML, like Gecko; compatible; ClaudeBot/1.0; +claudebot@anthropic.com)"
216.73.216.114 - - [25/Oct/2025:15:11:55 +0300] "GET /about/function.php?action=edit&dir=%2F%2Fsys%2Fdevices%2Fpci0000%3A00%2F0000%3A00%3A18.7%2Ffirmware_node%2Fphysical_node&item=resource HTTP/1.1" 200 77842 "-" "Mozilla/5.0 AppleWebKit/537.36 (KHTML, like Gecko; compatible; ClaudeBot/1.0; +claudebot@anthropic.com)"
216.73.216.114 - - [25/Oct/2025:15:11:55 +0300] "GET /about/function.php?action=view&dir=%2F%2Fsys%2Fdevices%2Fpci0000%3A00%2F0000%3A00%3A18.7%2Ffirmware_node%2Fphysical_node&item=consistent_dma_mask_bits HTTP/1.1" 200 76658 "-" "Mozilla/5.0 AppleWebKit/537.36 (KHTML, like Gecko; compatible; ClaudeBot/1.0; +claudebot@anthropic.com)"
216.73.216.114 - - [25/Oct/2025:15:11:55 +0300] "GET /about/function.php?dir=%2F%2Fsys%2Fdevices%2Fpci0000%3A00%2F0000%3A00%3A18.7%2Ffirmware_node%2Fphysical_node%2Fpower HTTP/1.1" 200 33937 "-" "Mozilla/5.0 AppleWebKit/537.36 (KHTML, like Gecko; compatible; ClaudeBot/1.0; +claudebot@anthropic.com)"
20.171.207.82 - - [25/Oct/2025:15:11:55 +0300] "GET /amp.php?products/223gr30272 HTTP/1.1" 200 466702 "-" "Mozilla/5.0 AppleWebKit/537.36 (KHTML, like Gecko; compatible; GPTBot/1.2; +https://openai.com/gptbot)"
216.73.216.114 - - [25/Oct/2025:15:11:56 +0300] "GET /about/function.php?action=rename&dir=%2F%2Fsys%2Ffs%2Fcgroup%2Fcpuacct%2Fsystem.slice%2Fhome-virtfs-mcloud-opt.mount&item=cgroup.clone_children HTTP/1.1" 200 40267 "-" "Mozilla/5.0 AppleWebKit/537.36 (KHTML, like Gecko; compatible; ClaudeBot/1.0; +claudebot@anthropic.com)"
216.73.216.114 - - [25/Oct/2025:15:11:56 +0300] "GET /about/function.php?action=rename&dir=%2F%2Fusr%2Fsrc%2Fkernels%2F4.18.0-553.58.1.lve.el8.x86_64&item=security HTTP/1.1" 200 51634 "-" "Mozilla/5.0 AppleWebKit/537.36 (KHTML, like Gecko; compatible; ClaudeBot/1.0; +claudebot@anthropic.com)"
216.73.216.114 - - [25/Oct/2025:15:11:56 +0300] "GET /about/function.php?action=view&dir=%2F%2Flib%2Flocale%2Fen_US.utf8&item=LC_TIME HTTP/1.1" 200 26783 "-" "Mozilla/5.0 AppleWebKit/537.36 (KHTML, like Gecko; compatible; ClaudeBot/1.0; +claudebot@anthropic.com)"
216.73.216.114 - - [25/Oct/2025:15:11:56 +0300] "GET /about/function.php?action=chmod&dir=%2F%2Fsys%2Fdevices%2Fpci0000%3A00%2F0000%3A00%3A18.2%2Ffirmware_node%2Fphysical_node%2Fpower&item=wakeup_count HTTP/1.1" 200 34512 "-" "Mozilla/5.0 AppleWebKit/537.36 (KHTML, like Gecko; compatible; ClaudeBot/1.0; +claudebot@anthropic.com)"
216.73.216.114 - - [25/Oct/2025:15:11:56 +0300] "GET /about/function.php?action=view&dir=%2F%2Fsys%2Fdevices%2Fpci0000%3A00%2F0000%3A00%3A17.5%2Ffirmware_node%2Fphysical_node%2Fpower&item=wakeup_active_count HTTP/1.1" 200 34410 "-" "Mozilla/5.0 AppleWebKit/537.36 (KHTML, like Gecko; compatible; ClaudeBot/1.0; +claudebot@anthropic.com)"
216.73.216.114 - - [25/Oct/2025:15:11:56 +0300] "GET /about/function.php?action=edit&dir=%2F%2Fsys%2Fmodule%2Fintel_rapl_common%2Fholders%2Fintel_rapl_msr%2Fsections&item=.orc_unwind HTTP/1.1" 200 44261 "-" "Mozilla/5.0 AppleWebKit/537.36 (KHTML, like Gecko; compatible; ClaudeBot/1.0; +claudebot@anthropic.com)"
216.73.216.114 - - [25/Oct/2025:15:11:56 +0300] "GET /about/function.php?action=chmod&dir=%2F%2Fsys%2Fclass%2Fblock%2Fsda2%2Fsubsystem%2Floop0&item=loop HTTP/1.1" 200 46809 "-" "Mozilla/5.0 AppleWebKit/537.36 (KHTML, like Gecko; compatible; ClaudeBot/1.0; +claudebot@anthropic.com)"
216.73.216.114 - - [25/Oct/2025:15:11:56 +0300] "GET /about/function.php?dir=%2F%2Fsys%2Fdevices%2Fpci0000%3A00%2F0000%3A00%3A18.6%2Ffirmware_node%2Fphysical_node%2F0000%3A00%3A18.6%3Apcie004%2Fdriver HTTP/1.1" 200 66034 "-" "Mozilla/5.0 AppleWebKit/537.36 (KHTML, like Gecko; compatible; ClaudeBot/1.0; +claudebot@anthropic.com)"
216.73.216.114 - - [25/Oct/2025:15:11:56 +0300] "GET /about/function.php?action=chmod&dir=%2F%2Fsys%2Fdevices%2Fpci0000%3A00%2F0000%3A00%3A17.5%2Ffirmware_node%2Fphysical_node%2Fpower&item=wakeup_active HTTP/1.1" 200 34513 "-" "Mozilla/5.0 AppleWebKit/537.36 (KHTML, like Gecko; compatible; ClaudeBot/1.0; +claudebot@anthropic.com)"
216.73.216.114 - - [25/Oct/2025:15:11:56 +0300] "GET /about/function.php?dir=%2F%2Fsys%2Fclass%2Fblock%2Fsr0%2Fsubsystem%2Floop0%2Floop HTTP/1.1" 200 19100 "-" "Mozilla/5.0 AppleWebKit/537.36 (KHTML, like Gecko; compatible; ClaudeBot/1.0; +claudebot@anthropic.com)"
81.167.26.57 - - [25/Oct/2025:15:11:57 +0300] "GET /robots.txt HTTP/1.1" 200 396 "-" "Mozilla/5.0 (compatible; MJ12bot/v1.4.8; http://mj12bot.com/)"
216.73.216.114 - - [25/Oct/2025:15:11:57 +0300] "GET /about/function.php?dir=%2F%2Fsys%2Fdevices%2Fpci0000%3A00%2F0000%3A00%3A15.1%2Fdriver%2F0000%3A00%3A16.3%2Ffirmware_node%2Fwakeup HTTP/1.1" 200 12035 "-" "Mozilla/5.0 AppleWebKit/537.36 (KHTML, like Gecko; compatible; ClaudeBot/1.0; +claudebot@anthropic.com)"
216.73.216.114 - - [25/Oct/2025:15:11:57 +0300] "GET /about/function.php?action=edit&dir=%2F%2Fsys%2Fdevices%2Fpci0000%3A00%2F0000%3A00%3A18.5%2Ffirmware_node%2Fphysical_node%2Fpower&item=autosuspend_delay_ms HTTP/1.1" 200 34644 "-" "Mozilla/5.0 AppleWebKit/537.36 (KHTML, like Gecko; compatible; ClaudeBot/1.0; +claudebot@anthropic.com)"
216.73.216.114 - - [25/Oct/2025:15:11:57 +0300] "GET /about/function.php?action=chmod&dir=%2F%2Fusr%2Fsrc%2Fkernels%2F4.18.0-553.58.1.lve.el8.x86_64&item=Kconfig.redhat HTTP/1.1" 200 51636 "-" "Mozilla/5.0 AppleWebKit/537.36 (KHTML, like Gecko; compatible; ClaudeBot/1.0; +claudebot@anthropic.com)"
216.73.216.114 - - [25/Oct/2025:15:11:57 +0300] "GET /about/function.php?action=chmod&dir=%2F%2Fsys%2Ffs%2Fcgroup%2Fmemory%2Flve1298&item=memory.numa_stat HTTP/1.1" 200 57030 "-" "Mozilla/5.0 AppleWebKit/537.36 (KHTML, like Gecko; compatible; ClaudeBot/1.0; +claudebot@anthropic.com)"
216.73.216.114 - - [25/Oct/2025:15:11:57 +0300] "GET /about/function.php?action=edit&dir=%2F%2Fsys%2Fdevices%2Fpci0000%3A00%2F0000%3A00%3A15.5%2Ffirmware_node%2Fphysical_node%2Fsubsystem&item=resource_alignment HTTP/1.1" 200 23706 "-" "Mozilla/5.0 AppleWebKit/537.36 (KHTML, like Gecko; compatible; ClaudeBot/1.0; +claudebot@anthropic.com)"
216.73.216.114 - - [25/Oct/2025:15:11:57 +0300] "GET /about/function.php?action=edit&dir=%2F%2Fsys%2Fmodule%2Fintel_rapl_common%2Fholders%2Fintel_rapl_msr%2Fsections&item=.symtab HTTP/1.1" 200 44257 "-" "Mozilla/5.0 AppleWebKit/537.36 (KHTML, like Gecko; compatible; ClaudeBot/1.0; +claudebot@anthropic.com)"
216.73.216.114 - - [25/Oct/2025:15:11:57 +0300] "GET /about/function.php?action=view&dir=%2F%2Fsys%2Fdevices%2Fpci0000%3A00%2F0000%3A00%3A18.4%2Ffirmware_node%2Fphysical_node&item=secondary_bus_number HTTP/1.1" 200 76654 "-" "Mozilla/5.0 AppleWebKit/537.36 (KHTML, like Gecko; compatible; ClaudeBot/1.0; +claudebot@anthropic.com)"
216.73.216.114 - - [25/Oct/2025:15:11:57 +0300] "GET /about/function.php?action=edit&dir=%2F%2Fsys%2Fdevices%2Fpci0000%3A00%2F0000%3A00%3A18.2%2Ffirmware_node%2Fphysical_node%2Fpower&item=runtime_active_time HTTP/1.1" 200 34651 "-" "Mozilla/5.0 AppleWebKit/537.36 (KHTML, like Gecko; compatible; ClaudeBot/1.0; +claudebot@anthropic.com)"
216.73.216.114 - - [25/Oct/2025:15:11:57 +0300] "GET /about/function.php?action=chmod&dir=%2F%2Fproc%2F1419036%2Froot%2Fvar%2Fcache%2Fdnf&item=cloudlinux-PowerTools-b964d1bdd5e297d5 HTTP/1.1" 200 275147 "-" "Mozilla/5.0 AppleWebKit/537.36 (KHTML, like Gecko; compatible; ClaudeBot/1.0; +claudebot@anthropic.com)"
216.73.216.114 - - [25/Oct/2025:15:11:57 +0300] "GET /about/function.php?action=chmod&dir=%2F%2Fsys%2Fdevices%2Fpci0000%3A00%2F0000%3A00%3A17.5%2Ffirmware_node%2Fphysical_node%2Fpower&item=runtime_status HTTP/1.1" 200 34514 "-" "Mozilla/5.0 AppleWebKit/537.36 (KHTML, like Gecko; compatible; ClaudeBot/1.0; +claudebot@anthropic.com)"
216.73.216.114 - - [25/Oct/2025:15:11:57 +0300] "GET /about/function.php?action=edit&dir=%2F%2Fsys%2Ffs%2Fcgroup%2Fcpuacct%2Fsystem.slice%2Flve_namespaces.service&item=cpu.rt_period_us HTTP/1.1" 200 39838 "-" "Mozilla/5.0 AppleWebKit/537.36 (KHTML, like Gecko; compatible; ClaudeBot/1.0; +claudebot@anthropic.com)"
20.171.207.82 - - [25/Oct/2025:15:11:56 +0300] "GET /amp.php?products/224ia31201 HTTP/1.1" 200 474269 "-" "Mozilla/5.0 AppleWebKit/537.36 (KHTML, like Gecko; compatible; GPTBot/1.2; +https://openai.com/gptbot)"
216.73.216.114 - - [25/Oct/2025:15:11:57 +0300] "GET /about/function.php?action=view&dir=%2F%2Fsys%2Fdevices%2Fpci0000%3A00%2F0000%3A00%3A18.5%2Ffirmware_node%2Fphysical_node%2Fsubsystem&item=resource_alignment HTTP/1.1" 200 23472 "-" "Mozilla/5.0 AppleWebKit/537.36 (KHTML, like Gecko; compatible; ClaudeBot/1.0; +claudebot@anthropic.com)"
216.73.216.114 - - [25/Oct/2025:15:11:58 +0300] "GET /about/function.php?action=chmod&dir=%2F%2Fsys%2Fdevices%2Fpci0000%3A00%2F0000%3A00%3A18.5%2Ffirmware_node%2Fphysical_node%2Fpower&item=wakeup_active_count HTTP/1.1" 200 34519 "-" "Mozilla/5.0 AppleWebKit/537.36 (KHTML, like Gecko; compatible; ClaudeBot/1.0; +claudebot@anthropic.com)"
216.73.216.114 - - [25/Oct/2025:15:11:58 +0300] "GET /about/function.php?action=view&dir=%2F%2Fproc%2F1419036%2Froot%2Frun%2Fchkservd&item=mysql HTTP/1.1" 200 50406 "-" "Mozilla/5.0 AppleWebKit/537.36 (KHTML, like Gecko; compatible; ClaudeBot/1.0; +claudebot@anthropic.com)"
216.73.216.114 - - [25/Oct/2025:15:11:58 +0300] "GET /about/function.php?action=edit&dir=%2F%2Fsys%2Ffs%2Fcgroup%2Fcpuacct%2Fsystem.slice%2Fhome-virtfs-mcloud-etc-pki-tls.mount&item=cgroup.clone_children HTTP/1.1" 200 41125 "-" "Mozilla/5.0 AppleWebKit/537.36 (KHTML, like Gecko; compatible; ClaudeBot/1.0; +claudebot@anthropic.com)"
216.73.216.114 - - [25/Oct/2025:15:11:58 +0300] "GET /about/function.php?action=rename&dir=%2F%2Fsys%2Ffs%2Fcgroup%2Fcpuacct%2Fsystem.slice%2Fhome-virtfs-fagulets-etc-alternatives.mount&item=cgroup.clone_children HTTP/1.1" 200 41647 "-" "Mozilla/5.0 AppleWebKit/537.36 (KHTML, like Gecko; compatible; ClaudeBot/1.0; +claudebot@anthropic.com)"
216.73.216.114 - - [25/Oct/2025:15:11:58 +0300] "GET /about/function.php?dir=%2F%2Fsys%2Fdevices%2Fpci0000%3A00%2F0000%3A00%3A15.1%2Fdriver%2F0000%3A00%3A16.0%2Ffirmware_node%2Fwakeup HTTP/1.1" 200 12035 "-" "Mozilla/5.0 AppleWebKit/537.36 (KHTML, like Gecko; compatible; ClaudeBot/1.0; +claudebot@anthropic.com)"
216.73.216.114 - - [25/Oct/2025:15:11:58 +0300] "GET /about/function.php?action=rename&dir=%2F%2Fsys%2Ffs%2Fcgroup%2Fcpuacct%2Fsystem.slice%2Fssa-agent.socket&item=cpu.cfs_period_us HTTP/1.1" 200 39159 "-" "Mozilla/5.0 AppleWebKit/537.36 (KHTML, like Gecko; compatible; ClaudeBot/1.0; +claudebot@anthropic.com)"
216.73.216.114 - - [25/Oct/2025:15:11:58 +0300] "GET /about/function.php?action=chmod&dir=%2F%2Fsys%2Fdevices%2Fpci0000%3A00%2F0000%3A00%3A18.7%2Ffirmware_node%2Fphysical_node&item=ari_enabled HTTP/1.1" 200 76399 "-" "Mozilla/5.0 AppleWebKit/537.36 (KHTML, like Gecko; compatible; ClaudeBot/1.0; +claudebot@anthropic.com)"
216.73.216.114 - - [25/Oct/2025:15:11:58 +0300] "GET /about/function.php?dir=%2F%2Fsys%2Fdev%2Fchar%2F10%3A200%2Fsubsystem%2Floop-control HTTP/1.1" 200 15239 "-" "Mozilla/5.0 AppleWebKit/537.36 (KHTML, like Gecko; compatible; ClaudeBot/1.0; +claudebot@anthropic.com)"
216.73.216.114 - - [25/Oct/2025:15:11:58 +0300] "GET /about/function.php?action=edit&dir=%2F%2Fvar%2Flib%2Frpm&item=Enhancename HTTP/1.1" 200 42509 "-" "Mozilla/5.0 AppleWebKit/537.36 (KHTML, like Gecko; compatible; ClaudeBot/1.0; +claudebot@anthropic.com)"
74.91.19.178 - - [25/Oct/2025:15:11:58 +0300] "GET /wp-includes/install.php HTTP/1.1" 200 6 "https://avocor.eu/wp-includes/install.php" "Mozilla/5.0 (Windows NT 10.0; Win64; x64) AppleWebKit/537.36 (KHTML, like Gecko) Chrome/58.0.3029.110 Safari/537.3"
216.73.216.114 - - [25/Oct/2025:15:11:59 +0300] "GET /about/function.php?action=chmod&dir=%2F%2Fsys%2Fblock%2Floop0%2Fqueue%2Fiosched&item=writes_starved HTTP/1.1" 200 18756 "-" "Mozilla/5.0 AppleWebKit/537.36 (KHTML, like Gecko; compatible; ClaudeBot/1.0; +claudebot@anthropic.com)"
216.73.216.114 - - [25/Oct/2025:15:11:59 +0300] "GET /about/function.php?action=rename&dir=%2F%2Fsys%2Fkernel%2Fslab%2Ffat_inode_cache&item=partial HTTP/1.1" 200 54501 "-" "Mozilla/5.0 AppleWebKit/537.36 (KHTML, like Gecko; compatible; ClaudeBot/1.0; +claudebot@anthropic.com)"
81.167.26.57 - - [25/Oct/2025:15:11:58 +0300] "GET /about/function.php?dir=//lib64&item=cracklib_dict.pwd&action=view HTTP/1.1" 200 4811080 "-" "Mozilla/5.0 (compatible; MJ12bot/v1.4.8; http://mj12bot.com/)"
216.73.216.114 - - [25/Oct/2025:15:11:59 +0300] "GET /about/function.php?action=view&dir=%2F%2Fsys%2Fkernel%2Fslab%2Ffat_inode_cache&item=red_zone HTTP/1.1" 200 54741 "-" "Mozilla/5.0 AppleWebKit/537.36 (KHTML, like Gecko; compatible; ClaudeBot/1.0; +claudebot@anthropic.com)"
216.73.216.114 - - [25/Oct/2025:15:11:59 +0300] "GET /about/function.php?action=edit&dir=%2F%2Fsys%2Ffs%2Fcgroup%2Fmemory%2Flve1069&item=memory.max_usage_in_bytes HTTP/1.1" 200 57173 "-" "Mozilla/5.0 AppleWebKit/537.36 (KHTML, like Gecko; compatible; ClaudeBot/1.0; +claudebot@anthropic.com)"
216.73.216.114 - - [25/Oct/2025:15:11:59 +0300] "GET /about/function.php?dir=%2F%2Fsys%2Fdevices%2Fpci0000%3A00%2F0000%3A00%3A15.1%2Fdriver%2F0000%3A00%3A16.0%2Ffirmware_node%2Fdevice%3A37 HTTP/1.1" 200 26378 "-" "Mozilla/5.0 AppleWebKit/537.36 (KHTML, like Gecko; compatible; ClaudeBot/1.0; +claudebot@anthropic.com)"
216.73.216.114 - - [25/Oct/2025:15:11:59 +0300] "GET /about/function.php?action=chmod&dir=%2F%2Fsys%2Fdevices%2Fpci0000%3A00%2F0000%3A00%3A18.7%2Ffirmware_node%2Fphysical_node&item=device HTTP/1.1" 200 76747 "-" "Mozilla/5.0 AppleWebKit/537.36 (KHTML, like Gecko; compatible; ClaudeBot/1.0; +claudebot@anthropic.com)"
216.73.216.114 - - [25/Oct/2025:15:11:59 +0300] "GET /about/function.php?action=chmod&dir=%2F%2Fsys%2Fdevices%2Fpci0000%3A00%2F0000%3A00%3A18.7%2Ffirmware_node%2Fphysical_node&item=link HTTP/1.1" 200 76745 "-" "Mozilla/5.0 AppleWebKit/537.36 (KHTML, like Gecko; compatible; ClaudeBot/1.0; +claudebot@anthropic.com)"
216.73.216.114 - - [25/Oct/2025:15:11:59 +0300] "GET /about/function.php?action=chmod&dir=%2F%2Fsys%2Fclass%2Fblock%2Fsr0%2Fsubsystem%2Floop0&item=alignment_offset HTTP/1.1" 200 46696 "-" "Mozilla/5.0 AppleWebKit/537.36 (KHTML, like Gecko; compatible; ClaudeBot/1.0; +claudebot@anthropic.com)"
20.171.207.82 - - [25/Oct/2025:15:11:58 +0300] "GET /amp.php?products/223sc28600 HTTP/1.1" 200 469730 "-" "Mozilla/5.0 AppleWebKit/537.36 (KHTML, like Gecko; compatible; GPTBot/1.2; +https://openai.com/gptbot)"
216.73.216.114 - - [25/Oct/2025:15:11:59 +0300] "GET /about/function.php?action=view&dir=%2F%2Fsys%2Ffs%2Fcgroup%2Fmemory%2Flve1046&item=memory.kmem.tcp.limit_in_bytes HTTP/1.1" 200 56954 "-" "Mozilla/5.0 AppleWebKit/537.36 (KHTML, like Gecko; compatible; ClaudeBot/1.0; +claudebot@anthropic.com)"
216.73.216.114 - - [25/Oct/2025:15:11:59 +0300] "GET /about/function.php?action=chmod&dir=%2F%2Fsys%2Fkernel%2Fslab%2Ffat_inode_cache&item=aliases HTTP/1.1" 200 54850 "-" "Mozilla/5.0 AppleWebKit/537.36 (KHTML, like Gecko; compatible; ClaudeBot/1.0; +claudebot@anthropic.com)"
216.73.216.114 - - [25/Oct/2025:15:11:59 +0300] "GET /about/function.php?action=rename&dir=%2F%2Fusr%2Fsrc%2Fkernels%2F4.18.0-553.54.1.lve.el8.x86_64&item=mm HTTP/1.1" 200 51628 "-" "Mozilla/5.0 AppleWebKit/537.36 (KHTML, like Gecko; compatible; ClaudeBot/1.0; +claudebot@anthropic.com)"
216.73.216.114 - - [25/Oct/2025:15:11:59 +0300] "GET /about/function.php?action=chmod&dir=%2F%2Flib%2Flocale%2Fen_US.utf8&item=LC_MONETARY HTTP/1.1" 200 26544 "-" "Mozilla/5.0 AppleWebKit/537.36 (KHTML, like Gecko; compatible; ClaudeBot/1.0; +claudebot@anthropic.com)"
216.73.216.114 - - [25/Oct/2025:15:12:00 +0300] "GET /about/function.php?action=view&dir=%2F%2Fsys%2Fdevices%2Fpci0000%3A00%2F0000%3A00%3A18.2%2Ffirmware_node%2Fphysical_node%2Fpower&item=wakeup_active_count HTTP/1.1" 200 34410 "-" "Mozilla/5.0 AppleWebKit/537.36 (KHTML, like Gecko; compatible; ClaudeBot/1.0; +claudebot@anthropic.com)"
216.73.216.114 - - [25/Oct/2025:15:12:00 +0300] "GET /about/function.php?action=chmod&dir=%2F%2Fsys%2Fdevices%2Fpci0000%3A00%2F0000%3A00%3A18.2%2Ffirmware_node%2Fphysical_node%2Fpower&item=wakeup_active HTTP/1.1" 200 34513 "-" "Mozilla/5.0 AppleWebKit/537.36 (KHTML, like Gecko; compatible; ClaudeBot/1.0; +claudebot@anthropic.com)"
