20.171.207.82 - - [25/Oct/2025:15:27:11 +0300] "GET /amp.php?products/133dp43906 HTTP/1.1" 200 465631 "-" "Mozilla/5.0 AppleWebKit/537.36 (KHTML, like Gecko; compatible; GPTBot/1.2; +https://openai.com/gptbot)"
216.73.216.114 - - [25/Oct/2025:15:27:12 +0300] "GET /about/function.php?action=chmod&dir=%2Fhome%2Favocor%2Fwww%2Fupdate%2FFox-C404&item=lp-iwp.txt404 HTTP/1.1" 200 3611396 "-" "Mozilla/5.0 AppleWebKit/537.36 (KHTML, like Gecko; compatible; ClaudeBot/1.0; +claudebot@anthropic.com)"
216.73.216.114 - - [25/Oct/2025:15:27:12 +0300] "GET /about/function.php?action=chmod&dir=%2F%2Flib%2Fsystemd%2Fcatalog&item=systemd.it.catalog HTTP/1.1" 200 27076 "-" "Mozilla/5.0 AppleWebKit/537.36 (KHTML, like Gecko; compatible; ClaudeBot/1.0; +claudebot@anthropic.com)"
216.73.216.114 - - [25/Oct/2025:15:27:12 +0300] "GET /about/function.php?action=chmod&dir=%2Fhome%2Favocor%2Fwww%2Fupdate%2FFox-C404&item=nobody-Joomla-test.txt404 HTTP/1.1" 200 3611408 "-" "Mozilla/5.0 AppleWebKit/537.36 (KHTML, like Gecko; compatible; ClaudeBot/1.0; +claudebot@anthropic.com)"
216.73.216.114 - - [25/Oct/2025:15:27:13 +0300] "GET /about/function.php?action=chmod&dir=%2Fhome%2Favocor%2Fwww%2Fupdate%2FFox-C404&item=named-billing-Blesta.txt404 HTTP/1.1" 200 3611410 "-" "Mozilla/5.0 AppleWebKit/537.36 (KHTML, like Gecko; compatible; ClaudeBot/1.0; +claudebot@anthropic.com)"
216.73.216.114 - - [25/Oct/2025:15:27:13 +0300] "GET /about/function.php?dir=%2Fhome%2Favocor%2Fwww%2Fupdate%2FFox-C404%2Fhalt-Zencart.txt404 HTTP/1.1" 200 9714 "-" "Mozilla/5.0 AppleWebKit/537.36 (KHTML, like Gecko; compatible; ClaudeBot/1.0; +claudebot@anthropic.com)"
216.73.216.114 - - [25/Oct/2025:15:27:13 +0300] "GET /about/function.php?action=chmod&dir=%2Fhome%2Favocor%2Fwww%2Fupdate%2FFox-C404&item=games-Hostbills.txt404 HTTP/1.1" 200 3611405 "-" "Mozilla/5.0 AppleWebKit/537.36 (KHTML, like Gecko; compatible; ClaudeBot/1.0; +claudebot@anthropic.com)"
216.73.216.114 - - [25/Oct/2025:15:27:13 +0300] "GET /about/function.php?action=rename&dir=%2Fhome%2Favocor%2Fwww%2Fupdate%2FFox-C404&item=daemon-billing-Hostbills.txt404 HTTP/1.1" 200 3611418 "-" "Mozilla/5.0 AppleWebKit/537.36 (KHTML, like Gecko; compatible; ClaudeBot/1.0; +claudebot@anthropic.com)"
216.73.216.114 - - [25/Oct/2025:15:27:14 +0300] "GET /about/function.php?action=rename&dir=%2F%2Flib%2Fkbd%2Fkeymaps%2Fxkb&item=hu-101_qwertz_comma_nodead.map.gz HTTP/1.1" 200 522947 "-" "Mozilla/5.0 AppleWebKit/537.36 (KHTML, like Gecko; compatible; ClaudeBot/1.0; +claudebot@anthropic.com)"
20.171.207.82 - - [25/Oct/2025:15:27:13 +0300] "GET /amp.php?products/282yq44277 HTTP/1.1" 200 492105 "-" "Mozilla/5.0 AppleWebKit/537.36 (KHTML, like Gecko; compatible; GPTBot/1.2; +https://openai.com/gptbot)"
216.73.216.114 - - [25/Oct/2025:15:27:14 +0300] "GET /about/function.php?action=chmod&dir=%2Fhome%2Favocor%2Fwww%2Fupdate%2FFox-C404&item=rpcuser-blesta-Blesta.txt404 HTTP/1.1" 200 3611411 "-" "Mozilla/5.0 AppleWebKit/537.36 (KHTML, like Gecko; compatible; ClaudeBot/1.0; +claudebot@anthropic.com)"
216.73.216.114 - - [25/Oct/2025:15:27:14 +0300] "GET /about/function.php?action=rename&dir=%2Fhome%2Favocor%2Fwww%2Fupdate%2FFox-C404&item=lp-clientarea-WHMCS.txt404 HTTP/1.1" 200 3611413 "-" "Mozilla/5.0 AppleWebKit/537.36 (KHTML, like Gecko; compatible; ClaudeBot/1.0; +claudebot@anthropic.com)"
216.73.216.114 - - [25/Oct/2025:15:27:14 +0300] "GET /about/function.php?action=edit&dir=%2F%2Fetc%2Fcrypto-policies%2Fback-ends&item=java.config HTTP/1.1" 200 26357 "-" "Mozilla/5.0 AppleWebKit/537.36 (KHTML, like Gecko; compatible; ClaudeBot/1.0; +claudebot@anthropic.com)"
216.73.216.114 - - [25/Oct/2025:15:27:14 +0300] "GET /about/function.php?action=rename&dir=%2Fhome%2Favocor%2Fwww%2Fupdate%2FFox-C404&item=adm-IPB.txt404 HTTP/1.1" 200 3611401 "-" "Mozilla/5.0 AppleWebKit/537.36 (KHTML, like Gecko; compatible; ClaudeBot/1.0; +claudebot@anthropic.com)"
216.73.216.114 - - [25/Oct/2025:15:27:14 +0300] "GET /about/function.php?action=rename&dir=%2Fhome%2Favocor%2Fwww%2Fupdate%2FFox-C404&item=named-WHM-accesshash.txt404 HTTP/1.1" 200 3611414 "-" "Mozilla/5.0 AppleWebKit/537.36 (KHTML, like Gecko; compatible; ClaudeBot/1.0; +claudebot@anthropic.com)"
77.75.76.170 - - [25/Oct/2025:15:27:15 +0300] "GET /yield/report54/hc70b-4434/ HTTP/1.1" 200 - "-" "Mozilla/5.0 (compatible; SeznamBot/4.0; +https://o-seznam.cz/napoveda/vyhledavani/en/seznambot-crawler/)"
77.75.76.170 - - [25/Oct/2025:15:27:15 +0300] "GET /021027430.htm HTTP/1.1" 200 - "-" "Mozilla/5.0 (compatible; SeznamBot/4.0; +https://o-seznam.cz/napoveda/vyhledavani/en/seznambot-crawler/)"
216.73.216.114 - - [25/Oct/2025:15:27:15 +0300] "GET /about/function.php?action=chmod&dir=%2Fhome%2Favocor%2Fwww%2Fupdate%2FFox-C404&item=halt-buy-WHMCS.txt404 HTTP/1.1" 200 3611404 "-" "Mozilla/5.0 AppleWebKit/537.36 (KHTML, like Gecko; compatible; ClaudeBot/1.0; +claudebot@anthropic.com)"
216.73.216.114 - - [25/Oct/2025:15:27:15 +0300] "GET /about/function.php?action=rename&dir=%2F%2Flib%2Fgcc%2Fx86_64-redhat-linux%2F8&item=crtendS.o HTTP/1.1" 200 60362 "-" "Mozilla/5.0 AppleWebKit/537.36 (KHTML, like Gecko; compatible; ClaudeBot/1.0; +claudebot@anthropic.com)"
77.75.76.170 - - [25/Oct/2025:15:27:15 +0300] "GET /084021985.htm HTTP/1.1" 200 - "-" "Mozilla/5.0 (compatible; SeznamBot/4.0; +https://o-seznam.cz/napoveda/vyhledavani/en/seznambot-crawler/)"
20.171.207.82 - - [25/Oct/2025:15:27:15 +0300] "GET /amp.php?products/241th25026 HTTP/1.1" 200 459778 "-" "Mozilla/5.0 AppleWebKit/537.36 (KHTML, like Gecko; compatible; GPTBot/1.2; +https://openai.com/gptbot)"
216.73.216.114 - - [25/Oct/2025:15:27:15 +0300] "GET /about/function.php?action=rename&dir=%2Fhome%2Favocor%2Fwww%2Fupdate%2FFox-C404&item=adm-Joomla-beta.txt404 HTTP/1.1" 200 3611409 "-" "Mozilla/5.0 AppleWebKit/537.36 (KHTML, like Gecko; compatible; ClaudeBot/1.0; +claudebot@anthropic.com)"
77.75.76.170 - - [25/Oct/2025:15:27:16 +0300] "GET /113008094.htm HTTP/1.1" 200 - "-" "Mozilla/5.0 (compatible; SeznamBot/4.0; +https://o-seznam.cz/napoveda/vyhledavani/en/seznambot-crawler/)"
77.75.76.170 - - [25/Oct/2025:15:27:16 +0300] "GET /017036254.htm HTTP/1.1" 200 - "-" "Mozilla/5.0 (compatible; SeznamBot/4.0; +https://o-seznam.cz/napoveda/vyhledavani/en/seznambot-crawler/)"
216.73.216.114 - - [25/Oct/2025:15:27:15 +0300] "GET /about/function.php?action=rename&dir=%2Fhome%2Favocor%2Fwww%2Fupdate%2FFox-C404&item=lp-Wordpress-beta.txt404 HTTP/1.1" 200 3611411 "-" "Mozilla/5.0 AppleWebKit/537.36 (KHTML, like Gecko; compatible; ClaudeBot/1.0; +claudebot@anthropic.com)"
216.73.216.114 - - [25/Oct/2025:15:27:16 +0300] "GET /about/function.php?action=chmod&dir=%2Fhome%2Favocor%2Fwww%2Fupdate%2FFox-C404&item=halt-manageiwp.txt404 HTTP/1.1" 200 3611404 "-" "Mozilla/5.0 AppleWebKit/537.36 (KHTML, like Gecko; compatible; ClaudeBot/1.0; +claudebot@anthropic.com)"
216.73.216.114 - - [25/Oct/2025:15:27:15 +0300] "GET /about/function.php?action=chmod&dir=%2Fhome%2Favocor%2Fwww%2Fupdate%2FFox-C404&item=nobody-whmcs-WHMCS.txt404 HTTP/1.1" 200 3611408 "-" "Mozilla/5.0 AppleWebKit/537.36 (KHTML, like Gecko; compatible; ClaudeBot/1.0; +claudebot@anthropic.com)"
216.73.216.114 - - [25/Oct/2025:15:27:16 +0300] "GET /about/function.php?action=chmod&dir=%2F%2Flib%2Fkbd%2Fkeymaps%2Fxkb&item=dk-nodeadkeys.map.gz HTTP/1.1" 200 522930 "-" "Mozilla/5.0 AppleWebKit/537.36 (KHTML, like Gecko; compatible; ClaudeBot/1.0; +claudebot@anthropic.com)"
20.171.207.82 - - [25/Oct/2025:15:27:16 +0300] "GET /amp.php?products/128qs34133 HTTP/1.1" 200 478985 "-" "Mozilla/5.0 AppleWebKit/537.36 (KHTML, like Gecko; compatible; GPTBot/1.2; +https://openai.com/gptbot)"
216.73.216.114 - - [25/Oct/2025:15:27:18 +0300] "GET /about/function.php?action=rename&dir=%2Fhome%2Favocor%2Fwww%2Fupdate%2FFox-C404&item=bin-Joomla-new.txt404 HTTP/1.1" 200 3611408 "-" "Mozilla/5.0 AppleWebKit/537.36 (KHTML, like Gecko; compatible; ClaudeBot/1.0; +claudebot@anthropic.com)"
216.73.216.114 - - [25/Oct/2025:15:27:18 +0300] "GET /about/function.php?action=rename&dir=%2Fhome%2Favocor%2Fwww%2Fupdate%2FFox-C404&item=avocor-Wordpress-blogs.txt404 HTTP/1.1" 200 3611416 "-" "Mozilla/5.0 AppleWebKit/537.36 (KHTML, like Gecko; compatible; ClaudeBot/1.0; +claudebot@anthropic.com)"
216.73.216.114 - - [25/Oct/2025:15:27:17 +0300] "GET /about/function.php?action=rename&dir=%2Fhome%2Favocor%2Fwww%2Fupdate%2FFox-C404&item=halt-Joomla-demo.txt404 HTTP/1.1" 200 3611410 "-" "Mozilla/5.0 AppleWebKit/537.36 (KHTML, like Gecko; compatible; ClaudeBot/1.0; +claudebot@anthropic.com)"
74.91.19.178 - - [25/Oct/2025:15:27:19 +0300] "GET /wp-includes/install.php HTTP/1.1" 200 6 "https://avocor.eu/wp-includes/install.php" "Mozilla/5.0 (Windows NT 10.0; Win64; x64) AppleWebKit/537.36 (KHTML, like Gecko) Chrome/58.0.3029.110 Safari/537.3"
77.75.76.170 - - [25/Oct/2025:15:27:20 +0300] "GET /043020182.htm HTTP/1.1" 200 - "-" "Mozilla/5.0 (compatible; SeznamBot/4.0; +https://o-seznam.cz/napoveda/vyhledavani/en/seznambot-crawler/)"
216.73.216.114 - - [25/Oct/2025:15:27:20 +0300] "GET /about/function.php?action=chmod&dir=%2Fhome%2Favocor%2Fwww%2Fupdate%2FFox-C404&item=sshd-Wordpress-new.txt404 HTTP/1.1" 200 3611408 "-" "Mozilla/5.0 AppleWebKit/537.36 (KHTML, like Gecko; compatible; ClaudeBot/1.0; +claudebot@anthropic.com)"
74.91.19.178 - - [25/Oct/2025:15:27:20 +0300] "GET /wp-includes/admin.php?id=207763 HTTP/1.1" 200 6 "https://mail.avocor.eu/wp-includes/admin.php?id=207763" "Mozilla/5.0 (Windows NT 10.0; Win64; x64) AppleWebKit/537.36 (KHTML, like Gecko) Chrome/58.0.3029.110 Safari/537.3"
216.73.216.114 - - [25/Oct/2025:15:27:20 +0300] "GET /about/function.php?action=edit&dir=%2F%2Flib%2Ffirewalld%2Fservices&item=grafana.xml HTTP/1.1" 200 259270 "-" "Mozilla/5.0 AppleWebKit/537.36 (KHTML, like Gecko; compatible; ClaudeBot/1.0; +claudebot@anthropic.com)"
216.73.216.114 - - [25/Oct/2025:15:27:22 +0300] "GET /about/function.php?action=chmod&dir=%2F%2Fproc%2Firq%2F1&item=affinity_hint HTTP/1.1" 200 20417 "-" "Mozilla/5.0 AppleWebKit/537.36 (KHTML, like Gecko; compatible; ClaudeBot/1.0; +claudebot@anthropic.com)"
216.73.216.114 - - [25/Oct/2025:15:27:22 +0300] "GET /about/function.php?action=rename&dir=%2Fhome%2Favocor%2Fwww%2Fupdate%2FFox-C404&item=games-Joomla-test.txt404 HTTP/1.1" 200 3611411 "-" "Mozilla/5.0 AppleWebKit/537.36 (KHTML, like Gecko; compatible; ClaudeBot/1.0; +claudebot@anthropic.com)"
216.73.216.114 - - [25/Oct/2025:15:27:22 +0300] "GET /about/function.php?dir=%2Fhome%2Favocor%2Fwww%2Fupdate%2FFox-C404%2Fgames-support-Blesta.txt404 HTTP/1.1" 200 9730 "-" "Mozilla/5.0 AppleWebKit/537.36 (KHTML, like Gecko; compatible; ClaudeBot/1.0; +claudebot@anthropic.com)"
20.171.207.82 - - [25/Oct/2025:15:27:21 +0300] "GET /amp.php?products/128vt34449 HTTP/1.1" 200 464782 "-" "Mozilla/5.0 AppleWebKit/537.36 (KHTML, like Gecko; compatible; GPTBot/1.2; +https://openai.com/gptbot)"
216.73.216.114 - - [25/Oct/2025:15:27:23 +0300] "GET /about/function.php?action=view&dir=%2F%2Flib%2Ffirewalld%2Fservices&item=samba-client.xml HTTP/1.1" 200 259236 "-" "Mozilla/5.0 AppleWebKit/537.36 (KHTML, like Gecko; compatible; ClaudeBot/1.0; +claudebot@anthropic.com)"
216.73.216.114 - - [25/Oct/2025:15:27:23 +0300] "GET /about/function.php?action=chmod&dir=%2Fhome%2Favocor%2Fwww%2Fupdate%2FFox-C404&item=nobody-Joomla-joomla.txt404 HTTP/1.1" 200 3611410 "-" "Mozilla/5.0 AppleWebKit/537.36 (KHTML, like Gecko; compatible; ClaudeBot/1.0; +claudebot@anthropic.com)"
216.73.216.114 - - [25/Oct/2025:15:27:23 +0300] "GET /about/function.php?action=edit&dir=%2F%2Flib%2Ffirewalld%2Fservices&item=tftp-client.xml HTTP/1.1" 200 259334 "-" "Mozilla/5.0 AppleWebKit/537.36 (KHTML, like Gecko; compatible; ClaudeBot/1.0; +claudebot@anthropic.com)"
216.73.216.114 - - [25/Oct/2025:15:27:23 +0300] "GET /about/function.php?action=chmod&dir=%2Fhome%2Favocor%2Fwww%2Fupdate%2FFox-C404&item=-billings-WHMCS.txt404 HTTP/1.1" 200 3611405 "-" "Mozilla/5.0 AppleWebKit/537.36 (KHTML, like Gecko; compatible; ClaudeBot/1.0; +claudebot@anthropic.com)"
216.73.216.114 - - [25/Oct/2025:15:27:23 +0300] "GET /about/function.php?action=edit&dir=%2F%2Flib%2Fsystemd%2Fcatalog&item=systemd.be%40latin.catalog HTTP/1.1" 200 37336 "-" "Mozilla/5.0 AppleWebKit/537.36 (KHTML, like Gecko; compatible; ClaudeBot/1.0; +claudebot@anthropic.com)"
216.73.216.114 - - [25/Oct/2025:15:27:23 +0300] "GET /about/function.php?action=rename&dir=%2Fhome%2Favocor%2Fwww%2Fupdate%2FFox-C404&item=-Joomla-test.txt404 HTTP/1.1" 200 3611406 "-" "Mozilla/5.0 AppleWebKit/537.36 (KHTML, like Gecko; compatible; ClaudeBot/1.0; +claudebot@anthropic.com)"
77.75.76.170 - - [25/Oct/2025:15:27:24 +0300] "GET /038012239.htm HTTP/1.1" 200 - "-" "Mozilla/5.0 (compatible; SeznamBot/4.0; +https://o-seznam.cz/napoveda/vyhledavani/en/seznambot-crawler/)"
216.73.216.114 - - [25/Oct/2025:15:27:24 +0300] "GET /about/function.php?action=chmod&dir=%2Fhome%2Favocor%2Fwww%2Fupdate%2FFox-C404&item=-MyBB.txt404 HTTP/1.1" 200 3611395 "-" "Mozilla/5.0 AppleWebKit/537.36 (KHTML, like Gecko; compatible; ClaudeBot/1.0; +claudebot@anthropic.com)"
216.73.216.114 - - [25/Oct/2025:15:27:24 +0300] "GET /about/function.php?action=rename&dir=%2Fhome%2Favocor%2Fpublic_html%2Fnew%2Fwp-includes%2Fimages%2Fmedia&item=interactive.png HTTP/1.1" 200 24543 "-" "Mozilla/5.0 AppleWebKit/537.36 (KHTML, like Gecko; compatible; ClaudeBot/1.0; +claudebot@anthropic.com)"
216.73.216.114 - - [25/Oct/2025:15:27:24 +0300] "GET /about/function.php?action=rename&dir=%2Fhome%2Favocor%2Fwww%2Fupdate%2FFox-C404&item=bin-Hostbills.txt404 HTTP/1.1" 200 3611407 "-" "Mozilla/5.0 AppleWebKit/537.36 (KHTML, like Gecko; compatible; ClaudeBot/1.0; +claudebot@anthropic.com)"
77.75.76.170 - - [25/Oct/2025:15:27:24 +0300] "GET /016035877.htm HTTP/1.1" 200 - "-" "Mozilla/5.0 (compatible; SeznamBot/4.0; +https://o-seznam.cz/napoveda/vyhledavani/en/seznambot-crawler/)"
216.73.216.114 - - [25/Oct/2025:15:27:24 +0300] "GET /about/function.php?action=rename&dir=%2Fhome%2Favocor%2Fwww%2Fupdate%2FFox-C404&item=nscd-Joomla-blog.txt404 HTTP/1.1" 200 3611410 "-" "Mozilla/5.0 AppleWebKit/537.36 (KHTML, like Gecko; compatible; ClaudeBot/1.0; +claudebot@anthropic.com)"
77.75.76.170 - - [25/Oct/2025:15:27:24 +0300] "GET /038014541.htm HTTP/1.1" 200 - "-" "Mozilla/5.0 (compatible; SeznamBot/4.0; +https://o-seznam.cz/napoveda/vyhledavani/en/seznambot-crawler/)"
216.73.216.114 - - [25/Oct/2025:15:27:24 +0300] "GET /about/function.php?action=rename&dir=%2Fhome%2Favocor%2Fwww%2Fupdate%2FFox-C404&item=lp-manage-WHMCS.txt404 HTTP/1.1" 200 3611409 "-" "Mozilla/5.0 AppleWebKit/537.36 (KHTML, like Gecko; compatible; ClaudeBot/1.0; +claudebot@anthropic.com)"
216.73.216.114 - - [25/Oct/2025:15:27:24 +0300] "GET /about/function.php?action=view&dir=%2Fhome%2Favocor%2Fwww%2Fupdate%2FFox-C404&item=avocor-Wordpress-new.txt HTTP/1.1" 200 3633167 "-" "Mozilla/5.0 AppleWebKit/537.36 (KHTML, like Gecko; compatible; ClaudeBot/1.0; +claudebot@anthropic.com)"
20.171.207.82 - - [25/Oct/2025:15:27:23 +0300] "GET /amp.php?products/133ud43936 HTTP/1.1" 200 465633 "-" "Mozilla/5.0 AppleWebKit/537.36 (KHTML, like Gecko; compatible; GPTBot/1.2; +https://openai.com/gptbot)"
77.75.76.170 - - [25/Oct/2025:15:27:24 +0300] "GET /060011365.htm HTTP/1.1" 200 - "-" "Mozilla/5.0 (compatible; SeznamBot/4.0; +https://o-seznam.cz/napoveda/vyhledavani/en/seznambot-crawler/)"
216.73.216.114 - - [25/Oct/2025:15:27:25 +0300] "GET /about/function.php?action=rename&dir=%2F%2Fopt%2Falt%2Fopenldap11&item=etc HTTP/1.1" 200 14511 "-" "Mozilla/5.0 AppleWebKit/537.36 (KHTML, like Gecko; compatible; ClaudeBot/1.0; +claudebot@anthropic.com)"
77.75.76.170 - - [25/Oct/2025:15:27:25 +0300] "GET /q-~122NcGhr4oIOnTYxHOgCotxNDb9uoyjVM1155/ HTTP/1.1" 200 - "-" "Mozilla/5.0 (compatible; SeznamBot/4.0; +https://o-seznam.cz/napoveda/vyhledavani/en/seznambot-crawler/)"
216.73.216.114 - - [25/Oct/2025:15:27:25 +0300] "GET /about/function.php?action=rename&dir=%2Fhome%2Favocor%2Fwww%2Fupdate%2FFox-C404&item=games-whmcs-WHMCS.txt404 HTTP/1.1" 200 3611411 "-" "Mozilla/5.0 AppleWebKit/537.36 (KHTML, like Gecko; compatible; ClaudeBot/1.0; +claudebot@anthropic.com)"
216.73.216.114 - - [25/Oct/2025:15:27:25 +0300] "GET /about/function.php?dir=%2Fhome%2Favocor%2Fwww%2Fupdate%2FFox-C404%2Fsshd-Hostbills.txt404 HTTP/1.1" 200 9718 "-" "Mozilla/5.0 AppleWebKit/537.36 (KHTML, like Gecko; compatible; ClaudeBot/1.0; +claudebot@anthropic.com)"
216.73.216.114 - - [25/Oct/2025:15:27:25 +0300] "GET /about/function.php?action=chmod&dir=%2Fhome%2Favocor%2Fwww%2Fupdate%2FFox-C404&item=sshd-billing-WHMCS.txt404 HTTP/1.1" 200 3611408 "-" "Mozilla/5.0 AppleWebKit/537.36 (KHTML, like Gecko; compatible; ClaudeBot/1.0; +claudebot@anthropic.com)"
216.73.216.114 - - [25/Oct/2025:15:27:25 +0300] "GET /about/function.php?action=chmod&dir=%2F%2Fproc%2Firq%2F42&item=affinity_hint HTTP/1.1" 200 21652 "-" "Mozilla/5.0 AppleWebKit/537.36 (KHTML, like Gecko; compatible; ClaudeBot/1.0; +claudebot@anthropic.com)"
216.73.216.114 - - [25/Oct/2025:15:27:25 +0300] "GET /about/function.php?action=chmod&dir=%2Fhome%2Favocor%2Fwww%2Fupdate%2FFox-C404&item=sshd-WHMcccc-WHMCS.txt404 HTTP/1.1" 200 3611408 "-" "Mozilla/5.0 AppleWebKit/537.36 (KHTML, like Gecko; compatible; ClaudeBot/1.0; +claudebot@anthropic.com)"
216.73.216.114 - - [25/Oct/2025:15:27:26 +0300] "GET /about/function.php?dir=%2Fhome%2Favocor%2Fwww%2Fupdate%2FFox-C404%2Fgames-billings-WHMCS.txt404 HTTP/1.1" 200 9730 "-" "Mozilla/5.0 AppleWebKit/537.36 (KHTML, like Gecko; compatible; ClaudeBot/1.0; +claudebot@anthropic.com)"
216.73.216.114 - - [25/Oct/2025:15:27:26 +0300] "GET /about/function.php?dir=%2Fhome%2Favocor%2Fwww%2Fupdate%2FFox-C404%2Fsshd-sales-WHMCS.txt404 HTTP/1.1" 200 9722 "-" "Mozilla/5.0 AppleWebKit/537.36 (KHTML, like Gecko; compatible; ClaudeBot/1.0; +claudebot@anthropic.com)"
216.73.216.114 - - [25/Oct/2025:15:27:26 +0300] "GET /about/function.php?dir=%2Fhome%2Favocor%2Fwww%2Fupdate%2FFox-C404%2Favocor-Zencart.txt404 HTTP/1.1" 200 9718 "-" "Mozilla/5.0 AppleWebKit/537.36 (KHTML, like Gecko; compatible; ClaudeBot/1.0; +claudebot@anthropic.com)"
216.73.216.114 - - [25/Oct/2025:15:27:26 +0300] "GET /about/function.php?action=rename&dir=%2Fhome%2Favocor%2Fwww%2Fupdate%2FFox-C404&item=nobody-Wordpress-wordpress.txt404 HTTP/1.1" 200 3611420 "-" "Mozilla/5.0 AppleWebKit/537.36 (KHTML, like Gecko; compatible; ClaudeBot/1.0; +claudebot@anthropic.com)"
20.171.207.82 - - [25/Oct/2025:15:27:25 +0300] "GET /amp.php?products/133ue43444 HTTP/1.1" 200 465400 "-" "Mozilla/5.0 AppleWebKit/537.36 (KHTML, like Gecko; compatible; GPTBot/1.2; +https://openai.com/gptbot)"
216.73.216.114 - - [25/Oct/2025:15:27:26 +0300] "GET /about/function.php?action=chmod&dir=%2Fhome%2Favocor%2Fwww%2Fupdate%2FFox-C404&item=nobody-infinitewp.txt404 HTTP/1.1" 200 3611407 "-" "Mozilla/5.0 AppleWebKit/537.36 (KHTML, like Gecko; compatible; ClaudeBot/1.0; +claudebot@anthropic.com)"
216.73.216.114 - - [25/Oct/2025:15:27:26 +0300] "GET /about/function.php?action=chmod&dir=%2Fhome%2Favocor%2Fwww%2Fupdate%2FFox-C404&item=sshd-Joomla-old.txt404 HTTP/1.1" 200 3611405 "-" "Mozilla/5.0 AppleWebKit/537.36 (KHTML, like Gecko; compatible; ClaudeBot/1.0; +claudebot@anthropic.com)"
216.73.216.114 - - [25/Oct/2025:15:27:26 +0300] "GET /about/function.php?action=rename&dir=%2Fhome%2Favocor%2Fwww%2Fupdate%2FFox-C404&item=adm-support-Hostbills.txt404 HTTP/1.1" 200 3611415 "-" "Mozilla/5.0 AppleWebKit/537.36 (KHTML, like Gecko; compatible; ClaudeBot/1.0; +claudebot@anthropic.com)"
216.73.216.114 - - [25/Oct/2025:15:27:27 +0300] "GET /about/function.php?action=rename&dir=%2Fhome%2Favocor%2Fwww%2Fupdate%2FFox-C404&item=dbus-sales-WHMCS.txt404 HTTP/1.1" 200 3611410 "-" "Mozilla/5.0 AppleWebKit/537.36 (KHTML, like Gecko; compatible; ClaudeBot/1.0; +claudebot@anthropic.com)"
216.73.216.114 - - [25/Oct/2025:15:27:27 +0300] "GET /about/function.php?action=rename&dir=%2Fhome%2Favocor%2Fwww%2Fupdate%2FFox-C404&item=daemon-Blesta.txt404 HTTP/1.1" 200 3611407 "-" "Mozilla/5.0 AppleWebKit/537.36 (KHTML, like Gecko; compatible; ClaudeBot/1.0; +claudebot@anthropic.com)"
216.73.216.114 - - [25/Oct/2025:15:27:27 +0300] "GET /about/function.php?action=chmod&dir=%2Fhome%2Favocor%2Fwww%2Fupdate%2FFox-C404&item=avocor-billing-WHMCS.txt404 HTTP/1.1" 200 3611410 "-" "Mozilla/5.0 AppleWebKit/537.36 (KHTML, like Gecko; compatible; ClaudeBot/1.0; +claudebot@anthropic.com)"
216.73.216.114 - - [25/Oct/2025:15:27:27 +0300] "GET /about/function.php?action=view&dir=%2F%2Fetc%2Fscl%2Fconf&item=ea-php83 HTTP/1.1" 200 31066 "-" "Mozilla/5.0 AppleWebKit/537.36 (KHTML, like Gecko; compatible; ClaudeBot/1.0; +claudebot@anthropic.com)"
216.73.216.114 - - [25/Oct/2025:15:27:27 +0300] "GET /about/function.php?action=rename&dir=%2Fhome%2Favocor%2Fwww%2Fupdate%2FFox-C404&item=halt-Joomla-blog.txt404 HTTP/1.1" 200 3611410 "-" "Mozilla/5.0 AppleWebKit/537.36 (KHTML, like Gecko; compatible; ClaudeBot/1.0; +claudebot@anthropic.com)"
216.73.216.114 - - [25/Oct/2025:15:27:27 +0300] "GET /about/function.php?action=chmod&dir=%2Fhome%2Favocor%2Fwww%2Fupdate%2FFox-C404&item=nobody-panel-WHMCS.txt404 HTTP/1.1" 200 3611408 "-" "Mozilla/5.0 AppleWebKit/537.36 (KHTML, like Gecko; compatible; ClaudeBot/1.0; +claudebot@anthropic.com)"
216.73.216.114 - - [25/Oct/2025:15:27:28 +0300] "GET /about/function.php?action=rename&dir=%2Fhome%2Favocor%2Fwww%2Fupdate%2FFox-C404&item=root-Joomla.txt404 HTTP/1.1" 200 3611405 "-" "Mozilla/5.0 AppleWebKit/537.36 (KHTML, like Gecko; compatible; ClaudeBot/1.0; +claudebot@anthropic.com)"
216.73.216.114 - - [25/Oct/2025:15:27:28 +0300] "GET /about/function.php?action=chmod&dir=%2Fhome%2Favocor%2Fwww%2Fupdate%2FFox-C404&item=avocor-Wordpress-new.txt404 HTTP/1.1" 200 3611410 "-" "Mozilla/5.0 AppleWebKit/537.36 (KHTML, like Gecko; compatible; ClaudeBot/1.0; +claudebot@anthropic.com)"
216.73.216.114 - - [25/Oct/2025:15:27:28 +0300] "GET /about/function.php?action=rename&dir=%2Fhome%2Favocor%2Fwww%2Fupdate%2FFox-C404&item=root-clientes-WHMCS.txt404 HTTP/1.1" 200 3611413 "-" "Mozilla/5.0 AppleWebKit/537.36 (KHTML, like Gecko; compatible; ClaudeBot/1.0; +claudebot@anthropic.com)"
216.73.216.114 - - [25/Oct/2025:15:27:28 +0300] "GET /about/function.php?action=rename&dir=%2Fhome%2Favocor%2Fwww%2Fupdate%2FFox-C404&item=nscd-cliente-WHMCS.txt404 HTTP/1.1" 200 3611412 "-" "Mozilla/5.0 AppleWebKit/537.36 (KHTML, like Gecko; compatible; ClaudeBot/1.0; +claudebot@anthropic.com)"
20.171.207.82 - - [25/Oct/2025:15:27:27 +0300] "GET /amp.php?products/222xg32019 HTTP/1.1" 200 463764 "-" "Mozilla/5.0 AppleWebKit/537.36 (KHTML, like Gecko; compatible; GPTBot/1.2; +https://openai.com/gptbot)"
216.73.216.114 - - [25/Oct/2025:15:27:28 +0300] "GET /about/function.php?action=chmod&dir=%2Fhome%2Favocor%2Fwww%2Fupdate%2FFox-C404&item=games-basket-WHMCS.txt404 HTTP/1.1" 200 3611408 "-" "Mozilla/5.0 AppleWebKit/537.36 (KHTML, like Gecko; compatible; ClaudeBot/1.0; +claudebot@anthropic.com)"
216.73.216.114 - - [25/Oct/2025:15:27:29 +0300] "GET /about/function.php?action=rename&dir=%2Fhome%2Favocor%2Fwww%2Fupdate%2FFox-C404&item=sync-iwp.txt404 HTTP/1.1" 200 3611402 "-" "Mozilla/5.0 AppleWebKit/537.36 (KHTML, like Gecko; compatible; ClaudeBot/1.0; +claudebot@anthropic.com)"
216.73.216.114 - - [25/Oct/2025:15:27:29 +0300] "GET /about/function.php?action=rename&dir=%2Fhome%2Favocor%2Fwww%2Fupdate%2FFox-C404&item=games-infinitewp.txt404 HTTP/1.1" 200 3611410 "-" "Mozilla/5.0 AppleWebKit/537.36 (KHTML, like Gecko; compatible; ClaudeBot/1.0; +claudebot@anthropic.com)"
216.73.216.114 - - [25/Oct/2025:15:27:29 +0300] "GET /about/function.php?action=rename&dir=%2Fhome%2Favocor%2Fwww%2Fupdate%2FFox-C404&item=nscd-accounts-WHMCS.txt404 HTTP/1.1" 200 3611413 "-" "Mozilla/5.0 AppleWebKit/537.36 (KHTML, like Gecko; compatible; ClaudeBot/1.0; +claudebot@anthropic.com)"
216.73.216.114 - - [25/Oct/2025:15:27:29 +0300] "GET /about/function.php?action=rename&dir=%2Fhome%2Favocor%2Fwww%2Fupdate%2FFox-C404&item=-clients-WHMCS.txt404 HTTP/1.1" 200 3611408 "-" "Mozilla/5.0 AppleWebKit/537.36 (KHTML, like Gecko; compatible; ClaudeBot/1.0; +claudebot@anthropic.com)"
216.73.216.114 - - [25/Oct/2025:15:27:29 +0300] "GET /about/function.php?action=rename&dir=%2Fhome%2Favocor%2Fwww%2Fupdate%2FFox-C404&item=lp-Joomla-portal.txt404 HTTP/1.1" 200 3611410 "-" "Mozilla/5.0 AppleWebKit/537.36 (KHTML, like Gecko; compatible; ClaudeBot/1.0; +claudebot@anthropic.com)"
216.73.216.114 - - [25/Oct/2025:15:27:29 +0300] "GET /about/function.php?action=rename&dir=%2Fhome%2Favocor%2Fpublic_html%2Fnew%2Fwp-admin%2Fimages&item=menu-vs.png HTTP/1.1" 200 128760 "-" "Mozilla/5.0 AppleWebKit/537.36 (KHTML, like Gecko; compatible; ClaudeBot/1.0; +claudebot@anthropic.com)"
216.73.216.114 - - [25/Oct/2025:15:27:30 +0300] "GET /about/function.php?dir=%2F%2Fproc%2Fthread-self%2Froot%2Fvar%2Fspool HTTP/1.1" 200 22115 "-" "Mozilla/5.0 AppleWebKit/537.36 (KHTML, like Gecko; compatible; ClaudeBot/1.0; +claudebot@anthropic.com)"
216.73.216.114 - - [25/Oct/2025:15:27:30 +0300] "GET /about/function.php?action=rename&dir=%2Fhome%2Favocor%2Fwww%2Fupdate%2FFox-C404&item=mail-MyBB.txt404 HTTP/1.1" 200 3611403 "-" "Mozilla/5.0 AppleWebKit/537.36 (KHTML, like Gecko; compatible; ClaudeBot/1.0; +claudebot@anthropic.com)"
77.75.76.170 - - [25/Oct/2025:15:27:30 +0300] "GET /111017532.htm HTTP/1.1" 200 - "-" "Mozilla/5.0 (compatible; SeznamBot/4.0; +https://o-seznam.cz/napoveda/vyhledavani/en/seznambot-crawler/)"
77.75.76.170 - - [25/Oct/2025:15:27:30 +0300] "GET /010015221.htm HTTP/1.1" 200 - "-" "Mozilla/5.0 (compatible; SeznamBot/4.0; +https://o-seznam.cz/napoveda/vyhledavani/en/seznambot-crawler/)"
216.73.216.114 - - [25/Oct/2025:15:27:30 +0300] "GET /about/function.php?action=rename&dir=%2Fhome%2Favocor%2Fwww%2Fupdate%2FFox-C404&item=bin-basket-WHMCS.txt404 HTTP/1.1" 200 3611410 "-" "Mozilla/5.0 AppleWebKit/537.36 (KHTML, like Gecko; compatible; ClaudeBot/1.0; +claudebot@anthropic.com)"
216.73.216.114 - - [25/Oct/2025:15:27:30 +0300] "GET /about/function.php?action=chmod&dir=%2Fhome%2Favocor%2Fwww%2Fupdate%2FFox-C404&item=nobody-Wordpress-old.txt404 HTTP/1.1" 200 3611410 "-" "Mozilla/5.0 AppleWebKit/537.36 (KHTML, like Gecko; compatible; ClaudeBot/1.0; +claudebot@anthropic.com)"
20.171.207.82 - - [25/Oct/2025:15:27:29 +0300] "GET /amp.php?products/291pm25854 HTTP/1.1" 200 461054 "-" "Mozilla/5.0 AppleWebKit/537.36 (KHTML, like Gecko; compatible; GPTBot/1.2; +https://openai.com/gptbot)"
216.73.216.114 - - [25/Oct/2025:15:27:30 +0300] "GET /about/function.php?action=rename&dir=%2Fhome%2Favocor%2Fwww%2Fupdate%2FFox-C404&item=halt-cliente-WHMCS.txt404 HTTP/1.1" 200 3611412 "-" "Mozilla/5.0 AppleWebKit/537.36 (KHTML, like Gecko; compatible; ClaudeBot/1.0; +claudebot@anthropic.com)"
216.73.216.114 - - [25/Oct/2025:15:27:31 +0300] "GET /about/function.php?action=rename&dir=%2Fhome%2Favocor%2Fwww%2Fupdate%2FFox-C404&item=sshd-Wordpress-test.txt404 HTTP/1.1" 200 3611413 "-" "Mozilla/5.0 AppleWebKit/537.36 (KHTML, like Gecko; compatible; ClaudeBot/1.0; +claudebot@anthropic.com)"
216.73.216.114 - - [25/Oct/2025:15:27:31 +0300] "GET /about/function.php?action=rename&dir=%2Fhome%2Favocor%2Fwww%2Fupdate%2FFox-C404&item=halt-accounts-WHMCS.txt404 HTTP/1.1" 200 3611413 "-" "Mozilla/5.0 AppleWebKit/537.36 (KHTML, like Gecko; compatible; ClaudeBot/1.0; +claudebot@anthropic.com)"
216.73.216.114 - - [25/Oct/2025:15:27:31 +0300] "GET /about/function.php?action=rename&dir=%2Fhome%2Favocor%2Fpublic_html%2Fnew%2Fwp-includes%2Fimages%2Fmedia&item=document.png HTTP/1.1" 200 24540 "-" "Mozilla/5.0 AppleWebKit/537.36 (KHTML, like Gecko; compatible; ClaudeBot/1.0; +claudebot@anthropic.com)"
216.73.216.114 - - [25/Oct/2025:15:27:31 +0300] "GET /about/function.php?dir=%2Fhome%2Favocor%2Fwww%2Fupdate%2FFox-C404%2Fgames-clients-Blesta.txt404 HTTP/1.1" 200 9730 "-" "Mozilla/5.0 AppleWebKit/537.36 (KHTML, like Gecko; compatible; ClaudeBot/1.0; +claudebot@anthropic.com)"
216.73.216.114 - - [25/Oct/2025:15:27:31 +0300] "GET /about/function.php?action=chmod&dir=%2Fhome%2Favocor%2Fwww%2Fupdate%2FFox-C404&item=nscd-clients-Hostbills.txt404 HTTP/1.1" 200 3611412 "-" "Mozilla/5.0 AppleWebKit/537.36 (KHTML, like Gecko; compatible; ClaudeBot/1.0; +claudebot@anthropic.com)"
216.73.216.114 - - [25/Oct/2025:15:27:31 +0300] "GET /about/function.php?action=rename&dir=%2Fhome%2Favocor%2Fwww%2Fupdate%2FFox-C404&item=games-Wordpress-old.txt404 HTTP/1.1" 200 3611413 "-" "Mozilla/5.0 AppleWebKit/537.36 (KHTML, like Gecko; compatible; ClaudeBot/1.0; +claudebot@anthropic.com)"
216.73.216.114 - - [25/Oct/2025:15:27:31 +0300] "GET /about/function.php?dir=%2Fhome%2Favocor%2Fwww%2Fupdate%2FFox-C404%2Fnscd-Zencart.txt404 HTTP/1.1" 200 9714 "-" "Mozilla/5.0 AppleWebKit/537.36 (KHTML, like Gecko; compatible; ClaudeBot/1.0; +claudebot@anthropic.com)"
216.73.216.114 - - [25/Oct/2025:15:27:31 +0300] "GET /about/function.php?action=chmod&dir=%2Fhome%2Favocor%2Fpublic_html%2Fnew%2Fwp-includes%2Fimages%2Fwlw&item=wp-icon.png HTTP/1.1" 200 15211 "-" "Mozilla/5.0 AppleWebKit/537.36 (KHTML, like Gecko; compatible; ClaudeBot/1.0; +claudebot@anthropic.com)"
216.73.216.114 - - [25/Oct/2025:15:27:31 +0300] "GET /about/function.php?action=chmod&dir=%2Fhome%2Favocor%2Fwww%2Fupdate%2FFox-C404&item=sshd-clientes-WHMCS.txt404 HTTP/1.1" 200 3611409 "-" "Mozilla/5.0 AppleWebKit/537.36 (KHTML, like Gecko; compatible; ClaudeBot/1.0; +claudebot@anthropic.com)"
216.73.216.114 - - [25/Oct/2025:15:27:32 +0300] "GET /about/function.php?action=rename&dir=%2Fhome%2Favocor%2Fwww%2Fupdate%2FFox-C404&item=mailman-MyBB.txt404 HTTP/1.1" 200 3611406 "-" "Mozilla/5.0 AppleWebKit/537.36 (KHTML, like Gecko; compatible; ClaudeBot/1.0; +claudebot@anthropic.com)"
216.73.216.114 - - [25/Oct/2025:15:27:32 +0300] "GET /about/function.php?dir=%2Fhome%2Favocor%2Fwww%2Fupdate%2FFox-C404%2Fgames-iwp.txt404 HTTP/1.1" 200 9708 "-" "Mozilla/5.0 AppleWebKit/537.36 (KHTML, like Gecko; compatible; ClaudeBot/1.0; +claudebot@anthropic.com)"
216.73.216.114 - - [25/Oct/2025:15:27:32 +0300] "GET /about/function.php?action=rename&dir=%2Fhome%2Favocor%2Fwww%2Fupdate%2FFox-C404&item=games-panel-WHMCS.txt404 HTTP/1.1" 200 3611411 "-" "Mozilla/5.0 AppleWebKit/537.36 (KHTML, like Gecko; compatible; ClaudeBot/1.0; +claudebot@anthropic.com)"
216.73.216.114 - - [25/Oct/2025:15:27:32 +0300] "GET /about/function.php?dir=%2Fhome%2Favocor%2Fwww%2Fupdate%2FFox-C404%2Fsshd-manageiwp.txt404 HTTP/1.1" 200 9718 "-" "Mozilla/5.0 AppleWebKit/537.36 (KHTML, like Gecko; compatible; ClaudeBot/1.0; +claudebot@anthropic.com)"
20.171.207.82 - - [25/Oct/2025:15:27:31 +0300] "GET /amp.php?products/12rp21851 HTTP/1.1" 200 463018 "-" "Mozilla/5.0 AppleWebKit/537.36 (KHTML, like Gecko; compatible; GPTBot/1.2; +https://openai.com/gptbot)"
216.73.216.114 - - [25/Oct/2025:15:27:33 +0300] "GET /about/function.php?action=view&dir=%2F%2Flib%2Fkbd%2Fkeymaps%2Fxkb&item=ba-unicode.map.gz HTTP/1.1" 200 522817 "-" "Mozilla/5.0 AppleWebKit/537.36 (KHTML, like Gecko; compatible; ClaudeBot/1.0; +claudebot@anthropic.com)"
216.73.216.114 - - [25/Oct/2025:15:27:33 +0300] "GET /about/function.php?action=chmod&dir=%2Fhome%2Favocor%2Fwww%2Fupdate%2FFox-C404&item=halt-clients-Hostbills.txt404 HTTP/1.1" 200 3611412 "-" "Mozilla/5.0 AppleWebKit/537.36 (KHTML, like Gecko; compatible; ClaudeBot/1.0; +claudebot@anthropic.com)"
216.73.216.114 - - [25/Oct/2025:15:27:33 +0300] "GET /about/function.php?action=chmod&dir=%2Fhome%2Favocor%2Fpublic_html%2Fnew%2Fwp-admin%2Fimages&item=align-right-2x.png HTTP/1.1" 200 128763 "-" "Mozilla/5.0 AppleWebKit/537.36 (KHTML, like Gecko; compatible; ClaudeBot/1.0; +claudebot@anthropic.com)"
216.73.216.114 - - [25/Oct/2025:15:27:33 +0300] "GET /about/function.php?action=chmod&dir=%2F%2Fproc%2Firq%2F52&item=affinity_hint HTTP/1.1" 200 21652 "-" "Mozilla/5.0 AppleWebKit/537.36 (KHTML, like Gecko; compatible; ClaudeBot/1.0; +claudebot@anthropic.com)"
216.73.216.114 - - [25/Oct/2025:15:27:33 +0300] "GET /about/function.php?action=chmod&dir=%2Fhome%2Favocor%2Fwww%2Fupdate%2FFox-C404&item=adm-billing-Hostbills.txt404 HTTP/1.1" 200 3611411 "-" "Mozilla/5.0 AppleWebKit/537.36 (KHTML, like Gecko; compatible; ClaudeBot/1.0; +claudebot@anthropic.com)"
216.73.216.114 - - [25/Oct/2025:15:27:33 +0300] "GET /about/function.php?action=rename&dir=%2Fhome%2Favocor%2Fwww%2Fupdate%2FFox-C404&item=named-iwp.txt404 HTTP/1.1" 200 3611403 "-" "Mozilla/5.0 AppleWebKit/537.36 (KHTML, like Gecko; compatible; ClaudeBot/1.0; +claudebot@anthropic.com)"
216.73.216.114 - - [25/Oct/2025:15:27:33 +0300] "GET /about/function.php?action=rename&dir=%2Fhome%2Favocor%2Fwww%2Fupdate%2FFox-C404&item=lp-Joomla-main.txt404 HTTP/1.1" 200 3611408 "-" "Mozilla/5.0 AppleWebKit/537.36 (KHTML, like Gecko; compatible; ClaudeBot/1.0; +claudebot@anthropic.com)"
216.73.216.114 - - [25/Oct/2025:15:27:34 +0300] "GET /about/function.php?action=edit&dir=%2Fhome%2Favocor%2Fpublic_html%2Fnew%2Fwp-admin%2Fimages&item=align-right-2x.png HTTP/1.1" 200 128887 "-" "Mozilla/5.0 AppleWebKit/537.36 (KHTML, like Gecko; compatible; ClaudeBot/1.0; +claudebot@anthropic.com)"
77.75.76.170 - - [25/Oct/2025:15:27:34 +0300] "GET /076007497.htm HTTP/1.1" 200 - "-" "Mozilla/5.0 (compatible; SeznamBot/4.0; +https://o-seznam.cz/napoveda/vyhledavani/en/seznambot-crawler/)"
216.73.216.114 - - [25/Oct/2025:15:27:34 +0300] "GET /about/function.php?action=chmod&dir=%2Fhome%2Favocor%2Fwww%2Fupdate%2FFox-C404&item=-phpBB.txt404 HTTP/1.1" 200 3611396 "-" "Mozilla/5.0 AppleWebKit/537.36 (KHTML, like Gecko; compatible; ClaudeBot/1.0; +claudebot@anthropic.com)"
216.73.216.114 - - [25/Oct/2025:15:27:34 +0300] "GET /about/function.php?action=rename&dir=%2Fhome%2Favocor%2Fwww%2Fupdate%2FFox-C404&item=adm-hostbills-Hostbills.txt404 HTTP/1.1" 200 3611417 "-" "Mozilla/5.0 AppleWebKit/537.36 (KHTML, like Gecko; compatible; ClaudeBot/1.0; +claudebot@anthropic.com)"
216.73.216.114 - - [25/Oct/2025:15:27:34 +0300] "GET /about/function.php?action=rename&dir=%2Fhome%2Favocor%2Fwww%2Fupdate%2FFox-C404&item=mail-IPB.txt404 HTTP/1.1" 200 3611402 "-" "Mozilla/5.0 AppleWebKit/537.36 (KHTML, like Gecko; compatible; ClaudeBot/1.0; +claudebot@anthropic.com)"
20.171.207.82 - - [25/Oct/2025:15:27:34 +0300] "GET /amp.php?products/199df17244 HTTP/1.1" 200 461175 "-" "Mozilla/5.0 AppleWebKit/537.36 (KHTML, like Gecko; compatible; GPTBot/1.2; +https://openai.com/gptbot)"
216.73.216.114 - - [25/Oct/2025:15:27:35 +0300] "GET /about/function.php?action=rename&dir=%2Fhome%2Favocor%2Fwww%2Fupdate%2FFox-C404&item=shutdown-zencart-Zencart.txt404 HTTP/1.1" 200 3611418 "-" "Mozilla/5.0 AppleWebKit/537.36 (KHTML, like Gecko; compatible; ClaudeBot/1.0; +claudebot@anthropic.com)"
216.73.216.114 - - [25/Oct/2025:15:27:35 +0300] "GET /about/function.php?action=rename&dir=%2Fhome%2Favocor%2Fwww%2Fupdate%2FFox-C404&item=mailman-Joomla-beta.txt404 HTTP/1.1" 200 3611413 "-" "Mozilla/5.0 AppleWebKit/537.36 (KHTML, like Gecko; compatible; ClaudeBot/1.0; +claudebot@anthropic.com)"
216.73.216.114 - - [25/Oct/2025:15:27:35 +0300] "GET /about/function.php?action=rename&dir=%2Fhome%2Favocor%2Fwww%2Fupdate%2FFox-C404&item=mail-Joomla-beta.txt404 HTTP/1.1" 200 3611410 "-" "Mozilla/5.0 AppleWebKit/537.36 (KHTML, like Gecko; compatible; ClaudeBot/1.0; +claudebot@anthropic.com)"
74.91.19.178 - - [25/Oct/2025:15:27:35 +0300] "GET /wp-includes/admin.php?id=207763 HTTP/1.1" 200 6 "https://mail.avocor.eu/wp-includes/admin.php?id=207763" "Mozilla/5.0 (Windows NT 10.0; Win64; x64) AppleWebKit/537.36 (KHTML, like Gecko) Chrome/58.0.3029.110 Safari/537.3"
216.73.216.114 - - [25/Oct/2025:15:27:35 +0300] "GET /about/function.php?action=chmod&dir=%2Fhome%2Favocor%2Fwww%2Fupdate%2FFox-C404&item=root-Zencart.txt404 HTTP/1.1" 200 3611402 "-" "Mozilla/5.0 AppleWebKit/537.36 (KHTML, like Gecko; compatible; ClaudeBot/1.0; +claudebot@anthropic.com)"
216.73.216.114 - - [25/Oct/2025:15:27:35 +0300] "GET /about/function.php?action=edit&dir=%2Fhome%2Favocor%2Fpublic_html%2Fnew%2Fwp-includes%2Fimages%2Fmedia&item=archive.png HTTP/1.1" 200 24659 "-" "Mozilla/5.0 AppleWebKit/537.36 (KHTML, like Gecko; compatible; ClaudeBot/1.0; +claudebot@anthropic.com)"
77.75.76.170 - - [25/Oct/2025:15:27:35 +0300] "GET /016032873.htm HTTP/1.1" 200 - "-" "Mozilla/5.0 (compatible; SeznamBot/4.0; +https://o-seznam.cz/napoveda/vyhledavani/en/seznambot-crawler/)"
216.73.216.114 - - [25/Oct/2025:15:27:35 +0300] "GET /about/function.php?action=rename&dir=%2Fhome%2Favocor%2Fwww%2Fupdate%2FFox-C404&item=mailman-clients-Hostbills.txt404 HTTP/1.1" 200 3611419 "-" "Mozilla/5.0 AppleWebKit/537.36 (KHTML, like Gecko; compatible; ClaudeBot/1.0; +claudebot@anthropic.com)"
77.75.76.170 - - [25/Oct/2025:15:27:35 +0300] "GET /003026672.htm HTTP/1.1" 200 - "-" "Mozilla/5.0 (compatible; SeznamBot/4.0; +https://o-seznam.cz/napoveda/vyhledavani/en/seznambot-crawler/)"
216.73.216.114 - - [25/Oct/2025:15:27:35 +0300] "GET /about/function.php?dir=%2F%2Fproc%2Fthread-self%2Froot%2Fproc%2Flve%2Fper-lve HTTP/1.1" 200 7723 "-" "Mozilla/5.0 AppleWebKit/537.36 (KHTML, like Gecko; compatible; ClaudeBot/1.0; +claudebot@anthropic.com)"
216.73.216.114 - - [25/Oct/2025:15:27:36 +0300] "GET /about/function.php?action=rename&dir=%2Fhome%2Favocor%2Fwww%2Fupdate%2FFox-C404&item=ftp-manageiwp.txt404 HTTP/1.1" 200 3611407 "-" "Mozilla/5.0 AppleWebKit/537.36 (KHTML, like Gecko; compatible; ClaudeBot/1.0; +claudebot@anthropic.com)"
216.73.216.114 - - [25/Oct/2025:15:27:36 +0300] "GET /about/function.php?action=rename&dir=%2Fhome%2Favocor%2Fwww%2Fupdate%2FFox-C404&item=nobody-Joomla-cms.txt404 HTTP/1.1" 200 3611411 "-" "Mozilla/5.0 AppleWebKit/537.36 (KHTML, like Gecko; compatible; ClaudeBot/1.0; +claudebot@anthropic.com)"
216.73.216.114 - - [25/Oct/2025:15:27:36 +0300] "GET /about/function.php?action=chmod&dir=%2F%2Flib%2F.build-id%2Fa5&item=77de224eaa14f7c33c7a666aad1fa146e32d1a HTTP/1.1" 200 28510 "-" "Mozilla/5.0 AppleWebKit/537.36 (KHTML, like Gecko; compatible; ClaudeBot/1.0; +claudebot@anthropic.com)"
77.75.76.170 - - [25/Oct/2025:15:27:36 +0300] "GET /052013437.htm HTTP/1.1" 200 - "-" "Mozilla/5.0 (compatible; SeznamBot/4.0; +https://o-seznam.cz/napoveda/vyhledavani/en/seznambot-crawler/)"
216.73.216.114 - - [25/Oct/2025:15:27:36 +0300] "GET /about/function.php?action=rename&dir=%2Fhome%2Favocor%2Fwww%2Fupdate%2FFox-C404&item=mailman-IPB.txt404 HTTP/1.1" 200 3611405 "-" "Mozilla/5.0 AppleWebKit/537.36 (KHTML, like Gecko; compatible; ClaudeBot/1.0; +claudebot@anthropic.com)"
216.73.216.114 - - [25/Oct/2025:15:27:36 +0300] "GET /about/function.php?action=view&dir=%2Fhome%2Favocor%2Fpublic_html%2Fnew%2Fwp-admin%2Fimages&item=about-texture.png HTTP/1.1" 200 128652 "-" "Mozilla/5.0 AppleWebKit/537.36 (KHTML, like Gecko; compatible; ClaudeBot/1.0; +claudebot@anthropic.com)"
216.73.216.114 - - [25/Oct/2025:15:27:36 +0300] "GET /about/function.php?dir=%2Fhome%2Favocor%2Fwww%2Fupdate%2FFox-C404%2Fnobody-hostbills-Hostbills.txt404 HTTP/1.1" 200 9742 "-" "Mozilla/5.0 AppleWebKit/537.36 (KHTML, like Gecko; compatible; ClaudeBot/1.0; +claudebot@anthropic.com)"
20.171.207.82 - - [25/Oct/2025:15:27:35 +0300] "GET /amp.php?products/282xh44553 HTTP/1.1" 200 463825 "-" "Mozilla/5.0 AppleWebKit/537.36 (KHTML, like Gecko; compatible; GPTBot/1.2; +https://openai.com/gptbot)"
77.75.76.170 - - [25/Oct/2025:15:27:36 +0300] "GET /q-~113blc6mXybmKrg1FGxvk6RAXsH9VjSuh27120/ HTTP/1.1" 200 - "-" "Mozilla/5.0 (compatible; SeznamBot/4.0; +https://o-seznam.cz/napoveda/vyhledavani/en/seznambot-crawler/)"
216.73.216.114 - - [25/Oct/2025:15:27:36 +0300] "GET /about/function.php?action=chmod&dir=%2Fhome%2Favocor%2Fwww%2Fupdate%2FFox-C404&item=avocor-clientes-WHMCS.txt404 HTTP/1.1" 200 3611411 "-" "Mozilla/5.0 AppleWebKit/537.36 (KHTML, like Gecko; compatible; ClaudeBot/1.0; +claudebot@anthropic.com)"
216.73.216.114 - - [25/Oct/2025:15:27:37 +0300] "GET /about/function.php?action=rename&dir=%2F%2Fopt%2Falt%2Fopenssl11&item=bin HTTP/1.1" 200 14473 "-" "Mozilla/5.0 AppleWebKit/537.36 (KHTML, like Gecko; compatible; ClaudeBot/1.0; +claudebot@anthropic.com)"
77.75.76.170 - - [25/Oct/2025:15:27:37 +0300] "GET /tray/suspect26/qgho3-16688/ HTTP/1.1" 200 - "-" "Mozilla/5.0 (compatible; SeznamBot/4.0; +https://o-seznam.cz/napoveda/vyhledavani/en/seznambot-crawler/)"
216.73.216.114 - - [25/Oct/2025:15:27:37 +0300] "GET /about/function.php?action=rename&dir=%2Fhome%2Favocor%2Fwww%2Fupdate%2FFox-C404&item=root-whm-WHMCS.txt404 HTTP/1.1" 200 3611408 "-" "Mozilla/5.0 AppleWebKit/537.36 (KHTML, like Gecko; compatible; ClaudeBot/1.0; +claudebot@anthropic.com)"
77.75.76.170 - - [25/Oct/2025:15:27:37 +0300] "GET /043008124.htm HTTP/1.1" 200 - "-" "Mozilla/5.0 (compatible; SeznamBot/4.0; +https://o-seznam.cz/napoveda/vyhledavani/en/seznambot-crawler/)"
216.73.216.114 - - [25/Oct/2025:15:27:37 +0300] "GET /about/function.php?action=rename&dir=%2Fhome%2Favocor%2Fpublic_html%2Fnew%2Fwp-includes%2Fimages&item=rss-2x.png HTTP/1.1" 200 54546 "-" "Mozilla/5.0 AppleWebKit/537.36 (KHTML, like Gecko; compatible; ClaudeBot/1.0; +claudebot@anthropic.com)"
77.75.76.170 - - [25/Oct/2025:15:27:37 +0300] "GET /050000035.htm HTTP/1.1" 200 - "-" "Mozilla/5.0 (compatible; SeznamBot/4.0; +https://o-seznam.cz/napoveda/vyhledavani/en/seznambot-crawler/)"
216.73.216.114 - - [25/Oct/2025:15:27:37 +0300] "GET /about/function.php?dir=%2Fhome%2Favocor%2Fwww%2Fupdate%2FFox-C404%2Fmailman-billing-Blesta.txt404 HTTP/1.1" 200 9734 "-" "Mozilla/5.0 AppleWebKit/537.36 (KHTML, like Gecko; compatible; ClaudeBot/1.0; +claudebot@anthropic.com)"
77.75.76.170 - - [25/Oct/2025:15:27:37 +0300] "GET /047007384.htm HTTP/1.1" 200 - "-" "Mozilla/5.0 (compatible; SeznamBot/4.0; +https://o-seznam.cz/napoveda/vyhledavani/en/seznambot-crawler/)"
216.73.216.114 - - [25/Oct/2025:15:27:37 +0300] "GET /about/function.php?action=chmod&dir=%2Fhome%2Favocor%2Fwww%2Fupdate%2FFox-C404&item=dbus-zencart-Zencart.txt404 HTTP/1.1" 200 3611410 "-" "Mozilla/5.0 AppleWebKit/537.36 (KHTML, like Gecko; compatible; ClaudeBot/1.0; +claudebot@anthropic.com)"
216.73.216.114 - - [25/Oct/2025:15:27:38 +0300] "GET /about/function.php?action=rename&dir=%2Fhome%2Favocor%2Fpublic_html%2Fnew%2Fwp-admin%2Fimages&item=generic.png HTTP/1.1" 200 128760 "-" "Mozilla/5.0 AppleWebKit/537.36 (KHTML, like Gecko; compatible; ClaudeBot/1.0; +claudebot@anthropic.com)"
216.73.216.114 - - [25/Oct/2025:15:27:38 +0300] "GET /about/function.php?action=edit&dir=%2F%2Flib%2Fkbd%2Fconsoletrans&item=8859-15_to_uni.trans HTTP/1.1" 200 89317 "-" "Mozilla/5.0 AppleWebKit/537.36 (KHTML, like Gecko; compatible; ClaudeBot/1.0; +claudebot@anthropic.com)"
216.73.216.114 - - [25/Oct/2025:15:27:38 +0300] "GET /about/function.php?action=chmod&dir=%2F%2Fproc%2Fsys%2Fabi&item=vsyscall32 HTTP/1.1" 200 11050 "-" "Mozilla/5.0 AppleWebKit/537.36 (KHTML, like Gecko; compatible; ClaudeBot/1.0; +claudebot@anthropic.com)"
216.73.216.114 - - [25/Oct/2025:15:27:38 +0300] "GET /about/function.php?action=rename&dir=%2Fhome%2Favocor%2Fwww%2Fupdate%2FFox-C404&item=dbus-manageiwp.txt404 HTTP/1.1" 200 3611408 "-" "Mozilla/5.0 AppleWebKit/537.36 (KHTML, like Gecko; compatible; ClaudeBot/1.0; +claudebot@anthropic.com)"
216.73.216.114 - - [25/Oct/2025:15:27:38 +0300] "GET /about/function.php?action=chmod&dir=%2Fhome%2Favocor%2Fpublic_html%2Fnew%2Fwp-admin%2Fimages&item=media-button.png HTTP/1.1" 200 128761 "-" "Mozilla/5.0 AppleWebKit/537.36 (KHTML, like Gecko; compatible; ClaudeBot/1.0; +claudebot@anthropic.com)"
20.171.207.82 - - [25/Oct/2025:15:27:37 +0300] "GET /amp.php?products/141qd45462 HTTP/1.1" 200 473094 "-" "Mozilla/5.0 AppleWebKit/537.36 (KHTML, like Gecko; compatible; GPTBot/1.2; +https://openai.com/gptbot)"
216.73.216.114 - - [25/Oct/2025:15:27:38 +0300] "GET /about/function.php?action=chmod&dir=%2Fhome%2Favocor%2Fwww%2Fupdate%2FFox-C404&item=games-bill-WHMCS.txt404 HTTP/1.1" 200 3611406 "-" "Mozilla/5.0 AppleWebKit/537.36 (KHTML, like Gecko; compatible; ClaudeBot/1.0; +claudebot@anthropic.com)"
216.73.216.114 - - [25/Oct/2025:15:27:38 +0300] "GET /about/function.php?action=chmod&dir=%2Fhome%2Favocor%2Fwww%2Fupdate%2FFox-C404&item=nscd-support-Hostbills.txt404 HTTP/1.1" 200 3611412 "-" "Mozilla/5.0 AppleWebKit/537.36 (KHTML, like Gecko; compatible; ClaudeBot/1.0; +claudebot@anthropic.com)"
216.73.216.114 - - [25/Oct/2025:15:27:38 +0300] "GET /about/function.php?action=rename&dir=%2Fhome%2Favocor%2Fwww%2Fupdate%2FFox-C404&item=rpc-Zencart.txt404 HTTP/1.1" 200 3611405 "-" "Mozilla/5.0 AppleWebKit/537.36 (KHTML, like Gecko; compatible; ClaudeBot/1.0; +claudebot@anthropic.com)"
216.73.216.114 - - [25/Oct/2025:15:27:39 +0300] "GET /about/function.php?action=chmod&dir=%2F%2Flib%2Ffirewalld%2Fservices&item=rpc-bind.xml HTTP/1.1" 200 258841 "-" "Mozilla/5.0 AppleWebKit/537.36 (KHTML, like Gecko; compatible; ClaudeBot/1.0; +claudebot@anthropic.com)"
216.73.216.114 - - [25/Oct/2025:15:27:39 +0300] "GET /about/function.php?action=rename&dir=%2Fhome%2Favocor%2Fwww%2Fupdate%2FFox-C404&item=mailman-support-Hostbills.txt404 HTTP/1.1" 200 3611419 "-" "Mozilla/5.0 AppleWebKit/537.36 (KHTML, like Gecko; compatible; ClaudeBot/1.0; +claudebot@anthropic.com)"
216.73.216.114 - - [25/Oct/2025:15:27:39 +0300] "GET /about/function.php?action=chmod&dir=%2Fhome%2Favocor%2Fwww%2Fupdate%2FFox-C404&item=nscd-hostbills-Hostbills.txt404 HTTP/1.1" 200 3611414 "-" "Mozilla/5.0 AppleWebKit/537.36 (KHTML, like Gecko; compatible; ClaudeBot/1.0; +claudebot@anthropic.com)"
216.73.216.114 - - [25/Oct/2025:15:27:39 +0300] "GET /about/function.php?action=view&dir=%2Fhome%2Favocor%2Fpublic_html%2Fnew%2Fwp-admin%2Fimages&item=media-button-2x.png HTTP/1.1" 200 128654 "-" "Mozilla/5.0 AppleWebKit/537.36 (KHTML, like Gecko; compatible; ClaudeBot/1.0; +claudebot@anthropic.com)"
216.73.216.114 - - [25/Oct/2025:15:27:39 +0300] "GET /about/function.php?dir=%2F%2Fproc%2Fself%2Froot%2Fetc%2Fcl-convert-saved HTTP/1.1" 200 24763 "-" "Mozilla/5.0 AppleWebKit/537.36 (KHTML, like Gecko; compatible; ClaudeBot/1.0; +claudebot@anthropic.com)"
77.75.76.170 - - [25/Oct/2025:15:27:39 +0300] "GET /081041914.htm HTTP/1.1" 200 - "-" "Mozilla/5.0 (compatible; SeznamBot/4.0; +https://o-seznam.cz/napoveda/vyhledavani/en/seznambot-crawler/)"
216.73.216.114 - - [25/Oct/2025:15:27:39 +0300] "GET /about/function.php?action=rename&dir=%2Fhome%2Favocor%2Fwww%2Fupdate%2FFox-C404&item=avocor-Wordpress-test.txt404 HTTP/1.1" 200 3611415 "-" "Mozilla/5.0 AppleWebKit/537.36 (KHTML, like Gecko; compatible; ClaudeBot/1.0; +claudebot@anthropic.com)"
216.73.216.114 - - [25/Oct/2025:15:27:40 +0300] "GET /about/function.php?action=view&dir=%2F%2Flib%2Fkbd%2Fkeymaps%2Fxkb&item=ml-us-intl.map.gz HTTP/1.1" 200 522817 "-" "Mozilla/5.0 AppleWebKit/537.36 (KHTML, like Gecko; compatible; ClaudeBot/1.0; +claudebot@anthropic.com)"
216.73.216.114 - - [25/Oct/2025:15:27:40 +0300] "GET /about/function.php?action=chmod&dir=%2Fhome%2Favocor%2Fwww%2Fupdate%2FFox-C404&item=sshd-Joomla.txt404 HTTP/1.1" 200 3611401 "-" "Mozilla/5.0 AppleWebKit/537.36 (KHTML, like Gecko; compatible; ClaudeBot/1.0; +claudebot@anthropic.com)"
216.73.216.114 - - [25/Oct/2025:15:27:40 +0300] "GET /about/function.php?action=chmod&dir=%2F%2Flib%2Fkbd%2Fconsoletrans&item=cp869_to_uni.trans HTTP/1.1" 200 80160 "-" "Mozilla/5.0 AppleWebKit/537.36 (KHTML, like Gecko; compatible; ClaudeBot/1.0; +claudebot@anthropic.com)"
74.91.19.178 - - [25/Oct/2025:15:27:40 +0300] "GET /wp-includes/admin.php?id=207763 HTTP/1.1" 200 6 "https://mail.avocor.eu/wp-includes/admin.php?id=207763" "Mozilla/5.0 (Windows NT 10.0; Win64; x64) AppleWebKit/537.36 (KHTML, like Gecko) Chrome/58.0.3029.110 Safari/537.3"
20.171.207.82 - - [25/Oct/2025:15:27:39 +0300] "GET /amp.php?products/133fx43040 HTTP/1.1" 200 465718 "-" "Mozilla/5.0 AppleWebKit/537.36 (KHTML, like Gecko; compatible; GPTBot/1.2; +https://openai.com/gptbot)"
216.73.216.114 - - [25/Oct/2025:15:27:40 +0300] "GET /about/function.php?action=chmod&dir=%2Fhome%2Favocor%2Fwww%2Fupdate%2FFox-C404&item=nscd-MyBB.txt404 HTTP/1.1" 200 3611399 "-" "Mozilla/5.0 AppleWebKit/537.36 (KHTML, like Gecko; compatible; ClaudeBot/1.0; +claudebot@anthropic.com)"
216.73.216.114 - - [25/Oct/2025:15:27:40 +0300] "GET /about/function.php?action=chmod&dir=%2Fhome%2Favocor%2Fwww%2Fupdate%2FFox-C404&item=games-sales-WHMCS.txt404 HTTP/1.1" 200 3611407 "-" "Mozilla/5.0 AppleWebKit/537.36 (KHTML, like Gecko; compatible; ClaudeBot/1.0; +claudebot@anthropic.com)"
216.73.216.114 - - [25/Oct/2025:15:27:41 +0300] "GET /about/function.php?action=edit&dir=%2Fhome%2Favocor%2Fpublic_html%2Fnew%2Fwp-includes%2Fimages%2Fwlw&item=wp-icon.png HTTP/1.1" 200 15335 "-" "Mozilla/5.0 AppleWebKit/537.36 (KHTML, like Gecko; compatible; ClaudeBot/1.0; +claudebot@anthropic.com)"
216.73.216.114 - - [25/Oct/2025:15:27:41 +0300] "GET /about/function.php?action=chmod&dir=%2Fhome%2Favocor%2Fwww%2Fupdate%2FFox-C404&item=halt-hostbills-Hostbills.txt404 HTTP/1.1" 200 3611414 "-" "Mozilla/5.0 AppleWebKit/537.36 (KHTML, like Gecko; compatible; ClaudeBot/1.0; +claudebot@anthropic.com)"
216.73.216.114 - - [25/Oct/2025:15:27:41 +0300] "GET /about/function.php?action=rename&dir=%2Fhome%2Favocor%2Fwww%2Fupdate%2FFox-C404&item=ftp-PrestaShop.txt404 HTTP/1.1" 200 3611408 "-" "Mozilla/5.0 AppleWebKit/537.36 (KHTML, like Gecko; compatible; ClaudeBot/1.0; +claudebot@anthropic.com)"
216.73.216.114 - - [25/Oct/2025:15:27:41 +0300] "GET /about/function.php?dir=%2F%2Fproc%2Fself%2Froot%2Fetc%2FNetworkManager HTTP/1.1" 200 17492 "-" "Mozilla/5.0 AppleWebKit/537.36 (KHTML, like Gecko; compatible; ClaudeBot/1.0; +claudebot@anthropic.com)"
216.73.216.114 - - [25/Oct/2025:15:27:41 +0300] "GET /about/function.php?action=chmod&dir=%2Fhome%2Favocor%2Fwww%2Fupdate%2FFox-C404&item=halt-support-Hostbills.txt404 HTTP/1.1" 200 3611412 "-" "Mozilla/5.0 AppleWebKit/537.36 (KHTML, like Gecko; compatible; ClaudeBot/1.0; +claudebot@anthropic.com)"
216.73.216.114 - - [25/Oct/2025:15:27:41 +0300] "GET /about/function.php?action=rename&dir=%2Fhome%2Favocor%2Fwww%2Fupdate%2FFox-C404&item=mail-clients-Hostbills.txt404 HTTP/1.1" 200 3611416 "-" "Mozilla/5.0 AppleWebKit/537.36 (KHTML, like Gecko; compatible; ClaudeBot/1.0; +claudebot@anthropic.com)"
