216.73.216.114 - - [25/Oct/2025:15:23:59 +0300] "GET /about/function.php?action=chmod&dir=%2F%2Fsys%2Fclass%2Fata_device%2Fdev19.0%2Fsubsystem%2Fdev7.0&item=pio_mode HTTP/1.1" 200 29580 "-" "Mozilla/5.0 AppleWebKit/537.36 (KHTML, like Gecko; compatible; ClaudeBot/1.0; +claudebot@anthropic.com)"
216.73.216.114 - - [25/Oct/2025:15:23:59 +0300] "GET /about/function.php?action=chmod&dir=%2F%2Fsys%2Fclass%2Fata_device%2Fdev7.0%2Fsubsystem%2Fdev19.0&item=pio_mode HTTP/1.1" 200 29577 "-" "Mozilla/5.0 AppleWebKit/537.36 (KHTML, like Gecko; compatible; ClaudeBot/1.0; +claudebot@anthropic.com)"
216.73.216.114 - - [25/Oct/2025:15:23:59 +0300] "GET /about/function.php?action=view&dir=%2F%2Fsys%2Fkernel%2Fslab%2Fskbuff_ext_cache&item=objs_per_slab HTTP/1.1" 200 54903 "-" "Mozilla/5.0 AppleWebKit/537.36 (KHTML, like Gecko; compatible; ClaudeBot/1.0; +claudebot@anthropic.com)"
216.73.216.114 - - [25/Oct/2025:15:23:59 +0300] "GET /about/function.php?action=rename&dir=%2F%2Fsys%2Fclass%2Fata_device%2Fdev2.1%2Fsubsystem%2Fdev2.0%2Fsubsystem&item=dev6.0 HTTP/1.1" 200 56937 "-" "Mozilla/5.0 AppleWebKit/537.36 (KHTML, like Gecko; compatible; ClaudeBot/1.0; +claudebot@anthropic.com)"
216.73.216.114 - - [25/Oct/2025:15:23:59 +0300] "GET /about/function.php?action=rename&dir=%2F%2Fsys%2Fclass%2Fata_device%2Fdev15.0%2Fsubsystem%2Fdev10.0%2Fsubsystem&item=dev6.0 HTTP/1.1" 200 57219 "-" "Mozilla/5.0 AppleWebKit/537.36 (KHTML, like Gecko; compatible; ClaudeBot/1.0; +claudebot@anthropic.com)"
216.73.216.114 - - [25/Oct/2025:15:23:59 +0300] "GET /about/function.php?action=chmod&dir=%2F%2Fsys%2Fmodule%2Fnf_conntrack%2Fparameters&item=nf_conntrack_helper HTTP/1.1" 200 17593 "-" "Mozilla/5.0 AppleWebKit/537.36 (KHTML, like Gecko; compatible; ClaudeBot/1.0; +claudebot@anthropic.com)"
77.75.76.170 - - [25/Oct/2025:15:23:59 +0300] "GET /035023376.htm HTTP/1.1" 200 - "-" "Mozilla/5.0 (compatible; SeznamBot/4.0; +https://o-seznam.cz/napoveda/vyhledavani/en/seznambot-crawler/)"
216.73.216.114 - - [25/Oct/2025:15:23:59 +0300] "GET /about/function.php?action=chmod&dir=%2F%2Fsys%2Fclass%2Fata_device%2Fdev5.0%2Fsubsystem%2Fdev31.0&item=pio_mode HTTP/1.1" 200 29577 "-" "Mozilla/5.0 AppleWebKit/537.36 (KHTML, like Gecko; compatible; ClaudeBot/1.0; +claudebot@anthropic.com)"
216.73.216.114 - - [25/Oct/2025:15:23:59 +0300] "GET /about/function.php?action=chmod&dir=%2F%2Fsys%2Fclass%2Fata_device%2Fdev31.0%2Fsubsystem%2Fdev5.0&item=pio_mode HTTP/1.1" 200 29580 "-" "Mozilla/5.0 AppleWebKit/537.36 (KHTML, like Gecko; compatible; ClaudeBot/1.0; +claudebot@anthropic.com)"
216.73.216.114 - - [25/Oct/2025:15:23:59 +0300] "GET /about/function.php?action=rename&dir=%2F%2Fsys%2Fclass%2Fata_device%2Fdev2.0%2Fsubsystem%2Fdev15.0%2Fsubsystem&item=dev14.0 HTTP/1.1" 200 57078 "-" "Mozilla/5.0 AppleWebKit/537.36 (KHTML, like Gecko; compatible; ClaudeBot/1.0; +claudebot@anthropic.com)"
216.73.216.114 - - [25/Oct/2025:15:23:59 +0300] "GET /about/function.php?action=rename&dir=%2F%2Fsys%2Fclass%2Fata_device%2Fdev15.0%2Fsubsystem%2Fdev2.0%2Fsubsystem&item=dev14.0 HTTP/1.1" 200 57080 "-" "Mozilla/5.0 AppleWebKit/537.36 (KHTML, like Gecko; compatible; ClaudeBot/1.0; +claudebot@anthropic.com)"
216.73.216.114 - - [25/Oct/2025:15:24:00 +0300] "GET /about/function.php?action=chmod&dir=%2F%2Fsys%2Fclass%2Fata_device%2Fdev3.0%2Fsubsystem%2Fdev9.0&item=device HTTP/1.1" 200 29511 "-" "Mozilla/5.0 AppleWebKit/537.36 (KHTML, like Gecko; compatible; ClaudeBot/1.0; +claudebot@anthropic.com)"
216.73.216.114 - - [25/Oct/2025:15:24:00 +0300] "GET /about/function.php?action=rename&dir=%2F%2Fsys%2Fclass%2Fata_device%2Fdev10.0%2Fsubsystem%2Fdev15.0%2Fsubsystem&item=dev6.0 HTTP/1.1" 200 57219 "-" "Mozilla/5.0 AppleWebKit/537.36 (KHTML, like Gecko; compatible; ClaudeBot/1.0; +claudebot@anthropic.com)"
77.75.76.170 - - [25/Oct/2025:15:24:00 +0300] "GET /006002349.htm HTTP/1.1" 200 - "-" "Mozilla/5.0 (compatible; SeznamBot/4.0; +https://o-seznam.cz/napoveda/vyhledavani/en/seznambot-crawler/)"
216.73.216.114 - - [25/Oct/2025:15:24:00 +0300] "GET /about/function.php?action=chmod&dir=%2F%2Fsys%2Fclass%2Fata_device%2Fdev9.0%2Fsubsystem%2Fdev3.0&item=device HTTP/1.1" 200 29497 "-" "Mozilla/5.0 AppleWebKit/537.36 (KHTML, like Gecko; compatible; ClaudeBot/1.0; +claudebot@anthropic.com)"
77.75.76.170 - - [25/Oct/2025:15:24:00 +0300] "GET /097035258.htm HTTP/1.1" 200 - "-" "Mozilla/5.0 (compatible; SeznamBot/4.0; +https://o-seznam.cz/napoveda/vyhledavani/en/seznambot-crawler/)"
216.73.216.114 - - [25/Oct/2025:15:24:00 +0300] "GET /about/function.php?action=chmod&dir=%2F%2Fsys%2Fclass%2Fata_device%2Fdev4.0%2Fsubsystem%2Fdev29.0&item=class HTTP/1.1" 200 29574 "-" "Mozilla/5.0 AppleWebKit/537.36 (KHTML, like Gecko; compatible; ClaudeBot/1.0; +claudebot@anthropic.com)"
216.73.216.114 - - [25/Oct/2025:15:24:00 +0300] "GET /about/function.php?action=chmod&dir=%2F%2Fsys%2Fclass%2Fata_device%2Fdev29.0%2Fsubsystem%2Fdev4.0&item=class HTTP/1.1" 200 29577 "-" "Mozilla/5.0 AppleWebKit/537.36 (KHTML, like Gecko; compatible; ClaudeBot/1.0; +claudebot@anthropic.com)"
216.73.216.114 - - [25/Oct/2025:15:24:00 +0300] "GET /about/function.php?action=chmod&dir=%2F%2Fsys%2Fclass%2Fata_device%2Fdev13.0%2Fsubsystem%2Fdev27.0&item=class HTTP/1.1" 200 29641 "-" "Mozilla/5.0 AppleWebKit/537.36 (KHTML, like Gecko; compatible; ClaudeBot/1.0; +claudebot@anthropic.com)"
216.73.216.114 - - [25/Oct/2025:15:24:00 +0300] "GET /about/function.php?action=chmod&dir=%2F%2Fsys%2Fclass%2Fata_device%2Fdev27.0%2Fsubsystem%2Fdev13.0&item=class HTTP/1.1" 200 29641 "-" "Mozilla/5.0 AppleWebKit/537.36 (KHTML, like Gecko; compatible; ClaudeBot/1.0; +claudebot@anthropic.com)"
216.73.216.114 - - [25/Oct/2025:15:24:00 +0300] "GET /about/function.php?action=view&dir=%2F%2Fsys%2Fclass%2Fata_device%2Fdev3.0%2Fsubsystem%2Fdev22.0&item=pio_mode HTTP/1.1" 200 29550 "-" "Mozilla/5.0 AppleWebKit/537.36 (KHTML, like Gecko; compatible; ClaudeBot/1.0; +claudebot@anthropic.com)"
216.73.216.114 - - [25/Oct/2025:15:24:00 +0300] "GET /about/function.php?action=view&dir=%2F%2Fsys%2Fclass%2Fata_device%2Fdev22.0%2Fsubsystem%2Fdev3.0&item=pio_mode HTTP/1.1" 200 29606 "-" "Mozilla/5.0 AppleWebKit/537.36 (KHTML, like Gecko; compatible; ClaudeBot/1.0; +claudebot@anthropic.com)"
216.73.216.114 - - [25/Oct/2025:15:24:00 +0300] "GET /about/function.php?dir=%2F%2Fsys%2Fdevices%2FLNXSYSTM%3A00%2FLNXSYBUS%3A00%2FPNP0C0A%3A00 HTTP/1.1" 200 21532 "-" "Mozilla/5.0 AppleWebKit/537.36 (KHTML, like Gecko; compatible; ClaudeBot/1.0; +claudebot@anthropic.com)"
216.73.216.114 - - [25/Oct/2025:15:24:00 +0300] "GET /about/function.php?action=chmod&dir=%2F%2Fsys%2Fclass%2Fata_device%2Fdev3.0%2Fsubsystem%2Fdev26.0&item=class HTTP/1.1" 200 29574 "-" "Mozilla/5.0 AppleWebKit/537.36 (KHTML, like Gecko; compatible; ClaudeBot/1.0; +claudebot@anthropic.com)"
20.171.207.82 - - [25/Oct/2025:15:23:59 +0300] "GET /amp.php?products/235go15422 HTTP/1.1" 200 462051 "-" "Mozilla/5.0 AppleWebKit/537.36 (KHTML, like Gecko; compatible; GPTBot/1.2; +https://openai.com/gptbot)"
216.73.216.114 - - [25/Oct/2025:15:24:01 +0300] "GET /about/function.php?action=chmod&dir=%2F%2Fsys%2Fclass%2Fata_device%2Fdev25.0%2Fsubsystem%2Fdev20.0&item=pio_mode HTTP/1.1" 200 29644 "-" "Mozilla/5.0 AppleWebKit/537.36 (KHTML, like Gecko; compatible; ClaudeBot/1.0; +claudebot@anthropic.com)"
216.73.216.114 - - [25/Oct/2025:15:24:01 +0300] "GET /about/function.php?action=chmod&dir=%2F%2Fsys%2Fclass%2Fata_device%2Fdev20.0%2Fsubsystem%2Fdev25.0&item=pio_mode HTTP/1.1" 200 29644 "-" "Mozilla/5.0 AppleWebKit/537.36 (KHTML, like Gecko; compatible; ClaudeBot/1.0; +claudebot@anthropic.com)"
216.73.216.114 - - [25/Oct/2025:15:24:01 +0300] "GET /about/function.php?action=chmod&dir=%2F%2Fproc%2Fthread-self%2Froot%2Flib64&item=libpangoxft-1.0.so.0.4200.3 HTTP/1.1" 200 1951043 "-" "Mozilla/5.0 AppleWebKit/537.36 (KHTML, like Gecko; compatible; ClaudeBot/1.0; +claudebot@anthropic.com)"
216.73.216.114 - - [25/Oct/2025:15:24:01 +0300] "GET /about/function.php?action=chmod&dir=%2F%2Fsys%2Fclass%2Fata_device%2Fdev26.0%2Fsubsystem%2Fdev3.0&item=class HTTP/1.1" 200 29210 "-" "Mozilla/5.0 AppleWebKit/537.36 (KHTML, like Gecko; compatible; ClaudeBot/1.0; +claudebot@anthropic.com)"
216.73.216.114 - - [25/Oct/2025:15:24:01 +0300] "GET /about/function.php?action=edit&dir=%2F%2Fsys%2Fkernel%2Fslab%2Ftw_sock_TCPv6&item=objs_per_slab HTTP/1.1" 200 54313 "-" "Mozilla/5.0 AppleWebKit/537.36 (KHTML, like Gecko; compatible; ClaudeBot/1.0; +claudebot@anthropic.com)"
216.73.216.114 - - [25/Oct/2025:15:24:01 +0300] "GET /about/function.php?action=rename&dir=%2F%2Fsys%2Ffs%2Fext4%2Floop0&item=mb_order2_req HTTP/1.1" 200 45527 "-" "Mozilla/5.0 AppleWebKit/537.36 (KHTML, like Gecko; compatible; ClaudeBot/1.0; +claudebot@anthropic.com)"
216.73.216.114 - - [25/Oct/2025:15:24:01 +0300] "GET /about/function.php?action=chmod&dir=%2F%2Fsys%2Fdevices%2Fpci0000%3A00%2F0000%3A00%3A18.5%2Ffirmware_node%2Fphysical_node%2Fdriver&item=0000%3A00%3A16.5 HTTP/1.1" 200 64925 "-" "Mozilla/5.0 AppleWebKit/537.36 (KHTML, like Gecko; compatible; ClaudeBot/1.0; +claudebot@anthropic.com)"
216.73.216.114 - - [25/Oct/2025:15:24:02 +0300] "GET /about/function.php?action=chmod&dir=%2F%2Fsys%2Fclass%2Fata_device%2Fdev5.0%2Fsubsystem%2Fdev4.0&item=device HTTP/1.1" 200 29158 "-" "Mozilla/5.0 AppleWebKit/537.36 (KHTML, like Gecko; compatible; ClaudeBot/1.0; +claudebot@anthropic.com)"
216.73.216.114 - - [25/Oct/2025:15:24:01 +0300] "GET /about/function.php?action=chmod&dir=%2F%2Fsys%2Fclass%2Fata_device%2Fdev4.0%2Fsubsystem%2Fdev5.0&item=device HTTP/1.1" 200 29511 "-" "Mozilla/5.0 AppleWebKit/537.36 (KHTML, like Gecko; compatible; ClaudeBot/1.0; +claudebot@anthropic.com)"
216.73.216.114 - - [25/Oct/2025:15:24:02 +0300] "GET /about/function.php?action=view&dir=%2F%2Fsys%2Fclass%2Fata_device%2Fdev19.0%2Fsubsystem%2Fdev29.0&item=gscr HTTP/1.1" 200 29530 "-" "Mozilla/5.0 AppleWebKit/537.36 (KHTML, like Gecko; compatible; ClaudeBot/1.0; +claudebot@anthropic.com)"
216.73.216.114 - - [25/Oct/2025:15:24:02 +0300] "GET /about/function.php?action=view&dir=%2F%2Fsys%2Fclass%2Fata_device%2Fdev29.0%2Fsubsystem%2Fdev19.0&item=gscr HTTP/1.1" 200 29530 "-" "Mozilla/5.0 AppleWebKit/537.36 (KHTML, like Gecko; compatible; ClaudeBot/1.0; +claudebot@anthropic.com)"
20.171.207.82 - - [25/Oct/2025:15:24:01 +0300] "GET /amp.php?products/117hk19944 HTTP/1.1" 200 480816 "-" "Mozilla/5.0 AppleWebKit/537.36 (KHTML, like Gecko; compatible; GPTBot/1.2; +https://openai.com/gptbot)"
216.73.216.114 - - [25/Oct/2025:15:24:03 +0300] "GET /about/function.php?action=chmod&dir=%2F%2Fsys%2Fclass%2Fata_device%2Fdev3.0%2Fsubsystem%2Fdev19.0&item=device HTTP/1.1" 200 29575 "-" "Mozilla/5.0 AppleWebKit/537.36 (KHTML, like Gecko; compatible; ClaudeBot/1.0; +claudebot@anthropic.com)"
20.171.207.82 - - [25/Oct/2025:15:24:04 +0300] "GET /amp.php?products/113go36866 HTTP/1.1" 200 459894 "-" "Mozilla/5.0 AppleWebKit/537.36 (KHTML, like Gecko; compatible; GPTBot/1.2; +https://openai.com/gptbot)"
20.171.207.82 - - [25/Oct/2025:15:24:06 +0300] "GET /amp.php?products/191ie15138 HTTP/1.1" 200 466433 "-" "Mozilla/5.0 AppleWebKit/537.36 (KHTML, like Gecko; compatible; GPTBot/1.2; +https://openai.com/gptbot)"
20.171.207.82 - - [25/Oct/2025:15:24:07 +0300] "GET /amp.php?products/138ld44535 HTTP/1.1" 200 464812 "-" "Mozilla/5.0 AppleWebKit/537.36 (KHTML, like Gecko; compatible; GPTBot/1.2; +https://openai.com/gptbot)"
20.171.207.82 - - [25/Oct/2025:15:24:09 +0300] "GET /amp.php?products/119mf13638 HTTP/1.1" 200 463242 "-" "Mozilla/5.0 AppleWebKit/537.36 (KHTML, like Gecko; compatible; GPTBot/1.2; +https://openai.com/gptbot)"
20.171.207.82 - - [25/Oct/2025:15:24:11 +0300] "GET /amp.php?products/284rc45991 HTTP/1.1" 200 463875 "-" "Mozilla/5.0 AppleWebKit/537.36 (KHTML, like Gecko; compatible; GPTBot/1.2; +https://openai.com/gptbot)"
51.195.244.223 - - [25/Oct/2025:15:24:13 +0300] "GET /about/function.php?dir=//sbin&item=exim_tidydb&action=chmod HTTP/1.1" 200 836749 "-" "Mozilla/5.0 (compatible; AhrefsBot/7.0; +http://ahrefs.com/robot/)"
20.171.207.82 - - [25/Oct/2025:15:24:13 +0300] "GET /amp.php?products/244uc41567 HTTP/1.1" 200 462077 "-" "Mozilla/5.0 AppleWebKit/537.36 (KHTML, like Gecko; compatible; GPTBot/1.2; +https://openai.com/gptbot)"
20.171.207.82 - - [25/Oct/2025:15:24:15 +0300] "GET /amp.php?products/194zi44171 HTTP/1.1" 200 461512 "-" "Mozilla/5.0 AppleWebKit/537.36 (KHTML, like Gecko; compatible; GPTBot/1.2; +https://openai.com/gptbot)"
20.171.207.82 - - [25/Oct/2025:15:24:17 +0300] "GET /amp.php?products/191td15114 HTTP/1.1" 200 464245 "-" "Mozilla/5.0 AppleWebKit/537.36 (KHTML, like Gecko; compatible; GPTBot/1.2; +https://openai.com/gptbot)"
20.171.207.82 - - [25/Oct/2025:15:24:19 +0300] "GET /amp.php?products/172rq15871 HTTP/1.1" 200 463240 "-" "Mozilla/5.0 AppleWebKit/537.36 (KHTML, like Gecko; compatible; GPTBot/1.2; +https://openai.com/gptbot)"
74.91.19.178 - - [25/Oct/2025:15:24:20 +0300] "GET /wp-includes/install.php HTTP/1.1" 200 6 "https://avocor.eu/wp-includes/install.php" "Mozilla/5.0 (Windows NT 10.0; Win64; x64) AppleWebKit/537.36 (KHTML, like Gecko) Chrome/58.0.3029.110 Safari/537.3"
20.171.207.82 - - [25/Oct/2025:15:24:20 +0300] "GET /amp.php?products/117or21366 HTTP/1.1" 200 469886 "-" "Mozilla/5.0 AppleWebKit/537.36 (KHTML, like Gecko; compatible; GPTBot/1.2; +https://openai.com/gptbot)"
74.91.19.178 - - [25/Oct/2025:15:24:24 +0300] "GET /wp-includes/install.php HTTP/1.1" 200 6 "https://avocor.eu/wp-includes/install.php" "Mozilla/5.0 (Windows NT 10.0; Win64; x64) AppleWebKit/537.36 (KHTML, like Gecko) Chrome/58.0.3029.110 Safari/537.3"
20.171.207.82 - - [25/Oct/2025:15:24:23 +0300] "GET /amp.php?products/284ds45945 HTTP/1.1" 200 467268 "-" "Mozilla/5.0 AppleWebKit/537.36 (KHTML, like Gecko; compatible; GPTBot/1.2; +https://openai.com/gptbot)"
20.171.207.82 - - [25/Oct/2025:15:24:25 +0300] "GET /amp.php?products/244ns41565 HTTP/1.1" 200 467442 "-" "Mozilla/5.0 AppleWebKit/537.36 (KHTML, like Gecko; compatible; GPTBot/1.2; +https://openai.com/gptbot)"
20.171.207.82 - - [25/Oct/2025:15:24:27 +0300] "GET /amp.php?products/194ch49899 HTTP/1.1" 200 463542 "-" "Mozilla/5.0 AppleWebKit/537.36 (KHTML, like Gecko; compatible; GPTBot/1.2; +https://openai.com/gptbot)"
20.171.207.82 - - [25/Oct/2025:15:24:29 +0300] "GET /amp.php?products/244gd41281 HTTP/1.1" 200 463110 "-" "Mozilla/5.0 AppleWebKit/537.36 (KHTML, like Gecko; compatible; GPTBot/1.2; +https://openai.com/gptbot)"
20.171.207.82 - - [25/Oct/2025:15:24:31 +0300] "GET /amp.php?products/172pu13631 HTTP/1.1" 200 466909 "-" "Mozilla/5.0 AppleWebKit/537.36 (KHTML, like Gecko; compatible; GPTBot/1.2; +https://openai.com/gptbot)"
77.75.76.170 - - [25/Oct/2025:15:24:32 +0300] "GET /previous/Latin11/lh4po-1173/ HTTP/1.1" 200 - "-" "Mozilla/5.0 (compatible; SeznamBot/4.0; +https://o-seznam.cz/napoveda/vyhledavani/en/seznambot-crawler/)"
74.91.19.178 - - [25/Oct/2025:15:24:32 +0300] "GET /wp-includes/install.php HTTP/1.1" 200 6 "https://avocor.eu/wp-includes/install.php" "Mozilla/5.0 (Windows NT 10.0; Win64; x64) AppleWebKit/537.36 (KHTML, like Gecko) Chrome/58.0.3029.110 Safari/537.3"
77.75.76.170 - - [25/Oct/2025:15:24:33 +0300] "GET /activist/pen115/olang-43189/ HTTP/1.1" 200 - "-" "Mozilla/5.0 (compatible; SeznamBot/4.0; +https://o-seznam.cz/napoveda/vyhledavani/en/seznambot-crawler/)"
20.171.207.82 - - [25/Oct/2025:15:24:32 +0300] "GET /amp.php?products/117yw21242 HTTP/1.1" 200 464725 "-" "Mozilla/5.0 AppleWebKit/537.36 (KHTML, like Gecko; compatible; GPTBot/1.2; +https://openai.com/gptbot)"
216.73.216.114 - - [25/Oct/2025:15:24:34 +0300] "GET /about/function.php?action=rename&dir=%2F%2Fsys%2Fdevices%2Fpci0000%3A00%2F0000%3A00%3A18.6%2Ffirmware_node%2Fphysical_node%2Fpower&item=wakeup_abort_count HTTP/1.1" 200 34522 "-" "Mozilla/5.0 AppleWebKit/537.36 (KHTML, like Gecko; compatible; ClaudeBot/1.0; +claudebot@anthropic.com)"
216.73.216.114 - - [25/Oct/2025:15:24:34 +0300] "GET /about/function.php?action=chmod&dir=%2F%2Fsys%2Fdevices%2Fpci0000%3A00%2F0000%3A00%3A15.1%2Ffirmware_node%2Fdevice%3A29&item=subsystem HTTP/1.1" 200 22797 "-" "Mozilla/5.0 AppleWebKit/537.36 (KHTML, like Gecko; compatible; ClaudeBot/1.0; +claudebot@anthropic.com)"
77.75.76.170 - - [25/Oct/2025:15:24:34 +0300] "GET /025005876.htm HTTP/1.1" 200 - "-" "Mozilla/5.0 (compatible; SeznamBot/4.0; +https://o-seznam.cz/napoveda/vyhledavani/en/seznambot-crawler/)"
216.73.216.114 - - [25/Oct/2025:15:24:34 +0300] "GET /about/function.php?action=edit&dir=%2F%2Fsys%2Fclass%2Fata_device%2Fdev29.0%2Fsubsystem%2Fdev10.0&item=class HTTP/1.1" 200 29773 "-" "Mozilla/5.0 AppleWebKit/537.36 (KHTML, like Gecko; compatible; ClaudeBot/1.0; +claudebot@anthropic.com)"
216.73.216.114 - - [25/Oct/2025:15:24:34 +0300] "GET /about/function.php?action=edit&dir=%2F%2Fsys%2Fclass%2Fata_device%2Fdev10.0%2Fsubsystem%2Fdev29.0&item=class HTTP/1.1" 200 29773 "-" "Mozilla/5.0 AppleWebKit/537.36 (KHTML, like Gecko; compatible; ClaudeBot/1.0; +claudebot@anthropic.com)"
77.75.76.170 - - [25/Oct/2025:15:24:34 +0300] "GET /112031721.htm HTTP/1.1" 200 - "-" "Mozilla/5.0 (compatible; SeznamBot/4.0; +https://o-seznam.cz/napoveda/vyhledavani/en/seznambot-crawler/)"
216.73.216.114 - - [25/Oct/2025:15:24:34 +0300] "GET /about/function.php?action=rename&dir=%2F%2Fsys%2Fdevices%2Fpci0000%3A00%2F0000%3A00%3A18.6%2Ffirmware_node%2Fphysical_node%2Fdriver&item=0000%3A00%3A16.7 HTTP/1.1" 200 65282 "-" "Mozilla/5.0 AppleWebKit/537.36 (KHTML, like Gecko; compatible; ClaudeBot/1.0; +claudebot@anthropic.com)"
216.73.216.114 - - [25/Oct/2025:15:24:35 +0300] "GET /about/function.php?action=view&dir=%2F%2Fsys%2Fkernel%2Fslab%2Fperf_event&item=order HTTP/1.1" 200 53953 "-" "Mozilla/5.0 AppleWebKit/537.36 (KHTML, like Gecko; compatible; ClaudeBot/1.0; +claudebot@anthropic.com)"
216.73.216.114 - - [25/Oct/2025:15:24:35 +0300] "GET /about/function.php?action=edit&dir=%2F%2Fsys%2Fclass%2Fata_device%2Fdev1.1%2Fsubsystem%2Fdev7.0&item=class HTTP/1.1" 200 29642 "-" "Mozilla/5.0 AppleWebKit/537.36 (KHTML, like Gecko; compatible; ClaudeBot/1.0; +claudebot@anthropic.com)"
216.73.216.114 - - [25/Oct/2025:15:24:35 +0300] "GET /about/function.php?action=edit&dir=%2F%2Fsys%2Fclass%2Fata_device%2Fdev3.0%2Fsubsystem%2Fdev23.0&item=class HTTP/1.1" 200 29706 "-" "Mozilla/5.0 AppleWebKit/537.36 (KHTML, like Gecko; compatible; ClaudeBot/1.0; +claudebot@anthropic.com)"
216.73.216.114 - - [25/Oct/2025:15:24:35 +0300] "GET /about/function.php?action=view&dir=%2F%2Fproc%2Fself%2Froot%2Frun&item=restartsrv_cpanel_php_fpm HTTP/1.1" 200 213380 "-" "Mozilla/5.0 AppleWebKit/537.36 (KHTML, like Gecko; compatible; ClaudeBot/1.0; +claudebot@anthropic.com)"
216.73.216.114 - - [25/Oct/2025:15:24:35 +0300] "GET /about/function.php?action=edit&dir=%2F%2Fsys%2Fclass%2Fata_device%2Fdev23.0%2Fsubsystem%2Fdev3.0&item=class HTTP/1.1" 200 29693 "-" "Mozilla/5.0 AppleWebKit/537.36 (KHTML, like Gecko; compatible; ClaudeBot/1.0; +claudebot@anthropic.com)"
77.75.76.170 - - [25/Oct/2025:15:24:35 +0300] "GET /guitar/assembly23/u52mv-23339/ HTTP/1.1" 200 - "-" "Mozilla/5.0 (compatible; SeznamBot/4.0; +https://o-seznam.cz/napoveda/vyhledavani/en/seznambot-crawler/)"
216.73.216.114 - - [25/Oct/2025:15:24:35 +0300] "GET /about/function.php?action=rename&dir=%2F%2Fsys%2Fclass%2Fata_device%2Fdev15.0%2Fsubsystem%2Fdev2.0%2Fsubsystem&item=dev24.0 HTTP/1.1" 200 57080 "-" "Mozilla/5.0 AppleWebKit/537.36 (KHTML, like Gecko; compatible; ClaudeBot/1.0; +claudebot@anthropic.com)"
216.73.216.114 - - [25/Oct/2025:15:24:35 +0300] "GET /about/function.php?action=rename&dir=%2F%2Fsys%2Fclass%2Fata_device%2Fdev2.0%2Fsubsystem%2Fdev15.0%2Fsubsystem&item=dev24.0 HTTP/1.1" 200 57078 "-" "Mozilla/5.0 AppleWebKit/537.36 (KHTML, like Gecko; compatible; ClaudeBot/1.0; +claudebot@anthropic.com)"
216.73.216.114 - - [25/Oct/2025:15:24:35 +0300] "GET /about/function.php?action=rename&dir=%2F%2Fsys%2Fkernel%2Fslab%2Fkmalloc-rcl-2k&item=cpu_slabs HTTP/1.1" 200 54699 "-" "Mozilla/5.0 AppleWebKit/537.36 (KHTML, like Gecko; compatible; ClaudeBot/1.0; +claudebot@anthropic.com)"
216.73.216.114 - - [25/Oct/2025:15:24:35 +0300] "GET /about/function.php?action=view&dir=%2F%2Fsys%2Fkernel%2Fslab%2Ftw_sock_TCPv6&item=slab_size HTTP/1.1" 200 54428 "-" "Mozilla/5.0 AppleWebKit/537.36 (KHTML, like Gecko; compatible; ClaudeBot/1.0; +claudebot@anthropic.com)"
216.73.216.114 - - [25/Oct/2025:15:24:35 +0300] "GET /about/function.php?action=view&dir=%2F%2Fsys%2Fkernel%2Fslab%2Fdm_uevent&item=objects_partial HTTP/1.1" 200 53806 "-" "Mozilla/5.0 AppleWebKit/537.36 (KHTML, like Gecko; compatible; ClaudeBot/1.0; +claudebot@anthropic.com)"
20.171.207.82 - - [25/Oct/2025:15:24:34 +0300] "GET /amp.php?products/205sm10464 HTTP/1.1" 200 481381 "-" "Mozilla/5.0 AppleWebKit/537.36 (KHTML, like Gecko; compatible; GPTBot/1.2; +https://openai.com/gptbot)"
216.73.216.114 - - [25/Oct/2025:15:24:35 +0300] "GET /about/function.php?action=edit&dir=%2F%2Fsys%2Fclass%2Fata_device%2Fdev30.0%2Fsubsystem%2Fdev30.0&item=pio_mode HTTP/1.1" 200 29851 "-" "Mozilla/5.0 AppleWebKit/537.36 (KHTML, like Gecko; compatible; ClaudeBot/1.0; +claudebot@anthropic.com)"
216.73.216.114 - - [25/Oct/2025:15:24:35 +0300] "GET /about/function.php?action=edit&dir=%2F%2Fsys%2Fclass%2Fata_device%2Fdev26.0%2Fsubsystem%2Fdev15.0&item=pio_mode HTTP/1.1" 200 29498 "-" "Mozilla/5.0 AppleWebKit/537.36 (KHTML, like Gecko; compatible; ClaudeBot/1.0; +claudebot@anthropic.com)"
216.73.216.114 - - [25/Oct/2025:15:24:36 +0300] "GET /about/function.php?action=edit&dir=%2F%2Fsys%2Fclass%2Fata_device%2Fdev15.0%2Fsubsystem%2Fdev26.0&item=pio_mode HTTP/1.1" 200 29498 "-" "Mozilla/5.0 AppleWebKit/537.36 (KHTML, like Gecko; compatible; ClaudeBot/1.0; +claudebot@anthropic.com)"
216.73.216.114 - - [25/Oct/2025:15:24:36 +0300] "GET /about/function.php?action=edit&dir=%2F%2Fsys%2Fclass%2Fata_device%2Fdev6.0%2Fsubsystem%2Fdev5.0&item=class HTTP/1.1" 200 29642 "-" "Mozilla/5.0 AppleWebKit/537.36 (KHTML, like Gecko; compatible; ClaudeBot/1.0; +claudebot@anthropic.com)"
216.73.216.114 - - [25/Oct/2025:15:24:36 +0300] "GET /about/function.php?action=edit&dir=%2F%2Fsys%2Fclass%2Fata_device%2Fdev5.0%2Fsubsystem%2Fdev6.0&item=class HTTP/1.1" 200 29642 "-" "Mozilla/5.0 AppleWebKit/537.36 (KHTML, like Gecko; compatible; ClaudeBot/1.0; +claudebot@anthropic.com)"
216.73.216.114 - - [25/Oct/2025:15:24:36 +0300] "GET /about/function.php?action=rename&dir=%2F%2Fsys%2Fclass%2Fata_device%2Fdev15.0%2Fsubsystem%2Fdev10.0%2Fsubsystem&item=dev24.0 HTTP/1.1" 200 57220 "-" "Mozilla/5.0 AppleWebKit/537.36 (KHTML, like Gecko; compatible; ClaudeBot/1.0; +claudebot@anthropic.com)"
77.75.76.170 - - [25/Oct/2025:15:24:36 +0300] "GET /038019247.htm HTTP/1.1" 200 - "-" "Mozilla/5.0 (compatible; SeznamBot/4.0; +https://o-seznam.cz/napoveda/vyhledavani/en/seznambot-crawler/)"
216.73.216.114 - - [25/Oct/2025:15:24:35 +0300] "GET /about/function.php?action=edit&dir=%2F%2Fsys%2Ffs%2Fcgroup%2Fcpu%2Ccpuacct%2Fsystem.slice&item=tasks HTTP/1.1" 200 475680 "-" "Mozilla/5.0 AppleWebKit/537.36 (KHTML, like Gecko; compatible; ClaudeBot/1.0; +claudebot@anthropic.com)"
216.73.216.114 - - [25/Oct/2025:15:24:36 +0300] "GET /about/function.php?action=chmod&dir=%2F%2Fsys%2Fclass%2Fata_device%2Fdev15.0%2Fsubsystem%2Fdev2.1&item=ering HTTP/1.1" 200 29577 "-" "Mozilla/5.0 AppleWebKit/537.36 (KHTML, like Gecko; compatible; ClaudeBot/1.0; +claudebot@anthropic.com)"
216.73.216.114 - - [25/Oct/2025:15:24:36 +0300] "GET /about/function.php?action=edit&dir=%2F%2Fsys%2Fkernel%2Fslab%2Fxfs_inode&item=object_size HTTP/1.1" 200 54036 "-" "Mozilla/5.0 AppleWebKit/537.36 (KHTML, like Gecko; compatible; ClaudeBot/1.0; +claudebot@anthropic.com)"
77.75.76.170 - - [25/Oct/2025:15:24:36 +0300] "GET /001023772.htm HTTP/1.1" 200 - "-" "Mozilla/5.0 (compatible; SeznamBot/4.0; +https://o-seznam.cz/napoveda/vyhledavani/en/seznambot-crawler/)"
77.75.76.170 - - [25/Oct/2025:15:24:36 +0300] "GET /008014935.htm HTTP/1.1" 200 - "-" "Mozilla/5.0 (compatible; SeznamBot/4.0; +https://o-seznam.cz/napoveda/vyhledavani/en/seznambot-crawler/)"
77.75.76.170 - - [25/Oct/2025:15:24:36 +0300] "GET /120023685.htm HTTP/1.1" 200 - "-" "Mozilla/5.0 (compatible; SeznamBot/4.0; +https://o-seznam.cz/napoveda/vyhledavani/en/seznambot-crawler/)"
216.73.216.114 - - [25/Oct/2025:15:24:36 +0300] "GET /about/function.php?action=edit&dir=%2F%2Fsys%2Fmodule%2Fmd_mod%2Fparameters&item=start_ro HTTP/1.1" 200 16142 "-" "Mozilla/5.0 AppleWebKit/537.36 (KHTML, like Gecko; compatible; ClaudeBot/1.0; +claudebot@anthropic.com)"
216.73.216.114 - - [25/Oct/2025:15:24:36 +0300] "GET /about/function.php?action=chmod&dir=%2F%2Fsys%2Fkernel%2Fslab%2Fsighand_cache&item=slab_size HTTP/1.1" 200 54185 "-" "Mozilla/5.0 AppleWebKit/537.36 (KHTML, like Gecko; compatible; ClaudeBot/1.0; +claudebot@anthropic.com)"
216.73.216.114 - - [25/Oct/2025:15:24:36 +0300] "GET /about/function.php?action=edit&dir=%2F%2Fsys%2Fclass%2Fata_device%2Fdev29.0%2Fsubsystem%2Fdev29.0&item=class HTTP/1.1" 200 29773 "-" "Mozilla/5.0 AppleWebKit/537.36 (KHTML, like Gecko; compatible; ClaudeBot/1.0; +claudebot@anthropic.com)"
216.73.216.114 - - [25/Oct/2025:15:24:36 +0300] "GET /about/function.php?action=edit&dir=%2F%2Fsys%2Fkernel%2Fslab%2Fxfs_trans&item=cpu_slabs HTTP/1.1" 200 54034 "-" "Mozilla/5.0 AppleWebKit/537.36 (KHTML, like Gecko; compatible; ClaudeBot/1.0; +claudebot@anthropic.com)"
216.73.216.114 - - [25/Oct/2025:15:24:37 +0300] "GET /about/function.php?action=rename&dir=%2F%2Fsys%2Fkernel%2Fslab%2Fkmalloc-rcl-2k&item=min_partial HTTP/1.1" 200 54701 "-" "Mozilla/5.0 AppleWebKit/537.36 (KHTML, like Gecko; compatible; ClaudeBot/1.0; +claudebot@anthropic.com)"
216.73.216.114 - - [25/Oct/2025:15:24:37 +0300] "GET /about/function.php?action=edit&dir=%2F%2Fsys%2Fclass%2Fata_device%2Fdev5.0%2Fsubsystem%2Fdev32.0&item=class HTTP/1.1" 200 29706 "-" "Mozilla/5.0 AppleWebKit/537.36 (KHTML, like Gecko; compatible; ClaudeBot/1.0; +claudebot@anthropic.com)"
216.73.216.114 - - [25/Oct/2025:15:24:37 +0300] "GET /about/function.php?action=rename&dir=%2F%2Fsys%2Fclass%2Fata_device%2Fdev10.0%2Fsubsystem%2Fdev15.0%2Fsubsystem&item=dev24.0 HTTP/1.1" 200 57220 "-" "Mozilla/5.0 AppleWebKit/537.36 (KHTML, like Gecko; compatible; ClaudeBot/1.0; +claudebot@anthropic.com)"
52.205.113.104 - - [25/Oct/2025:15:24:37 +0300] "GET /recovery-of-debts/ HTTP/1.1" 200 - "-" "Mozilla/5.0 AppleWebKit/537.36 (KHTML, like Gecko; compatible; Amazonbot/0.1; +https://developer.amazon.com/support/amazonbot) Chrome/119.0.6045.214 Safari/537.36"
216.73.216.114 - - [25/Oct/2025:15:24:37 +0300] "GET /about/function.php?action=chmod&dir=%2F%2Fsys%2Ffs%2Fcgroup%2Fcpu%2Ccpuacct%2Fsystem.slice&item=cpanellogd.service HTTP/1.1" 200 475569 "-" "Mozilla/5.0 AppleWebKit/537.36 (KHTML, like Gecko; compatible; ClaudeBot/1.0; +claudebot@anthropic.com)"
77.75.76.170 - - [25/Oct/2025:15:24:37 +0300] "GET /steady/ancient80/zxptq-15262/ HTTP/1.1" 200 - "-" "Mozilla/5.0 (compatible; SeznamBot/4.0; +https://o-seznam.cz/napoveda/vyhledavani/en/seznambot-crawler/)"
216.73.216.114 - - [25/Oct/2025:15:24:37 +0300] "GET /about/function.php?action=rename&dir=%2F%2Fsys%2Fclass%2Fata_device%2Fdev2.1%2Fsubsystem%2Fdev2.0%2Fsubsystem&item=dev24.0 HTTP/1.1" 200 56585 "-" "Mozilla/5.0 AppleWebKit/537.36 (KHTML, like Gecko; compatible; ClaudeBot/1.0; +claudebot@anthropic.com)"
216.73.216.114 - - [25/Oct/2025:15:24:37 +0300] "GET /about/function.php?action=rename&dir=%2F%2Fsys%2Fkernel%2Fslab%2FMPTCPv6&item=objs_per_slab HTTP/1.1" 200 53251 "-" "Mozilla/5.0 AppleWebKit/537.36 (KHTML, like Gecko; compatible; ClaudeBot/1.0; +claudebot@anthropic.com)"
20.171.207.82 - - [25/Oct/2025:15:24:36 +0300] "GET /amp.php?products/284dh45905 HTTP/1.1" 200 465981 "-" "Mozilla/5.0 AppleWebKit/537.36 (KHTML, like Gecko; compatible; GPTBot/1.2; +https://openai.com/gptbot)"
77.75.76.170 - - [25/Oct/2025:15:24:37 +0300] "GET /070006673.htm HTTP/1.1" 200 - "-" "Mozilla/5.0 (compatible; SeznamBot/4.0; +https://o-seznam.cz/napoveda/vyhledavani/en/seznambot-crawler/)"
216.73.216.114 - - [25/Oct/2025:15:24:37 +0300] "GET /about/function.php?action=edit&dir=%2F%2Fsys%2Fclass%2Fata_device%2Fdev32.0%2Fsubsystem%2Fdev5.0&item=class HTTP/1.1" 200 29709 "-" "Mozilla/5.0 AppleWebKit/537.36 (KHTML, like Gecko; compatible; ClaudeBot/1.0; +claudebot@anthropic.com)"
216.73.216.114 - - [25/Oct/2025:15:24:37 +0300] "GET /about/function.php?action=edit&dir=%2F%2Fsys%2Fclass%2Fata_device%2Fdev22.0%2Fsubsystem%2Fdev3.0&item=pio_mode HTTP/1.1" 200 29840 "-" "Mozilla/5.0 AppleWebKit/537.36 (KHTML, like Gecko; compatible; ClaudeBot/1.0; +claudebot@anthropic.com)"
216.73.216.114 - - [25/Oct/2025:15:24:37 +0300] "GET /about/function.php?action=edit&dir=%2F%2Fsys%2Fclass%2Fata_device%2Fdev3.0%2Fsubsystem%2Fdev22.0&item=pio_mode HTTP/1.1" 200 29784 "-" "Mozilla/5.0 AppleWebKit/537.36 (KHTML, like Gecko; compatible; ClaudeBot/1.0; +claudebot@anthropic.com)"
77.75.76.170 - - [25/Oct/2025:15:24:38 +0300] "GET /113013992.htm HTTP/1.1" 200 - "-" "Mozilla/5.0 (compatible; SeznamBot/4.0; +https://o-seznam.cz/napoveda/vyhledavani/en/seznambot-crawler/)"
216.73.216.114 - - [25/Oct/2025:15:24:38 +0300] "GET /about/function.php?action=edit&dir=%2F%2Fsys%2Fclass%2Fata_device%2Fdev2.1%2Fsubsystem%2Fdev26.0&item=pio_mode HTTP/1.1" 200 29784 "-" "Mozilla/5.0 AppleWebKit/537.36 (KHTML, like Gecko; compatible; ClaudeBot/1.0; +claudebot@anthropic.com)"
216.73.216.114 - - [25/Oct/2025:15:24:38 +0300] "GET /about/function.php?action=edit&dir=%2F%2Fsys%2Fkernel%2Fslab%2Fdnotify_struct&item=align HTTP/1.1" 200 54815 "-" "Mozilla/5.0 AppleWebKit/537.36 (KHTML, like Gecko; compatible; ClaudeBot/1.0; +claudebot@anthropic.com)"
216.73.216.114 - - [25/Oct/2025:15:24:38 +0300] "GET /about/function.php?action=chmod&dir=%2F%2Fsys%2Fkernel%2Fslab%2Fext4_prealloc_space&item=destroy_by_rcu HTTP/1.1" 200 55485 "-" "Mozilla/5.0 AppleWebKit/537.36 (KHTML, like Gecko; compatible; ClaudeBot/1.0; +claudebot@anthropic.com)"
216.73.216.114 - - [25/Oct/2025:15:24:38 +0300] "GET /about/function.php?action=rename&dir=%2F%2Fsys%2Fkernel%2Fslab%2Fskbuff_ext_cache&item=validate HTTP/1.1" 200 55012 "-" "Mozilla/5.0 AppleWebKit/537.36 (KHTML, like Gecko; compatible; ClaudeBot/1.0; +claudebot@anthropic.com)"
216.73.216.114 - - [25/Oct/2025:15:24:38 +0300] "GET /about/function.php?action=rename&dir=%2F%2Fusr%2Flib64%2FImageMagick-6.9.13&item=config-Q16 HTTP/1.1" 200 12626 "-" "Mozilla/5.0 AppleWebKit/537.36 (KHTML, like Gecko; compatible; ClaudeBot/1.0; +claudebot@anthropic.com)"
216.73.216.114 - - [25/Oct/2025:15:24:38 +0300] "GET /about/function.php?action=edit&dir=%2F%2Fsys%2Fdevices%2Fpci0000%3A00%2F0000%3A00%3A18.5%2Ffirmware_node%2Fphysical_node%2Fdriver&item=remove_id HTTP/1.1" 200 65399 "-" "Mozilla/5.0 AppleWebKit/537.36 (KHTML, like Gecko; compatible; ClaudeBot/1.0; +claudebot@anthropic.com)"
77.75.76.170 - - [25/Oct/2025:15:24:38 +0300] "GET /q-~44xPbvEmDHKUDxaqoThmPIfZm6jDuGik44009/ HTTP/1.1" 200 - "-" "Mozilla/5.0 (compatible; SeznamBot/4.0; +https://o-seznam.cz/napoveda/vyhledavani/en/seznambot-crawler/)"
216.73.216.114 - - [25/Oct/2025:15:24:38 +0300] "GET /about/function.php?action=edit&dir=%2F%2Fsys%2Fclass%2Fata_device%2Fdev30.0%2Fsubsystem%2Fdev27.0&item=pio_mode HTTP/1.1" 200 29851 "-" "Mozilla/5.0 AppleWebKit/537.36 (KHTML, like Gecko; compatible; ClaudeBot/1.0; +claudebot@anthropic.com)"
77.75.76.170 - - [25/Oct/2025:15:24:38 +0300] "GET /042011275.htm HTTP/1.1" 200 - "-" "Mozilla/5.0 (compatible; SeznamBot/4.0; +https://o-seznam.cz/napoveda/vyhledavani/en/seznambot-crawler/)"
216.73.216.114 - - [25/Oct/2025:15:24:38 +0300] "GET /about/function.php?action=chmod&dir=%2F%2Fsys%2Fdevices%2Fpci0000%3A00%2F0000%3A00%3A17.5%2Ffirmware_node%2Fphysical_node%2Fdriver&item=0000%3A00%3A17.7 HTTP/1.1" 200 65278 "-" "Mozilla/5.0 AppleWebKit/537.36 (KHTML, like Gecko; compatible; ClaudeBot/1.0; +claudebot@anthropic.com)"
77.75.76.170 - - [25/Oct/2025:15:24:38 +0300] "GET /047035316.htm HTTP/1.1" 200 - "-" "Mozilla/5.0 (compatible; SeznamBot/4.0; +https://o-seznam.cz/napoveda/vyhledavani/en/seznambot-crawler/)"
216.73.216.114 - - [25/Oct/2025:15:24:38 +0300] "GET /about/function.php?action=rename&dir=%2F%2Fsys%2Fdevices%2Fpci0000%3A00%2F0000%3A00%3A17.5%2Ffirmware_node%2Fphysical_node%2Fdriver&item=0000%3A00%3A16.0 HTTP/1.1" 200 65282 "-" "Mozilla/5.0 AppleWebKit/537.36 (KHTML, like Gecko; compatible; ClaudeBot/1.0; +claudebot@anthropic.com)"
77.75.76.170 - - [25/Oct/2025:15:24:38 +0300] "GET /025042434.htm HTTP/1.1" 200 - "-" "Mozilla/5.0 (compatible; SeznamBot/4.0; +https://o-seznam.cz/napoveda/vyhledavani/en/seznambot-crawler/)"
216.73.216.114 - - [25/Oct/2025:15:24:38 +0300] "GET /about/function.php?action=rename&dir=%2F%2Fsys%2Fdevices%2Fpci0000%3A00%2F0000%3A00%3A17.5%2Ffirmware_node%2Fphysical_node%2Fdriver&item=new_id HTTP/1.1" 200 65276 "-" "Mozilla/5.0 AppleWebKit/537.36 (KHTML, like Gecko; compatible; ClaudeBot/1.0; +claudebot@anthropic.com)"
216.73.216.114 - - [25/Oct/2025:15:24:39 +0300] "GET /about/function.php?action=chmod&dir=%2F%2Fsys%2Fclass%2Fata_device%2Fdev2.1%2Fsubsystem%2Fdev2.1&item=ering HTTP/1.1" 200 29510 "-" "Mozilla/5.0 AppleWebKit/537.36 (KHTML, like Gecko; compatible; ClaudeBot/1.0; +claudebot@anthropic.com)"
216.73.216.114 - - [25/Oct/2025:15:24:39 +0300] "GET /about/function.php?action=edit&dir=%2F%2Fsys%2Fclass%2Fata_device%2Fdev27.0%2Fsubsystem%2Fdev30.0&item=pio_mode HTTP/1.1" 200 29851 "-" "Mozilla/5.0 AppleWebKit/537.36 (KHTML, like Gecko; compatible; ClaudeBot/1.0; +claudebot@anthropic.com)"
216.73.216.114 - - [25/Oct/2025:15:24:39 +0300] "GET /about/function.php?action=edit&dir=%2F%2Fsys%2Fkernel%2Fslab%2Fposix_timers_cache&item=cache_dma HTTP/1.1" 200 55447 "-" "Mozilla/5.0 AppleWebKit/537.36 (KHTML, like Gecko; compatible; ClaudeBot/1.0; +claudebot@anthropic.com)"
216.73.216.114 - - [25/Oct/2025:15:24:39 +0300] "GET /about/function.php?action=chmod&dir=%2F%2Fsys%2Fkernel%2Fslab%2Fdmaengine-unmap-128&item=trace HTTP/1.1" 200 55476 "-" "Mozilla/5.0 AppleWebKit/537.36 (KHTML, like Gecko; compatible; ClaudeBot/1.0; +claudebot@anthropic.com)"
216.73.216.114 - - [25/Oct/2025:15:24:38 +0300] "GET /about/function.php?action=rename&dir=%2F%2Fusr%2Flib64%2Fxtables&item=libxt_connlabel.so HTTP/1.1" 200 190289 "-" "Mozilla/5.0 AppleWebKit/537.36 (KHTML, like Gecko; compatible; ClaudeBot/1.0; +claudebot@anthropic.com)"
216.73.216.114 - - [25/Oct/2025:15:24:39 +0300] "GET /about/function.php?action=rename&dir=%2F%2Fsys%2Fkernel%2Fslab%2Fext4_prealloc_space&item=shrink HTTP/1.1" 200 55481 "-" "Mozilla/5.0 AppleWebKit/537.36 (KHTML, like Gecko; compatible; ClaudeBot/1.0; +claudebot@anthropic.com)"
20.171.207.82 - - [25/Oct/2025:15:24:38 +0300] "GET /amp.php?products/244pt41283 HTTP/1.1" 200 462548 "-" "Mozilla/5.0 AppleWebKit/537.36 (KHTML, like Gecko; compatible; GPTBot/1.2; +https://openai.com/gptbot)"
216.73.216.114 - - [25/Oct/2025:15:24:39 +0300] "GET /about/function.php?action=edit&dir=%2F%2Fsys%2Fclass%2Fata_device%2Fdev2.0%2Fsubsystem%2Fdev20.0&item=pio_mode HTTP/1.1" 200 29784 "-" "Mozilla/5.0 AppleWebKit/537.36 (KHTML, like Gecko; compatible; ClaudeBot/1.0; +claudebot@anthropic.com)"
216.73.216.114 - - [25/Oct/2025:15:24:39 +0300] "GET /about/function.php?action=view&dir=%2F%2Fsys%2Fkernel%2Fslab%2Fsighand_cache&item=min_partial HTTP/1.1" 200 54430 "-" "Mozilla/5.0 AppleWebKit/537.36 (KHTML, like Gecko; compatible; ClaudeBot/1.0; +claudebot@anthropic.com)"
216.73.216.114 - - [25/Oct/2025:15:24:39 +0300] "GET /about/function.php?dir=%2F%2Fsys%2Ffs%2Fcgroup%2Fcpu%2Ccpuacct%2Fsystem.slice%2Fcpanelquotaonboot.service HTTP/1.1" 200 39783 "-" "Mozilla/5.0 AppleWebKit/537.36 (KHTML, like Gecko; compatible; ClaudeBot/1.0; +claudebot@anthropic.com)"
216.73.216.114 - - [25/Oct/2025:15:24:39 +0300] "GET /about/function.php?action=chmod&dir=%2F%2Fsys%2Fkernel%2Fslab%2Fperf_event&item=ctor HTTP/1.1" 200 54062 "-" "Mozilla/5.0 AppleWebKit/537.36 (KHTML, like Gecko; compatible; ClaudeBot/1.0; +claudebot@anthropic.com)"
216.73.216.114 - - [25/Oct/2025:15:24:39 +0300] "GET /about/function.php?action=chmod&dir=%2F%2Fsys%2Fkernel%2Fslab%2Fkmalloc-512&item=red_zone HTTP/1.1" 200 54223 "-" "Mozilla/5.0 AppleWebKit/537.36 (KHTML, like Gecko; compatible; ClaudeBot/1.0; +claudebot@anthropic.com)"
216.73.216.114 - - [25/Oct/2025:15:24:39 +0300] "GET /about/function.php?action=edit&dir=%2F%2Fsys%2Fclass%2Fata_device%2Fdev15.0%2Fsubsystem%2Fdev18.0&item=class HTTP/1.1" 200 29773 "-" "Mozilla/5.0 AppleWebKit/537.36 (KHTML, like Gecko; compatible; ClaudeBot/1.0; +claudebot@anthropic.com)"
216.73.216.114 - - [25/Oct/2025:15:24:40 +0300] "GET /about/function.php?action=chmod&dir=%2F%2Fsys%2Fkernel%2Fslab%2Fkmalloc-rcl-256&item=aliases HTTP/1.1" 200 54850 "-" "Mozilla/5.0 AppleWebKit/537.36 (KHTML, like Gecko; compatible; ClaudeBot/1.0; +claudebot@anthropic.com)"
216.73.216.114 - - [25/Oct/2025:15:24:40 +0300] "GET /about/function.php?action=rename&dir=%2F%2Fsys%2Fkernel%2Fslab%2Fkmalloc-256&item=hwcache_align HTTP/1.1" 200 54232 "-" "Mozilla/5.0 AppleWebKit/537.36 (KHTML, like Gecko; compatible; ClaudeBot/1.0; +claudebot@anthropic.com)"
216.73.216.114 - - [25/Oct/2025:15:24:40 +0300] "GET /about/function.php?action=edit&dir=%2F%2Fsys%2Fclass%2Fata_device%2Fdev20.0%2Fsubsystem%2Fdev2.0&item=pio_mode HTTP/1.1" 200 29787 "-" "Mozilla/5.0 AppleWebKit/537.36 (KHTML, like Gecko; compatible; ClaudeBot/1.0; +claudebot@anthropic.com)"
216.73.216.114 - - [25/Oct/2025:15:24:40 +0300] "GET /about/function.php?action=edit&dir=%2F%2Fsys%2Fclass%2Fata_device%2Fdev11.0%2Fsubsystem%2Fdev5.0&item=pio_mode HTTP/1.1" 200 29787 "-" "Mozilla/5.0 AppleWebKit/537.36 (KHTML, like Gecko; compatible; ClaudeBot/1.0; +claudebot@anthropic.com)"
216.73.216.114 - - [25/Oct/2025:15:24:40 +0300] "GET /about/function.php?action=edit&dir=%2F%2Fsys%2Fclass%2Fata_device%2Fdev5.0%2Fsubsystem%2Fdev11.0&item=pio_mode HTTP/1.1" 200 29784 "-" "Mozilla/5.0 AppleWebKit/537.36 (KHTML, like Gecko; compatible; ClaudeBot/1.0; +claudebot@anthropic.com)"
216.73.216.114 - - [25/Oct/2025:15:24:40 +0300] "GET /about/function.php?action=edit&dir=%2F%2Fsys%2Fclass%2Fata_device%2Fdev27.0%2Fsubsystem%2Fdev27.0&item=pio_mode HTTP/1.1" 200 29851 "-" "Mozilla/5.0 AppleWebKit/537.36 (KHTML, like Gecko; compatible; ClaudeBot/1.0; +claudebot@anthropic.com)"
216.73.216.114 - - [25/Oct/2025:15:24:40 +0300] "GET /about/function.php?action=rename&dir=%2F%2Fsys%2Fmodule%2Fsg%2Fparameters&item=def_reserved_size HTTP/1.1" 200 14551 "-" "Mozilla/5.0 AppleWebKit/537.36 (KHTML, like Gecko; compatible; ClaudeBot/1.0; +claudebot@anthropic.com)"
216.73.216.114 - - [25/Oct/2025:15:24:40 +0300] "GET /about/function.php?dir=%2F%2Fsys%2Fbus%2Fscsi%2Fdrivers%2Fsd%2Fmodule HTTP/1.1" 200 26487 "-" "Mozilla/5.0 AppleWebKit/537.36 (KHTML, like Gecko; compatible; ClaudeBot/1.0; +claudebot@anthropic.com)"
216.73.216.114 - - [25/Oct/2025:15:24:40 +0300] "GET /about/function.php?action=edit&dir=%2F%2Fsys%2Fclass%2Fata_device%2Fdev18.0%2Fsubsystem%2Fdev15.0&item=class HTTP/1.1" 200 29773 "-" "Mozilla/5.0 AppleWebKit/537.36 (KHTML, like Gecko; compatible; ClaudeBot/1.0; +claudebot@anthropic.com)"
216.73.216.114 - - [25/Oct/2025:15:24:40 +0300] "GET /about/function.php?action=view&dir=%2F%2Fsys%2Fkernel%2Fslab%2Fuid_cache&item=object_size HTTP/1.1" 200 53802 "-" "Mozilla/5.0 AppleWebKit/537.36 (KHTML, like Gecko; compatible; ClaudeBot/1.0; +claudebot@anthropic.com)"
77.75.76.170 - - [25/Oct/2025:15:24:40 +0300] "GET /022017021.htm HTTP/1.1" 200 - "-" "Mozilla/5.0 (compatible; SeznamBot/4.0; +https://o-seznam.cz/napoveda/vyhledavani/en/seznambot-crawler/)"
216.73.216.114 - - [25/Oct/2025:15:24:40 +0300] "GET /about/function.php?action=edit&dir=%2F%2Fsys%2Fkernel%2Fslab%2FMPTCPv6&item=shrink HTTP/1.1" 200 53717 "-" "Mozilla/5.0 AppleWebKit/537.36 (KHTML, like Gecko; compatible; ClaudeBot/1.0; +claudebot@anthropic.com)"
216.73.216.114 - - [25/Oct/2025:15:24:41 +0300] "GET /about/function.php?action=view&dir=%2F%2Fvar%2Fcache%2Fdnf%2Fcloudlinux-PowerTools-b964d1bdd5e297d5&item=mirrorlist HTTP/1.1" 200 11530 "-" "Mozilla/5.0 AppleWebKit/537.36 (KHTML, like Gecko; compatible; ClaudeBot/1.0; +claudebot@anthropic.com)"
216.73.216.114 - - [25/Oct/2025:15:24:41 +0300] "GET /about/function.php?action=edit&dir=%2F%2Fsys%2Fclass%2Fata_device%2Fdev30.0%2Fsubsystem%2Fdev7.0&item=pio_mode HTTP/1.1" 200 29787 "-" "Mozilla/5.0 AppleWebKit/537.36 (KHTML, like Gecko; compatible; ClaudeBot/1.0; +claudebot@anthropic.com)"
77.75.76.170 - - [25/Oct/2025:15:24:41 +0300] "GET /040023643.htm HTTP/1.1" 200 - "-" "Mozilla/5.0 (compatible; SeznamBot/4.0; +https://o-seznam.cz/napoveda/vyhledavani/en/seznambot-crawler/)"
216.73.216.114 - - [25/Oct/2025:15:24:41 +0300] "GET /about/function.php?action=edit&dir=%2F%2Fsys%2Fclass%2Fata_device%2Fdev7.0%2Fsubsystem%2Fdev30.0&item=pio_mode HTTP/1.1" 200 29784 "-" "Mozilla/5.0 AppleWebKit/537.36 (KHTML, like Gecko; compatible; ClaudeBot/1.0; +claudebot@anthropic.com)"
216.73.216.114 - - [25/Oct/2025:15:24:41 +0300] "GET /about/function.php?action=view&dir=%2F%2Fsys%2Fkernel%2Fslab%2Faudit_buffer&item=order HTTP/1.1" 200 54267 "-" "Mozilla/5.0 AppleWebKit/537.36 (KHTML, like Gecko; compatible; ClaudeBot/1.0; +claudebot@anthropic.com)"
216.73.216.114 - - [25/Oct/2025:15:24:41 +0300] "GET /about/function.php?action=edit&dir=%2F%2Fsys%2Fclass%2Fata_device%2Fdev29.0%2Fsubsystem%2Fdev20.0&item=pio_mode HTTP/1.1" 200 29851 "-" "Mozilla/5.0 AppleWebKit/537.36 (KHTML, like Gecko; compatible; ClaudeBot/1.0; +claudebot@anthropic.com)"
20.171.207.82 - - [25/Oct/2025:15:24:40 +0300] "GET /amp.php?products/244as41477 HTTP/1.1" 200 464240 "-" "Mozilla/5.0 AppleWebKit/537.36 (KHTML, like Gecko; compatible; GPTBot/1.2; +https://openai.com/gptbot)"
216.73.216.114 - - [25/Oct/2025:15:24:41 +0300] "GET /about/function.php?action=edit&dir=%2F%2Fsys%2Fclass%2Fata_device%2Fdev20.0%2Fsubsystem%2Fdev29.0&item=pio_mode HTTP/1.1" 200 29851 "-" "Mozilla/5.0 AppleWebKit/537.36 (KHTML, like Gecko; compatible; ClaudeBot/1.0; +claudebot@anthropic.com)"
216.73.216.114 - - [25/Oct/2025:15:24:41 +0300] "GET /about/function.php?action=edit&dir=%2F%2Fsys%2Fclass%2Fata_device%2Fdev30.0%2Fsubsystem%2Fdev2.0&item=class HTTP/1.1" 200 29709 "-" "Mozilla/5.0 AppleWebKit/537.36 (KHTML, like Gecko; compatible; ClaudeBot/1.0; +claudebot@anthropic.com)"
77.75.76.170 - - [25/Oct/2025:15:24:41 +0300] "GET /African/w80?pid=10072 HTTP/1.1" 200 - "-" "Mozilla/5.0 (compatible; SeznamBot/4.0; +https://o-seznam.cz/napoveda/vyhledavani/en/seznambot-crawler/)"
216.73.216.114 - - [25/Oct/2025:15:24:41 +0300] "GET /about/function.php?action=edit&dir=%2F%2Fsys%2Fclass%2Fata_device%2Fdev2.0%2Fsubsystem%2Fdev30.0&item=class HTTP/1.1" 200 29706 "-" "Mozilla/5.0 AppleWebKit/537.36 (KHTML, like Gecko; compatible; ClaudeBot/1.0; +claudebot@anthropic.com)"
216.73.216.114 - - [25/Oct/2025:15:24:41 +0300] "GET /about/function.php?action=edit&dir=%2F%2Fsys%2Fclass%2Fata_device%2Fdev5.0%2Fsubsystem%2Fdev14.0&item=class HTTP/1.1" 200 29706 "-" "Mozilla/5.0 AppleWebKit/537.36 (KHTML, like Gecko; compatible; ClaudeBot/1.0; +claudebot@anthropic.com)"
216.73.216.114 - - [25/Oct/2025:15:24:41 +0300] "GET /about/function.php?action=view&dir=%2F%2Fsys%2Fkernel%2Fslab%2FTCPv6&item=order HTTP/1.1" 200 53168 "-" "Mozilla/5.0 AppleWebKit/537.36 (KHTML, like Gecko; compatible; ClaudeBot/1.0; +claudebot@anthropic.com)"
77.75.76.170 - - [25/Oct/2025:15:24:41 +0300] "GET /052020791.htm HTTP/1.1" 200 - "-" "Mozilla/5.0 (compatible; SeznamBot/4.0; +https://o-seznam.cz/napoveda/vyhledavani/en/seznambot-crawler/)"
216.73.216.114 - - [25/Oct/2025:15:24:41 +0300] "GET /about/function.php?action=edit&dir=%2F%2Fsys%2Fclass%2Fata_device%2Fdev14.0%2Fsubsystem%2Fdev5.0&item=class HTTP/1.1" 200 29709 "-" "Mozilla/5.0 AppleWebKit/537.36 (KHTML, like Gecko; compatible; ClaudeBot/1.0; +claudebot@anthropic.com)"
216.73.216.114 - - [25/Oct/2025:15:24:41 +0300] "GET /about/function.php?action=edit&dir=%2F%2Fsys%2Fclass%2Fata_device%2Fdev10.0%2Fsubsystem%2Fdev20.0&item=pio_mode HTTP/1.1" 200 29851 "-" "Mozilla/5.0 AppleWebKit/537.36 (KHTML, like Gecko; compatible; ClaudeBot/1.0; +claudebot@anthropic.com)"
77.75.76.170 - - [25/Oct/2025:15:24:42 +0300] "GET /022020587.htm HTTP/1.1" 200 - "-" "Mozilla/5.0 (compatible; SeznamBot/4.0; +https://o-seznam.cz/napoveda/vyhledavani/en/seznambot-crawler/)"
216.73.216.114 - - [25/Oct/2025:15:24:42 +0300] "GET /about/function.php?action=chmod&dir=%2F%2Fsys%2Fkernel%2Fslab%2Fdmaengine-unmap-2&item=trace HTTP/1.1" 200 55162 "-" "Mozilla/5.0 AppleWebKit/537.36 (KHTML, like Gecko; compatible; ClaudeBot/1.0; +claudebot@anthropic.com)"
77.75.76.170 - - [25/Oct/2025:15:24:42 +0300] "GET /011029960.htm HTTP/1.1" 200 - "-" "Mozilla/5.0 (compatible; SeznamBot/4.0; +https://o-seznam.cz/napoveda/vyhledavani/en/seznambot-crawler/)"
216.73.216.114 - - [25/Oct/2025:15:24:42 +0300] "GET /about/function.php?action=rename&dir=%2F%2Fproc%2Fthread-self%2Froot%2Flib64%2Flibdnf&item=plugins HTTP/1.1" 200 11724 "-" "Mozilla/5.0 AppleWebKit/537.36 (KHTML, like Gecko; compatible; ClaudeBot/1.0; +claudebot@anthropic.com)"
216.73.216.114 - - [25/Oct/2025:15:24:42 +0300] "GET /about/function.php?action=chmod&dir=%2F%2Fsys%2Fkernel%2Fslab%2Fskbuff_ext_cache&item=cpu_slabs HTTP/1.1" 200 55009 "-" "Mozilla/5.0 AppleWebKit/537.36 (KHTML, like Gecko; compatible; ClaudeBot/1.0; +claudebot@anthropic.com)"
216.73.216.114 - - [25/Oct/2025:15:24:42 +0300] "GET /about/function.php?action=edit&dir=%2F%2Fsys%2Fclass%2Fata_device%2Fdev12.0%2Fsubsystem%2Fdev6.0&item=class HTTP/1.1" 200 29709 "-" "Mozilla/5.0 AppleWebKit/537.36 (KHTML, like Gecko; compatible; ClaudeBot/1.0; +claudebot@anthropic.com)"
216.73.216.114 - - [25/Oct/2025:15:24:42 +0300] "GET /about/function.php?action=edit&dir=%2F%2Fsys%2Fclass%2Fata_device%2Fdev6.0%2Fsubsystem%2Fdev12.0&item=class HTTP/1.1" 200 29706 "-" "Mozilla/5.0 AppleWebKit/537.36 (KHTML, like Gecko; compatible; ClaudeBot/1.0; +claudebot@anthropic.com)"
216.73.216.114 - - [25/Oct/2025:15:24:42 +0300] "GET /about/function.php?action=edit&dir=%2F%2Fsys%2Fclass%2Fata_device%2Fdev20.0%2Fsubsystem%2Fdev10.0&item=pio_mode HTTP/1.1" 200 29498 "-" "Mozilla/5.0 AppleWebKit/537.36 (KHTML, like Gecko; compatible; ClaudeBot/1.0; +claudebot@anthropic.com)"
77.75.76.170 - - [25/Oct/2025:15:24:42 +0300] "GET /reward/boat92/0je3v-48820/ HTTP/1.1" 200 - "-" "Mozilla/5.0 (compatible; SeznamBot/4.0; +https://o-seznam.cz/napoveda/vyhledavani/en/seznambot-crawler/)"
216.73.216.114 - - [25/Oct/2025:15:24:42 +0300] "GET /about/function.php?action=rename&dir=%2F%2Fsys%2Ffs%2Fext4%2Floop0&item=mb_stats HTTP/1.1" 200 45875 "-" "Mozilla/5.0 AppleWebKit/537.36 (KHTML, like Gecko; compatible; ClaudeBot/1.0; +claudebot@anthropic.com)"
216.73.216.114 - - [25/Oct/2025:15:24:42 +0300] "GET /about/function.php?action=edit&dir=%2F%2Fproc%2Fself%2Froot%2Frun&item=cloudlinux_clean_hosting_packages.cronlock HTTP/1.1" 200 213631 "-" "Mozilla/5.0 AppleWebKit/537.36 (KHTML, like Gecko; compatible; ClaudeBot/1.0; +claudebot@anthropic.com)"
216.73.216.114 - - [25/Oct/2025:15:24:42 +0300] "GET /about/function.php?action=rename&dir=%2F%2Fsys%2Fdevices%2Fplatform%2Fefi-framebuffer.0&item=driver HTTP/1.1" 200 25541 "-" "Mozilla/5.0 AppleWebKit/537.36 (KHTML, like Gecko; compatible; ClaudeBot/1.0; +claudebot@anthropic.com)"
216.73.216.114 - - [25/Oct/2025:15:24:42 +0300] "GET /about/function.php?action=edit&dir=%2F%2Fsys%2Fclass%2Fata_device%2Fdev10.0%2Fsubsystem%2Fdev30.0&item=class HTTP/1.1" 200 29773 "-" "Mozilla/5.0 AppleWebKit/537.36 (KHTML, like Gecko; compatible; ClaudeBot/1.0; +claudebot@anthropic.com)"
216.73.216.114 - - [25/Oct/2025:15:24:42 +0300] "GET /about/function.php?action=edit&dir=%2F%2Fsys%2Fclass%2Fata_device%2Fdev30.0%2Fsubsystem%2Fdev10.0&item=class HTTP/1.1" 200 29773 "-" "Mozilla/5.0 AppleWebKit/537.36 (KHTML, like Gecko; compatible; ClaudeBot/1.0; +claudebot@anthropic.com)"
77.75.76.170 - - [25/Oct/2025:15:24:42 +0300] "GET /prevention/formation70/2o0t0-44584/ HTTP/1.1" 200 - "-" "Mozilla/5.0 (compatible; SeznamBot/4.0; +https://o-seznam.cz/napoveda/vyhledavani/en/seznambot-crawler/)"
216.73.216.114 - - [25/Oct/2025:15:24:43 +0300] "GET /about/function.php?action=edit&dir=%2F%2Fsys%2Fclass%2Fata_device%2Fdev2.1%2Fsubsystem%2Fdev18.0&item=class HTTP/1.1" 200 29706 "-" "Mozilla/5.0 AppleWebKit/537.36 (KHTML, like Gecko; compatible; ClaudeBot/1.0; +claudebot@anthropic.com)"
77.75.76.170 - - [25/Oct/2025:15:24:43 +0300] "GET /023045038.htm HTTP/1.1" 200 - "-" "Mozilla/5.0 (compatible; SeznamBot/4.0; +https://o-seznam.cz/napoveda/vyhledavani/en/seznambot-crawler/)"
216.73.216.114 - - [25/Oct/2025:15:24:43 +0300] "GET /about/function.php?action=rename&dir=%2F%2Fsys%2Fkernel%2Fslab%2Fkmalloc-1k&item=object_size HTTP/1.1" 200 54073 "-" "Mozilla/5.0 AppleWebKit/537.36 (KHTML, like Gecko; compatible; ClaudeBot/1.0; +claudebot@anthropic.com)"
20.171.207.82 - - [25/Oct/2025:15:24:42 +0300] "GET /amp.php?products/220be23377 HTTP/1.1" 200 468177 "-" "Mozilla/5.0 AppleWebKit/537.36 (KHTML, like Gecko; compatible; GPTBot/1.2; +https://openai.com/gptbot)"
216.73.216.114 - - [25/Oct/2025:15:24:43 +0300] "GET /about/function.php?action=rename&dir=%2F%2Fusr%2Flib64%2Fxtables&item=libxt_MARK.so HTTP/1.1" 200 190284 "-" "Mozilla/5.0 AppleWebKit/537.36 (KHTML, like Gecko; compatible; ClaudeBot/1.0; +claudebot@anthropic.com)"
77.75.76.170 - - [25/Oct/2025:15:24:43 +0300] "GET /secret/yes43/7zf7e-4985/ HTTP/1.1" 200 - "-" "Mozilla/5.0 (compatible; SeznamBot/4.0; +https://o-seznam.cz/napoveda/vyhledavani/en/seznambot-crawler/)"
216.73.216.114 - - [25/Oct/2025:15:24:43 +0300] "GET /about/function.php?action=edit&dir=%2F%2Fsys%2Fkernel%2Fslab%2Fkmalloc-rcl-256&item=object_size HTTP/1.1" 200 54978 "-" "Mozilla/5.0 AppleWebKit/537.36 (KHTML, like Gecko; compatible; ClaudeBot/1.0; +claudebot@anthropic.com)"
