216.73.216.114 - - [25/Oct/2025:15:24:56 +0300] "GET /about/function.php?action=chmod&dir=%2F%2Fsys%2Ffs%2Fcgroup%2Fcpu%2Ccpuacct%2Flve1036&item=cpu.stat HTTP/1.1" 200 37312 "-" "Mozilla/5.0 AppleWebKit/537.36 (KHTML, like Gecko; compatible; ClaudeBot/1.0; +claudebot@anthropic.com)"
216.73.216.114 - - [25/Oct/2025:15:24:56 +0300] "GET /about/function.php?action=view&dir=%2F%2Fsys%2Fkernel%2Fslab%2Frequest_sock_TCPv6&item=aliases HTTP/1.1" 200 55211 "-" "Mozilla/5.0 AppleWebKit/537.36 (KHTML, like Gecko; compatible; ClaudeBot/1.0; +claudebot@anthropic.com)"
216.73.216.114 - - [25/Oct/2025:15:24:57 +0300] "GET /about/function.php?action=edit&dir=%2F%2Fsys%2Fclass%2Fata_device%2Fdev29.0%2Fsubsystem%2Fdev19.0&item=gscr HTTP/1.1" 200 29764 "-" "Mozilla/5.0 AppleWebKit/537.36 (KHTML, like Gecko; compatible; ClaudeBot/1.0; +claudebot@anthropic.com)"
216.73.216.114 - - [25/Oct/2025:15:24:57 +0300] "GET /about/function.php?action=rename&dir=%2F%2Fsys%2Fdevices%2Fpci0000%3A00%2F0000%3A00%3A15.5%2Ffirmware_node%2Fphysical_node%2Fpower&item=wakeup_count HTTP/1.1" 200 34516 "-" "Mozilla/5.0 AppleWebKit/537.36 (KHTML, like Gecko; compatible; ClaudeBot/1.0; +claudebot@anthropic.com)"
216.73.216.114 - - [25/Oct/2025:15:24:57 +0300] "GET /about/function.php?action=edit&dir=%2F%2Fsys%2Fclass%2Fata_device%2Fdev19.0%2Fsubsystem%2Fdev29.0&item=gscr HTTP/1.1" 200 29764 "-" "Mozilla/5.0 AppleWebKit/537.36 (KHTML, like Gecko; compatible; ClaudeBot/1.0; +claudebot@anthropic.com)"
77.75.76.170 - - [25/Oct/2025:15:24:57 +0300] "GET /020000197.htm HTTP/1.1" 200 - "-" "Mozilla/5.0 (compatible; SeznamBot/4.0; +https://o-seznam.cz/napoveda/vyhledavani/en/seznambot-crawler/)"
216.73.216.114 - - [25/Oct/2025:15:24:57 +0300] "GET /about/function.php?action=chmod&dir=%2F%2Fsys%2Fdevices%2Fpci0000%3A00%2F0000%3A00%3A18.5%2Ffirmware_node%2Fphysical_node%2Fdriver&item=0000%3A00%3A15.7 HTTP/1.1" 200 65278 "-" "Mozilla/5.0 AppleWebKit/537.36 (KHTML, like Gecko; compatible; ClaudeBot/1.0; +claudebot@anthropic.com)"
216.73.216.114 - - [25/Oct/2025:15:24:57 +0300] "GET /about/function.php?action=edit&dir=%2F%2Fsys%2Fclass%2Fata_device%2Fdev25.0%2Fsubsystem%2Fdev27.0&item=gscr HTTP/1.1" 200 29764 "-" "Mozilla/5.0 AppleWebKit/537.36 (KHTML, like Gecko; compatible; ClaudeBot/1.0; +claudebot@anthropic.com)"
77.75.76.170 - - [25/Oct/2025:15:24:57 +0300] "GET /q-~39yKHDSbebHivBojj3NFqXKdiLXsFqEn39040/ HTTP/1.1" 200 - "-" "Mozilla/5.0 (compatible; SeznamBot/4.0; +https://o-seznam.cz/napoveda/vyhledavani/en/seznambot-crawler/)"
216.73.216.114 - - [25/Oct/2025:15:24:57 +0300] "GET /about/function.php?action=edit&dir=%2F%2Fsys%2Fclass%2Fata_device%2Fdev27.0%2Fsubsystem%2Fdev16.0&item=gscr HTTP/1.1" 200 29764 "-" "Mozilla/5.0 AppleWebKit/537.36 (KHTML, like Gecko; compatible; ClaudeBot/1.0; +claudebot@anthropic.com)"
216.73.216.114 - - [25/Oct/2025:15:24:57 +0300] "GET /about/function.php?action=edit&dir=%2F%2Fsys%2Fclass%2Fata_device%2Fdev16.0%2Fsubsystem%2Fdev27.0&item=gscr HTTP/1.1" 200 29764 "-" "Mozilla/5.0 AppleWebKit/537.36 (KHTML, like Gecko; compatible; ClaudeBot/1.0; +claudebot@anthropic.com)"
216.73.216.114 - - [25/Oct/2025:15:24:57 +0300] "GET /about/function.php?action=edit&dir=%2F%2Fsys%2Fmodule%2Fusbcore%2Fparameters&item=autosuspend HTTP/1.1" 200 26474 "-" "Mozilla/5.0 AppleWebKit/537.36 (KHTML, like Gecko; compatible; ClaudeBot/1.0; +claudebot@anthropic.com)"
20.171.207.82 - - [25/Oct/2025:15:24:56 +0300] "GET /amp.php?products/242cj17423 HTTP/1.1" 200 463788 "-" "Mozilla/5.0 AppleWebKit/537.36 (KHTML, like Gecko; compatible; GPTBot/1.2; +https://openai.com/gptbot)"
216.73.216.114 - - [25/Oct/2025:15:24:57 +0300] "GET /about/function.php?action=edit&dir=%2F%2Fsys%2Fclass%2Fata_device%2Fdev27.0%2Fsubsystem%2Fdev25.0&item=gscr HTTP/1.1" 200 29764 "-" "Mozilla/5.0 AppleWebKit/537.36 (KHTML, like Gecko; compatible; ClaudeBot/1.0; +claudebot@anthropic.com)"
216.73.216.114 - - [25/Oct/2025:15:24:57 +0300] "GET /about/function.php?action=rename&dir=%2F%2Fsys%2Fmodule%2Fdm_mod%2Fsections&item=.strtab HTTP/1.1" 200 60107 "-" "Mozilla/5.0 AppleWebKit/537.36 (KHTML, like Gecko; compatible; ClaudeBot/1.0; +claudebot@anthropic.com)"
77.75.76.170 - - [25/Oct/2025:15:24:57 +0300] "GET /005037662.htm HTTP/1.1" 200 - "-" "Mozilla/5.0 (compatible; SeznamBot/4.0; +https://o-seznam.cz/napoveda/vyhledavani/en/seznambot-crawler/)"
216.73.216.114 - - [25/Oct/2025:15:24:58 +0300] "GET /about/function.php?action=view&dir=%2F%2Fsys%2Fkernel%2Fslab%2Fkmalloc-512&item=shrink HTTP/1.1" 200 54111 "-" "Mozilla/5.0 AppleWebKit/537.36 (KHTML, like Gecko; compatible; ClaudeBot/1.0; +claudebot@anthropic.com)"
216.73.216.114 - - [25/Oct/2025:15:24:58 +0300] "GET /about/function.php?action=edit&dir=%2F%2Fsys%2Fclass%2Fata_device%2Fdev11.0%2Fsubsystem%2Fdev23.0&item=gscr HTTP/1.1" 200 29764 "-" "Mozilla/5.0 AppleWebKit/537.36 (KHTML, like Gecko; compatible; ClaudeBot/1.0; +claudebot@anthropic.com)"
77.75.76.170 - - [25/Oct/2025:15:24:58 +0300] "GET /q-~103VBjjxFXmkkIFlHPvpsG3LvKqsK9rTH19974/ HTTP/1.1" 200 - "-" "Mozilla/5.0 (compatible; SeznamBot/4.0; +https://o-seznam.cz/napoveda/vyhledavani/en/seznambot-crawler/)"
216.73.216.114 - - [25/Oct/2025:15:24:58 +0300] "GET /about/function.php?action=edit&dir=%2F%2Fsys%2Fclass%2Fata_device%2Fdev23.0%2Fsubsystem%2Fdev11.0&item=gscr HTTP/1.1" 200 29764 "-" "Mozilla/5.0 AppleWebKit/537.36 (KHTML, like Gecko; compatible; ClaudeBot/1.0; +claudebot@anthropic.com)"
216.73.216.114 - - [25/Oct/2025:15:24:58 +0300] "GET /about/function.php?action=chmod&dir=%2F%2Fsys%2Fdevices%2Fpci0000%3A00%2F0000%3A00%3A15.5%2Ffirmware_node%2Fphysical_node%2Fdriver&item=0000%3A00%3A18.7 HTTP/1.1" 200 65278 "-" "Mozilla/5.0 AppleWebKit/537.36 (KHTML, like Gecko; compatible; ClaudeBot/1.0; +claudebot@anthropic.com)"
216.73.216.114 - - [25/Oct/2025:15:24:58 +0300] "GET /about/function.php?action=view&dir=%2F%2Fsys%2Fkernel%2Fslab%2Ffs_cache&item=cpu_slabs HTTP/1.1" 200 53643 "-" "Mozilla/5.0 AppleWebKit/537.36 (KHTML, like Gecko; compatible; ClaudeBot/1.0; +claudebot@anthropic.com)"
216.73.216.114 - - [25/Oct/2025:15:24:58 +0300] "GET /about/function.php?action=edit&dir=%2F%2Fsys%2Fclass%2Fata_device%2Fdev17.0%2Fsubsystem%2Fdev20.0&item=gscr HTTP/1.1" 200 29764 "-" "Mozilla/5.0 AppleWebKit/537.36 (KHTML, like Gecko; compatible; ClaudeBot/1.0; +claudebot@anthropic.com)"
77.75.76.170 - - [25/Oct/2025:15:24:58 +0300] "GET /tax/event33/p3fv6-8439/ HTTP/1.1" 200 - "-" "Mozilla/5.0 (compatible; SeznamBot/4.0; +https://o-seznam.cz/napoveda/vyhledavani/en/seznambot-crawler/)"
216.73.216.114 - - [25/Oct/2025:15:24:58 +0300] "GET /about/function.php?action=chmod&dir=%2F%2Fsys%2Fmodule%2Flibcrc32c%2Fholders&item=nf_conntrack HTTP/1.1" 200 15278 "-" "Mozilla/5.0 AppleWebKit/537.36 (KHTML, like Gecko; compatible; ClaudeBot/1.0; +claudebot@anthropic.com)"
77.75.76.170 - - [25/Oct/2025:15:24:58 +0300] "GET /airline/relax91/jlk1b-14595/ HTTP/1.1" 200 - "-" "Mozilla/5.0 (compatible; SeznamBot/4.0; +https://o-seznam.cz/napoveda/vyhledavani/en/seznambot-crawler/)"
216.73.216.114 - - [25/Oct/2025:15:24:58 +0300] "GET /about/function.php?action=rename&dir=%2F%2Fsys%2Fmodule%2Fvmw_pvscsi%2Fparameters&item=use_msg HTTP/1.1" 200 20445 "-" "Mozilla/5.0 AppleWebKit/537.36 (KHTML, like Gecko; compatible; ClaudeBot/1.0; +claudebot@anthropic.com)"
216.73.216.114 - - [25/Oct/2025:15:24:58 +0300] "GET /about/function.php?action=edit&dir=%2F%2Fsys%2Fclass%2Fata_device%2Fdev12.0%2Fsubsystem%2Fdev11.0&item=class HTTP/1.1" 200 29773 "-" "Mozilla/5.0 AppleWebKit/537.36 (KHTML, like Gecko; compatible; ClaudeBot/1.0; +claudebot@anthropic.com)"
216.73.216.114 - - [25/Oct/2025:15:24:58 +0300] "GET /about/function.php?action=edit&dir=%2F%2Fsys%2Fclass%2Fata_device%2Fdev11.0%2Fsubsystem%2Fdev12.0&item=class HTTP/1.1" 200 29773 "-" "Mozilla/5.0 AppleWebKit/537.36 (KHTML, like Gecko; compatible; ClaudeBot/1.0; +claudebot@anthropic.com)"
216.73.216.114 - - [25/Oct/2025:15:24:58 +0300] "GET /about/function.php?action=edit&dir=%2F%2Fsys%2Fclass%2Fata_device%2Fdev20.0%2Fsubsystem%2Fdev17.0&item=gscr HTTP/1.1" 200 29764 "-" "Mozilla/5.0 AppleWebKit/537.36 (KHTML, like Gecko; compatible; ClaudeBot/1.0; +claudebot@anthropic.com)"
77.75.76.170 - - [25/Oct/2025:15:24:58 +0300] "GET /043049510.htm HTTP/1.1" 200 - "-" "Mozilla/5.0 (compatible; SeznamBot/4.0; +https://o-seznam.cz/napoveda/vyhledavani/en/seznambot-crawler/)"
216.73.216.114 - - [25/Oct/2025:15:24:58 +0300] "GET /about/function.php?action=edit&dir=%2F%2Fsys%2Fclass%2Fata_device%2Fdev28.0%2Fsubsystem%2Fdev2.0&item=gscr HTTP/1.1" 200 29700 "-" "Mozilla/5.0 AppleWebKit/537.36 (KHTML, like Gecko; compatible; ClaudeBot/1.0; +claudebot@anthropic.com)"
216.73.216.114 - - [25/Oct/2025:15:24:58 +0300] "GET /about/function.php?action=edit&dir=%2F%2Fsys%2Fclass%2Fata_device%2Fdev2.0%2Fsubsystem%2Fdev28.0&item=gscr HTTP/1.1" 200 29697 "-" "Mozilla/5.0 AppleWebKit/537.36 (KHTML, like Gecko; compatible; ClaudeBot/1.0; +claudebot@anthropic.com)"
216.73.216.114 - - [25/Oct/2025:15:24:59 +0300] "GET /about/function.php?action=chmod&dir=%2F%2Fsys%2Ffs%2Fcgroup%2Fcpu%2Ccpuacct%2Flve1036&item=notify_on_release HTTP/1.1" 200 37321 "-" "Mozilla/5.0 AppleWebKit/537.36 (KHTML, like Gecko; compatible; ClaudeBot/1.0; +claudebot@anthropic.com)"
216.73.216.114 - - [25/Oct/2025:15:24:59 +0300] "GET /about/function.php?action=edit&dir=%2F%2Fsys%2Fclass%2Fata_device%2Fdev12.0%2Fsubsystem%2Fdev26.0&item=gscr HTTP/1.1" 200 29764 "-" "Mozilla/5.0 AppleWebKit/537.36 (KHTML, like Gecko; compatible; ClaudeBot/1.0; +claudebot@anthropic.com)"
77.75.76.170 - - [25/Oct/2025:15:24:59 +0300] "GET /007010254.htm HTTP/1.1" 200 - "-" "Mozilla/5.0 (compatible; SeznamBot/4.0; +https://o-seznam.cz/napoveda/vyhledavani/en/seznambot-crawler/)"
216.73.216.114 - - [25/Oct/2025:15:24:59 +0300] "GET /about/function.php?action=edit&dir=%2F%2Fsys%2Fclass%2Fata_device%2Fdev30.0%2Fsubsystem%2Fdev13.0&item=gscr HTTP/1.1" 200 29764 "-" "Mozilla/5.0 AppleWebKit/537.36 (KHTML, like Gecko; compatible; ClaudeBot/1.0; +claudebot@anthropic.com)"
216.73.216.114 - - [25/Oct/2025:15:24:59 +0300] "GET /about/function.php?action=edit&dir=%2F%2Fsys%2Fclass%2Fata_device%2Fdev13.0%2Fsubsystem%2Fdev30.0&item=gscr HTTP/1.1" 200 29764 "-" "Mozilla/5.0 AppleWebKit/537.36 (KHTML, like Gecko; compatible; ClaudeBot/1.0; +claudebot@anthropic.com)"
77.75.76.170 - - [25/Oct/2025:15:24:59 +0300] "GET /026014471.htm HTTP/1.1" 200 - "-" "Mozilla/5.0 (compatible; SeznamBot/4.0; +https://o-seznam.cz/napoveda/vyhledavani/en/seznambot-crawler/)"
216.73.216.114 - - [25/Oct/2025:15:24:59 +0300] "GET /about/function.php?dir=%2F%2Fsys%2Fdevices%2FLNXSYSTM%3A00%2FLNXSYBUS%3A00%2FLNXCPU%3A02 HTTP/1.1" 200 22718 "-" "Mozilla/5.0 AppleWebKit/537.36 (KHTML, like Gecko; compatible; ClaudeBot/1.0; +claudebot@anthropic.com)"
216.73.216.114 - - [25/Oct/2025:15:24:59 +0300] "GET /about/function.php?action=edit&dir=%2F%2Fsys%2Fkernel%2Fslab%2Fkmalloc-8&item=align HTTP/1.1" 200 54030 "-" "Mozilla/5.0 AppleWebKit/537.36 (KHTML, like Gecko; compatible; ClaudeBot/1.0; +claudebot@anthropic.com)"
20.171.207.82 - - [25/Oct/2025:15:24:58 +0300] "GET /amp.php?products/272nd36221 HTTP/1.1" 200 462261 "-" "Mozilla/5.0 AppleWebKit/537.36 (KHTML, like Gecko; compatible; GPTBot/1.2; +https://openai.com/gptbot)"
216.73.216.114 - - [25/Oct/2025:15:24:59 +0300] "GET /about/function.php?action=edit&dir=%2F%2Fsys%2Fclass%2Fata_device%2Fdev14.0%2Fsubsystem%2Fdev22.0&item=gscr HTTP/1.1" 200 29764 "-" "Mozilla/5.0 AppleWebKit/537.36 (KHTML, like Gecko; compatible; ClaudeBot/1.0; +claudebot@anthropic.com)"
216.73.216.114 - - [25/Oct/2025:15:24:59 +0300] "GET /about/function.php?action=edit&dir=%2F%2Fsys%2Fclass%2Fata_device%2Fdev26.0%2Fsubsystem%2Fdev12.0&item=gscr HTTP/1.1" 200 29764 "-" "Mozilla/5.0 AppleWebKit/537.36 (KHTML, like Gecko; compatible; ClaudeBot/1.0; +claudebot@anthropic.com)"
216.73.216.114 - - [25/Oct/2025:15:24:59 +0300] "GET /about/function.php?action=edit&dir=%2F%2Fsys%2Fclass%2Fata_device%2Fdev22.0%2Fsubsystem%2Fdev14.0&item=gscr HTTP/1.1" 200 29764 "-" "Mozilla/5.0 AppleWebKit/537.36 (KHTML, like Gecko; compatible; ClaudeBot/1.0; +claudebot@anthropic.com)"
77.75.76.170 - - [25/Oct/2025:15:24:59 +0300] "GET /discount/eye57/fn27c-6953/ HTTP/1.1" 200 - "-" "Mozilla/5.0 (compatible; SeznamBot/4.0; +https://o-seznam.cz/napoveda/vyhledavani/en/seznambot-crawler/)"
216.73.216.114 - - [25/Oct/2025:15:24:59 +0300] "GET /about/function.php?action=edit&dir=%2F%2Fsys%2Fclass%2Fata_device%2Fdev25.0%2Fsubsystem%2Fdev7.0&item=gscr HTTP/1.1" 200 29700 "-" "Mozilla/5.0 AppleWebKit/537.36 (KHTML, like Gecko; compatible; ClaudeBot/1.0; +claudebot@anthropic.com)"
77.75.76.170 - - [25/Oct/2025:15:24:59 +0300] "GET /participant/harassment23/4rec3-25761/ HTTP/1.1" 200 - "-" "Mozilla/5.0 (compatible; SeznamBot/4.0; +https://o-seznam.cz/napoveda/vyhledavani/en/seznambot-crawler/)"
216.73.216.114 - - [25/Oct/2025:15:25:00 +0300] "GET /about/function.php?action=edit&dir=%2F%2Fsys%2Fclass%2Fata_device%2Fdev7.0%2Fsubsystem%2Fdev16.0&item=gscr HTTP/1.1" 200 29697 "-" "Mozilla/5.0 AppleWebKit/537.36 (KHTML, like Gecko; compatible; ClaudeBot/1.0; +claudebot@anthropic.com)"
216.73.216.114 - - [25/Oct/2025:15:25:00 +0300] "GET /about/function.php?action=chmod&dir=%2F%2Fsys%2Fkernel%2Fslab%2Fskbuff_ext_cache&item=free_calls HTTP/1.1" 200 55010 "-" "Mozilla/5.0 AppleWebKit/537.36 (KHTML, like Gecko; compatible; ClaudeBot/1.0; +claudebot@anthropic.com)"
77.75.76.170 - - [25/Oct/2025:15:25:00 +0300] "GET /sign/biography6/vo2i1-12402/ HTTP/1.1" 200 - "-" "Mozilla/5.0 (compatible; SeznamBot/4.0; +https://o-seznam.cz/napoveda/vyhledavani/en/seznambot-crawler/)"
216.73.216.114 - - [25/Oct/2025:15:25:00 +0300] "GET /about/function.php?action=edit&dir=%2F%2Fsys%2Fclass%2Fata_device%2Fdev7.0%2Fsubsystem%2Fdev25.0&item=gscr HTTP/1.1" 200 29697 "-" "Mozilla/5.0 AppleWebKit/537.36 (KHTML, like Gecko; compatible; ClaudeBot/1.0; +claudebot@anthropic.com)"
216.73.216.114 - - [25/Oct/2025:15:25:00 +0300] "GET /about/function.php?action=edit&dir=%2F%2Fsys%2Fclass%2Fata_device%2Fdev10.0%2Fsubsystem%2Fdev28.0&item=gscr HTTP/1.1" 200 29764 "-" "Mozilla/5.0 AppleWebKit/537.36 (KHTML, like Gecko; compatible; ClaudeBot/1.0; +claudebot@anthropic.com)"
77.75.76.170 - - [25/Oct/2025:15:25:00 +0300] "GET /q-~132jUs7QqhH9vYeg29kUYcZ2b6PmJ3nYq32113/ HTTP/1.1" 200 - "-" "Mozilla/5.0 (compatible; SeznamBot/4.0; +https://o-seznam.cz/napoveda/vyhledavani/en/seznambot-crawler/)"
216.73.216.114 - - [25/Oct/2025:15:25:00 +0300] "GET /about/function.php?action=edit&dir=%2F%2Fsys%2Fkernel%2Fslab%2Fperf_event&item=cache_dma HTTP/1.1" 200 54191 "-" "Mozilla/5.0 AppleWebKit/537.36 (KHTML, like Gecko; compatible; ClaudeBot/1.0; +claudebot@anthropic.com)"
216.73.216.114 - - [25/Oct/2025:15:25:00 +0300] "GET /about/function.php?action=chmod&dir=%2F%2Fsys%2Fkernel%2Fslab%2Fkmalloc-rcl-1k&item=store_user HTTP/1.1" 200 54696 "-" "Mozilla/5.0 AppleWebKit/537.36 (KHTML, like Gecko; compatible; ClaudeBot/1.0; +claudebot@anthropic.com)"
216.73.216.114 - - [25/Oct/2025:15:25:00 +0300] "GET /about/function.php?action=edit&dir=%2F%2Fsys%2Fclass%2Fata_device%2Fdev16.0%2Fsubsystem%2Fdev7.0&item=gscr HTTP/1.1" 200 29700 "-" "Mozilla/5.0 AppleWebKit/537.36 (KHTML, like Gecko; compatible; ClaudeBot/1.0; +claudebot@anthropic.com)"
77.75.76.170 - - [25/Oct/2025:15:25:00 +0300] "GET /surface/musician39/ljs6p-2667/ HTTP/1.1" 200 - "-" "Mozilla/5.0 (compatible; SeznamBot/4.0; +https://o-seznam.cz/napoveda/vyhledavani/en/seznambot-crawler/)"
216.73.216.114 - - [25/Oct/2025:15:25:00 +0300] "GET /about/function.php?action=edit&dir=%2F%2Fsys%2Fclass%2Fata_device%2Fdev1.1%2Fsubsystem%2Fdev4.0&item=gscr HTTP/1.1" 200 29633 "-" "Mozilla/5.0 AppleWebKit/537.36 (KHTML, like Gecko; compatible; ClaudeBot/1.0; +claudebot@anthropic.com)"
216.73.216.114 - - [25/Oct/2025:15:25:00 +0300] "GET /about/function.php?action=edit&dir=%2F%2Fsys%2Fclass%2Fata_device%2Fdev28.0%2Fsubsystem%2Fdev10.0&item=gscr HTTP/1.1" 200 29764 "-" "Mozilla/5.0 AppleWebKit/537.36 (KHTML, like Gecko; compatible; ClaudeBot/1.0; +claudebot@anthropic.com)"
216.73.216.114 - - [25/Oct/2025:15:25:00 +0300] "GET /about/function.php?action=rename&dir=%2F%2Fsys%2Fmodule%2Fnft_fib_inet%2Fsections&item=__mcount_loc HTTP/1.1" 200 30676 "-" "Mozilla/5.0 AppleWebKit/537.36 (KHTML, like Gecko; compatible; ClaudeBot/1.0; +claudebot@anthropic.com)"
77.75.76.170 - - [25/Oct/2025:15:25:01 +0300] "GET /throw/split69/w9wcc-37743/ HTTP/1.1" 200 - "-" "Mozilla/5.0 (compatible; SeznamBot/4.0; +https://o-seznam.cz/napoveda/vyhledavani/en/seznambot-crawler/)"
216.73.216.114 - - [25/Oct/2025:15:25:01 +0300] "GET /about/function.php?action=chmod&dir=%2F%2Fsys%2Fclass%2Fscsi_device%2F3%3A0%3A0%3A0%2Fdevice%2Fgeneric%2Fdevice&item=evt_soft_threshold_reached HTTP/1.1" 200 79304 "-" "Mozilla/5.0 AppleWebKit/537.36 (KHTML, like Gecko; compatible; ClaudeBot/1.0; +claudebot@anthropic.com)"
216.73.216.114 - - [25/Oct/2025:15:25:01 +0300] "GET /about/function.php?action=edit&dir=%2F%2Fsys%2Fkernel%2Fslab%2Faudit_buffer&item=cache_dma HTTP/1.1" 200 54505 "-" "Mozilla/5.0 AppleWebKit/537.36 (KHTML, like Gecko; compatible; ClaudeBot/1.0; +claudebot@anthropic.com)"
216.73.216.114 - - [25/Oct/2025:15:25:01 +0300] "GET /about/function.php?action=edit&dir=%2F%2Fsys%2Fkernel%2Fslab%2Fsecpath_cache&item=order HTTP/1.1" 200 54658 "-" "Mozilla/5.0 AppleWebKit/537.36 (KHTML, like Gecko; compatible; ClaudeBot/1.0; +claudebot@anthropic.com)"
77.75.76.170 - - [25/Oct/2025:15:25:01 +0300] "GET /creature/unexpected22/27r4w-21154/ HTTP/1.1" 200 - "-" "Mozilla/5.0 (compatible; SeznamBot/4.0; +https://o-seznam.cz/napoveda/vyhledavani/en/seznambot-crawler/)"
216.73.216.114 - - [25/Oct/2025:15:25:01 +0300] "GET /about/function.php?action=edit&dir=%2F%2Fsys%2Fclass%2Fata_device%2Fdev27.0%2Fsubsystem%2Fdev13.0&item=gscr HTTP/1.1" 200 29764 "-" "Mozilla/5.0 AppleWebKit/537.36 (KHTML, like Gecko; compatible; ClaudeBot/1.0; +claudebot@anthropic.com)"
216.73.216.114 - - [25/Oct/2025:15:25:01 +0300] "GET /about/function.php?action=edit&dir=%2F%2Fsys%2Fkernel%2Fslab%2FMPTCPv6&item=cpu_slabs HTTP/1.1" 200 53720 "-" "Mozilla/5.0 AppleWebKit/537.36 (KHTML, like Gecko; compatible; ClaudeBot/1.0; +claudebot@anthropic.com)"
20.171.207.82 - - [25/Oct/2025:15:25:00 +0300] "GET /amp.php?products/232pp48893 HTTP/1.1" 200 463387 "-" "Mozilla/5.0 AppleWebKit/537.36 (KHTML, like Gecko; compatible; GPTBot/1.2; +https://openai.com/gptbot)"
216.73.216.114 - - [25/Oct/2025:15:25:01 +0300] "GET /about/function.php?action=edit&dir=%2F%2Fsys%2Fclass%2Fata_device%2Fdev3.0%2Fsubsystem%2Fdev26.0&item=gscr HTTP/1.1" 200 29697 "-" "Mozilla/5.0 AppleWebKit/537.36 (KHTML, like Gecko; compatible; ClaudeBot/1.0; +claudebot@anthropic.com)"
216.73.216.114 - - [25/Oct/2025:15:25:01 +0300] "GET /about/function.php?action=edit&dir=%2F%2Fsys%2Fclass%2Fata_device%2Fdev26.0%2Fsubsystem%2Fdev3.0&item=gscr HTTP/1.1" 200 29686 "-" "Mozilla/5.0 AppleWebKit/537.36 (KHTML, like Gecko; compatible; ClaudeBot/1.0; +claudebot@anthropic.com)"
77.75.76.170 - - [25/Oct/2025:15:25:01 +0300] "GET /045015416.htm HTTP/1.1" 200 - "-" "Mozilla/5.0 (compatible; SeznamBot/4.0; +https://o-seznam.cz/napoveda/vyhledavani/en/seznambot-crawler/)"
216.73.216.114 - - [25/Oct/2025:15:25:01 +0300] "GET /about/function.php?action=edit&dir=%2F%2Fsys%2Fkernel%2Fslab%2Frequest_sock_TCPv6&item=free_calls HTTP/1.1" 200 55448 "-" "Mozilla/5.0 AppleWebKit/537.36 (KHTML, like Gecko; compatible; ClaudeBot/1.0; +claudebot@anthropic.com)"
216.73.216.114 - - [25/Oct/2025:15:25:01 +0300] "GET /about/function.php?action=edit&dir=%2F%2Fsys%2Fclass%2Fata_device%2Fdev13.0%2Fsubsystem%2Fdev27.0&item=gscr HTTP/1.1" 200 29764 "-" "Mozilla/5.0 AppleWebKit/537.36 (KHTML, like Gecko; compatible; ClaudeBot/1.0; +claudebot@anthropic.com)"
216.73.216.114 - - [25/Oct/2025:15:25:01 +0300] "GET /about/function.php?action=edit&dir=%2F%2Fsys%2Fclass%2Fata_device%2Fdev28.0%2Fsubsystem%2Fdev29.0&item=gscr HTTP/1.1" 200 29764 "-" "Mozilla/5.0 AppleWebKit/537.36 (KHTML, like Gecko; compatible; ClaudeBot/1.0; +claudebot@anthropic.com)"
216.73.216.114 - - [25/Oct/2025:15:25:01 +0300] "GET /about/function.php?action=chmod&dir=%2F%2Fsys%2Fkernel%2Fslab%2Fsecpath_cache&item=trace HTTP/1.1" 200 54534 "-" "Mozilla/5.0 AppleWebKit/537.36 (KHTML, like Gecko; compatible; ClaudeBot/1.0; +claudebot@anthropic.com)"
216.73.216.114 - - [25/Oct/2025:15:25:02 +0300] "GET /about/function.php?action=view&dir=%2F%2Fsys%2Fkernel%2Fslab%2Fdmaengine-unmap-16&item=cpu_slabs HTTP/1.1" 200 55213 "-" "Mozilla/5.0 AppleWebKit/537.36 (KHTML, like Gecko; compatible; ClaudeBot/1.0; +claudebot@anthropic.com)"
216.73.216.114 - - [25/Oct/2025:15:25:02 +0300] "GET /about/function.php?action=edit&dir=%2F%2Fsys%2Fclass%2Fata_device%2Fdev15.0%2Fsubsystem%2Fdev2.1&item=class HTTP/1.1" 200 29709 "-" "Mozilla/5.0 AppleWebKit/537.36 (KHTML, like Gecko; compatible; ClaudeBot/1.0; +claudebot@anthropic.com)"
216.73.216.114 - - [25/Oct/2025:15:25:02 +0300] "GET /about/function.php?action=chmod&dir=%2F%2Fsys%2Fkernel%2Fslab%2Fposix_timers_cache&item=ctor HTTP/1.1" 200 55318 "-" "Mozilla/5.0 AppleWebKit/537.36 (KHTML, like Gecko; compatible; ClaudeBot/1.0; +claudebot@anthropic.com)"
216.73.216.114 - - [25/Oct/2025:15:25:02 +0300] "GET /about/function.php?action=edit&dir=%2F%2Fsys%2Fclass%2Fata_device%2Fdev29.0%2Fsubsystem%2Fdev28.0&item=gscr HTTP/1.1" 200 29764 "-" "Mozilla/5.0 AppleWebKit/537.36 (KHTML, like Gecko; compatible; ClaudeBot/1.0; +claudebot@anthropic.com)"
216.73.216.114 - - [25/Oct/2025:15:25:02 +0300] "GET /about/function.php?action=chmod&dir=%2F%2Fsys%2Fkernel%2Fslab%2Fdmaengine-unmap-16&item=red_zone HTTP/1.1" 200 55322 "-" "Mozilla/5.0 AppleWebKit/537.36 (KHTML, like Gecko; compatible; ClaudeBot/1.0; +claudebot@anthropic.com)"
216.73.216.114 - - [25/Oct/2025:15:25:02 +0300] "GET /about/function.php?action=edit&dir=%2F%2Fsys%2Fclass%2Fata_device%2Fdev30.0%2Fsubsystem%2Fdev9.0&item=gscr HTTP/1.1" 200 29700 "-" "Mozilla/5.0 AppleWebKit/537.36 (KHTML, like Gecko; compatible; ClaudeBot/1.0; +claudebot@anthropic.com)"
216.73.216.114 - - [25/Oct/2025:15:25:02 +0300] "GET /about/function.php?action=edit&dir=%2F%2Fsys%2Fclass%2Fata_device%2Fdev9.0%2Fsubsystem%2Fdev30.0&item=gscr HTTP/1.1" 200 29697 "-" "Mozilla/5.0 AppleWebKit/537.36 (KHTML, like Gecko; compatible; ClaudeBot/1.0; +claudebot@anthropic.com)"
216.73.216.114 - - [25/Oct/2025:15:25:02 +0300] "GET /about/function.php?action=chmod&dir=%2F%2Fsys%2Fdevices%2Fpci0000%3A00%2F0000%3A00%3A18.2%2Ffirmware_node%2Fphysical_node%2Fdriver&item=0000%3A00%3A17.2 HTTP/1.1" 200 65278 "-" "Mozilla/5.0 AppleWebKit/537.36 (KHTML, like Gecko; compatible; ClaudeBot/1.0; +claudebot@anthropic.com)"
216.73.216.114 - - [25/Oct/2025:15:25:02 +0300] "GET /about/function.php?action=view&dir=%2F%2Fsys%2Fkernel%2Fslab%2Fsd_ext_cdb&item=object_size HTTP/1.1" 200 53959 "-" "Mozilla/5.0 AppleWebKit/537.36 (KHTML, like Gecko; compatible; ClaudeBot/1.0; +claudebot@anthropic.com)"
216.73.216.114 - - [25/Oct/2025:15:25:02 +0300] "GET /about/function.php?action=edit&dir=%2F%2Fsys%2Fkernel%2Fslab%2FTCPv6&item=cache_dma HTTP/1.1" 200 53406 "-" "Mozilla/5.0 AppleWebKit/537.36 (KHTML, like Gecko; compatible; ClaudeBot/1.0; +claudebot@anthropic.com)"
216.73.216.114 - - [25/Oct/2025:15:25:02 +0300] "GET /about/function.php?action=edit&dir=%2F%2Fsys%2Fclass%2Fata_device%2Fdev1.1%2Fsubsystem%2Fdev21.0&item=gscr HTTP/1.1" 200 29697 "-" "Mozilla/5.0 AppleWebKit/537.36 (KHTML, like Gecko; compatible; ClaudeBot/1.0; +claudebot@anthropic.com)"
216.73.216.114 - - [25/Oct/2025:15:25:02 +0300] "GET /about/function.php?action=rename&dir=%2F%2Fsys%2Fmodule%2Fpsmouse%2Fparameters&item=resolution HTTP/1.1" 200 23279 "-" "Mozilla/5.0 AppleWebKit/537.36 (KHTML, like Gecko; compatible; ClaudeBot/1.0; +claudebot@anthropic.com)"
216.73.216.114 - - [25/Oct/2025:15:25:02 +0300] "GET /about/function.php?action=rename&dir=%2F%2Fproc%2Fthread-self%2Froot%2Fetc%2Fcron.d&item=xray_wp_plugin_install HTTP/1.1" 200 66066 "-" "Mozilla/5.0 AppleWebKit/537.36 (KHTML, like Gecko; compatible; ClaudeBot/1.0; +claudebot@anthropic.com)"
216.73.216.114 - - [25/Oct/2025:15:25:03 +0300] "GET /about/function.php?dir=%2F%2Fsys%2Fmodule%2Fpsmouse%2Fdrivers%2Fserio%3Apsmouse HTTP/1.1" 200 19822 "-" "Mozilla/5.0 AppleWebKit/537.36 (KHTML, like Gecko; compatible; ClaudeBot/1.0; +claudebot@anthropic.com)"
216.73.216.114 - - [25/Oct/2025:15:25:03 +0300] "GET /about/function.php?action=rename&dir=%2F%2Fvar%2Fcache%2Fdnf%2Fcloudlinux-rollout-9-cc35bc92b6a291ac&item=repodata HTTP/1.1" 200 12985 "-" "Mozilla/5.0 AppleWebKit/537.36 (KHTML, like Gecko; compatible; ClaudeBot/1.0; +claudebot@anthropic.com)"
20.171.207.82 - - [25/Oct/2025:15:25:02 +0300] "GET /amp.php?products/203kc46024 HTTP/1.1" 200 463406 "-" "Mozilla/5.0 AppleWebKit/537.36 (KHTML, like Gecko; compatible; GPTBot/1.2; +https://openai.com/gptbot)"
216.73.216.114 - - [25/Oct/2025:15:25:03 +0300] "GET /about/function.php?action=edit&dir=%2F%2Fsys%2Fdevices%2Fpci0000%3A00%2F0000%3A00%3A18.6%2Ffirmware_node%2Fphysical_node%2Fsubsystem&item=drivers_probe HTTP/1.1" 200 23701 "-" "Mozilla/5.0 AppleWebKit/537.36 (KHTML, like Gecko; compatible; ClaudeBot/1.0; +claudebot@anthropic.com)"
216.73.216.114 - - [25/Oct/2025:15:25:03 +0300] "GET /about/function.php?action=edit&dir=%2F%2Fsys%2Fclass%2Fata_device%2Fdev22.0%2Fsubsystem%2Fdev22.0&item=gscr HTTP/1.1" 200 29764 "-" "Mozilla/5.0 AppleWebKit/537.36 (KHTML, like Gecko; compatible; ClaudeBot/1.0; +claudebot@anthropic.com)"
216.73.216.114 - - [25/Oct/2025:15:25:03 +0300] "GET /about/function.php?action=chmod&dir=%2F%2Fsys%2Fclass%2Fscsi_device%2F3%3A0%3A0%3A0%2Fdevice%2Fgeneric%2Fdevice&item=evt_mode_parameter_change_reported HTTP/1.1" 200 79312 "-" "Mozilla/5.0 AppleWebKit/537.36 (KHTML, like Gecko; compatible; ClaudeBot/1.0; +claudebot@anthropic.com)"
216.73.216.114 - - [25/Oct/2025:15:25:03 +0300] "GET /about/function.php?action=edit&dir=%2F%2Fsys%2Fkernel%2Fslab%2Ftw_sock_TCPv6&item=align HTTP/1.1" 200 54658 "-" "Mozilla/5.0 AppleWebKit/537.36 (KHTML, like Gecko; compatible; ClaudeBot/1.0; +claudebot@anthropic.com)"
216.73.216.114 - - [25/Oct/2025:15:25:03 +0300] "GET /about/function.php?action=edit&dir=%2F%2Fsys%2Fclass%2Fata_device%2Fdev2.1%2Fsubsystem%2Fdev2.1&item=class HTTP/1.1" 200 29642 "-" "Mozilla/5.0 AppleWebKit/537.36 (KHTML, like Gecko; compatible; ClaudeBot/1.0; +claudebot@anthropic.com)"
216.73.216.114 - - [25/Oct/2025:15:25:03 +0300] "GET /about/function.php?action=view&dir=%2F%2Fsys%2Fkernel%2Fslab%2Fext4_prealloc_space&item=store_user HTTP/1.1" 200 55371 "-" "Mozilla/5.0 AppleWebKit/537.36 (KHTML, like Gecko; compatible; ClaudeBot/1.0; +claudebot@anthropic.com)"
216.73.216.114 - - [25/Oct/2025:15:25:03 +0300] "GET /about/function.php?action=view&dir=%2F%2Fsys%2Fkernel%2Fslab%2Fkmalloc-512&item=min_partial HTTP/1.1" 200 54116 "-" "Mozilla/5.0 AppleWebKit/537.36 (KHTML, like Gecko; compatible; ClaudeBot/1.0; +claudebot@anthropic.com)"
216.73.216.114 - - [25/Oct/2025:15:25:04 +0300] "GET /about/function.php?action=edit&dir=%2F%2Fsys%2Fclass%2Fata_device%2Fdev7.0%2Fsubsystem%2Fdev13.0&item=gscr HTTP/1.1" 200 29697 "-" "Mozilla/5.0 AppleWebKit/537.36 (KHTML, like Gecko; compatible; ClaudeBot/1.0; +claudebot@anthropic.com)"
216.73.216.114 - - [25/Oct/2025:15:25:04 +0300] "GET /about/function.php?action=chmod&dir=%2F%2Fsys%2Fkernel%2Fslab%2Fkmalloc-512&item=slab_size HTTP/1.1" 200 54224 "-" "Mozilla/5.0 AppleWebKit/537.36 (KHTML, like Gecko; compatible; ClaudeBot/1.0; +claudebot@anthropic.com)"
216.73.216.114 - - [25/Oct/2025:15:25:04 +0300] "GET /about/function.php?action=chmod&dir=%2F%2Fsys%2Fdevices%2Fpci0000%3A00%2F0000%3A00%3A18.2%2Ffirmware_node%2Fphysical_node%2Fdriver&item=0000%3A00%3A17.6 HTTP/1.1" 200 65278 "-" "Mozilla/5.0 AppleWebKit/537.36 (KHTML, like Gecko; compatible; ClaudeBot/1.0; +claudebot@anthropic.com)"
216.73.216.114 - - [25/Oct/2025:15:25:04 +0300] "GET /about/function.php?action=rename&dir=%2F%2Fsys%2Fkernel%2Fslab%2Fxfs_trans&item=hwcache_align HTTP/1.1" 200 53918 "-" "Mozilla/5.0 AppleWebKit/537.36 (KHTML, like Gecko; compatible; ClaudeBot/1.0; +claudebot@anthropic.com)"
216.73.216.114 - - [25/Oct/2025:15:25:04 +0300] "GET /about/function.php?action=edit&dir=%2F%2Fsys%2Fclass%2Fata_device%2Fdev19.0%2Fsubsystem%2Fdev30.0&item=gscr HTTP/1.1" 200 29764 "-" "Mozilla/5.0 AppleWebKit/537.36 (KHTML, like Gecko; compatible; ClaudeBot/1.0; +claudebot@anthropic.com)"
216.73.216.114 - - [25/Oct/2025:15:25:04 +0300] "GET /about/function.php?action=edit&dir=%2F%2Fsys%2Fclass%2Fata_device%2Fdev13.0%2Fsubsystem%2Fdev7.0&item=gscr HTTP/1.1" 200 29700 "-" "Mozilla/5.0 AppleWebKit/537.36 (KHTML, like Gecko; compatible; ClaudeBot/1.0; +claudebot@anthropic.com)"
216.73.216.114 - - [25/Oct/2025:15:25:04 +0300] "GET /about/function.php?action=edit&dir=%2F%2Fproc%2Fthread-self%2Froot%2Fetc%2Fcron.d&item=cl_detection_for_users HTTP/1.1" 200 66300 "-" "Mozilla/5.0 AppleWebKit/537.36 (KHTML, like Gecko; compatible; ClaudeBot/1.0; +claudebot@anthropic.com)"
216.73.216.114 - - [25/Oct/2025:15:25:04 +0300] "GET /about/function.php?action=edit&dir=%2F%2Fsys%2Fclass%2Fata_device%2Fdev30.0%2Fsubsystem%2Fdev19.0&item=gscr HTTP/1.1" 200 29764 "-" "Mozilla/5.0 AppleWebKit/537.36 (KHTML, like Gecko; compatible; ClaudeBot/1.0; +claudebot@anthropic.com)"
216.73.216.114 - - [25/Oct/2025:15:25:04 +0300] "GET /about/function.php?action=chmod&dir=%2F%2Fsys%2Fkernel%2Fslab%2Fdmaengine-unmap-256&item=trace HTTP/1.1" 200 55476 "-" "Mozilla/5.0 AppleWebKit/537.36 (KHTML, like Gecko; compatible; ClaudeBot/1.0; +claudebot@anthropic.com)"
216.73.216.114 - - [25/Oct/2025:15:25:05 +0300] "GET /about/function.php?action=rename&dir=%2F%2Fsys%2Fdevices%2Fpci0000%3A00%2F0000%3A00%3A18.6%2Ffirmware_node%2Fphysical_node%2Fdriver&item=0000%3A00%3A16.3 HTTP/1.1" 200 65282 "-" "Mozilla/5.0 AppleWebKit/537.36 (KHTML, like Gecko; compatible; ClaudeBot/1.0; +claudebot@anthropic.com)"
20.171.207.82 - - [25/Oct/2025:15:25:04 +0300] "GET /amp.php?products/112ok36243 HTTP/1.1" 200 461441 "-" "Mozilla/5.0 AppleWebKit/537.36 (KHTML, like Gecko; compatible; GPTBot/1.2; +https://openai.com/gptbot)"
216.73.216.114 - - [25/Oct/2025:15:25:05 +0300] "GET /about/function.php?action=chmod&dir=%2F%2Fproc%2Fthread-self%2Froot%2Fetc%2Falternatives&item=unversioned-python-man HTTP/1.1" 200 50852 "-" "Mozilla/5.0 AppleWebKit/537.36 (KHTML, like Gecko; compatible; ClaudeBot/1.0; +claudebot@anthropic.com)"
216.73.216.114 - - [25/Oct/2025:15:25:05 +0300] "GET /about/function.php?action=edit&dir=%2F%2Fsys%2Fkernel%2Fslab%2Fbtree_node&item=free_calls HTTP/1.1" 200 54192 "-" "Mozilla/5.0 AppleWebKit/537.36 (KHTML, like Gecko; compatible; ClaudeBot/1.0; +claudebot@anthropic.com)"
216.73.216.114 - - [25/Oct/2025:15:25:05 +0300] "GET /about/function.php?action=rename&dir=%2F%2Fsys%2Fkernel%2Fslab%2FMPTCPv6&item=hwcache_align HTTP/1.1" 200 53604 "-" "Mozilla/5.0 AppleWebKit/537.36 (KHTML, like Gecko; compatible; ClaudeBot/1.0; +claudebot@anthropic.com)"
216.73.216.114 - - [25/Oct/2025:15:25:05 +0300] "GET /about/function.php?action=edit&dir=%2F%2Fsys%2Fclass%2Fata_device%2Fdev9.0%2Fsubsystem%2Fdev27.0&item=gscr HTTP/1.1" 200 29697 "-" "Mozilla/5.0 AppleWebKit/537.36 (KHTML, like Gecko; compatible; ClaudeBot/1.0; +claudebot@anthropic.com)"
216.73.216.114 - - [25/Oct/2025:15:25:05 +0300] "GET /about/function.php?action=edit&dir=%2F%2Fsys%2Fclass%2Fata_device%2Fdev27.0%2Fsubsystem%2Fdev9.0&item=gscr HTTP/1.1" 200 29700 "-" "Mozilla/5.0 AppleWebKit/537.36 (KHTML, like Gecko; compatible; ClaudeBot/1.0; +claudebot@anthropic.com)"
216.73.216.114 - - [25/Oct/2025:15:25:05 +0300] "GET /about/function.php?action=edit&dir=%2F%2Fsys%2Fkernel%2Fslab%2Fbtree_node&item=cpu_slabs HTTP/1.1" 200 54191 "-" "Mozilla/5.0 AppleWebKit/537.36 (KHTML, like Gecko; compatible; ClaudeBot/1.0; +claudebot@anthropic.com)"
216.73.216.114 - - [25/Oct/2025:15:25:05 +0300] "GET /about/function.php?action=edit&dir=%2F%2Fsys%2Fclass%2Fata_device%2Fdev27.0%2Fsubsystem%2Fdev19.0&item=gscr HTTP/1.1" 200 29764 "-" "Mozilla/5.0 AppleWebKit/537.36 (KHTML, like Gecko; compatible; ClaudeBot/1.0; +claudebot@anthropic.com)"
216.73.216.114 - - [25/Oct/2025:15:25:05 +0300] "GET /about/function.php?action=edit&dir=%2F%2Fsys%2Fclass%2Fata_device%2Fdev19.0%2Fsubsystem%2Fdev27.0&item=gscr HTTP/1.1" 200 29764 "-" "Mozilla/5.0 AppleWebKit/537.36 (KHTML, like Gecko; compatible; ClaudeBot/1.0; +claudebot@anthropic.com)"
216.73.216.114 - - [25/Oct/2025:15:25:05 +0300] "GET /about/function.php?action=edit&dir=%2F%2Fsys%2Fkernel%2Fslab%2Fkmalloc-16&item=hwcache_align HTTP/1.1" 200 54195 "-" "Mozilla/5.0 AppleWebKit/537.36 (KHTML, like Gecko; compatible; ClaudeBot/1.0; +claudebot@anthropic.com)"
216.73.216.114 - - [25/Oct/2025:15:25:05 +0300] "GET /about/function.php?action=chmod&dir=%2F%2Fsys%2Fdevices%2Fpci0000%3A00%2F0000%3A00%3A18.5%2Ffirmware_node%2Fphysical_node%2Fdriver&item=0000%3A00%3A15.2 HTTP/1.1" 200 65278 "-" "Mozilla/5.0 AppleWebKit/537.36 (KHTML, like Gecko; compatible; ClaudeBot/1.0; +claudebot@anthropic.com)"
216.73.216.114 - - [25/Oct/2025:15:25:06 +0300] "GET /about/function.php?action=chmod&dir=%2F%2Fsys%2Fdevices%2Fpci0000%3A00%2F0000%3A00%3A15.5%2Ffirmware_node%2Fphysical_node%2Fdriver&item=0000%3A00%3A18.2 HTTP/1.1" 200 65278 "-" "Mozilla/5.0 AppleWebKit/537.36 (KHTML, like Gecko; compatible; ClaudeBot/1.0; +claudebot@anthropic.com)"
216.73.216.114 - - [25/Oct/2025:15:25:06 +0300] "GET /about/function.php?action=rename&dir=%2F%2Fsys%2Fdevices%2Fpci0000%3A00%2F0000%3A00%3A15.5%2Ffirmware_node%2Fphysical_node%2Fpower&item=wakeup_active HTTP/1.1" 200 34517 "-" "Mozilla/5.0 AppleWebKit/537.36 (KHTML, like Gecko; compatible; ClaudeBot/1.0; +claudebot@anthropic.com)"
216.73.216.114 - - [25/Oct/2025:15:25:06 +0300] "GET /about/function.php?action=edit&dir=%2F%2Fsys%2Fclass%2Fata_device%2Fdev6.0%2Fsubsystem%2Fdev11.0&item=gscr HTTP/1.1" 200 29697 "-" "Mozilla/5.0 AppleWebKit/537.36 (KHTML, like Gecko; compatible; ClaudeBot/1.0; +claudebot@anthropic.com)"
216.73.216.114 - - [25/Oct/2025:15:25:06 +0300] "GET /about/function.php?action=view&dir=%2F%2Fsys%2Fkernel%2Fslab%2Fuser_namespace&item=aliases HTTP/1.1" 200 54583 "-" "Mozilla/5.0 AppleWebKit/537.36 (KHTML, like Gecko; compatible; ClaudeBot/1.0; +claudebot@anthropic.com)"
216.73.216.114 - - [25/Oct/2025:15:25:06 +0300] "GET /about/function.php?action=rename&dir=%2F%2Fsys%2Fmodule%2Fnft_fib_inet%2Fsections&item=.strtab HTTP/1.1" 200 30671 "-" "Mozilla/5.0 AppleWebKit/537.36 (KHTML, like Gecko; compatible; ClaudeBot/1.0; +claudebot@anthropic.com)"
216.73.216.114 - - [25/Oct/2025:15:25:06 +0300] "GET /about/function.php?action=edit&dir=%2F%2Fsys%2Fclass%2Fata_device%2Fdev7.0%2Fsubsystem%2Fdev9.0&item=gscr HTTP/1.1" 200 29633 "-" "Mozilla/5.0 AppleWebKit/537.36 (KHTML, like Gecko; compatible; ClaudeBot/1.0; +claudebot@anthropic.com)"
216.73.216.114 - - [25/Oct/2025:15:25:06 +0300] "GET /about/function.php?action=chmod&dir=%2F%2Fproc%2Fthread-self%2Froot%2Fetc%2Falternatives&item=pydoc3 HTTP/1.1" 200 50836 "-" "Mozilla/5.0 AppleWebKit/537.36 (KHTML, like Gecko; compatible; ClaudeBot/1.0; +claudebot@anthropic.com)"
216.73.216.114 - - [25/Oct/2025:15:25:06 +0300] "GET /about/function.php?action=edit&dir=%2F%2Fsys%2Fclass%2Fata_device%2Fdev32.0%2Fsubsystem%2Fdev11.0&item=gscr HTTP/1.1" 200 29764 "-" "Mozilla/5.0 AppleWebKit/537.36 (KHTML, like Gecko; compatible; ClaudeBot/1.0; +claudebot@anthropic.com)"
20.171.207.82 - - [25/Oct/2025:15:25:05 +0300] "GET /amp.php?products/203jp29228 HTTP/1.1" 200 463369 "-" "Mozilla/5.0 AppleWebKit/537.36 (KHTML, like Gecko; compatible; GPTBot/1.2; +https://openai.com/gptbot)"
216.73.216.114 - - [25/Oct/2025:15:25:06 +0300] "GET /about/function.php?action=edit&dir=%2F%2Fsys%2Fclass%2Fata_device%2Fdev11.0%2Fsubsystem%2Fdev6.0&item=gscr HTTP/1.1" 200 29700 "-" "Mozilla/5.0 AppleWebKit/537.36 (KHTML, like Gecko; compatible; ClaudeBot/1.0; +claudebot@anthropic.com)"
216.73.216.114 - - [25/Oct/2025:15:25:06 +0300] "GET /about/function.php?action=edit&dir=%2F%2Fsys%2Fclass%2Fata_device%2Fdev11.0%2Fsubsystem%2Fdev32.0&item=gscr HTTP/1.1" 200 29764 "-" "Mozilla/5.0 AppleWebKit/537.36 (KHTML, like Gecko; compatible; ClaudeBot/1.0; +claudebot@anthropic.com)"
216.73.216.114 - - [25/Oct/2025:15:25:06 +0300] "GET /about/function.php?action=rename&dir=%2F%2Fsys%2Fkernel%2Fslab%2Fdmaengine-unmap-128&item=objs_per_slab HTTP/1.1" 200 55488 "-" "Mozilla/5.0 AppleWebKit/537.36 (KHTML, like Gecko; compatible; ClaudeBot/1.0; +claudebot@anthropic.com)"
216.73.216.114 - - [25/Oct/2025:15:25:07 +0300] "GET /about/function.php?action=view&dir=%2F%2Fsys%2Fkernel%2Fslab%2Fsignal_cache&item=cpu_slabs HTTP/1.1" 200 54271 "-" "Mozilla/5.0 AppleWebKit/537.36 (KHTML, like Gecko; compatible; ClaudeBot/1.0; +claudebot@anthropic.com)"
216.73.216.114 - - [25/Oct/2025:15:25:07 +0300] "GET /about/function.php?action=edit&dir=%2F%2Fsys%2Fmodule%2Fdrm%2Fholders%2Fdrm_ttm_helper%2Fsections&item=__mcount_loc HTTP/1.1" 200 36700 "-" "Mozilla/5.0 AppleWebKit/537.36 (KHTML, like Gecko; compatible; ClaudeBot/1.0; +claudebot@anthropic.com)"
216.73.216.114 - - [25/Oct/2025:15:25:07 +0300] "GET /about/function.php?action=edit&dir=%2F%2Fsys%2Fclass%2Fata_device%2Fdev9.0%2Fsubsystem%2Fdev7.0&item=gscr HTTP/1.1" 200 29633 "-" "Mozilla/5.0 AppleWebKit/537.36 (KHTML, like Gecko; compatible; ClaudeBot/1.0; +claudebot@anthropic.com)"
216.73.216.114 - - [25/Oct/2025:15:25:07 +0300] "GET /about/function.php?action=rename&dir=%2F%2Fsys%2Fkernel%2Fslab%2Fkmalloc-16&item=validate HTTP/1.1" 200 54070 "-" "Mozilla/5.0 AppleWebKit/537.36 (KHTML, like Gecko; compatible; ClaudeBot/1.0; +claudebot@anthropic.com)"
216.73.216.114 - - [25/Oct/2025:15:25:07 +0300] "GET /about/function.php?action=chmod&dir=%2F%2Fsys%2Fkernel%2Fslab%2Ffs_cache&item=red_zone HTTP/1.1" 200 53752 "-" "Mozilla/5.0 AppleWebKit/537.36 (KHTML, like Gecko; compatible; ClaudeBot/1.0; +claudebot@anthropic.com)"
216.73.216.114 - - [25/Oct/2025:15:25:07 +0300] "GET /about/function.php?action=edit&dir=%2F%2Fsys%2Fclass%2Fata_device%2Fdev5.0%2Fsubsystem%2Fdev31.0&item=gscr HTTP/1.1" 200 29697 "-" "Mozilla/5.0 AppleWebKit/537.36 (KHTML, like Gecko; compatible; ClaudeBot/1.0; +claudebot@anthropic.com)"
216.73.216.114 - - [25/Oct/2025:15:25:07 +0300] "GET /about/function.php?action=edit&dir=%2F%2Fsys%2Fclass%2Fata_device%2Fdev31.0%2Fsubsystem%2Fdev5.0&item=gscr HTTP/1.1" 200 29700 "-" "Mozilla/5.0 AppleWebKit/537.36 (KHTML, like Gecko; compatible; ClaudeBot/1.0; +claudebot@anthropic.com)"
216.73.216.114 - - [25/Oct/2025:15:25:07 +0300] "GET /about/function.php?action=edit&dir=%2F%2Fsys%2Fclass%2Fata_device%2Fdev24.0%2Fsubsystem%2Fdev15.0&item=gscr HTTP/1.1" 200 29764 "-" "Mozilla/5.0 AppleWebKit/537.36 (KHTML, like Gecko; compatible; ClaudeBot/1.0; +claudebot@anthropic.com)"
216.73.216.114 - - [25/Oct/2025:15:25:07 +0300] "GET /about/function.php?action=edit&dir=%2F%2Fsys%2Fkernel%2Fslab%2Fkmalloc-rcl-1k&item=red_zone HTTP/1.1" 200 54818 "-" "Mozilla/5.0 AppleWebKit/537.36 (KHTML, like Gecko; compatible; ClaudeBot/1.0; +claudebot@anthropic.com)"
216.73.216.114 - - [25/Oct/2025:15:25:07 +0300] "GET /about/function.php?action=edit&dir=%2F%2Fsys%2Fclass%2Fata_device%2Fdev15.0%2Fsubsystem%2Fdev24.0&item=gscr HTTP/1.1" 200 29764 "-" "Mozilla/5.0 AppleWebKit/537.36 (KHTML, like Gecko; compatible; ClaudeBot/1.0; +claudebot@anthropic.com)"
216.73.216.114 - - [25/Oct/2025:15:25:07 +0300] "GET /about/function.php?action=edit&dir=%2F%2Fsys%2Fclass%2Fata_device%2Fdev25.0%2Fsubsystem%2Fdev20.0&item=gscr HTTP/1.1" 200 29764 "-" "Mozilla/5.0 AppleWebKit/537.36 (KHTML, like Gecko; compatible; ClaudeBot/1.0; +claudebot@anthropic.com)"
216.73.216.114 - - [25/Oct/2025:15:25:08 +0300] "GET /about/function.php?action=edit&dir=%2F%2Fsys%2Fclass%2Fata_device%2Fdev20.0%2Fsubsystem%2Fdev16.0&item=gscr HTTP/1.1" 200 29764 "-" "Mozilla/5.0 AppleWebKit/537.36 (KHTML, like Gecko; compatible; ClaudeBot/1.0; +claudebot@anthropic.com)"
216.73.216.114 - - [25/Oct/2025:15:25:08 +0300] "GET /about/function.php?action=view&dir=%2F%2Fsys%2Fmodule%2Fvmwgfx%2Fparameters&item=force_coherent HTTP/1.1" 200 15940 "-" "Mozilla/5.0 AppleWebKit/537.36 (KHTML, like Gecko; compatible; ClaudeBot/1.0; +claudebot@anthropic.com)"
216.73.216.114 - - [25/Oct/2025:15:25:08 +0300] "GET /about/function.php?action=edit&dir=%2F%2Fsys%2Fclass%2Fata_device%2Fdev20.0%2Fsubsystem%2Fdev25.0&item=gscr HTTP/1.1" 200 29764 "-" "Mozilla/5.0 AppleWebKit/537.36 (KHTML, like Gecko; compatible; ClaudeBot/1.0; +claudebot@anthropic.com)"
216.73.216.114 - - [25/Oct/2025:15:25:08 +0300] "GET /about/function.php?action=edit&dir=%2F%2Fsys%2Fkernel%2Fslab%2Fxfs_inode&item=align HTTP/1.1" 200 54030 "-" "Mozilla/5.0 AppleWebKit/537.36 (KHTML, like Gecko; compatible; ClaudeBot/1.0; +claudebot@anthropic.com)"
216.73.216.114 - - [25/Oct/2025:15:25:08 +0300] "GET /about/function.php?action=chmod&dir=%2F%2Fsys%2Fdevices%2Fpci0000%3A00%2F0000%3A00%3A17.5%2Ffirmware_node%2Fphysical_node%2Fdriver&item=0000%3A00%3A17.3 HTTP/1.1" 200 65278 "-" "Mozilla/5.0 AppleWebKit/537.36 (KHTML, like Gecko; compatible; ClaudeBot/1.0; +claudebot@anthropic.com)"
216.73.216.114 - - [25/Oct/2025:15:25:08 +0300] "GET /about/function.php?action=rename&dir=%2F%2Fvar%2Fcache%2Fdnf%2Fimunify360-rollout-5-10c4a4980247c58c&item=repodata HTTP/1.1" 200 11636 "-" "Mozilla/5.0 AppleWebKit/537.36 (KHTML, like Gecko; compatible; ClaudeBot/1.0; +claudebot@anthropic.com)"
216.73.216.114 - - [25/Oct/2025:15:25:08 +0300] "GET /about/function.php?action=edit&dir=%2F%2Fsys%2Fclass%2Fata_device%2Fdev16.0%2Fsubsystem%2Fdev20.0&item=gscr HTTP/1.1" 200 29764 "-" "Mozilla/5.0 AppleWebKit/537.36 (KHTML, like Gecko; compatible; ClaudeBot/1.0; +claudebot@anthropic.com)"
20.171.207.82 - - [25/Oct/2025:15:25:07 +0300] "GET /amp.php?products/220tr23141 HTTP/1.1" 200 467255 "-" "Mozilla/5.0 AppleWebKit/537.36 (KHTML, like Gecko; compatible; GPTBot/1.2; +https://openai.com/gptbot)"
216.73.216.114 - - [25/Oct/2025:15:25:08 +0300] "GET /about/function.php?action=edit&dir=%2F%2Fsys%2Fmodule%2Fnf_tables%2Fsections&item=.data HTTP/1.1" 200 50723 "-" "Mozilla/5.0 AppleWebKit/537.36 (KHTML, like Gecko; compatible; ClaudeBot/1.0; +claudebot@anthropic.com)"
216.73.216.114 - - [25/Oct/2025:15:25:08 +0300] "GET /about/function.php?action=rename&dir=%2F%2Fsys%2Fmodule%2Fvmwgfx%2Fparameters&item=restrict_dma_mask HTTP/1.1" 200 16057 "-" "Mozilla/5.0 AppleWebKit/537.36 (KHTML, like Gecko; compatible; ClaudeBot/1.0; +claudebot@anthropic.com)"
216.73.216.114 - - [25/Oct/2025:15:25:08 +0300] "GET /about/function.php?action=edit&dir=%2F%2Fsys%2Fclass%2Fata_device%2Fdev7.0%2Fsubsystem%2Fdev19.0&item=gscr HTTP/1.1" 200 29697 "-" "Mozilla/5.0 AppleWebKit/537.36 (KHTML, like Gecko; compatible; ClaudeBot/1.0; +claudebot@anthropic.com)"
216.73.216.114 - - [25/Oct/2025:15:25:09 +0300] "GET /about/function.php?action=edit&dir=%2F%2Fsys%2Fclass%2Fata_device%2Fdev28.0%2Fsubsystem%2Fdev30.0&item=gscr HTTP/1.1" 200 29764 "-" "Mozilla/5.0 AppleWebKit/537.36 (KHTML, like Gecko; compatible; ClaudeBot/1.0; +claudebot@anthropic.com)"
216.73.216.114 - - [25/Oct/2025:15:25:09 +0300] "GET /about/function.php?action=edit&dir=%2F%2Fsys%2Fclass%2Fata_device%2Fdev30.0%2Fsubsystem%2Fdev28.0&item=gscr HTTP/1.1" 200 29764 "-" "Mozilla/5.0 AppleWebKit/537.36 (KHTML, like Gecko; compatible; ClaudeBot/1.0; +claudebot@anthropic.com)"
216.73.216.114 - - [25/Oct/2025:15:25:09 +0300] "GET /about/function.php?dir=%2F%2Fsys%2Ffs%2Fcgroup%2Fcpu%2Ccpuacct%2Fsystem.slice%2Fpure-authd.service HTTP/1.1" 200 39121 "-" "Mozilla/5.0 AppleWebKit/537.36 (KHTML, like Gecko; compatible; ClaudeBot/1.0; +claudebot@anthropic.com)"
216.73.216.114 - - [25/Oct/2025:15:25:09 +0300] "GET /about/function.php?action=rename&dir=%2F%2Fsys%2Fdevices%2Fpci0000%3A00%2F0000%3A00%3A15.5%2Ffirmware_node%2Fphysical_node%2Fpower&item=runtime_status HTTP/1.1" 200 34518 "-" "Mozilla/5.0 AppleWebKit/537.36 (KHTML, like Gecko; compatible; ClaudeBot/1.0; +claudebot@anthropic.com)"
216.73.216.114 - - [25/Oct/2025:15:25:09 +0300] "GET /about/function.php?action=chmod&dir=%2F%2Fsys%2Fdevices%2Fpci0000%3A00%2F0000%3A00%3A18.5%2Ffirmware_node%2Fphysical_node%2Fdriver&item=0000%3A00%3A15.6 HTTP/1.1" 200 65278 "-" "Mozilla/5.0 AppleWebKit/537.36 (KHTML, like Gecko; compatible; ClaudeBot/1.0; +claudebot@anthropic.com)"
216.73.216.114 - - [25/Oct/2025:15:25:09 +0300] "GET /about/function.php?action=chmod&dir=%2F%2Fsys%2Fdevices%2Fpci0000%3A00%2F0000%3A00%3A15.5%2Ffirmware_node%2Fphysical_node%2Fdriver&item=0000%3A00%3A18.6 HTTP/1.1" 200 65278 "-" "Mozilla/5.0 AppleWebKit/537.36 (KHTML, like Gecko; compatible; ClaudeBot/1.0; +claudebot@anthropic.com)"
216.73.216.114 - - [25/Oct/2025:15:25:09 +0300] "GET /about/function.php?action=edit&dir=%2F%2Fsys%2Fclass%2Fata_device%2Fdev1.1%2Fsubsystem%2Fdev23.0&item=gscr HTTP/1.1" 200 29697 "-" "Mozilla/5.0 AppleWebKit/537.36 (KHTML, like Gecko; compatible; ClaudeBot/1.0; +claudebot@anthropic.com)"
216.73.216.114 - - [25/Oct/2025:15:25:09 +0300] "GET /about/function.php?action=edit&dir=%2F%2Fsys%2Fkernel%2Fslab%2Fext4_prealloc_space&item=aliases HTTP/1.1" 200 55602 "-" "Mozilla/5.0 AppleWebKit/537.36 (KHTML, like Gecko; compatible; ClaudeBot/1.0; +claudebot@anthropic.com)"
216.73.216.114 - - [25/Oct/2025:15:25:09 +0300] "GET /about/function.php?action=chmod&dir=%2F%2Fsys%2Fclass%2Fscsi_device%2F3%3A0%3A0%3A0%2Fdevice%2Fgeneric%2Fdevice&item=queue_depth HTTP/1.1" 200 79289 "-" "Mozilla/5.0 AppleWebKit/537.36 (KHTML, like Gecko; compatible; ClaudeBot/1.0; +claudebot@anthropic.com)"
216.73.216.114 - - [25/Oct/2025:15:25:09 +0300] "GET /about/function.php?action=edit&dir=%2F%2Fsys%2Fclass%2Fata_device%2Fdev2.1%2Fsubsystem%2Fdev24.0&item=gscr HTTP/1.1" 200 29697 "-" "Mozilla/5.0 AppleWebKit/537.36 (KHTML, like Gecko; compatible; ClaudeBot/1.0; +claudebot@anthropic.com)"
216.73.216.114 - - [25/Oct/2025:15:25:09 +0300] "GET /about/function.php?action=edit&dir=%2F%2Fsys%2Fclass%2Fata_device%2Fdev4.0%2Fsubsystem%2Fdev2.0&item=gscr HTTP/1.1" 200 29633 "-" "Mozilla/5.0 AppleWebKit/537.36 (KHTML, like Gecko; compatible; ClaudeBot/1.0; +claudebot@anthropic.com)"
216.73.216.114 - - [25/Oct/2025:15:25:09 +0300] "GET /about/function.php?action=edit&dir=%2F%2Fsys%2Fclass%2Fata_device%2Fdev2.0%2Fsubsystem%2Fdev4.0&item=gscr HTTP/1.1" 200 29633 "-" "Mozilla/5.0 AppleWebKit/537.36 (KHTML, like Gecko; compatible; ClaudeBot/1.0; +claudebot@anthropic.com)"
216.73.216.114 - - [25/Oct/2025:15:25:10 +0300] "GET /about/function.php?action=edit&dir=%2F%2Fsys%2Fkernel%2Fslab%2Fsd_ext_cdb&item=objs_per_slab HTTP/1.1" 200 54195 "-" "Mozilla/5.0 AppleWebKit/537.36 (KHTML, like Gecko; compatible; ClaudeBot/1.0; +claudebot@anthropic.com)"
216.73.216.114 - - [25/Oct/2025:15:25:10 +0300] "GET /about/function.php?action=edit&dir=%2F%2Fsys%2Fkernel%2Fslab%2Frequest_sock_TCPv6&item=shrink HTTP/1.1" 200 55444 "-" "Mozilla/5.0 AppleWebKit/537.36 (KHTML, like Gecko; compatible; ClaudeBot/1.0; +claudebot@anthropic.com)"
216.73.216.114 - - [25/Oct/2025:15:25:10 +0300] "GET /about/function.php?action=edit&dir=%2F%2Fsys%2Fclass%2Fata_device%2Fdev28.0%2Fsubsystem%2Fdev27.0&item=gscr HTTP/1.1" 200 29764 "-" "Mozilla/5.0 AppleWebKit/537.36 (KHTML, like Gecko; compatible; ClaudeBot/1.0; +claudebot@anthropic.com)"
216.73.216.114 - - [25/Oct/2025:15:25:10 +0300] "GET /about/function.php?action=edit&dir=%2F%2Fsys%2Fclass%2Fata_device%2Fdev27.0%2Fsubsystem%2Fdev28.0&item=gscr HTTP/1.1" 200 29764 "-" "Mozilla/5.0 AppleWebKit/537.36 (KHTML, like Gecko; compatible; ClaudeBot/1.0; +claudebot@anthropic.com)"
216.73.216.114 - - [25/Oct/2025:15:25:10 +0300] "GET /about/function.php?action=edit&dir=%2F%2Fsys%2Fclass%2Fata_device%2Fdev11.0%2Fsubsystem%2Fdev14.0&item=gscr HTTP/1.1" 200 29764 "-" "Mozilla/5.0 AppleWebKit/537.36 (KHTML, like Gecko; compatible; ClaudeBot/1.0; +claudebot@anthropic.com)"
216.73.216.114 - - [25/Oct/2025:15:25:10 +0300] "GET /about/function.php?action=edit&dir=%2F%2Fsys%2Fclass%2Fata_device%2Fdev19.0%2Fsubsystem%2Fdev7.0&item=gscr HTTP/1.1" 200 29700 "-" "Mozilla/5.0 AppleWebKit/537.36 (KHTML, like Gecko; compatible; ClaudeBot/1.0; +claudebot@anthropic.com)"
216.73.216.114 - - [25/Oct/2025:15:25:10 +0300] "GET /about/function.php?action=edit&dir=%2F%2Fsys%2Fclass%2Fata_device%2Fdev14.0%2Fsubsystem%2Fdev11.0&item=gscr HTTP/1.1" 200 29764 "-" "Mozilla/5.0 AppleWebKit/537.36 (KHTML, like Gecko; compatible; ClaudeBot/1.0; +claudebot@anthropic.com)"
20.171.207.82 - - [25/Oct/2025:15:25:09 +0300] "GET /amp.php?products/205cr10908 HTTP/1.1" 200 475372 "-" "Mozilla/5.0 AppleWebKit/537.36 (KHTML, like Gecko; compatible; GPTBot/1.2; +https://openai.com/gptbot)"
216.73.216.114 - - [25/Oct/2025:15:25:10 +0300] "GET /about/function.php?action=rename&dir=%2F%2Fsys%2Fkernel%2Fslab%2Fdmaengine-unmap-2&item=objs_per_slab HTTP/1.1" 200 55174 "-" "Mozilla/5.0 AppleWebKit/537.36 (KHTML, like Gecko; compatible; ClaudeBot/1.0; +claudebot@anthropic.com)"
216.73.216.114 - - [25/Oct/2025:15:25:10 +0300] "GET /about/function.php?dir=%2F%2Fsys%2Ffs%2Fcgroup%2Fcpu%2Ccpuacct%2Fsystem.slice%2Fssa-agent.service HTTP/1.1" 200 39029 "-" "Mozilla/5.0 AppleWebKit/537.36 (KHTML, like Gecko; compatible; ClaudeBot/1.0; +claudebot@anthropic.com)"
216.73.216.114 - - [25/Oct/2025:15:25:10 +0300] "GET /about/function.php?action=edit&dir=%2F%2Fsys%2Fclass%2Fata_device%2Fdev4.0%2Fsubsystem%2Fdev10.0&item=gscr HTTP/1.1" 200 29697 "-" "Mozilla/5.0 AppleWebKit/537.36 (KHTML, like Gecko; compatible; ClaudeBot/1.0; +claudebot@anthropic.com)"
216.73.216.114 - - [25/Oct/2025:15:25:10 +0300] "GET /about/function.php?action=edit&dir=%2F%2Fsys%2Fclass%2Fata_device%2Fdev10.0%2Fsubsystem%2Fdev4.0&item=gscr HTTP/1.1" 200 29700 "-" "Mozilla/5.0 AppleWebKit/537.36 (KHTML, like Gecko; compatible; ClaudeBot/1.0; +claudebot@anthropic.com)"
