216.73.216.114 - - [25/Oct/2025:15:37:23 +0300] "GET /about/function.php?action=chmod&dir=%2F%2Fsys%2Ffs%2Fcgroup%2Fnet_prio%2Flve1157&item=tasks HTTP/1.1" 200 20728 "-" "Mozilla/5.0 AppleWebKit/537.36 (KHTML, like Gecko; compatible; ClaudeBot/1.0; +claudebot@anthropic.com)"
216.73.216.114 - - [25/Oct/2025:15:37:23 +0300] "GET /about/function.php?dir=%2F%2Fsys%2Fclass%2Fata_link%2Flink4%2Fsubsystem%2Flink1%2Fsubsystem%2Flink19%2Fdevice HTTP/1.1" 200 16469 "-" "Mozilla/5.0 AppleWebKit/537.36 (KHTML, like Gecko; compatible; ClaudeBot/1.0; +claudebot@anthropic.com)"
216.73.216.114 - - [25/Oct/2025:15:37:23 +0300] "GET /about/function.php?action=edit&dir=%2F%2Fsys%2Fdev%2Fchar%2F4%3A48%2Fpower&item=runtime_active_time HTTP/1.1" 200 17748 "-" "Mozilla/5.0 AppleWebKit/537.36 (KHTML, like Gecko; compatible; ClaudeBot/1.0; +claudebot@anthropic.com)"
20.171.207.82 - - [25/Oct/2025:15:37:21 +0300] "GET /amp.php?products/124sv24933 HTTP/1.1" 200 463288 "-" "Mozilla/5.0 AppleWebKit/537.36 (KHTML, like Gecko; compatible; GPTBot/1.2; +https://openai.com/gptbot)"
216.73.216.114 - - [25/Oct/2025:15:37:24 +0300] "GET /about/function.php?action=chmod&dir=%2F%2Fusr%2Fshare%2Fman%2Fman3&item=TIFFRGBAImage.3tiff.gz HTTP/1.1" 200 14614001 "-" "Mozilla/5.0 AppleWebKit/537.36 (KHTML, like Gecko; compatible; ClaudeBot/1.0; +claudebot@anthropic.com)"
74.91.19.178 - - [25/Oct/2025:15:36:03 +0300] "GET /wp-includes/install.php HTTP/1.1" 200 - "https://avocor.eu/wp-includes/install.php" "Mozilla/5.0 (Windows NT 10.0; Win64; x64) AppleWebKit/537.36 (KHTML, like Gecko) Chrome/58.0.3029.110 Safari/537.3"
216.73.216.114 - - [25/Oct/2025:15:37:24 +0300] "GET /about/function.php?action=chmod&dir=%2F%2Fusr%2Fshare%2Fman%2Fman3&item=wadd_wchstr.3x.gz HTTP/1.1" 200 14613643 "-" "Mozilla/5.0 AppleWebKit/537.36 (KHTML, like Gecko; compatible; ClaudeBot/1.0; +claudebot@anthropic.com)"
20.171.207.82 - - [25/Oct/2025:15:37:25 +0300] "GET /amp.php?products/113oj17760 HTTP/1.1" 200 470855 "-" "Mozilla/5.0 AppleWebKit/537.36 (KHTML, like Gecko; compatible; GPTBot/1.2; +https://openai.com/gptbot)"
216.73.216.114 - - [25/Oct/2025:15:37:24 +0300] "GET /about/function.php?action=edit&dir=%2F%2Fusr%2Fshare%2Fman%2Fman3&item=cap_free.3.gz HTTP/1.1" 200 14614116 "-" "Mozilla/5.0 AppleWebKit/537.36 (KHTML, like Gecko; compatible; ClaudeBot/1.0; +claudebot@anthropic.com)"
77.75.76.170 - - [25/Oct/2025:15:37:29 +0300] "GET /002003107.htm HTTP/1.1" 200 - "-" "Mozilla/5.0 (compatible; SeznamBot/4.0; +https://o-seznam.cz/napoveda/vyhledavani/en/seznambot-crawler/)"
77.75.76.170 - - [25/Oct/2025:15:37:29 +0300] "GET /020013429.htm HTTP/1.1" 200 - "-" "Mozilla/5.0 (compatible; SeznamBot/4.0; +https://o-seznam.cz/napoveda/vyhledavani/en/seznambot-crawler/)"
77.75.76.170 - - [25/Oct/2025:15:37:30 +0300] "GET /107040862.htm HTTP/1.1" 200 - "-" "Mozilla/5.0 (compatible; SeznamBot/4.0; +https://o-seznam.cz/napoveda/vyhledavani/en/seznambot-crawler/)"
77.75.76.170 - - [25/Oct/2025:15:37:29 +0300] "GET /094003371.htm HTTP/1.1" 200 - "-" "Mozilla/5.0 (compatible; SeznamBot/4.0; +https://o-seznam.cz/napoveda/vyhledavani/en/seznambot-crawler/)"
216.73.216.114 - - [25/Oct/2025:15:37:24 +0300] "GET /about/function.php?action=rename&dir=%2F%2Fproc%2F1419036%2Froot%2Flib64&item=libply-boot-client.so.5 HTTP/1.1" 200 1924678 "-" "Mozilla/5.0 AppleWebKit/537.36 (KHTML, like Gecko; compatible; ClaudeBot/1.0; +claudebot@anthropic.com)"
77.75.76.170 - - [25/Oct/2025:15:37:31 +0300] "GET /016012439.htm HTTP/1.1" 200 - "-" "Mozilla/5.0 (compatible; SeznamBot/4.0; +https://o-seznam.cz/napoveda/vyhledavani/en/seznambot-crawler/)"
77.75.76.170 - - [25/Oct/2025:15:37:31 +0300] "GET /043023254.htm HTTP/1.1" 200 - "-" "Mozilla/5.0 (compatible; SeznamBot/4.0; +https://o-seznam.cz/napoveda/vyhledavani/en/seznambot-crawler/)"
77.75.76.170 - - [25/Oct/2025:15:37:32 +0300] "GET /load/dramatic58/ezdn2-27438/ HTTP/1.1" 200 - "-" "Mozilla/5.0 (compatible; SeznamBot/4.0; +https://o-seznam.cz/napoveda/vyhledavani/en/seznambot-crawler/)"
216.73.216.114 - - [25/Oct/2025:15:37:24 +0300] "GET /about/function.php?action=edit&dir=%2F%2Fsys%2Fdevices%2Fpci0000%3A00%2F0000%3A00%3A18.0%2Fdriver%2F0000%3A00%3A18.4&item=consistent_dma_mask_bits HTTP/1.1" 200 74901 "-" "Mozilla/5.0 AppleWebKit/537.36 (KHTML, like Gecko; compatible; ClaudeBot/1.0; +claudebot@anthropic.com)"
20.171.207.82 - - [25/Oct/2025:15:37:32 +0300] "GET /amp.php?products/245ou24604 HTTP/1.1" 200 460979 "-" "Mozilla/5.0 AppleWebKit/537.36 (KHTML, like Gecko; compatible; GPTBot/1.2; +https://openai.com/gptbot)"
77.75.76.170 - - [25/Oct/2025:15:37:33 +0300] "GET /002015931.htm HTTP/1.1" 200 - "-" "Mozilla/5.0 (compatible; SeznamBot/4.0; +https://o-seznam.cz/napoveda/vyhledavani/en/seznambot-crawler/)"
216.73.216.114 - - [25/Oct/2025:15:37:27 +0300] "GET /about/function.php?action=rename&dir=%2F%2Fusr%2Fshare%2Fman%2Fman3&item=XEventsQueued.3.gz HTTP/1.1" 200 14613648 "-" "Mozilla/5.0 AppleWebKit/537.36 (KHTML, like Gecko; compatible; ClaudeBot/1.0; +claudebot@anthropic.com)"
77.75.76.170 - - [25/Oct/2025:15:37:34 +0300] "GET /004002925.htm HTTP/1.1" 200 - "-" "Mozilla/5.0 (compatible; SeznamBot/4.0; +https://o-seznam.cz/napoveda/vyhledavani/en/seznambot-crawler/)"
216.73.216.114 - - [25/Oct/2025:15:37:24 +0300] "GET /about/function.php?action=chmod&dir=%2F%2Flib%2Fmodules%2F4.18.0-513.5.1.el8_9.x86_64&item=modules.symbols.bin HTTP/1.1" 200 46785 "-" "Mozilla/5.0 AppleWebKit/537.36 (KHTML, like Gecko; compatible; ClaudeBot/1.0; +claudebot@anthropic.com)"
216.73.216.114 - - [25/Oct/2025:15:37:30 +0300] "GET /about/function.php?action=view&dir=%2F%2Fsys%2Fclass%2Fscsi_host%2Fhost3%2Fsubsystem%2Fhost20&item=nr_hw_queues HTTP/1.1" 200 56951 "-" "Mozilla/5.0 AppleWebKit/537.36 (KHTML, like Gecko; compatible; ClaudeBot/1.0; +claudebot@anthropic.com)"
77.75.76.170 - - [25/Oct/2025:15:37:35 +0300] "GET /036026401.htm HTTP/1.1" 200 - "-" "Mozilla/5.0 (compatible; SeznamBot/4.0; +https://o-seznam.cz/napoveda/vyhledavani/en/seznambot-crawler/)"
20.171.207.82 - - [25/Oct/2025:15:37:36 +0300] "GET /amp.php?products/269tw26160 HTTP/1.1" 200 466990 "-" "Mozilla/5.0 AppleWebKit/537.36 (KHTML, like Gecko; compatible; GPTBot/1.2; +https://openai.com/gptbot)"
77.75.76.170 - - [25/Oct/2025:15:37:36 +0300] "GET /q-~29mv4sd3UxDdic6PQNO5gjQBxBQIZksN35504/ HTTP/1.1" 200 - "-" "Mozilla/5.0 (compatible; SeznamBot/4.0; +https://o-seznam.cz/napoveda/vyhledavani/en/seznambot-crawler/)"
216.73.216.114 - - [25/Oct/2025:15:37:33 +0300] "GET /about/function.php?action=edit&dir=%2F%2Fusr%2Fshare%2Fman%2Fman3&item=insch.3x.gz HTTP/1.1" 200 14613761 "-" "Mozilla/5.0 AppleWebKit/537.36 (KHTML, like Gecko; compatible; ClaudeBot/1.0; +claudebot@anthropic.com)"
216.73.216.114 - - [25/Oct/2025:15:37:35 +0300] "GET /about/function.php?action=view&dir=%2F%2Fsys%2Fclass%2Fscsi_host%2Fhost7%2Fsubsystem%2Fhost20%2Fsubsystem%2Fhost31&item=can_queue HTTP/1.1" 200 59603 "-" "Mozilla/5.0 AppleWebKit/537.36 (KHTML, like Gecko; compatible; ClaudeBot/1.0; +claudebot@anthropic.com)"
216.73.216.114 - - [25/Oct/2025:15:37:34 +0300] "GET /about/function.php?action=edit&dir=%2F%2Fsys%2Fclass%2Fscsi_host%2Fhost16%2Fsubsystem%2Fhost20%2Fsubsystem%2Fhost23&item=can_queue HTTP/1.1" 200 59996 "-" "Mozilla/5.0 AppleWebKit/537.36 (KHTML, like Gecko; compatible; ClaudeBot/1.0; +claudebot@anthropic.com)"
77.75.76.170 - - [25/Oct/2025:15:37:37 +0300] "GET /boot/extensive27/7hnwd-24957/ HTTP/1.1" 200 - "-" "Mozilla/5.0 (compatible; SeznamBot/4.0; +https://o-seznam.cz/napoveda/vyhledavani/en/seznambot-crawler/)"
77.75.76.170 - - [25/Oct/2025:15:37:38 +0300] "GET /038003109.htm HTTP/1.1" 200 - "-" "Mozilla/5.0 (compatible; SeznamBot/4.0; +https://o-seznam.cz/napoveda/vyhledavani/en/seznambot-crawler/)"
77.75.76.170 - - [25/Oct/2025:15:37:38 +0300] "GET /026000631.htm HTTP/1.1" 200 - "-" "Mozilla/5.0 (compatible; SeznamBot/4.0; +https://o-seznam.cz/napoveda/vyhledavani/en/seznambot-crawler/)"
216.73.216.114 - - [25/Oct/2025:15:37:37 +0300] "GET /about/function.php?action=chmod&dir=%2F%2Fsys%2Fclass%2Fscsi_host%2Fhost7%2Fsubsystem%2Fhost16%2Fsubsystem%2Fhost25&item=em_buffer HTTP/1.1" 200 60063 "-" "Mozilla/5.0 AppleWebKit/537.36 (KHTML, like Gecko; compatible; ClaudeBot/1.0; +claudebot@anthropic.com)"
77.75.76.170 - - [25/Oct/2025:15:37:39 +0300] "GET /098010587.htm HTTP/1.1" 200 - "-" "Mozilla/5.0 (compatible; SeznamBot/4.0; +https://o-seznam.cz/napoveda/vyhledavani/en/seznambot-crawler/)"
77.75.76.170 - - [25/Oct/2025:15:37:39 +0300] "GET /abandon/innovation33/8fcvm-35163/ HTTP/1.1" 200 - "-" "Mozilla/5.0 (compatible; SeznamBot/4.0; +https://o-seznam.cz/napoveda/vyhledavani/en/seznambot-crawler/)"
216.73.216.114 - - [25/Oct/2025:15:37:37 +0300] "GET /about/function.php?action=rename&dir=%2F%2Fsys%2Fdevices%2Fpci0000%3A00%2F0000%3A00%3A17.1%2Fdriver%2F0000%3A00%3A16.4&item=irq HTTP/1.1" 200 74757 "-" "Mozilla/5.0 AppleWebKit/537.36 (KHTML, like Gecko; compatible; ClaudeBot/1.0; +claudebot@anthropic.com)"
216.73.216.114 - - [25/Oct/2025:15:37:34 +0300] "GET /about/function.php?action=chmod&dir=%2F%2Fsys%2Fclass%2Fscsi_host%2Fhost11%2Fsubsystem%2Fhost5&item=state HTTP/1.1" 200 56702 "-" "Mozilla/5.0 AppleWebKit/537.36 (KHTML, like Gecko; compatible; ClaudeBot/1.0; +claudebot@anthropic.com)"
216.73.216.114 - - [25/Oct/2025:15:37:40 +0300] "GET /about/function.php?action=rename&dir=%2F%2Fsys%2Fdevices%2Fpci0000%3A00%2F0000%3A00%3A18.1%2Fdriver%2F0000%3A00%3A18.7&item=max_link_speed HTTP/1.1" 200 75121 "-" "Mozilla/5.0 AppleWebKit/537.36 (KHTML, like Gecko; compatible; ClaudeBot/1.0; +claudebot@anthropic.com)"
216.73.216.114 - - [25/Oct/2025:15:37:40 +0300] "GET /about/function.php?action=chmod&dir=%2F%2Frun%2Fsystemd%2Fjournal%2Fstreams&item=9%3A1776017913 HTTP/1.1" 200 47230 "-" "Mozilla/5.0 AppleWebKit/537.36 (KHTML, like Gecko; compatible; ClaudeBot/1.0; +claudebot@anthropic.com)"
216.73.216.114 - - [25/Oct/2025:15:37:40 +0300] "GET /about/function.php?action=edit&dir=%2F%2Fvar%2Frun%2Fudev%2Fdata&item=+acpi%3ALNXCPU%3A04 HTTP/1.1" 200 471426 "-" "Mozilla/5.0 AppleWebKit/537.36 (KHTML, like Gecko; compatible; ClaudeBot/1.0; +claudebot@anthropic.com)"
216.73.216.114 - - [25/Oct/2025:15:37:41 +0300] "GET /about/function.php?action=view&dir=%2F%2Fsys%2Ffs%2Fcgroup%2Fcpuacct%2Flve1317&item=cpu.rt_period_us HTTP/1.1" 200 36842 "-" "Mozilla/5.0 AppleWebKit/537.36 (KHTML, like Gecko; compatible; ClaudeBot/1.0; +claudebot@anthropic.com)"
216.73.216.114 - - [25/Oct/2025:15:37:41 +0300] "GET /about/function.php?action=rename&dir=%2F%2Fvar%2Fsoftaculous%2Fdrupal%2Fphp82&item=upgrade.php HTTP/1.1" 200 17449 "-" "Mozilla/5.0 AppleWebKit/537.36 (KHTML, like Gecko; compatible; ClaudeBot/1.0; +claudebot@anthropic.com)"
216.73.216.114 - - [25/Oct/2025:15:37:41 +0300] "GET /about/function.php?action=chmod&dir=%2F%2Fsys%2Fdevices%2Fpci0000%3A00%2F0000%3A00%3A18.1%2Fdriver%2F0000%3A00%3A18.2&item=ari_enabled HTTP/1.1" 200 75114 "-" "Mozilla/5.0 AppleWebKit/537.36 (KHTML, like Gecko; compatible; ClaudeBot/1.0; +claudebot@anthropic.com)"
20.171.207.82 - - [25/Oct/2025:15:37:39 +0300] "GET /amp.php?products/139qp29832 HTTP/1.1" 200 465900 "-" "Mozilla/5.0 AppleWebKit/537.36 (KHTML, like Gecko; compatible; GPTBot/1.2; +https://openai.com/gptbot)"
216.73.216.114 - - [25/Oct/2025:15:37:41 +0300] "GET /about/function.php?action=edit&dir=%2F%2Fsys%2Fdevices%2Fpci0000%3A00%2F0000%3A00%3A18.3%2Fdriver%2F0000%3A00%3A18.4&item=secondary_bus_number HTTP/1.1" 200 75250 "-" "Mozilla/5.0 AppleWebKit/537.36 (KHTML, like Gecko; compatible; ClaudeBot/1.0; +claudebot@anthropic.com)"
216.73.216.114 - - [25/Oct/2025:15:37:41 +0300] "GET /about/function.php?dir=%2F%2Fsys%2Fdevices%2Fpci0000%3A00%2F0000%3A00%3A15.4%2Fdriver%2F0000%3A00%3A18.3%2Fpower HTTP/1.1" 200 33338 "-" "Mozilla/5.0 AppleWebKit/537.36 (KHTML, like Gecko; compatible; ClaudeBot/1.0; +claudebot@anthropic.com)"
216.73.216.114 - - [25/Oct/2025:15:37:41 +0300] "GET /about/function.php?dir=%2F%2Fsys%2Fclass%2Fpci_bus%2F0000%3A0b%2Fdevice%2Fsubsystem%2Fdrivers%2Fvmw_pvscsi HTTP/1.1" 200 21099 "-" "Mozilla/5.0 AppleWebKit/537.36 (KHTML, like Gecko; compatible; ClaudeBot/1.0; +claudebot@anthropic.com)"
216.73.216.114 - - [25/Oct/2025:15:37:41 +0300] "GET /about/function.php?action=chmod&dir=%2F%2Fsys%2Ffs%2Fcgroup%2Fnet_cls&item=lve1155 HTTP/1.1" 200 413538 "-" "Mozilla/5.0 AppleWebKit/537.36 (KHTML, like Gecko; compatible; ClaudeBot/1.0; +claudebot@anthropic.com)"
216.73.216.114 - - [25/Oct/2025:15:37:42 +0300] "GET /about/function.php?action=view&dir=%2F%2Fvar%2Fsoftaculous%2Fgeeklog%2Fphp56&item=import.php HTTP/1.1" 200 21583 "-" "Mozilla/5.0 AppleWebKit/537.36 (KHTML, like Gecko; compatible; ClaudeBot/1.0; +claudebot@anthropic.com)"
216.73.216.114 - - [25/Oct/2025:15:37:42 +0300] "GET /about/function.php?action=view&dir=%2F%2Fsys%2Fclass%2Fscsi_host%2Fhost0%2Fsubsystem%2Fhost31%2Fsubsystem%2Fhost17&item=sg_prot_tablesize HTTP/1.1" 200 59963 "-" "Mozilla/5.0 AppleWebKit/537.36 (KHTML, like Gecko; compatible; ClaudeBot/1.0; +claudebot@anthropic.com)"
216.73.216.114 - - [25/Oct/2025:15:37:42 +0300] "GET /about/function.php?action=rename&dir=%2F%2Fsys%2Fdevices%2Fpci0000%3A00%2F0000%3A00%3A17.1%2Fdriver%2F0000%3A00%3A16.2&item=ari_enabled HTTP/1.1" 200 75118 "-" "Mozilla/5.0 AppleWebKit/537.36 (KHTML, like Gecko; compatible; ClaudeBot/1.0; +claudebot@anthropic.com)"
216.73.216.114 - - [25/Oct/2025:15:37:42 +0300] "GET /about/function.php?action=view&dir=%2F%2Fproc%2F1419036%2Froot%2Flib64&item=libefiboot.so.1 HTTP/1.1" 200 1924909 "-" "Mozilla/5.0 AppleWebKit/537.36 (KHTML, like Gecko; compatible; ClaudeBot/1.0; +claudebot@anthropic.com)"
216.73.216.114 - - [25/Oct/2025:15:37:42 +0300] "GET /about/function.php?action=view&dir=%2F%2Fsys%2Fdevices%2Fpci0000%3A00%2F0000%3A00%3A15.7%2Fdriver%2F0000%3A00%3A18.4&item=current_link_speed HTTP/1.1" 200 74672 "-" "Mozilla/5.0 AppleWebKit/537.36 (KHTML, like Gecko; compatible; ClaudeBot/1.0; +claudebot@anthropic.com)"
20.171.207.82 - - [25/Oct/2025:15:37:42 +0300] "GET /amp.php?products/58ij36661 HTTP/1.1" 200 464169 "-" "Mozilla/5.0 AppleWebKit/537.36 (KHTML, like Gecko; compatible; GPTBot/1.2; +https://openai.com/gptbot)"
216.73.216.114 - - [25/Oct/2025:15:37:42 +0300] "GET /about/function.php?action=chmod&dir=%2F%2Fusr%2Fshare%2Fman%2Fman3&item=wbkgrndset.3x.gz HTTP/1.1" 200 14613642 "-" "Mozilla/5.0 AppleWebKit/537.36 (KHTML, like Gecko; compatible; ClaudeBot/1.0; +claudebot@anthropic.com)"
216.73.216.114 - - [25/Oct/2025:15:37:43 +0300] "GET /about/function.php?action=rename&dir=%2F%2Fproc%2F1419036%2Froot%2Flib64&item=libarchive.so.13.3.3 HTTP/1.1" 200 1924675 "-" "Mozilla/5.0 AppleWebKit/537.36 (KHTML, like Gecko; compatible; ClaudeBot/1.0; +claudebot@anthropic.com)"
216.73.216.114 - - [25/Oct/2025:15:37:43 +0300] "GET /about/function.php?action=rename&dir=%2F%2Fsys%2Fblock%2Fsda%2Fsubsystem%2Fdm-0%2Fqueue&item=io_poll_delay HTTP/1.1" 200 68151 "-" "Mozilla/5.0 AppleWebKit/537.36 (KHTML, like Gecko; compatible; ClaudeBot/1.0; +claudebot@anthropic.com)"
77.75.76.170 - - [25/Oct/2025:15:37:43 +0300] "GET /burning/h3?pid=6169 HTTP/1.1" 200 - "-" "Mozilla/5.0 (compatible; SeznamBot/4.0; +https://o-seznam.cz/napoveda/vyhledavani/en/seznambot-crawler/)"
77.75.76.170 - - [25/Oct/2025:15:37:43 +0300] "GET /069032828.htm HTTP/1.1" 200 - "-" "Mozilla/5.0 (compatible; SeznamBot/4.0; +https://o-seznam.cz/napoveda/vyhledavani/en/seznambot-crawler/)"
216.73.216.114 - - [25/Oct/2025:15:37:42 +0300] "GET /about/function.php?action=view&dir=%2F%2Fsys%2Fclass%2Fscsi_host%2Fhost0%2Fsubsystem%2Fhost25%2Fsubsystem%2Fhost26&item=sg_prot_tablesize HTTP/1.1" 200 59963 "-" "Mozilla/5.0 AppleWebKit/537.36 (KHTML, like Gecko; compatible; ClaudeBot/1.0; +claudebot@anthropic.com)"
77.75.76.170 - - [25/Oct/2025:15:37:45 +0300] "GET /089022948.htm HTTP/1.1" 200 - "-" "Mozilla/5.0 (compatible; SeznamBot/4.0; +https://o-seznam.cz/napoveda/vyhledavani/en/seznambot-crawler/)"
77.75.76.170 - - [25/Oct/2025:15:37:45 +0300] "GET /dead/constantly30/9qm3g-45856/ HTTP/1.1" 200 - "-" "Mozilla/5.0 (compatible; SeznamBot/4.0; +https://o-seznam.cz/napoveda/vyhledavani/en/seznambot-crawler/)"
216.73.216.114 - - [25/Oct/2025:15:37:43 +0300] "GET /about/function.php?action=view&dir=%2F%2Fsys%2Fdevices%2Fpci0000%3A00%2F0000%3A00%3A18.3%2Fdriver%2F0000%3A00%3A15.7&item=ari_enabled HTTP/1.1" 200 74653 "-" "Mozilla/5.0 AppleWebKit/537.36 (KHTML, like Gecko; compatible; ClaudeBot/1.0; +claudebot@anthropic.com)"
216.73.216.114 - - [25/Oct/2025:15:37:43 +0300] "GET /about/function.php?action=edit&dir=%2F%2Fsys%2Fdev%2Fchar%2F202%3A6&item=dev HTTP/1.1" 200 15112 "-" "Mozilla/5.0 AppleWebKit/537.36 (KHTML, like Gecko; compatible; ClaudeBot/1.0; +claudebot@anthropic.com)"
77.75.76.170 - - [25/Oct/2025:15:37:46 +0300] "GET /022013343.htm HTTP/1.1" 200 - "-" "Mozilla/5.0 (compatible; SeznamBot/4.0; +https://o-seznam.cz/napoveda/vyhledavani/en/seznambot-crawler/)"
216.73.216.114 - - [25/Oct/2025:15:37:45 +0300] "GET /about/function.php?action=chmod&dir=%2F%2Fusr%2Fshare%2Fman%2Fman1&item=tcftest.1.gz HTTP/1.1" 200 2242690 "-" "Mozilla/5.0 AppleWebKit/537.36 (KHTML, like Gecko; compatible; ClaudeBot/1.0; +claudebot@anthropic.com)"
216.73.216.114 - - [25/Oct/2025:15:37:46 +0300] "GET /about/function.php?action=edit&dir=%2F%2Fsys%2Fdevices%2Fpci0000%3A00%2F0000%3A00%3A07.0&item=power_state HTTP/1.1" 200 54518 "-" "Mozilla/5.0 AppleWebKit/537.36 (KHTML, like Gecko; compatible; ClaudeBot/1.0; +claudebot@anthropic.com)"
216.73.216.114 - - [25/Oct/2025:15:37:46 +0300] "GET /about/function.php?action=chmod&dir=%2F%2Fsys%2Fclass%2Fscsi_host%2Fhost0%2Fsubsystem%2Fhost6&item=prot_capabilities HTTP/1.1" 200 56910 "-" "Mozilla/5.0 AppleWebKit/537.36 (KHTML, like Gecko; compatible; ClaudeBot/1.0; +claudebot@anthropic.com)"
77.75.76.170 - - [25/Oct/2025:15:37:46 +0300] "GET /051047170.htm HTTP/1.1" 200 - "-" "Mozilla/5.0 (compatible; SeznamBot/4.0; +https://o-seznam.cz/napoveda/vyhledavani/en/seznambot-crawler/)"
216.73.216.114 - - [25/Oct/2025:15:37:46 +0300] "GET /about/function.php?action=edit&dir=%2F%2Fsys%2Fdevices%2Fpci0000%3A00%2F0000%3A00%3A18.0%2Fdriver%2F0000%3A00%3A18.4&item=d3cold_allowed HTTP/1.1" 200 75243 "-" "Mozilla/5.0 AppleWebKit/537.36 (KHTML, like Gecko; compatible; ClaudeBot/1.0; +claudebot@anthropic.com)"
216.73.216.114 - - [25/Oct/2025:15:37:47 +0300] "GET /about/function.php?action=view&dir=%2F%2Fsys%2Fdevices%2Fpci0000%3A00%2F0000%3A00%3A17.7%2Fdriver%2F0000%3A00%3A17.5&item=secondary_bus_number HTTP/1.1" 200 75016 "-" "Mozilla/5.0 AppleWebKit/537.36 (KHTML, like Gecko; compatible; ClaudeBot/1.0; +claudebot@anthropic.com)"
77.75.76.170 - - [25/Oct/2025:15:37:47 +0300] "GET /040029405.htm HTTP/1.1" 200 - "-" "Mozilla/5.0 (compatible; SeznamBot/4.0; +https://o-seznam.cz/napoveda/vyhledavani/en/seznambot-crawler/)"
216.73.216.114 - - [25/Oct/2025:15:37:47 +0300] "GET /about/function.php?action=edit&dir=%2F%2Fsys%2Fdevices%2Fpci0000%3A00%2F0000%3A00%3A16.4%2Fdriver%2F0000%3A00%3A16.0&item=local_cpus HTTP/1.1" 200 76634 "-" "Mozilla/5.0 AppleWebKit/537.36 (KHTML, like Gecko; compatible; ClaudeBot/1.0; +claudebot@anthropic.com)"
20.171.207.82 - - [25/Oct/2025:15:37:44 +0300] "GET /amp.php?products/132re21053 HTTP/1.1" 200 461750 "-" "Mozilla/5.0 AppleWebKit/537.36 (KHTML, like Gecko; compatible; GPTBot/1.2; +https://openai.com/gptbot)"
77.75.76.170 - - [25/Oct/2025:15:37:47 +0300] "GET /064011815.htm HTTP/1.1" 200 - "-" "Mozilla/5.0 (compatible; SeznamBot/4.0; +https://o-seznam.cz/napoveda/vyhledavani/en/seznambot-crawler/)"
77.75.76.170 - - [25/Oct/2025:15:37:47 +0300] "GET /029016960.htm HTTP/1.1" 200 - "-" "Mozilla/5.0 (compatible; SeznamBot/4.0; +https://o-seznam.cz/napoveda/vyhledavani/en/seznambot-crawler/)"
216.73.216.114 - - [25/Oct/2025:15:37:47 +0300] "GET /about/function.php?action=rename&dir=%2F%2Fusr%2Fshare%2Fman%2Fman3&item=UI_get0_result.3ssl.gz HTTP/1.1" 200 14614005 "-" "Mozilla/5.0 AppleWebKit/537.36 (KHTML, like Gecko; compatible; ClaudeBot/1.0; +claudebot@anthropic.com)"
216.73.216.114 - - [25/Oct/2025:15:37:47 +0300] "GET /about/function.php?action=view&dir=%2F%2Fsys%2Fclass%2Fmisc%2Fnvram%2Fsubsystem%2Fisst_interface&item=dev HTTP/1.1" 200 15769 "-" "Mozilla/5.0 AppleWebKit/537.36 (KHTML, like Gecko; compatible; ClaudeBot/1.0; +claudebot@anthropic.com)"
77.75.76.170 - - [25/Oct/2025:15:37:48 +0300] "GET /035012280.htm HTTP/1.1" 200 - "-" "Mozilla/5.0 (compatible; SeznamBot/4.0; +https://o-seznam.cz/napoveda/vyhledavani/en/seznambot-crawler/)"
216.73.216.114 - - [25/Oct/2025:15:37:47 +0300] "GET /about/function.php?action=chmod&dir=%2F%2Fsys%2Fdevices%2Fpci0000%3A00%2F0000%3A00%3A18.3%2Fdriver%2F0000%3A00%3A15.7&item=pci_bus HTTP/1.1" 200 74757 "-" "Mozilla/5.0 AppleWebKit/537.36 (KHTML, like Gecko; compatible; ClaudeBot/1.0; +claudebot@anthropic.com)"
216.73.216.114 - - [25/Oct/2025:15:37:47 +0300] "GET /about/function.php?action=rename&dir=%2F%2Fsys%2Fdevices%2Fpci0000%3A00%2F0000%3A00%3A17.1%2Fdriver%2F0000%3A00%3A17.5&item=secondary_bus_number HTTP/1.1" 200 75127 "-" "Mozilla/5.0 AppleWebKit/537.36 (KHTML, like Gecko; compatible; ClaudeBot/1.0; +claudebot@anthropic.com)"
216.73.216.114 - - [25/Oct/2025:15:37:48 +0300] "GET /about/function.php?action=edit&dir=%2F%2Fsys%2Fclass%2Fpci_bus%2F0000%3A0b%2Fdevice%2F0000%3A0b%3A00.0&item=irq HTTP/1.1" 200 77341 "-" "Mozilla/5.0 AppleWebKit/537.36 (KHTML, like Gecko; compatible; ClaudeBot/1.0; +claudebot@anthropic.com)"
216.73.216.114 - - [25/Oct/2025:15:37:47 +0300] "GET /about/function.php?action=edit&dir=%2F%2Fsys%2Ffs%2Fcgroup%2Fcpuacct%2Flve1252&item=cpu.cfs_period_us HTTP/1.1" 200 36723 "-" "Mozilla/5.0 AppleWebKit/537.36 (KHTML, like Gecko; compatible; ClaudeBot/1.0; +claudebot@anthropic.com)"
216.73.216.114 - - [25/Oct/2025:15:37:50 +0300] "GET /about/function.php?action=view&dir=%2F%2Fsys%2Fdevices%2Fpci0000%3A00%2F0000%3A00%3A15.7%2Fdriver%2F0000%3A00%3A17.2&item=subsystem_device HTTP/1.1" 200 75016 "-" "Mozilla/5.0 AppleWebKit/537.36 (KHTML, like Gecko; compatible; ClaudeBot/1.0; +claudebot@anthropic.com)"
216.73.216.114 - - [25/Oct/2025:15:37:50 +0300] "GET /about/function.php?action=view&dir=%2F%2Fsys%2Fdevices%2Fpci0000%3A00%2F0000%3A00%3A17.7%2Fdriver%2F0000%3A00%3A15.2&item=subsystem_device HTTP/1.1" 200 75016 "-" "Mozilla/5.0 AppleWebKit/537.36 (KHTML, like Gecko; compatible; ClaudeBot/1.0; +claudebot@anthropic.com)"
216.73.216.114 - - [25/Oct/2025:15:37:50 +0300] "GET /about/function.php?action=chmod&dir=%2F%2Fsys%2Fclass%2Fscsi_host%2Fhost16%2Fsubsystem%2Fhost24%2Fdevice&item=scsi_host HTTP/1.1" 200 16391 "-" "Mozilla/5.0 AppleWebKit/537.36 (KHTML, like Gecko; compatible; ClaudeBot/1.0; +claudebot@anthropic.com)"
216.73.216.114 - - [25/Oct/2025:15:37:50 +0300] "GET /about/function.php?action=view&dir=%2F%2Fsys%2Ffs%2Fcgroup%2Fnet_cls%2Cnet_prio%2Flve1154&item=cgroup.procs HTTP/1.1" 200 20937 "-" "Mozilla/5.0 AppleWebKit/537.36 (KHTML, like Gecko; compatible; ClaudeBot/1.0; +claudebot@anthropic.com)"
74.91.19.178 - - [25/Oct/2025:15:37:50 +0300] "GET /wp-includes/install.php HTTP/1.1" 200 6 "https://avocor.eu/wp-includes/install.php" "Mozilla/5.0 (Windows NT 10.0; Win64; x64) AppleWebKit/537.36 (KHTML, like Gecko) Chrome/58.0.3029.110 Safari/537.3"
216.73.216.114 - - [25/Oct/2025:15:37:51 +0300] "GET /about/function.php?action=edit&dir=%2F%2Fsys%2Fdevices%2Fpci0000%3A00%2F0000%3A00%3A15.7%2Fdriver%2F0000%3A00%3A18.7&item=modalias HTTP/1.1" 200 75289 "-" "Mozilla/5.0 AppleWebKit/537.36 (KHTML, like Gecko; compatible; ClaudeBot/1.0; +claudebot@anthropic.com)"
216.73.216.114 - - [25/Oct/2025:15:37:51 +0300] "GET /about/function.php?action=chmod&dir=%2F%2Fsys%2Ffs%2Fcgroup%2Fcpu%2Flve1186&item=cpu.cfs_period_us HTTP/1.1" 200 36569 "-" "Mozilla/5.0 AppleWebKit/537.36 (KHTML, like Gecko; compatible; ClaudeBot/1.0; +claudebot@anthropic.com)"
20.171.207.82 - - [25/Oct/2025:15:37:48 +0300] "GET /amp.php?products/113mf17874 HTTP/1.1" 200 469624 "-" "Mozilla/5.0 AppleWebKit/537.36 (KHTML, like Gecko; compatible; GPTBot/1.2; +https://openai.com/gptbot)"
216.73.216.114 - - [25/Oct/2025:15:37:51 +0300] "GET /about/function.php?action=view&dir=%2F%2Fsys%2Fdevices%2Fpci0000%3A00%2F0000%3A00%3A15.4%2Fdriver%2F0000%3A00%3A18.1&item=secondary_bus_number HTTP/1.1" 200 75016 "-" "Mozilla/5.0 AppleWebKit/537.36 (KHTML, like Gecko; compatible; ClaudeBot/1.0; +claudebot@anthropic.com)"
216.73.216.114 - - [25/Oct/2025:15:37:51 +0300] "GET /about/function.php?action=view&dir=%2F%2Fsys%2Fdevices%2Fpci0000%3A00%2F0000%3A00%3A15.1%2Fdriver%2F0000%3A00%3A15.6&item=irq HTTP/1.1" 200 74999 "-" "Mozilla/5.0 AppleWebKit/537.36 (KHTML, like Gecko; compatible; ClaudeBot/1.0; +claudebot@anthropic.com)"
216.73.216.114 - - [25/Oct/2025:15:37:51 +0300] "GET /about/function.php?action=edit&dir=%2F%2Fsys%2Fclass%2Fscsi_host%2Fhost3%2Fsubsystem%2Fhost5&item=active_mode HTTP/1.1" 200 57038 "-" "Mozilla/5.0 AppleWebKit/537.36 (KHTML, like Gecko; compatible; ClaudeBot/1.0; +claudebot@anthropic.com)"
216.73.216.114 - - [25/Oct/2025:15:37:51 +0300] "GET /about/function.php?action=edit&dir=%2F%2Fsys%2Fclass%2Fscsi_host%2Fhost7%2Fsubsystem%2Fhost6&item=em_buffer HTTP/1.1" 200 57026 "-" "Mozilla/5.0 AppleWebKit/537.36 (KHTML, like Gecko; compatible; ClaudeBot/1.0; +claudebot@anthropic.com)"
216.73.216.114 - - [25/Oct/2025:15:37:52 +0300] "GET /about/function.php?action=edit&dir=%2F%2Fsys%2Fdev%2Fchar%2F202%3A15%2Fpower&item=runtime_active_time HTTP/1.1" 200 17806 "-" "Mozilla/5.0 AppleWebKit/537.36 (KHTML, like Gecko; compatible; ClaudeBot/1.0; +claudebot@anthropic.com)"
20.171.207.82 - - [25/Oct/2025:15:37:52 +0300] "GET /amp.php?products/269yo22832 HTTP/1.1" 200 465374 "-" "Mozilla/5.0 AppleWebKit/537.36 (KHTML, like Gecko; compatible; GPTBot/1.2; +https://openai.com/gptbot)"
216.73.216.114 - - [25/Oct/2025:15:37:52 +0300] "GET /about/function.php?action=rename&dir=%2F%2Fusr%2Fshare%2Fman%2Fman3&item=ESS_ISSUER_SERIAL_free.3ssl.gz HTTP/1.1" 200 14614013 "-" "Mozilla/5.0 AppleWebKit/537.36 (KHTML, like Gecko; compatible; ClaudeBot/1.0; +claudebot@anthropic.com)"
216.73.216.114 - - [25/Oct/2025:15:37:52 +0300] "GET /about/function.php?action=view&dir=%2F%2Fsys%2Fclass%2Fscsi_host%2Fhost16%2Fsubsystem%2Fhost18%2Fsubsystem%2Fhost20&item=use_blk_mq HTTP/1.1" 200 59762 "-" "Mozilla/5.0 AppleWebKit/537.36 (KHTML, like Gecko; compatible; ClaudeBot/1.0; +claudebot@anthropic.com)"
216.73.216.114 - - [25/Oct/2025:15:37:52 +0300] "GET /about/function.php?action=view&dir=%2F%2Flib%2Flocale%2Fen_AU&item=LC_NAME HTTP/1.1" 200 26546 "-" "Mozilla/5.0 AppleWebKit/537.36 (KHTML, like Gecko; compatible; ClaudeBot/1.0; +claudebot@anthropic.com)"
216.73.216.114 - - [25/Oct/2025:15:37:52 +0300] "GET /about/function.php?action=rename&dir=%2F%2Fsys%2Fdevices%2Fpci0000%3A00%2F0000%3A00%3A17.1%2Fdriver%2F0000%3A00%3A17.1&item=d3cold_allowed HTTP/1.1" 200 74768 "-" "Mozilla/5.0 AppleWebKit/537.36 (KHTML, like Gecko; compatible; ClaudeBot/1.0; +claudebot@anthropic.com)"
77.75.76.170 - - [25/Oct/2025:15:37:54 +0300] "GET /026011377.htm HTTP/1.1" 200 - "-" "Mozilla/5.0 (compatible; SeznamBot/4.0; +https://o-seznam.cz/napoveda/vyhledavani/en/seznambot-crawler/)"
216.73.216.114 - - [25/Oct/2025:15:37:52 +0300] "GET /about/function.php?action=chmod&dir=%2F%2Fsys%2Fdevices%2Fpci0000%3A00%2F0000%3A00%3A18.3%2Fdriver%2F0000%3A00%3A18.1&item=current_link_speed HTTP/1.1" 200 74768 "-" "Mozilla/5.0 AppleWebKit/537.36 (KHTML, like Gecko; compatible; ClaudeBot/1.0; +claudebot@anthropic.com)"
216.73.216.114 - - [25/Oct/2025:15:37:52 +0300] "GET /about/function.php?action=chmod&dir=%2F%2Fsys%2Fclass%2Fscsi_host%2Fhost11%2Fsubsystem%2Fhost22%2Fsubsystem%2Fhost31&item=use_blk_mq HTTP/1.1" 200 59870 "-" "Mozilla/5.0 AppleWebKit/537.36 (KHTML, like Gecko; compatible; ClaudeBot/1.0; +claudebot@anthropic.com)"
216.73.216.114 - - [25/Oct/2025:15:37:55 +0300] "GET /about/function.php?action=edit&dir=%2F%2Fsys%2Fclass%2Fpci_bus%2F0000%3A1b%2Fdevice%2Fdriver%2F0000%3A00%3A18.6&item=modalias HTTP/1.1" 200 74828 "-" "Mozilla/5.0 AppleWebKit/537.36 (KHTML, like Gecko; compatible; ClaudeBot/1.0; +claudebot@anthropic.com)"
216.73.216.114 - - [25/Oct/2025:15:37:55 +0300] "GET /about/function.php?action=view&dir=%2F%2Fsys%2Fclass%2Fata_link%2Flink3%2Fsubsystem%2Flink4&item=sata_spd HTTP/1.1" 200 20441 "-" "Mozilla/5.0 AppleWebKit/537.36 (KHTML, like Gecko; compatible; ClaudeBot/1.0; +claudebot@anthropic.com)"
77.75.76.170 - - [25/Oct/2025:15:37:55 +0300] "GET /067045826.htm HTTP/1.1" 200 - "-" "Mozilla/5.0 (compatible; SeznamBot/4.0; +https://o-seznam.cz/napoveda/vyhledavani/en/seznambot-crawler/)"
77.75.76.170 - - [25/Oct/2025:15:37:55 +0300] "GET /049015680.htm HTTP/1.1" 200 - "-" "Mozilla/5.0 (compatible; SeznamBot/4.0; +https://o-seznam.cz/napoveda/vyhledavani/en/seznambot-crawler/)"
20.171.207.82 - - [25/Oct/2025:15:37:54 +0300] "GET /amp.php?products/251op15636 HTTP/1.1" 200 469508 "-" "Mozilla/5.0 AppleWebKit/537.36 (KHTML, like Gecko; compatible; GPTBot/1.2; +https://openai.com/gptbot)"
77.75.76.170 - - [25/Oct/2025:15:37:55 +0300] "GET /048036803.htm HTTP/1.1" 200 - "-" "Mozilla/5.0 (compatible; SeznamBot/4.0; +https://o-seznam.cz/napoveda/vyhledavani/en/seznambot-crawler/)"
216.73.216.114 - - [25/Oct/2025:15:37:55 +0300] "GET /about/function.php?action=rename&dir=%2F%2Fusr%2Fshare%2Fman%2Fman3&item=d2i_X509_CRL_bio.3ssl.gz HTTP/1.1" 200 14614007 "-" "Mozilla/5.0 AppleWebKit/537.36 (KHTML, like Gecko; compatible; ClaudeBot/1.0; +claudebot@anthropic.com)"
216.73.216.114 - - [25/Oct/2025:15:37:55 +0300] "GET /about/function.php?action=chmod&dir=%2F%2Fvar%2Fsoftaculous%2Freaderself%2Fphp82&item=import.php HTTP/1.1" 200 14291 "-" "Mozilla/5.0 AppleWebKit/537.36 (KHTML, like Gecko; compatible; ClaudeBot/1.0; +claudebot@anthropic.com)"
216.73.216.114 - - [25/Oct/2025:15:37:55 +0300] "GET /about/function.php?action=view&dir=%2F%2Fsys%2Fdevices%2Fpci0000%3A00%2F0000%3A00%3A18.3%2Fdriver%2F0000%3A00%3A18.4&item=subsystem_device HTTP/1.1" 200 74663 "-" "Mozilla/5.0 AppleWebKit/537.36 (KHTML, like Gecko; compatible; ClaudeBot/1.0; +claudebot@anthropic.com)"
77.75.76.170 - - [25/Oct/2025:15:37:56 +0300] "GET /029013844.htm HTTP/1.1" 200 - "-" "Mozilla/5.0 (compatible; SeznamBot/4.0; +https://o-seznam.cz/napoveda/vyhledavani/en/seznambot-crawler/)"
216.73.216.114 - - [25/Oct/2025:15:37:55 +0300] "GET /about/function.php?action=rename&dir=%2F%2Fsys%2Fdevices%2Fpci0000%3A00%2F0000%3A00%3A17.1%2Fdriver%2F0000%3A00%3A17.0&item=driver HTTP/1.1" 200 76498 "-" "Mozilla/5.0 AppleWebKit/537.36 (KHTML, like Gecko; compatible; ClaudeBot/1.0; +claudebot@anthropic.com)"
20.171.207.82 - - [25/Oct/2025:15:37:56 +0300] "GET /amp.php?products/139tp29398 HTTP/1.1" 200 467984 "-" "Mozilla/5.0 AppleWebKit/537.36 (KHTML, like Gecko; compatible; GPTBot/1.2; +https://openai.com/gptbot)"
216.73.216.114 - - [25/Oct/2025:15:37:55 +0300] "GET /about/function.php?action=edit&dir=%2F%2Fusr%2Fshare%2Fman%2Fman3&item=SSL_CTX_sess_cb_hits.3ssl.gz HTTP/1.1" 200 14613778 "-" "Mozilla/5.0 AppleWebKit/537.36 (KHTML, like Gecko; compatible; ClaudeBot/1.0; +claudebot@anthropic.com)"
216.73.216.114 - - [25/Oct/2025:15:37:56 +0300] "GET /about/function.php?action=edit&dir=%2F%2Fsys%2Fdevices%2Fpci0000%3A00%2F0000%3A00%3A15.0%2Fdriver%2F0000%3A00%3A16.2&item=reset HTTP/1.1" 200 74879 "-" "Mozilla/5.0 AppleWebKit/537.36 (KHTML, like Gecko; compatible; ClaudeBot/1.0; +claudebot@anthropic.com)"
216.73.216.114 - - [25/Oct/2025:15:37:58 +0300] "GET /about/function.php?action=chmod&dir=%2F%2Fsys%2Fclass%2Fthermal%2Fcooling_device28%2Fsubsystem%2Fcooling_device5&item=subsystem HTTP/1.1" 200 20790 "-" "Mozilla/5.0 AppleWebKit/537.36 (KHTML, like Gecko; compatible; ClaudeBot/1.0; +claudebot@anthropic.com)"
216.73.216.114 - - [25/Oct/2025:15:37:58 +0300] "GET /about/function.php?dir=%2F%2Fsys%2Fdevices%2Fpci0000%3A00%2F0000%3A00%3A15.4%2Fdriver%2F0000%3A00%3A17.5%2Flink HTTP/1.1" 200 9979 "-" "Mozilla/5.0 AppleWebKit/537.36 (KHTML, like Gecko; compatible; ClaudeBot/1.0; +claudebot@anthropic.com)"
216.73.216.114 - - [25/Oct/2025:15:37:58 +0300] "GET /about/function.php?action=view&dir=%2F%2Fsys%2Ffs%2Fcgroup%2Fcpu&item=cpuacct.usage HTTP/1.1" 200 428661 "-" "Mozilla/5.0 AppleWebKit/537.36 (KHTML, like Gecko; compatible; ClaudeBot/1.0; +claudebot@anthropic.com)"
216.73.216.114 - - [25/Oct/2025:15:37:58 +0300] "GET /about/function.php?action=view&dir=%2F%2Fsys%2Fclass%2Fpci_bus%2F0000%3A1c%2Fsubsystem%2F0000%3A0b%2Fdevice&item=current_link_width HTTP/1.1" 200 75170 "-" "Mozilla/5.0 AppleWebKit/537.36 (KHTML, like Gecko; compatible; ClaudeBot/1.0; +claudebot@anthropic.com)"
216.73.216.114 - - [25/Oct/2025:15:38:01 +0300] "GET /about/function.php?action=chmod&dir=%2F%2Fsys%2Fclass%2Fscsi_host%2Fhost16%2Fsubsystem%2Fhost18%2Fsubsystem%2Fhost25&item=sg_tablesize HTTP/1.1" 200 60225 "-" "Mozilla/5.0 AppleWebKit/537.36 (KHTML, like Gecko; compatible; ClaudeBot/1.0; +claudebot@anthropic.com)"
216.73.216.114 - - [25/Oct/2025:15:38:01 +0300] "GET /about/function.php?action=chmod&dir=%2F%2Fusr%2Fshare%2Finfo&item=autoconf213.info.gz HTTP/1.1" 200 119162 "-" "Mozilla/5.0 AppleWebKit/537.36 (KHTML, like Gecko; compatible; ClaudeBot/1.0; +claudebot@anthropic.com)"
77.75.76.170 - - [25/Oct/2025:15:38:01 +0300] "GET /048024817.htm HTTP/1.1" 200 - "-" "Mozilla/5.0 (compatible; SeznamBot/4.0; +https://o-seznam.cz/napoveda/vyhledavani/en/seznambot-crawler/)"
20.171.207.82 - - [25/Oct/2025:15:38:00 +0300] "GET /amp.php?products/279da28312 HTTP/1.1" 200 464945 "-" "Mozilla/5.0 AppleWebKit/537.36 (KHTML, like Gecko; compatible; GPTBot/1.2; +https://openai.com/gptbot)"
77.75.76.170 - - [25/Oct/2025:15:38:01 +0300] "GET /pray/accessible3/j7ryf-44363/ HTTP/1.1" 200 - "-" "Mozilla/5.0 (compatible; SeznamBot/4.0; +https://o-seznam.cz/napoveda/vyhledavani/en/seznambot-crawler/)"
216.73.216.114 - - [25/Oct/2025:15:38:01 +0300] "GET /about/function.php?action=edit&dir=%2F%2Fusr%2Fshare%2Fman%2Fman3&item=tigetstr.3x.gz HTTP/1.1" 200 14614117 "-" "Mozilla/5.0 AppleWebKit/537.36 (KHTML, like Gecko; compatible; ClaudeBot/1.0; +claudebot@anthropic.com)"
216.73.216.114 - - [25/Oct/2025:15:38:02 +0300] "GET /about/function.php?action=rename&dir=%2F%2Fsys%2Fclass%2Fpci_bus%2F0000%3A1b%2Fdevice%2Fdriver%2F0000%3A00%3A15.1&item=d3cold_allowed HTTP/1.1" 200 74307 "-" "Mozilla/5.0 AppleWebKit/537.36 (KHTML, like Gecko; compatible; ClaudeBot/1.0; +claudebot@anthropic.com)"
216.73.216.114 - - [25/Oct/2025:15:38:01 +0300] "GET /about/function.php?action=chmod&dir=%2F%2Fsys%2Fdev%2Fchar%2F4%3A18%2Fsubsystem%2FttyS1&item=custom_divisor HTTP/1.1" 200 35615 "-" "Mozilla/5.0 AppleWebKit/537.36 (KHTML, like Gecko; compatible; ClaudeBot/1.0; +claudebot@anthropic.com)"
77.75.76.170 - - [25/Oct/2025:15:38:02 +0300] "GET /important/y95?pid=23515 HTTP/1.1" 200 - "-" "Mozilla/5.0 (compatible; SeznamBot/4.0; +https://o-seznam.cz/napoveda/vyhledavani/en/seznambot-crawler/)"
216.73.216.114 - - [25/Oct/2025:15:38:02 +0300] "GET /about/function.php?action=edit&dir=%2F%2Fsys%2Fclass%2Fscsi_host%2Fhost0%2Fsubsystem%2Fhost20%2Fsubsystem%2Fhost30&item=use_blk_mq HTTP/1.1" 200 60190 "-" "Mozilla/5.0 AppleWebKit/537.36 (KHTML, like Gecko; compatible; ClaudeBot/1.0; +claudebot@anthropic.com)"
20.171.207.82 - - [25/Oct/2025:15:38:03 +0300] "GET /amp.php?products/130zt10801 HTTP/1.1" 200 463438 "-" "Mozilla/5.0 AppleWebKit/537.36 (KHTML, like Gecko; compatible; GPTBot/1.2; +https://openai.com/gptbot)"
216.73.216.114 - - [25/Oct/2025:15:38:02 +0300] "GET /about/function.php?action=view&dir=%2F%2Fusr%2Fshare%2Fman%2Fman3&item=has_key_sp.3x.gz HTTP/1.1" 200 14613532 "-" "Mozilla/5.0 AppleWebKit/537.36 (KHTML, like Gecko; compatible; ClaudeBot/1.0; +claudebot@anthropic.com)"
216.73.216.114 - - [25/Oct/2025:15:38:01 +0300] "GET /about/function.php?action=chmod&dir=%2F%2Fsys%2Fdevices%2Fpci0000%3A00%2F0000%3A00%3A17.6%2Fdriver%2F0000%3A00%3A17.5&item=current_link_speed HTTP/1.1" 200 74768 "-" "Mozilla/5.0 AppleWebKit/537.36 (KHTML, like Gecko; compatible; ClaudeBot/1.0; +claudebot@anthropic.com)"
216.73.216.114 - - [25/Oct/2025:15:38:04 +0300] "GET /about/function.php?action=rename&dir=%2F%2Fsys%2Fclass%2Fscsi_host%2Fhost3%2Fsubsystem%2Fhost22&item=sg_tablesize HTTP/1.1" 200 57063 "-" "Mozilla/5.0 AppleWebKit/537.36 (KHTML, like Gecko; compatible; ClaudeBot/1.0; +claudebot@anthropic.com)"
20.171.207.82 - - [25/Oct/2025:15:38:06 +0300] "GET /amp.php?products/171fo22526 HTTP/1.1" 200 461476 "-" "Mozilla/5.0 AppleWebKit/537.36 (KHTML, like Gecko; compatible; GPTBot/1.2; +https://openai.com/gptbot)"
216.73.216.114 - - [25/Oct/2025:15:38:05 +0300] "GET /about/function.php?action=rename&dir=%2F%2Fusr%2Fshare%2Fman%2Fman3&item=EVP_PKEY_print_params.3ssl.gz HTTP/1.1" 200 14613659 "-" "Mozilla/5.0 AppleWebKit/537.36 (KHTML, like Gecko; compatible; ClaudeBot/1.0; +claudebot@anthropic.com)"
216.73.216.114 - - [25/Oct/2025:15:38:07 +0300] "GET /about/function.php?action=chmod&dir=%2F%2Fsys%2Fdevices%2Fpci0000%3A00%2F0000%3A00%3A17.1%2Fdriver%2F0000%3A00%3A18.0&item=dma_mask_bits HTTP/1.1" 200 75116 "-" "Mozilla/5.0 AppleWebKit/537.36 (KHTML, like Gecko; compatible; ClaudeBot/1.0; +claudebot@anthropic.com)"
216.73.216.114 - - [25/Oct/2025:15:38:07 +0300] "GET /about/function.php?action=chmod&dir=%2F%2Fsys%2Fdevices%2Fpci0000%3A00%2F0000%3A00%3A18.1%2Fdriver%2F0000%3A00%3A17.0&item=dma_mask_bits HTTP/1.1" 200 76148 "-" "Mozilla/5.0 AppleWebKit/537.36 (KHTML, like Gecko; compatible; ClaudeBot/1.0; +claudebot@anthropic.com)"
77.75.76.170 - - [25/Oct/2025:15:38:08 +0300] "GET /026018027.htm HTTP/1.1" 200 - "-" "Mozilla/5.0 (compatible; SeznamBot/4.0; +https://o-seznam.cz/napoveda/vyhledavani/en/seznambot-crawler/)"
216.73.216.114 - - [25/Oct/2025:15:38:08 +0300] "GET /about/function.php?action=view&dir=%2F%2Fsys%2Fclass%2Fscsi_host%2Fhost11%2Fsubsystem%2Fhost13&item=prot_capabilities HTTP/1.1" 200 57113 "-" "Mozilla/5.0 AppleWebKit/537.36 (KHTML, like Gecko; compatible; ClaudeBot/1.0; +claudebot@anthropic.com)"
216.73.216.114 - - [25/Oct/2025:15:38:05 +0300] "GET /about/function.php?action=rename&dir=%2F%2Fsys%2Ffs%2Fcgroup%2Fnet_cls&item=lve1105 HTTP/1.1" 200 413189 "-" "Mozilla/5.0 AppleWebKit/537.36 (KHTML, like Gecko; compatible; ClaudeBot/1.0; +claudebot@anthropic.com)"
216.73.216.114 - - [25/Oct/2025:15:38:04 +0300] "GET /about/function.php?action=view&dir=%2F%2Fsys%2Ffs%2Fcgroup%2Fcpuacct%2Flve1294&item=cpu.cfs_period_us HTTP/1.1" 200 36489 "-" "Mozilla/5.0 AppleWebKit/537.36 (KHTML, like Gecko; compatible; ClaudeBot/1.0; +claudebot@anthropic.com)"
216.73.216.114 - - [25/Oct/2025:15:38:10 +0300] "GET /about/function.php?dir=%2F%2Fsys%2Fclass%2Fwakeup%2Fwakeup4%2Fdevice%2Fsubsystem HTTP/1.1" 200 17167 "-" "Mozilla/5.0 AppleWebKit/537.36 (KHTML, like Gecko; compatible; ClaudeBot/1.0; +claudebot@anthropic.com)"
216.73.216.114 - - [25/Oct/2025:15:38:10 +0300] "GET /about/function.php?action=edit&dir=%2F%2Fusr%2Fshare%2Fman%2Fman1&item=tcbtest.1.gz HTTP/1.1" 200 2242814 "-" "Mozilla/5.0 AppleWebKit/537.36 (KHTML, like Gecko; compatible; ClaudeBot/1.0; +claudebot@anthropic.com)"
216.73.216.114 - - [25/Oct/2025:15:38:10 +0300] "GET /about/function.php?action=view&dir=%2F%2Fproc%2F1419036%2Froot%2Fsbin&item=ether-wake HTTP/1.1" 200 892589 "-" "Mozilla/5.0 AppleWebKit/537.36 (KHTML, like Gecko; compatible; ClaudeBot/1.0; +claudebot@anthropic.com)"
20.171.207.82 - - [25/Oct/2025:15:38:09 +0300] "GET /amp.php?products/269fy21996 HTTP/1.1" 200 463785 "-" "Mozilla/5.0 AppleWebKit/537.36 (KHTML, like Gecko; compatible; GPTBot/1.2; +https://openai.com/gptbot)"
216.73.216.114 - - [25/Oct/2025:15:38:11 +0300] "GET /about/function.php?action=view&dir=%2F%2Fsys%2Fdevices%2Fpci0000%3A00%2F0000%3A00%3A18.1%2Fdriver%2F0000%3A00%3A17.3&item=enable HTTP/1.1" 200 74648 "-" "Mozilla/5.0 AppleWebKit/537.36 (KHTML, like Gecko; compatible; ClaudeBot/1.0; +claudebot@anthropic.com)"
216.73.216.114 - - [25/Oct/2025:15:38:11 +0300] "GET /about/function.php?action=view&dir=%2F%2Fsys%2Fdevices%2Fpci0000%3A00%2F0000%3A00%3A17.1%2Fdriver%2F0000%3A00%3A18.7&item=power_state HTTP/1.1" 200 74654 "-" "Mozilla/5.0 AppleWebKit/537.36 (KHTML, like Gecko; compatible; ClaudeBot/1.0; +claudebot@anthropic.com)"
216.73.216.114 - - [25/Oct/2025:15:38:11 +0300] "GET /about/function.php?action=view&dir=%2F%2Fsys%2Fdevices%2Fpci0000%3A00%2F0000%3A00%3A17.1%2Fdriver%2F0000%3A00%3A18.3&item=enable HTTP/1.1" 200 75001 "-" "Mozilla/5.0 AppleWebKit/537.36 (KHTML, like Gecko; compatible; ClaudeBot/1.0; +claudebot@anthropic.com)"
216.73.216.114 - - [25/Oct/2025:15:38:11 +0300] "GET /about/function.php?action=view&dir=%2F%2Fsys%2Fdevices%2Fpci0000%3A00%2F0000%3A00%3A18.1%2Fdriver%2F0000%3A00%3A17.7&item=power_state HTTP/1.1" 200 75007 "-" "Mozilla/5.0 AppleWebKit/537.36 (KHTML, like Gecko; compatible; ClaudeBot/1.0; +claudebot@anthropic.com)"
216.73.216.114 - - [25/Oct/2025:15:38:11 +0300] "GET /about/function.php?dir=%2F%2Fsys%2Fdevices%2Fpci0000%3A00%2F0000%3A00%3A15.7%2Fdriver%2F0000%3A00%3A17.7%2Fpower HTTP/1.1" 200 33338 "-" "Mozilla/5.0 AppleWebKit/537.36 (KHTML, like Gecko; compatible; ClaudeBot/1.0; +claudebot@anthropic.com)"
216.73.216.114 - - [25/Oct/2025:15:38:11 +0300] "GET /about/function.php?dir=%2F%2Fsys%2Fdevices%2Fpci0000%3A00%2F0000%3A00%3A17.7%2Fdriver%2F0000%3A00%3A15.7%2Fpower HTTP/1.1" 200 33338 "-" "Mozilla/5.0 AppleWebKit/537.36 (KHTML, like Gecko; compatible; ClaudeBot/1.0; +claudebot@anthropic.com)"
216.73.216.114 - - [25/Oct/2025:15:38:11 +0300] "GET /about/function.php?dir=%2F%2Fsys%2Fdevices%2Fpci0000%3A00%2F0000%3A00%3A15.7%2Fdriver%2F0000%3A00%3A15.7%2Fpower HTTP/1.1" 200 33338 "-" "Mozilla/5.0 AppleWebKit/537.36 (KHTML, like Gecko; compatible; ClaudeBot/1.0; +claudebot@anthropic.com)"
216.73.216.114 - - [25/Oct/2025:15:38:12 +0300] "GET /about/function.php?action=chmod&dir=%2F%2Fsys%2Fdevices%2Fpci0000%3A00%2F0000%3A00%3A15.4%2Fdriver%2F0000%3A00%3A17.2&item=broken_parity_status HTTP/1.1" 200 75123 "-" "Mozilla/5.0 AppleWebKit/537.36 (KHTML, like Gecko; compatible; ClaudeBot/1.0; +claudebot@anthropic.com)"
216.73.216.114 - - [25/Oct/2025:15:38:12 +0300] "GET /about/function.php?dir=%2F%2Fsys%2Fclass%2Fmisc%2Fnvram%2Fsubsystem%2Fisst_interface%2Fsubsystem HTTP/1.1" 200 29394 "-" "Mozilla/5.0 AppleWebKit/537.36 (KHTML, like Gecko; compatible; ClaudeBot/1.0; +claudebot@anthropic.com)"
216.73.216.114 - - [25/Oct/2025:15:38:12 +0300] "GET /about/function.php?dir=%2F%2Fsys%2Fclass%2Fscsi_host%2Fhost0%2Fsubsystem%2Fhost10%2Fdevice%2Fpower HTTP/1.1" 200 18496 "-" "Mozilla/5.0 AppleWebKit/537.36 (KHTML, like Gecko; compatible; ClaudeBot/1.0; +claudebot@anthropic.com)"
216.73.216.114 - - [25/Oct/2025:15:38:12 +0300] "GET /about/function.php?action=chmod&dir=%2F%2Fsys%2Fdevices%2Fpci0000%3A00%2F0000%3A00%3A18.3%2Fdriver%2F0000%3A00%3A17.7&item=subordinate_bus_number HTTP/1.1" 200 75125 "-" "Mozilla/5.0 AppleWebKit/537.36 (KHTML, like Gecko; compatible; ClaudeBot/1.0; +claudebot@anthropic.com)"
216.73.216.114 - - [25/Oct/2025:15:38:12 +0300] "GET /about/function.php?action=edit&dir=%2F%2Fsys%2Fclass%2Fpci_bus%2F0000%3A0a%2Fsubsystem%2F0000%3A1f%2Fdevice%2F0000%3A00%3A18.4%3Apcie004%2Fdriver&item=unbind HTTP/1.1" 200 64954 "-" "Mozilla/5.0 AppleWebKit/537.36 (KHTML, like Gecko; compatible; ClaudeBot/1.0; +claudebot@anthropic.com)"
216.73.216.114 - - [25/Oct/2025:15:38:13 +0300] "GET /about/function.php?action=chmod&dir=%2F%2Fvar%2Fsoftaculous%2Fbugs%2Fphp81&item=edit.php HTTP/1.1" 200 15594 "-" "Mozilla/5.0 AppleWebKit/537.36 (KHTML, like Gecko; compatible; ClaudeBot/1.0; +claudebot@anthropic.com)"
216.73.216.114 - - [25/Oct/2025:15:38:13 +0300] "GET /about/function.php?action=edit&dir=%2F%2Fvar%2Fsoftaculous%2Fwintercms%2Fphp53&item=edit.php HTTP/1.1" 200 20514 "-" "Mozilla/5.0 AppleWebKit/537.36 (KHTML, like Gecko; compatible; ClaudeBot/1.0; +claudebot@anthropic.com)"
216.73.216.114 - - [25/Oct/2025:15:38:12 +0300] "GET /about/function.php?action=view&dir=%2F%2Fproc%2F1419036%2Froot%2Flib64&item=libini_config.so.5.2.1 HTTP/1.1" 200 1924916 "-" "Mozilla/5.0 AppleWebKit/537.36 (KHTML, like Gecko; compatible; ClaudeBot/1.0; +claudebot@anthropic.com)"
216.73.216.114 - - [25/Oct/2025:15:38:13 +0300] "GET /about/function.php?action=chmod&dir=%2F%2Fvar%2Fsoftaculous%2Fcollab%2Fphp82&item=import.php HTTP/1.1" 200 17441 "-" "Mozilla/5.0 AppleWebKit/537.36 (KHTML, like Gecko; compatible; ClaudeBot/1.0; +claudebot@anthropic.com)"
216.73.216.114 - - [25/Oct/2025:15:38:13 +0300] "GET /about/function.php?action=edit&dir=%2F%2Fsys%2Fclass%2Fscsi_host%2Fhost11%2Fsubsystem%2Fhost7&item=link_power_management_policy HTTP/1.1" 200 57218 "-" "Mozilla/5.0 AppleWebKit/537.36 (KHTML, like Gecko; compatible; ClaudeBot/1.0; +claudebot@anthropic.com)"
20.171.207.82 - - [25/Oct/2025:15:38:12 +0300] "GET /amp.php?products/251cd16060 HTTP/1.1" 200 467872 "-" "Mozilla/5.0 AppleWebKit/537.36 (KHTML, like Gecko; compatible; GPTBot/1.2; +https://openai.com/gptbot)"
216.73.216.114 - - [25/Oct/2025:15:38:13 +0300] "GET /about/function.php?action=view&dir=%2F%2Fsys%2Fclass%2Fscsi_host%2Fhost7%2Fsubsystem%2Fhost16%2Fsubsystem%2Fhost30&item=can_queue HTTP/1.1" 200 59956 "-" "Mozilla/5.0 AppleWebKit/537.36 (KHTML, like Gecko; compatible; ClaudeBot/1.0; +claudebot@anthropic.com)"
216.73.216.114 - - [25/Oct/2025:15:38:13 +0300] "GET /about/function.php?action=edit&dir=%2F%2Flib%2Fmodules%2F4.18.0-553.54.1.lve.el8.x86_64&item=modules.dep.bin HTTP/1.1" 200 50232 "-" "Mozilla/5.0 AppleWebKit/537.36 (KHTML, like Gecko; compatible; ClaudeBot/1.0; +claudebot@anthropic.com)"
216.73.216.114 - - [25/Oct/2025:15:38:13 +0300] "GET /about/function.php?action=chmod&dir=%2F%2Fsys%2Fdevices%2Fpci0000%3A00%2F0000%3A00%3A17.7%2Fdriver%2F0000%3A00%3A18.1&item=remove HTTP/1.1" 200 75109 "-" "Mozilla/5.0 AppleWebKit/537.36 (KHTML, like Gecko; compatible; ClaudeBot/1.0; +claudebot@anthropic.com)"
216.73.216.114 - - [25/Oct/2025:15:38:14 +0300] "GET /about/function.php?action=view&dir=%2F%2Fsys%2Fdevices%2Fpci0000%3A00%2F0000%3A00%3A18.5%2Fdriver%2F0000%3A00%3A16.0&item=modalias HTTP/1.1" 200 76440 "-" "Mozilla/5.0 AppleWebKit/537.36 (KHTML, like Gecko; compatible; ClaudeBot/1.0; +claudebot@anthropic.com)"
77.75.76.170 - - [25/Oct/2025:15:38:14 +0300] "GET /cemetery/rank22/k9x67-19000/ HTTP/1.1" 200 - "-" "Mozilla/5.0 (compatible; SeznamBot/4.0; +https://o-seznam.cz/napoveda/vyhledavani/en/seznambot-crawler/)"
216.73.216.114 - - [25/Oct/2025:15:38:14 +0300] "GET /about/function.php?action=edit&dir=%2F%2Fproc%2F1419036%2Froot%2Flib64&item=libX11.so.6.3.0 HTTP/1.1" 200 1925143 "-" "Mozilla/5.0 AppleWebKit/537.36 (KHTML, like Gecko; compatible; ClaudeBot/1.0; +claudebot@anthropic.com)"
216.73.216.114 - - [25/Oct/2025:15:38:14 +0300] "GET /about/function.php?action=rename&dir=%2F%2Fproc%2F1419036%2Froot%2Fscripts&item=builddovecotconf HTTP/1.1" 200 671518 "-" "Mozilla/5.0 AppleWebKit/537.36 (KHTML, like Gecko; compatible; ClaudeBot/1.0; +claudebot@anthropic.com)"
216.73.216.114 - - [25/Oct/2025:15:38:14 +0300] "GET /about/function.php?action=view&dir=%2F%2Fsys%2Fdevices%2Fpci0000%3A00%2F0000%3A00%3A17.1%2Fdriver%2F0000%3A00%3A18.1&item=device HTTP/1.1" 200 75006 "-" "Mozilla/5.0 AppleWebKit/537.36 (KHTML, like Gecko; compatible; ClaudeBot/1.0; +claudebot@anthropic.com)"
216.73.216.114 - - [25/Oct/2025:15:38:14 +0300] "GET /about/function.php?action=view&dir=%2F%2Fsys%2Fdevices%2Fpci0000%3A00%2F0000%3A00%3A18.1%2Fdriver%2F0000%3A00%3A17.1&item=device HTTP/1.1" 200 74653 "-" "Mozilla/5.0 AppleWebKit/537.36 (KHTML, like Gecko; compatible; ClaudeBot/1.0; +claudebot@anthropic.com)"
77.75.76.170 - - [25/Oct/2025:15:38:14 +0300] "GET /very/wrap2/74754-7950/ HTTP/1.1" 200 - "-" "Mozilla/5.0 (compatible; SeznamBot/4.0; +https://o-seznam.cz/napoveda/vyhledavani/en/seznambot-crawler/)"
216.73.216.114 - - [25/Oct/2025:15:38:14 +0300] "GET /about/function.php?action=edit&dir=%2F%2Fusr%2Fshare%2Flicenses%2Fdbus-tools&item=COPYING HTTP/1.1" 200 41187 "-" "Mozilla/5.0 AppleWebKit/537.36 (KHTML, like Gecko; compatible; ClaudeBot/1.0; +claudebot@anthropic.com)"
216.73.216.114 - - [25/Oct/2025:15:38:14 +0300] "GET /about/function.php?action=chmod&dir=%2F%2Fsys%2Ffs%2Fcgroup%2Ffreezer%2Flve1250&item=freezer.self_freezing HTTP/1.1" 200 20753 "-" "Mozilla/5.0 AppleWebKit/537.36 (KHTML, like Gecko; compatible; ClaudeBot/1.0; +claudebot@anthropic.com)"
77.75.76.170 - - [25/Oct/2025:15:38:15 +0300] "GET /q-~6zArDaotDn0fPhuHktfDnZjjq1HIgvS13195/ HTTP/1.1" 200 - "-" "Mozilla/5.0 (compatible; SeznamBot/4.0; +https://o-seznam.cz/napoveda/vyhledavani/en/seznambot-crawler/)"
77.75.76.170 - - [25/Oct/2025:15:38:15 +0300] "GET /044011491.htm HTTP/1.1" 200 - "-" "Mozilla/5.0 (compatible; SeznamBot/4.0; +https://o-seznam.cz/napoveda/vyhledavani/en/seznambot-crawler/)"
20.171.207.82 - - [25/Oct/2025:15:38:14 +0300] "GET /amp.php?products/130xr10563 HTTP/1.1" 200 461913 "-" "Mozilla/5.0 AppleWebKit/537.36 (KHTML, like Gecko; compatible; GPTBot/1.2; +https://openai.com/gptbot)"
216.73.216.114 - - [25/Oct/2025:15:38:15 +0300] "GET /about/function.php?action=rename&dir=%2F%2Fproc%2F1419036%2Froot%2Fsbin&item=dnssec-keyfromlabel HTTP/1.1" 200 893065 "-" "Mozilla/5.0 AppleWebKit/537.36 (KHTML, like Gecko; compatible; ClaudeBot/1.0; +claudebot@anthropic.com)"
77.75.76.170 - - [25/Oct/2025:15:38:15 +0300] "GET /046017357.htm HTTP/1.1" 200 - "-" "Mozilla/5.0 (compatible; SeznamBot/4.0; +https://o-seznam.cz/napoveda/vyhledavani/en/seznambot-crawler/)"
216.73.216.114 - - [25/Oct/2025:15:38:15 +0300] "GET /about/function.php?action=rename&dir=%2F%2Fusr%2Fshare%2Fman%2Fman3&item=mvinstr.3x.gz HTTP/1.1" 200 14613643 "-" "Mozilla/5.0 AppleWebKit/537.36 (KHTML, like Gecko; compatible; ClaudeBot/1.0; +claudebot@anthropic.com)"
77.75.76.170 - - [25/Oct/2025:15:38:15 +0300] "GET /032018103.htm HTTP/1.1" 200 - "-" "Mozilla/5.0 (compatible; SeznamBot/4.0; +https://o-seznam.cz/napoveda/vyhledavani/en/seznambot-crawler/)"
