216.73.216.114 - - [25/Oct/2025:15:08:18 +0300] "GET /about/function.php?action=edit&dir=%2Fhome%2Favocor%2Fpublic_html%2Fnew%2Fwp-includes%2Fimages&item=wpicons-2x.png HTTP/1.1" 200 55023 "-" "Mozilla/5.0 AppleWebKit/537.36 (KHTML, like Gecko; compatible; ClaudeBot/1.0; +claudebot@anthropic.com)"
216.73.216.114 - - [25/Oct/2025:15:08:19 +0300] "GET /about/function.php?action=rename&dir=%2Fhome%2Favocor%2Fwww%2Fupdate%2FFox-C404&item=games-Joomla.txt404 HTTP/1.1" 200 3611759 "-" "Mozilla/5.0 AppleWebKit/537.36 (KHTML, like Gecko; compatible; ClaudeBot/1.0; +claudebot@anthropic.com)"
216.73.216.114 - - [25/Oct/2025:15:08:19 +0300] "GET /about/function.php?dir=%2Fhome%2Favocor%2Fwww%2Fupdate%2FFox-C404%2Fnobody-Hostbills.txt404 HTTP/1.1" 200 10075 "-" "Mozilla/5.0 AppleWebKit/537.36 (KHTML, like Gecko; compatible; ClaudeBot/1.0; +claudebot@anthropic.com)"
216.73.216.114 - - [25/Oct/2025:15:08:19 +0300] "GET /about/function.php?action=rename&dir=%2Fhome%2Favocor%2Fwww%2Fupdate%2FFox-C404&item=root-bill-WHMCS.txt404 HTTP/1.1" 200 3611762 "-" "Mozilla/5.0 AppleWebKit/537.36 (KHTML, like Gecko; compatible; ClaudeBot/1.0; +claudebot@anthropic.com)"
216.73.216.114 - - [25/Oct/2025:15:08:19 +0300] "GET /about/function.php?action=chmod&dir=%2Fhome%2Favocor%2Fwww%2Fupdate%2FFox-C404&item=nobody-clientes-WHMCS.txt404 HTTP/1.1" 200 3611764 "-" "Mozilla/5.0 AppleWebKit/537.36 (KHTML, like Gecko; compatible; ClaudeBot/1.0; +claudebot@anthropic.com)"
20.171.207.82 - - [25/Oct/2025:15:08:19 +0300] "GET /amp.php?products/194vr11483 HTTP/1.1" 200 466617 "-" "Mozilla/5.0 AppleWebKit/537.36 (KHTML, like Gecko; compatible; GPTBot/1.2; +https://openai.com/gptbot)"
216.73.216.114 - - [25/Oct/2025:15:08:20 +0300] "GET /about/function.php?action=rename&dir=%2Fhome%2Favocor%2Fwww%2Fupdate%2FFox-C404&item=games-clientes-WHMCS.txt404 HTTP/1.1" 200 3611767 "-" "Mozilla/5.0 AppleWebKit/537.36 (KHTML, like Gecko; compatible; ClaudeBot/1.0; +claudebot@anthropic.com)"
216.73.216.114 - - [25/Oct/2025:15:08:21 +0300] "GET /about/function.php?action=chmod&dir=%2Fhome%2Favocor%2Fwww%2Fupdate%2FFox-C404&item=avocor-basket-WHMCS.txt404 HTTP/1.1" 200 3611409 "-" "Mozilla/5.0 AppleWebKit/537.36 (KHTML, like Gecko; compatible; ClaudeBot/1.0; +claudebot@anthropic.com)"
216.73.216.114 - - [25/Oct/2025:15:08:21 +0300] "GET /about/function.php?dir=%2Fhome%2Favocor%2Fwww%2Fupdate%2FFox-C404%2Froot-billing-Blesta.txt404 HTTP/1.1" 200 9728 "-" "Mozilla/5.0 AppleWebKit/537.36 (KHTML, like Gecko; compatible; ClaudeBot/1.0; +claudebot@anthropic.com)"
216.73.216.114 - - [25/Oct/2025:15:08:20 +0300] "GET /about/function.php?action=rename&dir=%2Fhome%2Favocor%2Fwww%2Fupdate%2FFox-C404&item=sync-billing-Hostbills.txt404 HTTP/1.1" 200 3611416 "-" "Mozilla/5.0 AppleWebKit/537.36 (KHTML, like Gecko; compatible; ClaudeBot/1.0; +claudebot@anthropic.com)"
20.171.207.82 - - [25/Oct/2025:15:08:21 +0300] "GET /amp.php?products/275xm16412 HTTP/1.1" 200 465337 "-" "Mozilla/5.0 AppleWebKit/537.36 (KHTML, like Gecko; compatible; GPTBot/1.2; +https://openai.com/gptbot)"
216.73.216.114 - - [25/Oct/2025:15:08:22 +0300] "GET /about/function.php?action=rename&dir=%2Fhome%2Favocor%2Fwww%2Fupdate%2FFox-C404&item=operator-Lokomedia.txt404 HTTP/1.1" 200 3611765 "-" "Mozilla/5.0 AppleWebKit/537.36 (KHTML, like Gecko; compatible; ClaudeBot/1.0; +claudebot@anthropic.com)"
216.73.216.114 - - [25/Oct/2025:15:08:22 +0300] "GET /about/function.php?action=chmod&dir=%2Fhome%2Favocor%2Fwww%2Fupdate%2FFox-C404&item=-billing-Hostbills.txt404 HTTP/1.1" 200 3611408 "-" "Mozilla/5.0 AppleWebKit/537.36 (KHTML, like Gecko; compatible; ClaudeBot/1.0; +claudebot@anthropic.com)"
216.73.216.114 - - [25/Oct/2025:15:08:23 +0300] "GET /about/function.php?action=rename&dir=%2Fhome%2Favocor%2Fwww%2Fupdate%2FFox-C404&item=avocor-infinitewp.txt404 HTTP/1.1" 200 3611411 "-" "Mozilla/5.0 AppleWebKit/537.36 (KHTML, like Gecko; compatible; ClaudeBot/1.0; +claudebot@anthropic.com)"
216.73.216.114 - - [25/Oct/2025:15:08:23 +0300] "GET /about/function.php?action=rename&dir=%2Fhome%2Favocor%2Fwww%2Fupdate%2FFox-C404&item=avocor-Joomla-joomla.txt404 HTTP/1.1" 200 3611414 "-" "Mozilla/5.0 AppleWebKit/537.36 (KHTML, like Gecko; compatible; ClaudeBot/1.0; +claudebot@anthropic.com)"
216.73.216.114 - - [25/Oct/2025:15:08:25 +0300] "GET /about/function.php?action=chmod&dir=%2F%2Fusr%2Fshare%2Fman%2Fit&item=man8 HTTP/1.1" 200 14965 "-" "Mozilla/5.0 AppleWebKit/537.36 (KHTML, like Gecko; compatible; ClaudeBot/1.0; +claudebot@anthropic.com)"
20.171.207.82 - - [25/Oct/2025:15:08:24 +0300] "GET /amp.php?products/119xo27700 HTTP/1.1" 200 462876 "-" "Mozilla/5.0 AppleWebKit/537.36 (KHTML, like Gecko; compatible; GPTBot/1.2; +https://openai.com/gptbot)"
216.73.216.114 - - [25/Oct/2025:15:08:25 +0300] "GET /about/function.php?action=rename&dir=%2F%2Fusr%2Fshare%2Fman%2Fman1&item=gdbus.1.gz HTTP/1.1" 200 2242692 "-" "Mozilla/5.0 AppleWebKit/537.36 (KHTML, like Gecko; compatible; ClaudeBot/1.0; +claudebot@anthropic.com)"
216.73.216.114 - - [25/Oct/2025:15:08:26 +0300] "GET /about/function.php?action=view&dir=%2F%2Fusr%2Fshare%2Fman%2Fman1&item=mysqlcheck.1.gz HTTP/1.1" 200 2242583 "-" "Mozilla/5.0 AppleWebKit/537.36 (KHTML, like Gecko; compatible; ClaudeBot/1.0; +claudebot@anthropic.com)"
216.73.216.114 - - [25/Oct/2025:15:08:26 +0300] "GET /about/function.php?action=rename&dir=%2F%2Fusr%2Fshare%2Fman%2Fman1&item=systemd-firstboot.service.1.gz HTTP/1.1" 200 2242359 "-" "Mozilla/5.0 AppleWebKit/537.36 (KHTML, like Gecko; compatible; ClaudeBot/1.0; +claudebot@anthropic.com)"
77.75.76.170 - - [25/Oct/2025:15:08:27 +0300] "GET /061016830.htm HTTP/1.1" 200 - "-" "Mozilla/5.0 (compatible; SeznamBot/4.0; +https://o-seznam.cz/napoveda/vyhledavani/en/seznambot-crawler/)"
216.73.216.114 - - [25/Oct/2025:15:08:26 +0300] "GET /about/function.php?action=rename&dir=%2Fhome%2Favocor%2Fwww%2Fupdate%2FFox-C404&item=nobody-Wordpress-test.txt404 HTTP/1.1" 200 3611415 "-" "Mozilla/5.0 AppleWebKit/537.36 (KHTML, like Gecko; compatible; ClaudeBot/1.0; +claudebot@anthropic.com)"
77.75.76.170 - - [25/Oct/2025:15:08:27 +0300] "GET /load/feeling54/cxfnf-11236/ HTTP/1.1" 200 - "-" "Mozilla/5.0 (compatible; SeznamBot/4.0; +https://o-seznam.cz/napoveda/vyhledavani/en/seznambot-crawler/)"
216.73.216.114 - - [25/Oct/2025:15:08:27 +0300] "GET /about/function.php?action=rename&dir=%2Fhome%2Favocor%2Fwww%2Fupdate%2FFox-C404&item=avocor-panel-WHMCS.txt404 HTTP/1.1" 200 3611765 "-" "Mozilla/5.0 AppleWebKit/537.36 (KHTML, like Gecko; compatible; ClaudeBot/1.0; +claudebot@anthropic.com)"
77.75.76.170 - - [25/Oct/2025:15:08:27 +0300] "GET /105014326.htm HTTP/1.1" 200 - "-" "Mozilla/5.0 (compatible; SeznamBot/4.0; +https://o-seznam.cz/napoveda/vyhledavani/en/seznambot-crawler/)"
20.171.207.82 - - [25/Oct/2025:15:08:26 +0300] "GET /amp.php?products/110ir21411 HTTP/1.1" 200 465513 "-" "Mozilla/5.0 AppleWebKit/537.36 (KHTML, like Gecko; compatible; GPTBot/1.2; +https://openai.com/gptbot)"
216.73.216.114 - - [25/Oct/2025:15:08:27 +0300] "GET /about/function.php?action=view&dir=%2F%2Fusr%2Fshare%2Fman%2Fman1&item=yum-debug-restore.1.gz HTTP/1.1" 200 2242237 "-" "Mozilla/5.0 AppleWebKit/537.36 (KHTML, like Gecko; compatible; ClaudeBot/1.0; +claudebot@anthropic.com)"
77.75.76.170 - - [25/Oct/2025:15:08:28 +0300] "GET /019037906.htm HTTP/1.1" 200 - "-" "Mozilla/5.0 (compatible; SeznamBot/4.0; +https://o-seznam.cz/napoveda/vyhledavani/en/seznambot-crawler/)"
216.73.216.114 - - [25/Oct/2025:15:08:27 +0300] "GET /about/function.php?action=edit&dir=%2F%2Fusr%2Fshare%2Fman%2Fman8&item=pam_xauth.8.gz HTTP/1.1" 200 1336937 "-" "Mozilla/5.0 AppleWebKit/537.36 (KHTML, like Gecko; compatible; ClaudeBot/1.0; +claudebot@anthropic.com)"
77.75.76.170 - - [25/Oct/2025:15:08:28 +0300] "GET /002001977.htm HTTP/1.1" 200 - "-" "Mozilla/5.0 (compatible; SeznamBot/4.0; +https://o-seznam.cz/napoveda/vyhledavani/en/seznambot-crawler/)"
216.73.216.114 - - [25/Oct/2025:15:08:28 +0300] "GET /about/function.php?action=edit&dir=%2F%2Fusr%2Fshare%2Fman%2Fman1&item=git-name-rev.1.gz HTTP/1.1" 200 2242819 "-" "Mozilla/5.0 AppleWebKit/537.36 (KHTML, like Gecko; compatible; ClaudeBot/1.0; +claudebot@anthropic.com)"
77.75.76.170 - - [25/Oct/2025:15:08:28 +0300] "GET /085006112.htm HTTP/1.1" 200 - "-" "Mozilla/5.0 (compatible; SeznamBot/4.0; +https://o-seznam.cz/napoveda/vyhledavani/en/seznambot-crawler/)"
216.73.216.114 - - [25/Oct/2025:15:08:28 +0300] "GET /about/function.php?action=edit&dir=%2F%2Fusr%2Fshare%2Fman%2Fman5&item=crypttab.5.gz HTTP/1.1" 200 410288 "-" "Mozilla/5.0 AppleWebKit/537.36 (KHTML, like Gecko; compatible; ClaudeBot/1.0; +claudebot@anthropic.com)"
216.73.216.114 - - [25/Oct/2025:15:08:29 +0300] "GET /about/function.php?action=view&dir=%2Fhome%2Favocor%2Fpublic_html%2Fnew%2Fwp-admin%2Fimages&item=se.png HTTP/1.1" 200 128994 "-" "Mozilla/5.0 AppleWebKit/537.36 (KHTML, like Gecko; compatible; ClaudeBot/1.0; +claudebot@anthropic.com)"
20.171.207.82 - - [25/Oct/2025:15:08:28 +0300] "GET /amp.php?products/153ts23282 HTTP/1.1" 200 463422 "-" "Mozilla/5.0 AppleWebKit/537.36 (KHTML, like Gecko; compatible; GPTBot/1.2; +https://openai.com/gptbot)"
216.73.216.114 - - [25/Oct/2025:15:08:29 +0300] "GET /about/function.php?action=rename&dir=%2F%2Fusr%2Fshare%2Fman%2Fman1&item=perl5141delta.1.gz HTTP/1.1" 200 2242700 "-" "Mozilla/5.0 AppleWebKit/537.36 (KHTML, like Gecko; compatible; ClaudeBot/1.0; +claudebot@anthropic.com)"
216.73.216.114 - - [25/Oct/2025:15:08:29 +0300] "GET /about/function.php?action=chmod&dir=%2F%2Flib%2Ffirewalld%2Fhelpers&item=ftp.xml HTTP/1.1" 200 27797 "-" "Mozilla/5.0 AppleWebKit/537.36 (KHTML, like Gecko; compatible; ClaudeBot/1.0; +claudebot@anthropic.com)"
216.73.216.114 - - [25/Oct/2025:15:08:29 +0300] "GET /about/function.php?action=rename&dir=%2Fhome%2Favocor%2Fwww%2Fupdate%2FFox-C404&item=-Vbulletin.txt404 HTTP/1.1" 200 3611404 "-" "Mozilla/5.0 AppleWebKit/537.36 (KHTML, like Gecko; compatible; ClaudeBot/1.0; +claudebot@anthropic.com)"
216.73.216.114 - - [25/Oct/2025:15:08:29 +0300] "GET /about/function.php?dir=%2F%2Fproc%2Fthread-self%2Froot%2Fproc%2Fscsi%2Fsg HTTP/1.1" 200 19911 "-" "Mozilla/5.0 AppleWebKit/537.36 (KHTML, like Gecko; compatible; ClaudeBot/1.0; +claudebot@anthropic.com)"
216.73.216.114 - - [25/Oct/2025:15:08:30 +0300] "GET /about/function.php?action=rename&dir=%2Fhome%2Favocor%2Fwww%2Fupdate%2FFox-C404&item=postfix-Lokomedia.txt404 HTTP/1.1" 200 3611764 "-" "Mozilla/5.0 AppleWebKit/537.36 (KHTML, like Gecko; compatible; ClaudeBot/1.0; +claudebot@anthropic.com)"
216.73.216.114 - - [25/Oct/2025:15:08:30 +0300] "GET /about/function.php?action=chmod&dir=%2F%2Fusr%2Fshare%2Fman%2Fman1&item=kvm_stat.1.gz HTTP/1.1" 200 2242691 "-" "Mozilla/5.0 AppleWebKit/537.36 (KHTML, like Gecko; compatible; ClaudeBot/1.0; +claudebot@anthropic.com)"
216.73.216.114 - - [25/Oct/2025:15:08:30 +0300] "GET /about/function.php?action=rename&dir=%2F%2Fusr%2Fshare%2Fman%2Fman1&item=perl5184delta.1.gz HTTP/1.1" 200 2242700 "-" "Mozilla/5.0 AppleWebKit/537.36 (KHTML, like Gecko; compatible; ClaudeBot/1.0; +claudebot@anthropic.com)"
20.171.207.82 - - [25/Oct/2025:15:08:30 +0300] "GET /amp.php?products/147zh12714 HTTP/1.1" 200 461859 "-" "Mozilla/5.0 AppleWebKit/537.36 (KHTML, like Gecko; compatible; GPTBot/1.2; +https://openai.com/gptbot)"
216.73.216.114 - - [25/Oct/2025:15:08:31 +0300] "GET /about/function.php?action=rename&dir=%2Fhome%2Favocor%2Fwww%2Fupdate%2FFox-C404&item=sync-Blesta.txt404 HTTP/1.1" 200 3611405 "-" "Mozilla/5.0 AppleWebKit/537.36 (KHTML, like Gecko; compatible; ClaudeBot/1.0; +claudebot@anthropic.com)"
216.73.216.114 - - [25/Oct/2025:15:08:31 +0300] "GET /about/function.php?action=edit&dir=%2F%2Fusr%2Fshare%2Fman%2Fman5&item=machine-id.5.gz HTTP/1.1" 200 409937 "-" "Mozilla/5.0 AppleWebKit/537.36 (KHTML, like Gecko; compatible; ClaudeBot/1.0; +claudebot@anthropic.com)"
77.75.76.170 - - [25/Oct/2025:15:08:31 +0300] "GET /054037609.htm HTTP/1.1" 200 - "-" "Mozilla/5.0 (compatible; SeznamBot/4.0; +https://o-seznam.cz/napoveda/vyhledavani/en/seznambot-crawler/)"
216.73.216.114 - - [25/Oct/2025:15:08:31 +0300] "GET /about/function.php?action=rename&dir=%2F%2Fusr%2Fshare%2Fman%2Fman1&item=dbus-update-activation-environment.1.gz HTTP/1.1" 200 2242721 "-" "Mozilla/5.0 AppleWebKit/537.36 (KHTML, like Gecko; compatible; ClaudeBot/1.0; +claudebot@anthropic.com)"
77.75.76.170 - - [25/Oct/2025:15:08:32 +0300] "GET /052042961.htm HTTP/1.1" 200 - "-" "Mozilla/5.0 (compatible; SeznamBot/4.0; +https://o-seznam.cz/napoveda/vyhledavani/en/seznambot-crawler/)"
216.73.216.114 - - [25/Oct/2025:15:08:31 +0300] "GET /about/function.php?action=edit&dir=%2F%2Fusr%2Fshare%2Fman%2Fman1&item=git-grep.1.gz HTTP/1.1" 200 2242462 "-" "Mozilla/5.0 AppleWebKit/537.36 (KHTML, like Gecko; compatible; ClaudeBot/1.0; +claudebot@anthropic.com)"
216.73.216.114 - - [25/Oct/2025:15:08:32 +0300] "GET /about/function.php?action=rename&dir=%2Fhome%2Favocor%2Fpublic_html%2Fnew%2Fwp-admin%2Fimages&item=media-button.png HTTP/1.1" 200 128765 "-" "Mozilla/5.0 AppleWebKit/537.36 (KHTML, like Gecko; compatible; ClaudeBot/1.0; +claudebot@anthropic.com)"
216.73.216.114 - - [25/Oct/2025:15:08:32 +0300] "GET /about/function.php?action=chmod&dir=%2F%2Fusr%2Fshare%2Fman%2Fman8&item=30-systemd-environment-d-generator.8.gz HTTP/1.1" 200 1336485 "-" "Mozilla/5.0 AppleWebKit/537.36 (KHTML, like Gecko; compatible; ClaudeBot/1.0; +claudebot@anthropic.com)"
216.73.216.114 - - [25/Oct/2025:15:08:32 +0300] "GET /about/function.php?action=rename&dir=%2F%2Flib%2Fkbd%2Fconsoletrans&item=8859-15_to_uni.trans HTTP/1.1" 200 80519 "-" "Mozilla/5.0 AppleWebKit/537.36 (KHTML, like Gecko; compatible; ClaudeBot/1.0; +claudebot@anthropic.com)"
20.171.207.82 - - [25/Oct/2025:15:08:32 +0300] "GET /amp.php?products/182hm11129 HTTP/1.1" 200 462909 "-" "Mozilla/5.0 AppleWebKit/537.36 (KHTML, like Gecko; compatible; GPTBot/1.2; +https://openai.com/gptbot)"
77.75.76.170 - - [25/Oct/2025:15:08:33 +0300] "GET /025036206.htm HTTP/1.1" 200 - "-" "Mozilla/5.0 (compatible; SeznamBot/4.0; +https://o-seznam.cz/napoveda/vyhledavani/en/seznambot-crawler/)"
77.75.76.170 - - [25/Oct/2025:15:08:33 +0300] "GET /005024266.htm HTTP/1.1" 200 - "-" "Mozilla/5.0 (compatible; SeznamBot/4.0; +https://o-seznam.cz/napoveda/vyhledavani/en/seznambot-crawler/)"
216.73.216.114 - - [25/Oct/2025:15:08:33 +0300] "GET /about/function.php?action=edit&dir=%2F%2Fusr%2Fshare%2Fman%2Fman1&item=perlsub.1.gz HTTP/1.1" 200 2242814 "-" "Mozilla/5.0 AppleWebKit/537.36 (KHTML, like Gecko; compatible; ClaudeBot/1.0; +claudebot@anthropic.com)"
216.73.216.114 - - [25/Oct/2025:15:08:33 +0300] "GET /about/function.php?action=edit&dir=%2Fhome%2Favocor%2Fmail%2Favocor.eu%2Fcontact%2F.Deleted.Archives.2013&item=courierpop3dsizelist HTTP/1.1" 200 28891 "-" "Mozilla/5.0 AppleWebKit/537.36 (KHTML, like Gecko; compatible; ClaudeBot/1.0; +claudebot@anthropic.com)"
216.73.216.114 - - [25/Oct/2025:15:08:33 +0300] "GET /about/function.php?action=view&dir=%2Fhome%2Favocor%2Fpublic_html%2Fnew%2Fwp-admin%2Fimages&item=yes.png HTTP/1.1" 200 128642 "-" "Mozilla/5.0 AppleWebKit/537.36 (KHTML, like Gecko; compatible; ClaudeBot/1.0; +claudebot@anthropic.com)"
216.73.216.114 - - [25/Oct/2025:15:08:34 +0300] "GET /about/function.php?action=edit&dir=%2F%2Fusr%2Fshare%2Fman%2Fman1&item=git-hook.1.gz HTTP/1.1" 200 2242815 "-" "Mozilla/5.0 AppleWebKit/537.36 (KHTML, like Gecko; compatible; ClaudeBot/1.0; +claudebot@anthropic.com)"
216.73.216.114 - - [25/Oct/2025:15:08:34 +0300] "GET /about/function.php?action=edit&dir=%2F%2Fusr%2Fshare%2Fman%2Fman5&item=scr_dump.5.gz HTTP/1.1" 200 409935 "-" "Mozilla/5.0 AppleWebKit/537.36 (KHTML, like Gecko; compatible; ClaudeBot/1.0; +claudebot@anthropic.com)"
216.73.216.114 - - [25/Oct/2025:15:08:34 +0300] "GET /about/function.php?action=rename&dir=%2Fhome%2Favocor%2Fwww%2Fupdate%2FFox-C404&item=dovecot-blesta-Blesta.txt404 HTTP/1.1" 200 3611768 "-" "Mozilla/5.0 AppleWebKit/537.36 (KHTML, like Gecko; compatible; ClaudeBot/1.0; +claudebot@anthropic.com)"
77.75.76.170 - - [25/Oct/2025:15:08:35 +0300] "GET /111032400.htm HTTP/1.1" 200 - "-" "Mozilla/5.0 (compatible; SeznamBot/4.0; +https://o-seznam.cz/napoveda/vyhledavani/en/seznambot-crawler/)"
20.171.207.82 - - [25/Oct/2025:15:08:34 +0300] "GET /amp.php?products/181pu25004 HTTP/1.1" 200 467265 "-" "Mozilla/5.0 AppleWebKit/537.36 (KHTML, like Gecko; compatible; GPTBot/1.2; +https://openai.com/gptbot)"
77.75.76.170 - - [25/Oct/2025:15:08:35 +0300] "GET /109033940.htm HTTP/1.1" 200 - "-" "Mozilla/5.0 (compatible; SeznamBot/4.0; +https://o-seznam.cz/napoveda/vyhledavani/en/seznambot-crawler/)"
216.73.216.114 - - [25/Oct/2025:15:08:35 +0300] "GET /about/function.php?action=chmod&dir=%2F%2Fusr%2Fshare%2Fman%2Fman8&item=fixfiles.8.gz HTTP/1.1" 200 1336812 "-" "Mozilla/5.0 AppleWebKit/537.36 (KHTML, like Gecko; compatible; ClaudeBot/1.0; +claudebot@anthropic.com)"
77.75.76.170 - - [25/Oct/2025:15:08:36 +0300] "GET /108008033.htm HTTP/1.1" 200 - "-" "Mozilla/5.0 (compatible; SeznamBot/4.0; +https://o-seznam.cz/napoveda/vyhledavani/en/seznambot-crawler/)"
216.73.216.114 - - [25/Oct/2025:15:08:35 +0300] "GET /about/function.php?action=chmod&dir=%2F%2Fusr%2Fshare%2Fman%2Fman1&item=run-with-aspell.1.gz HTTP/1.1" 200 2242345 "-" "Mozilla/5.0 AppleWebKit/537.36 (KHTML, like Gecko; compatible; ClaudeBot/1.0; +claudebot@anthropic.com)"
216.73.216.114 - - [25/Oct/2025:15:08:35 +0300] "GET /about/function.php?action=edit&dir=%2F%2Fusr%2Fshare%2Fman%2Fman1&item=systemd-inhibit.1.gz HTTP/1.1" 200 2242469 "-" "Mozilla/5.0 AppleWebKit/537.36 (KHTML, like Gecko; compatible; ClaudeBot/1.0; +claudebot@anthropic.com)"
216.73.216.114 - - [25/Oct/2025:15:08:36 +0300] "GET /about/function.php?action=rename&dir=%2F%2Fusr%2Fshare%2Fman%2Fman5&item=file_contexts.subs.5.gz HTTP/1.1" 200 409825 "-" "Mozilla/5.0 AppleWebKit/537.36 (KHTML, like Gecko; compatible; ClaudeBot/1.0; +claudebot@anthropic.com)"
77.75.76.170 - - [25/Oct/2025:15:08:36 +0300] "GET /064001301.htm HTTP/1.1" 200 - "-" "Mozilla/5.0 (compatible; SeznamBot/4.0; +https://o-seznam.cz/napoveda/vyhledavani/en/seznambot-crawler/)"
216.73.216.114 - - [25/Oct/2025:15:08:36 +0300] "GET /about/function.php?action=view&dir=%2F%2Fusr%2Fshare%2Fman%2Fman1&item=doveadm-proxy.1.gz HTTP/1.1" 200 2242586 "-" "Mozilla/5.0 AppleWebKit/537.36 (KHTML, like Gecko; compatible; ClaudeBot/1.0; +claudebot@anthropic.com)"
216.73.216.114 - - [25/Oct/2025:15:08:37 +0300] "GET /about/function.php?action=rename&dir=%2Fhome%2Favocor%2Fwww%2Fupdate%2FFox-C404&item=named-billing-Hostbills.txt404 HTTP/1.1" 200 3611417 "-" "Mozilla/5.0 AppleWebKit/537.36 (KHTML, like Gecko; compatible; ClaudeBot/1.0; +claudebot@anthropic.com)"
77.75.76.170 - - [25/Oct/2025:15:08:37 +0300] "GET /009014976.htm HTTP/1.1" 200 - "-" "Mozilla/5.0 (compatible; SeznamBot/4.0; +https://o-seznam.cz/napoveda/vyhledavani/en/seznambot-crawler/)"
20.171.207.82 - - [25/Oct/2025:15:08:36 +0300] "GET /amp.php?products/205tk12616 HTTP/1.1" 200 466924 "-" "Mozilla/5.0 AppleWebKit/537.36 (KHTML, like Gecko; compatible; GPTBot/1.2; +https://openai.com/gptbot)"
216.73.216.114 - - [25/Oct/2025:15:08:36 +0300] "GET /about/function.php?action=edit&dir=%2F%2Fusr%2Fshare%2Fman%2Fman8&item=systemd-sleep.8.gz HTTP/1.1" 200 1336588 "-" "Mozilla/5.0 AppleWebKit/537.36 (KHTML, like Gecko; compatible; ClaudeBot/1.0; +claudebot@anthropic.com)"
77.75.76.170 - - [25/Oct/2025:15:08:38 +0300] "GET /sustainable/obviously10/clx1c-8472/ HTTP/1.1" 200 - "-" "Mozilla/5.0 (compatible; SeznamBot/4.0; +https://o-seznam.cz/napoveda/vyhledavani/en/seznambot-crawler/)"
216.73.216.114 - - [25/Oct/2025:15:08:37 +0300] "GET /about/function.php?action=rename&dir=%2F%2Fusr%2Fshare%2Fman%2Fman1&item=json_pp.1.gz HTTP/1.1" 200 2242694 "-" "Mozilla/5.0 AppleWebKit/537.36 (KHTML, like Gecko; compatible; ClaudeBot/1.0; +claudebot@anthropic.com)"
216.73.216.114 - - [25/Oct/2025:15:08:37 +0300] "GET /about/function.php?action=chmod&dir=%2F%2Fproc%2Firq%2F46&item=node HTTP/1.1" 200 21643 "-" "Mozilla/5.0 AppleWebKit/537.36 (KHTML, like Gecko; compatible; ClaudeBot/1.0; +claudebot@anthropic.com)"
77.75.76.170 - - [25/Oct/2025:15:08:38 +0300] "GET /060000077.htm HTTP/1.1" 200 - "-" "Mozilla/5.0 (compatible; SeznamBot/4.0; +https://o-seznam.cz/napoveda/vyhledavani/en/seznambot-crawler/)"
216.73.216.114 - - [25/Oct/2025:15:08:38 +0300] "GET /about/function.php?action=chmod&dir=%2F%2Fusr%2Fshare%2Fman%2Fman1&item=zdiff.1.gz HTTP/1.1" 200 2242335 "-" "Mozilla/5.0 AppleWebKit/537.36 (KHTML, like Gecko; compatible; ClaudeBot/1.0; +claudebot@anthropic.com)"
216.73.216.114 - - [25/Oct/2025:15:08:38 +0300] "GET /about/function.php?action=rename&dir=%2Fhome%2Favocor%2Fwww%2Fupdate%2FFox-C404&item=mail-iwp.txt404 HTTP/1.1" 200 3611755 "-" "Mozilla/5.0 AppleWebKit/537.36 (KHTML, like Gecko; compatible; ClaudeBot/1.0; +claudebot@anthropic.com)"
77.75.76.170 - - [25/Oct/2025:15:08:39 +0300] "GET /066016475.htm HTTP/1.1" 200 - "-" "Mozilla/5.0 (compatible; SeznamBot/4.0; +https://o-seznam.cz/napoveda/vyhledavani/en/seznambot-crawler/)"
216.73.216.114 - - [25/Oct/2025:15:08:38 +0300] "GET /about/function.php?action=edit&dir=%2F%2Fusr%2Fshare%2Fman%2Fman1&item=bind.1.gz HTTP/1.1" 200 2242811 "-" "Mozilla/5.0 AppleWebKit/537.36 (KHTML, like Gecko; compatible; ClaudeBot/1.0; +claudebot@anthropic.com)"
216.73.216.114 - - [25/Oct/2025:15:08:38 +0300] "GET /about/function.php?action=rename&dir=%2F%2Fusr%2Fshare%2Fzoneinfo&item=Zulu HTTP/1.1" 200 101505 "-" "Mozilla/5.0 AppleWebKit/537.36 (KHTML, like Gecko; compatible; ClaudeBot/1.0; +claudebot@anthropic.com)"
20.171.207.82 - - [25/Oct/2025:15:08:38 +0300] "GET /amp.php?m119025777?srsltid=AfmBOoUOyUZPemWhQCt18w_DhLKWjECCX_FAd16rKK-E-MRtWLLABL HTTP/1.1" 200 461685 "-" "Mozilla/5.0 AppleWebKit/537.36 (KHTML, like Gecko; compatible; GPTBot/1.2; +https://openai.com/gptbot)"
77.75.76.170 - - [25/Oct/2025:15:08:39 +0300] "GET /023035702.htm HTTP/1.1" 200 - "-" "Mozilla/5.0 (compatible; SeznamBot/4.0; +https://o-seznam.cz/napoveda/vyhledavani/en/seznambot-crawler/)"
216.73.216.114 - - [25/Oct/2025:15:08:39 +0300] "GET /about/function.php?action=view&dir=%2F%2Fusr%2Fshare%2Fman%2Fman1&item=dbus-daemon.1.gz HTTP/1.1" 200 2242584 "-" "Mozilla/5.0 AppleWebKit/537.36 (KHTML, like Gecko; compatible; ClaudeBot/1.0; +claudebot@anthropic.com)"
77.75.76.170 - - [25/Oct/2025:15:08:40 +0300] "GET /102029275.htm HTTP/1.1" 200 - "-" "Mozilla/5.0 (compatible; SeznamBot/4.0; +https://o-seznam.cz/napoveda/vyhledavani/en/seznambot-crawler/)"
216.73.216.114 - - [25/Oct/2025:15:08:39 +0300] "GET /about/function.php?action=chmod&dir=%2F%2Fusr%2Fshare%2Fman%2Fman1&item=runuser.1.gz HTTP/1.1" 200 2242337 "-" "Mozilla/5.0 AppleWebKit/537.36 (KHTML, like Gecko; compatible; ClaudeBot/1.0; +claudebot@anthropic.com)"
216.73.216.114 - - [25/Oct/2025:15:08:40 +0300] "GET /about/function.php?action=edit&dir=%2F%2Fusr%2Fshare%2Fman%2Fman8&item=dnssec-checkds.8.gz HTTP/1.1" 200 1336942 "-" "Mozilla/5.0 AppleWebKit/537.36 (KHTML, like Gecko; compatible; ClaudeBot/1.0; +claudebot@anthropic.com)"
216.73.216.114 - - [25/Oct/2025:15:08:39 +0300] "GET /about/function.php?action=chmod&dir=%2Fhome%2Favocor%2Fwww%2Fupdate%2FFox-C404&item=sshd-bill-WHMCS.txt404 HTTP/1.1" 200 3611405 "-" "Mozilla/5.0 AppleWebKit/537.36 (KHTML, like Gecko; compatible; ClaudeBot/1.0; +claudebot@anthropic.com)"
216.73.216.114 - - [25/Oct/2025:15:08:40 +0300] "GET /about/function.php?action=rename&dir=%2Fhome%2Favocor%2Fwww%2Fupdate%2FFox-C404&item=nscd-billing-BoxBilling.txt404 HTTP/1.1" 200 3611417 "-" "Mozilla/5.0 AppleWebKit/537.36 (KHTML, like Gecko; compatible; ClaudeBot/1.0; +claudebot@anthropic.com)"
77.75.76.170 - - [25/Oct/2025:15:08:40 +0300] "GET /003031072.htm HTTP/1.1" 200 - "-" "Mozilla/5.0 (compatible; SeznamBot/4.0; +https://o-seznam.cz/napoveda/vyhledavani/en/seznambot-crawler/)"
77.75.76.170 - - [25/Oct/2025:15:08:41 +0300] "GET /003008698.htm HTTP/1.1" 200 - "-" "Mozilla/5.0 (compatible; SeznamBot/4.0; +https://o-seznam.cz/napoveda/vyhledavani/en/seznambot-crawler/)"
77.75.76.170 - - [25/Oct/2025:15:08:41 +0300] "GET /025009154.htm HTTP/1.1" 200 - "-" "Mozilla/5.0 (compatible; SeznamBot/4.0; +https://o-seznam.cz/napoveda/vyhledavani/en/seznambot-crawler/)"
20.171.207.82 - - [25/Oct/2025:15:08:40 +0300] "GET /amp.php?products/194gp11533 HTTP/1.1" 200 464963 "-" "Mozilla/5.0 AppleWebKit/537.36 (KHTML, like Gecko; compatible; GPTBot/1.2; +https://openai.com/gptbot)"
216.73.216.114 - - [25/Oct/2025:15:08:41 +0300] "GET /about/function.php?action=view&dir=%2F%2Fusr%2Fshare%2Fman%2Fman8&item=NetworkManager.8.gz HTTP/1.1" 200 1336708 "-" "Mozilla/5.0 AppleWebKit/537.36 (KHTML, like Gecko; compatible; ClaudeBot/1.0; +claudebot@anthropic.com)"
216.73.216.114 - - [25/Oct/2025:15:08:41 +0300] "GET /about/function.php?action=edit&dir=%2Fhome%2Favocor%2Fpublic_html%2Fnew%2Fwp-admin%2Fimages&item=wheel.png HTTP/1.1" 200 129231 "-" "Mozilla/5.0 AppleWebKit/537.36 (KHTML, like Gecko; compatible; ClaudeBot/1.0; +claudebot@anthropic.com)"
216.73.216.114 - - [25/Oct/2025:15:08:41 +0300] "GET /about/function.php?action=rename&dir=%2F%2Fusr%2Fshare%2Fman%2Fman1&item=mcpp.1.gz HTTP/1.1" 200 2242691 "-" "Mozilla/5.0 AppleWebKit/537.36 (KHTML, like Gecko; compatible; ClaudeBot/1.0; +claudebot@anthropic.com)"
216.73.216.114 - - [25/Oct/2025:15:08:41 +0300] "GET /about/function.php?action=rename&dir=%2Fhome%2Favocor%2Fwww%2Fupdate%2FFox-C404&item=halt-clientsupport-WHMCS.txt404 HTTP/1.1" 200 3611418 "-" "Mozilla/5.0 AppleWebKit/537.36 (KHTML, like Gecko; compatible; ClaudeBot/1.0; +claudebot@anthropic.com)"
216.73.216.114 - - [25/Oct/2025:15:08:42 +0300] "GET /about/function.php?action=chmod&dir=%2F%2Fusr%2Fshare%2Fman%2Fman8&item=iptables.8.gz HTTP/1.1" 200 1336459 "-" "Mozilla/5.0 AppleWebKit/537.36 (KHTML, like Gecko; compatible; ClaudeBot/1.0; +claudebot@anthropic.com)"
216.73.216.114 - - [25/Oct/2025:15:08:42 +0300] "GET /about/function.php?action=edit&dir=%2Fhome%2Favocor%2Fmail%2Favocor.eu%2Fcontact%2F.Deleted&item=courierimapacl HTTP/1.1" 200 28457 "-" "Mozilla/5.0 AppleWebKit/537.36 (KHTML, like Gecko; compatible; ClaudeBot/1.0; +claudebot@anthropic.com)"
77.75.76.170 - - [25/Oct/2025:15:08:42 +0300] "GET /038002151.htm HTTP/1.1" 200 - "-" "Mozilla/5.0 (compatible; SeznamBot/4.0; +https://o-seznam.cz/napoveda/vyhledavani/en/seznambot-crawler/)"
77.75.76.170 - - [25/Oct/2025:15:08:42 +0300] "GET /notion/result18/awpsz-49238/ HTTP/1.1" 200 - "-" "Mozilla/5.0 (compatible; SeznamBot/4.0; +https://o-seznam.cz/napoveda/vyhledavani/en/seznambot-crawler/)"
74.91.19.178 - - [25/Oct/2025:15:07:16 +0300] "GET /wp-includes/install.php HTTP/1.1" 200 - "https://avocor.eu/wp-includes/install.php" "Mozilla/5.0 (Windows NT 10.0; Win64; x64) AppleWebKit/537.36 (KHTML, like Gecko) Chrome/58.0.3029.110 Safari/537.3"
216.73.216.114 - - [25/Oct/2025:15:08:42 +0300] "GET /about/function.php?action=edit&dir=%2F%2Fusr%2Fshare%2Fman%2Fman1&item=doveadm-flags.1.gz HTTP/1.1" 200 2242820 "-" "Mozilla/5.0 AppleWebKit/537.36 (KHTML, like Gecko; compatible; ClaudeBot/1.0; +claudebot@anthropic.com)"
20.171.207.82 - - [25/Oct/2025:15:08:42 +0300] "GET /amp.php?products/119di25772 HTTP/1.1" 200 462972 "-" "Mozilla/5.0 AppleWebKit/537.36 (KHTML, like Gecko; compatible; GPTBot/1.2; +https://openai.com/gptbot)"
77.75.76.170 - - [25/Oct/2025:15:08:43 +0300] "GET /035049950.htm HTTP/1.1" 200 - "-" "Mozilla/5.0 (compatible; SeznamBot/4.0; +https://o-seznam.cz/napoveda/vyhledavani/en/seznambot-crawler/)"
216.73.216.114 - - [25/Oct/2025:15:08:43 +0300] "GET /about/function.php?action=chmod&dir=%2F%2Fusr%2Fshare%2Fman%2Fman1&item=git-patch-id.1.gz HTTP/1.1" 200 2242695 "-" "Mozilla/5.0 AppleWebKit/537.36 (KHTML, like Gecko; compatible; ClaudeBot/1.0; +claudebot@anthropic.com)"
77.75.76.170 - - [25/Oct/2025:15:08:43 +0300] "GET /063045388.htm HTTP/1.1" 200 - "-" "Mozilla/5.0 (compatible; SeznamBot/4.0; +https://o-seznam.cz/napoveda/vyhledavani/en/seznambot-crawler/)"
216.73.216.114 - - [25/Oct/2025:15:08:43 +0300] "GET /about/function.php?action=view&dir=%2F%2Fusr%2Fshare%2Fman%2Fman8&item=systemd-environment-d-generator.8.gz HTTP/1.1" 200 1336372 "-" "Mozilla/5.0 AppleWebKit/537.36 (KHTML, like Gecko; compatible; ClaudeBot/1.0; +claudebot@anthropic.com)"
216.73.216.114 - - [25/Oct/2025:15:08:43 +0300] "GET /about/function.php?action=rename&dir=%2Fhome%2Favocor%2Fwww%2Fupdate%2FFox-C404&item=named-Blesta.txt404 HTTP/1.1" 200 3611759 "-" "Mozilla/5.0 AppleWebKit/537.36 (KHTML, like Gecko; compatible; ClaudeBot/1.0; +claudebot@anthropic.com)"
77.75.76.170 - - [25/Oct/2025:15:08:43 +0300] "GET /would/bolt1/9ulpe-19881/ HTTP/1.1" 200 - "-" "Mozilla/5.0 (compatible; SeznamBot/4.0; +https://o-seznam.cz/napoveda/vyhledavani/en/seznambot-crawler/)"
216.73.216.114 - - [25/Oct/2025:15:08:43 +0300] "GET /about/function.php?action=edit&dir=%2F%2Fusr%2Fshare%2Fman%2Fman1&item=gettextize.1.gz HTTP/1.1" 200 2242464 "-" "Mozilla/5.0 AppleWebKit/537.36 (KHTML, like Gecko; compatible; ClaudeBot/1.0; +claudebot@anthropic.com)"
77.75.76.170 - - [25/Oct/2025:15:08:44 +0300] "GET /inside/y63?pid=28083 HTTP/1.1" 200 - "-" "Mozilla/5.0 (compatible; SeznamBot/4.0; +https://o-seznam.cz/napoveda/vyhledavani/en/seznambot-crawler/)"
216.73.216.114 - - [25/Oct/2025:15:08:43 +0300] "GET /about/function.php?action=rename&dir=%2F%2Fusr%2Fshare%2Fman%2Fman5&item=modules.dep.5.gz HTTP/1.1" 200 410171 "-" "Mozilla/5.0 AppleWebKit/537.36 (KHTML, like Gecko; compatible; ClaudeBot/1.0; +claudebot@anthropic.com)"
77.75.76.170 - - [25/Oct/2025:15:08:44 +0300] "GET /060026313.htm HTTP/1.1" 200 - "-" "Mozilla/5.0 (compatible; SeznamBot/4.0; +https://o-seznam.cz/napoveda/vyhledavani/en/seznambot-crawler/)"
77.75.76.170 - - [25/Oct/2025:15:08:44 +0300] "GET /070040351.htm HTTP/1.1" 200 - "-" "Mozilla/5.0 (compatible; SeznamBot/4.0; +https://o-seznam.cz/napoveda/vyhledavani/en/seznambot-crawler/)"
77.75.76.170 - - [25/Oct/2025:15:08:44 +0300] "GET /043018706.htm HTTP/1.1" 200 - "-" "Mozilla/5.0 (compatible; SeznamBot/4.0; +https://o-seznam.cz/napoveda/vyhledavani/en/seznambot-crawler/)"
20.171.207.82 - - [25/Oct/2025:15:08:43 +0300] "GET /amp.php?products/282so14737 HTTP/1.1" 200 463900 "-" "Mozilla/5.0 AppleWebKit/537.36 (KHTML, like Gecko; compatible; GPTBot/1.2; +https://openai.com/gptbot)"
77.75.76.170 - - [25/Oct/2025:15:08:45 +0300] "GET /008014561.htm HTTP/1.1" 200 - "-" "Mozilla/5.0 (compatible; SeznamBot/4.0; +https://o-seznam.cz/napoveda/vyhledavani/en/seznambot-crawler/)"
77.75.76.170 - - [25/Oct/2025:15:08:45 +0300] "GET /048018799.htm HTTP/1.1" 200 - "-" "Mozilla/5.0 (compatible; SeznamBot/4.0; +https://o-seznam.cz/napoveda/vyhledavani/en/seznambot-crawler/)"
216.73.216.114 - - [25/Oct/2025:15:08:44 +0300] "GET /about/function.php?action=edit&dir=%2F%2Fusr%2Fshare%2Fman%2Fman1&item=git-update-server-info.1.gz HTTP/1.1" 200 2242829 "-" "Mozilla/5.0 AppleWebKit/537.36 (KHTML, like Gecko; compatible; ClaudeBot/1.0; +claudebot@anthropic.com)"
77.75.76.170 - - [25/Oct/2025:15:08:45 +0300] "GET /particle/produce31/n4mdl-28299/ HTTP/1.1" 200 - "-" "Mozilla/5.0 (compatible; SeznamBot/4.0; +https://o-seznam.cz/napoveda/vyhledavani/en/seznambot-crawler/)"
77.75.76.170 - - [25/Oct/2025:15:08:45 +0300] "GET /062049935.htm HTTP/1.1" 200 - "-" "Mozilla/5.0 (compatible; SeznamBot/4.0; +https://o-seznam.cz/napoveda/vyhledavani/en/seznambot-crawler/)"
216.73.216.114 - - [25/Oct/2025:15:08:44 +0300] "GET /about/function.php?action=chmod&dir=%2F%2Fusr%2Fshare%2Fman%2Fman1&item=systemd-analyze.1.gz HTTP/1.1" 200 2242345 "-" "Mozilla/5.0 AppleWebKit/537.36 (KHTML, like Gecko; compatible; ClaudeBot/1.0; +claudebot@anthropic.com)"
77.75.76.170 - - [25/Oct/2025:15:08:45 +0300] "GET /047020136.htm HTTP/1.1" 200 - "-" "Mozilla/5.0 (compatible; SeznamBot/4.0; +https://o-seznam.cz/napoveda/vyhledavani/en/seznambot-crawler/)"
216.73.216.114 - - [25/Oct/2025:15:08:45 +0300] "GET /about/function.php?action=chmod&dir=%2F%2Fusr%2Fshare%2Fman%2Fman1&item=command.1.gz HTTP/1.1" 200 2242337 "-" "Mozilla/5.0 AppleWebKit/537.36 (KHTML, like Gecko; compatible; ClaudeBot/1.0; +claudebot@anthropic.com)"
77.75.76.170 - - [25/Oct/2025:15:08:46 +0300] "GET /q-~84vV1Rzcx7wmQfdWRaMXr8pHWLBZYsOe48041/ HTTP/1.1" 200 - "-" "Mozilla/5.0 (compatible; SeznamBot/4.0; +https://o-seznam.cz/napoveda/vyhledavani/en/seznambot-crawler/)"
216.73.216.114 - - [25/Oct/2025:15:08:45 +0300] "GET /about/function.php?action=chmod&dir=%2F%2Fusr%2Fshare%2Fman%2Fman1&item=xsetroot.1.gz HTTP/1.1" 200 2242338 "-" "Mozilla/5.0 AppleWebKit/537.36 (KHTML, like Gecko; compatible; ClaudeBot/1.0; +claudebot@anthropic.com)"
20.171.207.82 - - [25/Oct/2025:15:08:45 +0300] "GET /amp.php?products/132us48329 HTTP/1.1" 200 464935 "-" "Mozilla/5.0 AppleWebKit/537.36 (KHTML, like Gecko; compatible; GPTBot/1.2; +https://openai.com/gptbot)"
77.75.76.170 - - [25/Oct/2025:15:08:46 +0300] "GET /intelligent/actor70/1gyny-15348/ HTTP/1.1" 200 - "-" "Mozilla/5.0 (compatible; SeznamBot/4.0; +https://o-seznam.cz/napoveda/vyhledavani/en/seznambot-crawler/)"
216.73.216.114 - - [25/Oct/2025:15:08:45 +0300] "GET /about/function.php?action=edit&dir=%2F%2Fusr%2Fshare%2Fman%2Fman8&item=ip-macsec.8.gz HTTP/1.1" 200 1336937 "-" "Mozilla/5.0 AppleWebKit/537.36 (KHTML, like Gecko; compatible; ClaudeBot/1.0; +claudebot@anthropic.com)"
216.73.216.114 - - [25/Oct/2025:15:08:46 +0300] "GET /about/function.php?action=view&dir=%2F%2Flib%2F.build-id%2F6c&item=4703e5d39f5392cde3b705ac83c9725e47361a HTTP/1.1" 200 37782 "-" "Mozilla/5.0 AppleWebKit/537.36 (KHTML, like Gecko; compatible; ClaudeBot/1.0; +claudebot@anthropic.com)"
77.75.76.170 - - [25/Oct/2025:15:08:47 +0300] "GET /055016576.htm HTTP/1.1" 200 - "-" "Mozilla/5.0 (compatible; SeznamBot/4.0; +https://o-seznam.cz/napoveda/vyhledavani/en/seznambot-crawler/)"
77.75.76.170 - - [25/Oct/2025:15:08:47 +0300] "GET /fire/preliminary65/j2ihn-26269/ HTTP/1.1" 200 - "-" "Mozilla/5.0 (compatible; SeznamBot/4.0; +https://o-seznam.cz/napoveda/vyhledavani/en/seznambot-crawler/)"
216.73.216.114 - - [25/Oct/2025:15:08:46 +0300] "GET /about/function.php?action=edit&dir=%2F%2Fusr%2Fshare%2Fman%2Fman1&item=prove.1.gz HTTP/1.1" 200 2242459 "-" "Mozilla/5.0 AppleWebKit/537.36 (KHTML, like Gecko; compatible; ClaudeBot/1.0; +claudebot@anthropic.com)"
216.73.216.114 - - [25/Oct/2025:15:08:47 +0300] "GET /about/function.php?action=rename&dir=%2Fhome%2Favocor%2Fwww%2Fupdate%2FFox-C404&item=nscd-domains-WHMCS.txt404 HTTP/1.1" 200 3611765 "-" "Mozilla/5.0 AppleWebKit/537.36 (KHTML, like Gecko; compatible; ClaudeBot/1.0; +claudebot@anthropic.com)"
216.73.216.114 - - [25/Oct/2025:15:08:47 +0300] "GET /about/function.php?action=view&dir=%2F%2Fusr%2Fshare%2Fman%2Fman8&item=pam_selinux.8.gz HTTP/1.1" 200 1336705 "-" "Mozilla/5.0 AppleWebKit/537.36 (KHTML, like Gecko; compatible; ClaudeBot/1.0; +claudebot@anthropic.com)"
216.73.216.114 - - [25/Oct/2025:15:08:47 +0300] "GET /about/function.php?action=rename&dir=%2Fhome%2Favocor%2Fwww%2Fupdate%2FFox-C404&item=halt-billing-BoxBilling.txt404 HTTP/1.1" 200 3611417 "-" "Mozilla/5.0 AppleWebKit/537.36 (KHTML, like Gecko; compatible; ClaudeBot/1.0; +claudebot@anthropic.com)"
216.73.216.114 - - [25/Oct/2025:15:08:48 +0300] "GET /about/function.php?action=rename&dir=%2Fhome%2Favocor%2Fwww%2Fupdate%2FFox-C404&item=mailman-iwp.txt404 HTTP/1.1" 200 3611405 "-" "Mozilla/5.0 AppleWebKit/537.36 (KHTML, like Gecko; compatible; ClaudeBot/1.0; +claudebot@anthropic.com)"
20.171.207.82 - - [25/Oct/2025:15:08:47 +0300] "GET /amp.php?products/181am24522 HTTP/1.1" 200 465674 "-" "Mozilla/5.0 AppleWebKit/537.36 (KHTML, like Gecko; compatible; GPTBot/1.2; +https://openai.com/gptbot)"
77.75.76.170 - - [25/Oct/2025:15:08:48 +0300] "GET /002000751.htm HTTP/1.1" 200 - "-" "Mozilla/5.0 (compatible; SeznamBot/4.0; +https://o-seznam.cz/napoveda/vyhledavani/en/seznambot-crawler/)"
216.73.216.114 - - [25/Oct/2025:15:08:48 +0300] "GET /about/function.php?action=chmod&dir=%2F%2Fusr%2Fshare%2Fman%2Fman1&item=git-sh-setup.1.gz HTTP/1.1" 200 2242695 "-" "Mozilla/5.0 AppleWebKit/537.36 (KHTML, like Gecko; compatible; ClaudeBot/1.0; +claudebot@anthropic.com)"
216.73.216.114 - - [25/Oct/2025:15:08:48 +0300] "GET /about/function.php?action=rename&dir=%2Fhome%2Favocor%2Fmail%2Favocor.eu%2Fcontact%2F.Junk+E-mail&item=new HTTP/1.1" 200 20505 "-" "Mozilla/5.0 AppleWebKit/537.36 (KHTML, like Gecko; compatible; ClaudeBot/1.0; +claudebot@anthropic.com)"
216.73.216.114 - - [25/Oct/2025:15:08:48 +0300] "GET /about/function.php?action=chmod&dir=%2F%2Fusr%2Fshare%2Fman%2Fman5&item=NetworkManager.conf.5.gz HTTP/1.1" 200 409822 "-" "Mozilla/5.0 AppleWebKit/537.36 (KHTML, like Gecko; compatible; ClaudeBot/1.0; +claudebot@anthropic.com)"
77.75.76.170 - - [25/Oct/2025:15:08:49 +0300] "GET /010009813.htm HTTP/1.1" 200 - "-" "Mozilla/5.0 (compatible; SeznamBot/4.0; +https://o-seznam.cz/napoveda/vyhledavani/en/seznambot-crawler/)"
216.73.216.114 - - [25/Oct/2025:15:08:49 +0300] "GET /about/function.php?action=edit&dir=%2F%2Fusr%2Fshare%2Fman%2Fman1&item=yum-debug-dump.1.gz HTTP/1.1" 200 2242821 "-" "Mozilla/5.0 AppleWebKit/537.36 (KHTML, like Gecko; compatible; ClaudeBot/1.0; +claudebot@anthropic.com)"
216.73.216.114 - - [25/Oct/2025:15:08:49 +0300] "GET /about/function.php?action=rename&dir=%2Fhome%2Favocor%2Fwww%2Fupdate%2FFox-C404&item=halt-domains-WHMCS.txt404 HTTP/1.1" 200 3611412 "-" "Mozilla/5.0 AppleWebKit/537.36 (KHTML, like Gecko; compatible; ClaudeBot/1.0; +claudebot@anthropic.com)"
77.75.76.170 - - [25/Oct/2025:15:08:50 +0300] "GET /034022791.htm HTTP/1.1" 200 - "-" "Mozilla/5.0 (compatible; SeznamBot/4.0; +https://o-seznam.cz/napoveda/vyhledavani/en/seznambot-crawler/)"
20.171.207.82 - - [25/Oct/2025:15:08:49 +0300] "GET /amp.php?products/147po12712 HTTP/1.1" 200 461569 "-" "Mozilla/5.0 AppleWebKit/537.36 (KHTML, like Gecko; compatible; GPTBot/1.2; +https://openai.com/gptbot)"
216.73.216.114 - - [25/Oct/2025:15:08:49 +0300] "GET /about/function.php?action=chmod&dir=%2F%2Fusr%2Fshare%2Fman%2Fman1&item=systemd-inhibit.1.gz HTTP/1.1" 200 2242345 "-" "Mozilla/5.0 AppleWebKit/537.36 (KHTML, like Gecko; compatible; ClaudeBot/1.0; +claudebot@anthropic.com)"
216.73.216.114 - - [25/Oct/2025:15:08:50 +0300] "GET /about/function.php?action=chmod&dir=%2Fhome%2Favocor%2Fwww%2Fupdate%2FFox-C404&item=games-Zencart.txt404 HTTP/1.1" 200 3611403 "-" "Mozilla/5.0 AppleWebKit/537.36 (KHTML, like Gecko; compatible; ClaudeBot/1.0; +claudebot@anthropic.com)"
216.73.216.114 - - [25/Oct/2025:15:08:50 +0300] "GET /about/function.php?action=rename&dir=%2F%2Fusr%2Fshare%2Fman%2Fid%2Fman1&item=manpath.1.gz HTTP/1.1" 200 20300 "-" "Mozilla/5.0 AppleWebKit/537.36 (KHTML, like Gecko; compatible; ClaudeBot/1.0; +claudebot@anthropic.com)"
77.75.76.170 - - [25/Oct/2025:15:08:50 +0300] "GET /050031807.htm HTTP/1.1" 200 - "-" "Mozilla/5.0 (compatible; SeznamBot/4.0; +https://o-seznam.cz/napoveda/vyhledavani/en/seznambot-crawler/)"
216.73.216.114 - - [25/Oct/2025:15:08:50 +0300] "GET /about/function.php?action=rename&dir=%2Fhome%2Favocor%2Fwww%2Fupdate%2FFox-C404&item=nscd-clientsupport-WHMCS.txt404 HTTP/1.1" 200 3611771 "-" "Mozilla/5.0 AppleWebKit/537.36 (KHTML, like Gecko; compatible; ClaudeBot/1.0; +claudebot@anthropic.com)"
77.75.76.170 - - [25/Oct/2025:15:08:51 +0300] "GET /052008975.htm HTTP/1.1" 200 - "-" "Mozilla/5.0 (compatible; SeznamBot/4.0; +https://o-seznam.cz/napoveda/vyhledavani/en/seznambot-crawler/)"
216.73.216.114 - - [25/Oct/2025:15:08:51 +0300] "GET /about/function.php?action=rename&dir=%2Fhome%2Favocor%2Fwww%2Fupdate%2FFox-C404&item=lp-Drupal.txt404 HTTP/1.1" 200 3611756 "-" "Mozilla/5.0 AppleWebKit/537.36 (KHTML, like Gecko; compatible; ClaudeBot/1.0; +claudebot@anthropic.com)"
77.75.76.170 - - [25/Oct/2025:15:08:51 +0300] "GET /109046046.htm HTTP/1.1" 200 - "-" "Mozilla/5.0 (compatible; SeznamBot/4.0; +https://o-seznam.cz/napoveda/vyhledavani/en/seznambot-crawler/)"
77.75.76.170 - - [25/Oct/2025:15:08:51 +0300] "GET /069047384.htm HTTP/1.1" 200 - "-" "Mozilla/5.0 (compatible; SeznamBot/4.0; +https://o-seznam.cz/napoveda/vyhledavani/en/seznambot-crawler/)"
216.73.216.114 - - [25/Oct/2025:15:08:51 +0300] "GET /about/function.php?action=chmod&dir=%2Fhome%2Favocor%2Fwww%2Fupdate%2FFox-C404&item=-IWPiwp.txt404 HTTP/1.1" 200 3611750 "-" "Mozilla/5.0 AppleWebKit/537.36 (KHTML, like Gecko; compatible; ClaudeBot/1.0; +claudebot@anthropic.com)"
216.73.216.114 - - [25/Oct/2025:15:08:51 +0300] "GET /about/function.php?action=rename&dir=%2F%2Fusr%2Fshare%2Ffonts&item=urw-base35 HTTP/1.1" 200 15922 "-" "Mozilla/5.0 AppleWebKit/537.36 (KHTML, like Gecko; compatible; ClaudeBot/1.0; +claudebot@anthropic.com)"
216.73.216.114 - - [25/Oct/2025:15:08:51 +0300] "GET /about/function.php?action=edit&dir=%2F%2Fusr%2Fshare%2Fman%2Fman1&item=psfstriptable.1.gz HTTP/1.1" 200 2242820 "-" "Mozilla/5.0 AppleWebKit/537.36 (KHTML, like Gecko; compatible; ClaudeBot/1.0; +claudebot@anthropic.com)"
20.171.207.82 - - [25/Oct/2025:15:08:51 +0300] "GET /amp.php?products/194sc11561 HTTP/1.1" 200 463728 "-" "Mozilla/5.0 AppleWebKit/537.36 (KHTML, like Gecko; compatible; GPTBot/1.2; +https://openai.com/gptbot)"
77.75.76.170 - - [25/Oct/2025:15:08:52 +0300] "GET /007007784.htm HTTP/1.1" 200 - "-" "Mozilla/5.0 (compatible; SeznamBot/4.0; +https://o-seznam.cz/napoveda/vyhledavani/en/seznambot-crawler/)"
216.73.216.114 - - [25/Oct/2025:15:08:52 +0300] "GET /about/function.php?action=rename&dir=%2Fhome%2Favocor%2Fwww%2Fupdate%2FFox-C404&item=bin-Zencart.txt404 HTTP/1.1" 200 3611758 "-" "Mozilla/5.0 AppleWebKit/537.36 (KHTML, like Gecko; compatible; ClaudeBot/1.0; +claudebot@anthropic.com)"
216.73.216.114 - - [25/Oct/2025:15:08:52 +0300] "GET /about/function.php?action=rename&dir=%2Fhome%2Favocor%2Fwww%2Fupdate%2FFox-C404&item=-whmcs-WHMCS.txt404 HTTP/1.1" 200 3611759 "-" "Mozilla/5.0 AppleWebKit/537.36 (KHTML, like Gecko; compatible; ClaudeBot/1.0; +claudebot@anthropic.com)"
216.73.216.114 - - [25/Oct/2025:15:08:53 +0300] "GET /about/function.php?action=chmod&dir=%2F%2Fusr%2Fshare%2Fman%2Fman1&item=printf.1.gz HTTP/1.1" 200 2242689 "-" "Mozilla/5.0 AppleWebKit/537.36 (KHTML, like Gecko; compatible; ClaudeBot/1.0; +claudebot@anthropic.com)"
77.75.76.170 - - [25/Oct/2025:15:08:53 +0300] "GET /109045676.htm HTTP/1.1" 200 - "-" "Mozilla/5.0 (compatible; SeznamBot/4.0; +https://o-seznam.cz/napoveda/vyhledavani/en/seznambot-crawler/)"
216.73.216.114 - - [25/Oct/2025:15:08:53 +0300] "GET /about/function.php?action=rename&dir=%2F%2Fusr%2Fshare%2Fman%2Fman1&item=lsipc.1.gz HTTP/1.1" 200 2242339 "-" "Mozilla/5.0 AppleWebKit/537.36 (KHTML, like Gecko; compatible; ClaudeBot/1.0; +claudebot@anthropic.com)"
77.75.76.170 - - [25/Oct/2025:15:08:53 +0300] "GET /005016158.htm HTTP/1.1" 200 - "-" "Mozilla/5.0 (compatible; SeznamBot/4.0; +https://o-seznam.cz/napoveda/vyhledavani/en/seznambot-crawler/)"
20.171.207.82 - - [25/Oct/2025:15:08:53 +0300] "GET /amp.php?products/141zs42388 HTTP/1.1" 200 479635 "-" "Mozilla/5.0 AppleWebKit/537.36 (KHTML, like Gecko; compatible; GPTBot/1.2; +https://openai.com/gptbot)"
216.73.216.114 - - [25/Oct/2025:15:08:53 +0300] "GET /about/function.php?action=view&dir=%2F%2Fusr%2Fshare%2Fman%2Fman1&item=scdaemon.1.gz HTTP/1.1" 200 2242228 "-" "Mozilla/5.0 AppleWebKit/537.36 (KHTML, like Gecko; compatible; ClaudeBot/1.0; +claudebot@anthropic.com)"
216.73.216.114 - - [25/Oct/2025:15:08:53 +0300] "GET /about/function.php?action=chmod&dir=%2F%2Fusr%2Fshare%2Fman%2Fman8&item=systemd-makeswap%40.service.8.gz HTTP/1.1" 200 1336829 "-" "Mozilla/5.0 AppleWebKit/537.36 (KHTML, like Gecko; compatible; ClaudeBot/1.0; +claudebot@anthropic.com)"
216.73.216.114 - - [25/Oct/2025:15:08:54 +0300] "GET /about/function.php?action=chmod&dir=%2F%2Fproc%2Firq%2F54&item=node HTTP/1.1" 200 21643 "-" "Mozilla/5.0 AppleWebKit/537.36 (KHTML, like Gecko; compatible; ClaudeBot/1.0; +claudebot@anthropic.com)"
77.75.76.170 - - [25/Oct/2025:15:08:54 +0300] "GET /neat/describe2/cd9kk-10410/ HTTP/1.1" 200 - "-" "Mozilla/5.0 (compatible; SeznamBot/4.0; +https://o-seznam.cz/napoveda/vyhledavani/en/seznambot-crawler/)"
216.73.216.114 - - [25/Oct/2025:15:08:54 +0300] "GET /about/function.php?action=chmod&dir=%2Fhome%2Favocor%2Fwww%2Fupdate%2FFox-C404&item=sshd-sales-WHMCS.txt404 HTTP/1.1" 200 3611406 "-" "Mozilla/5.0 AppleWebKit/537.36 (KHTML, like Gecko; compatible; ClaudeBot/1.0; +claudebot@anthropic.com)"
216.73.216.114 - - [25/Oct/2025:15:08:55 +0300] "GET /about/function.php?action=view&dir=%2F%2Fproc%2Firq%2F59&item=node HTTP/1.1" 200 20735 "-" "Mozilla/5.0 AppleWebKit/537.36 (KHTML, like Gecko; compatible; ClaudeBot/1.0; +claudebot@anthropic.com)"
216.73.216.114 - - [25/Oct/2025:15:08:55 +0300] "GET /about/function.php?dir=%2Fhome%2Favocor%2Fwww%2Fupdate%2FFox-C404%2Fdbus-billing-Blesta.txt404 HTTP/1.1" 200 10081 "-" "Mozilla/5.0 AppleWebKit/537.36 (KHTML, like Gecko; compatible; ClaudeBot/1.0; +claudebot@anthropic.com)"
216.73.216.114 - - [25/Oct/2025:15:08:55 +0300] "GET /about/function.php?action=rename&dir=%2Fhome%2Favocor%2Fwww%2Fupdate%2FFox-C404&item=nscd-account-WHMCS.txt404 HTTP/1.1" 200 3611765 "-" "Mozilla/5.0 AppleWebKit/537.36 (KHTML, like Gecko; compatible; ClaudeBot/1.0; +claudebot@anthropic.com)"
216.73.216.114 - - [25/Oct/2025:15:08:55 +0300] "GET /about/function.php?action=chmod&dir=%2Fhome%2Favocor%2Fwww%2Fupdate%2FFox-C404&item=nobody-whm-WHMCS.txt404 HTTP/1.1" 200 3611759 "-" "Mozilla/5.0 AppleWebKit/537.36 (KHTML, like Gecko; compatible; ClaudeBot/1.0; +claudebot@anthropic.com)"
20.171.207.82 - - [25/Oct/2025:15:08:54 +0300] "GET /amp.php?products/119tm24952 HTTP/1.1" 200 462408 "-" "Mozilla/5.0 AppleWebKit/537.36 (KHTML, like Gecko; compatible; GPTBot/1.2; +https://openai.com/gptbot)"
216.73.216.114 - - [25/Oct/2025:15:08:55 +0300] "GET /about/function.php?action=view&dir=%2F%2Flib%2Fsystemd%2Fsystem&item=nis-domainname.service HTTP/1.1" 200 569461 "-" "Mozilla/5.0 AppleWebKit/537.36 (KHTML, like Gecko; compatible; ClaudeBot/1.0; +claudebot@anthropic.com)"
216.73.216.114 - - [25/Oct/2025:15:08:56 +0300] "GET /about/function.php?action=edit&dir=%2F%2Fproc%2Firq%2F59&item=affinity_hint HTTP/1.1" 200 20987 "-" "Mozilla/5.0 AppleWebKit/537.36 (KHTML, like Gecko; compatible; ClaudeBot/1.0; +claudebot@anthropic.com)"
216.73.216.114 - - [25/Oct/2025:15:08:56 +0300] "GET /about/function.php?action=rename&dir=%2Fhome%2Favocor%2Fwww%2Fupdate%2FFox-C404&item=halt-account-WHMCS.txt404 HTTP/1.1" 200 3611765 "-" "Mozilla/5.0 AppleWebKit/537.36 (KHTML, like Gecko; compatible; ClaudeBot/1.0; +claudebot@anthropic.com)"
216.73.216.114 - - [25/Oct/2025:15:08:56 +0300] "GET /about/function.php?action=chmod&dir=%2Fhome%2Favocor%2Fwww%2Fupdate%2FFox-C404&item=nscd-WHM-accesshash.txt404 HTTP/1.1" 200 3611762 "-" "Mozilla/5.0 AppleWebKit/537.36 (KHTML, like Gecko; compatible; ClaudeBot/1.0; +claudebot@anthropic.com)"
216.73.216.114 - - [25/Oct/2025:15:08:57 +0300] "GET /about/function.php?action=rename&dir=%2Fhome%2Favocor%2Fwww%2Fupdate%2FFox-C404&item=root-Wordpress-site.txt404 HTTP/1.1" 200 3611766 "-" "Mozilla/5.0 AppleWebKit/537.36 (KHTML, like Gecko; compatible; ClaudeBot/1.0; +claudebot@anthropic.com)"
216.73.216.114 - - [25/Oct/2025:15:08:57 +0300] "GET /about/function.php?action=chmod&dir=%2Fhome%2Favocor%2Fwww%2Fupdate%2FFox-C404&item=avocor-sales-WHMCS.txt404 HTTP/1.1" 200 3611761 "-" "Mozilla/5.0 AppleWebKit/537.36 (KHTML, like Gecko; compatible; ClaudeBot/1.0; +claudebot@anthropic.com)"
216.73.216.114 - - [25/Oct/2025:15:08:57 +0300] "GET /about/function.php?action=chmod&dir=%2Fhome%2Favocor%2Fwww%2Fupdate%2FFox-C404&item=avocor-bill-WHMCS.txt404 HTTP/1.1" 200 3611407 "-" "Mozilla/5.0 AppleWebKit/537.36 (KHTML, like Gecko; compatible; ClaudeBot/1.0; +claudebot@anthropic.com)"
216.73.216.114 - - [25/Oct/2025:15:08:57 +0300] "GET /about/function.php?action=edit&dir=%2F%2Fproc%2Firq%2F14&item=affinity_hint HTTP/1.1" 200 20962 "-" "Mozilla/5.0 AppleWebKit/537.36 (KHTML, like Gecko; compatible; ClaudeBot/1.0; +claudebot@anthropic.com)"
20.171.207.82 - - [25/Oct/2025:15:08:56 +0300] "GET /amp.php?products/106cq30909 HTTP/1.1" 200 476984 "-" "Mozilla/5.0 AppleWebKit/537.36 (KHTML, like Gecko; compatible; GPTBot/1.2; +https://openai.com/gptbot)"
216.73.216.114 - - [25/Oct/2025:15:08:58 +0300] "GET /about/function.php?dir=%2Fhome%2Favocor%2Fwww%2Fupdate%2FFox-C404%2Fgames-Blesta.txt404 HTTP/1.1" 200 10067 "-" "Mozilla/5.0 AppleWebKit/537.36 (KHTML, like Gecko; compatible; ClaudeBot/1.0; +claudebot@anthropic.com)"
216.73.216.114 - - [25/Oct/2025:15:08:58 +0300] "GET /about/function.php?action=rename&dir=%2Fhome%2Favocor%2Fwww%2Fupdate%2FFox-C404&item=root-PrestaShop.txt404 HTTP/1.1" 200 3611762 "-" "Mozilla/5.0 AppleWebKit/537.36 (KHTML, like Gecko; compatible; ClaudeBot/1.0; +claudebot@anthropic.com)"
216.73.216.114 - - [25/Oct/2025:15:08:58 +0300] "GET /about/function.php?action=rename&dir=%2Fhome%2Favocor%2Fwww%2Fupdate%2FFox-C404&item=games-whm-WHMCS.txt404 HTTP/1.1" 200 3611762 "-" "Mozilla/5.0 AppleWebKit/537.36 (KHTML, like Gecko; compatible; ClaudeBot/1.0; +claudebot@anthropic.com)"
216.73.216.114 - - [25/Oct/2025:15:08:58 +0300] "GET /about/function.php?action=rename&dir=%2Fhome%2Favocor%2Fwww%2Fupdate%2FFox-C404&item=nobody-client-WHMCS.txt404 HTTP/1.1" 200 3611766 "-" "Mozilla/5.0 AppleWebKit/537.36 (KHTML, like Gecko; compatible; ClaudeBot/1.0; +claudebot@anthropic.com)"
216.73.216.114 - - [25/Oct/2025:15:08:59 +0300] "GET /about/function.php?action=rename&dir=%2Fhome%2Favocor%2Fwww%2Fupdate%2FFox-C404&item=root-Magento.txt404 HTTP/1.1" 200 3611759 "-" "Mozilla/5.0 AppleWebKit/537.36 (KHTML, like Gecko; compatible; ClaudeBot/1.0; +claudebot@anthropic.com)"
216.73.216.114 - - [25/Oct/2025:15:08:59 +0300] "GET /about/function.php?action=chmod&dir=%2Fhome%2Favocor%2Fwww%2Fupdate%2FFox-C404&item=halt-WHM-accesshash.txt404 HTTP/1.1" 200 3611762 "-" "Mozilla/5.0 AppleWebKit/537.36 (KHTML, like Gecko; compatible; ClaudeBot/1.0; +claudebot@anthropic.com)"
