20.171.207.82 - - [25/Oct/2025:15:23:22 +0300] "GET /amp.php?products/101zf31710 HTTP/1.1" 200 464574 "-" "Mozilla/5.0 AppleWebKit/537.36 (KHTML, like Gecko; compatible; GPTBot/1.2; +https://openai.com/gptbot)"
74.91.19.178 - - [25/Oct/2025:15:23:23 +0300] "GET /wp-includes/install.php HTTP/1.1" 200 6 "https://avocor.eu/wp-includes/install.php" "Mozilla/5.0 (Windows NT 10.0; Win64; x64) AppleWebKit/537.36 (KHTML, like Gecko) Chrome/58.0.3029.110 Safari/537.3"
20.171.207.82 - - [25/Oct/2025:15:23:23 +0300] "GET /amp.php?products/75pu25872 HTTP/1.1" 200 460215 "-" "Mozilla/5.0 AppleWebKit/537.36 (KHTML, like Gecko; compatible; GPTBot/1.2; +https://openai.com/gptbot)"
20.171.207.82 - - [25/Oct/2025:15:23:25 +0300] "GET /amp.php?products/132sy22949 HTTP/1.1" 200 455175 "-" "Mozilla/5.0 AppleWebKit/537.36 (KHTML, like Gecko; compatible; GPTBot/1.2; +https://openai.com/gptbot)"
77.75.76.170 - - [25/Oct/2025:15:23:27 +0300] "GET /081018494.htm HTTP/1.1" 200 - "-" "Mozilla/5.0 (compatible; SeznamBot/4.0; +https://o-seznam.cz/napoveda/vyhledavani/en/seznambot-crawler/)"
216.73.216.114 - - [25/Oct/2025:15:23:28 +0300] "GET /about/function.php?action=rename&dir=%2F%2Fsys%2Fclass%2Fata_device%2Fdev15.0%2Fsubsystem%2Fdev2.0%2Fsubsystem&item=dev32.0 HTTP/1.1" 200 57080 "-" "Mozilla/5.0 AppleWebKit/537.36 (KHTML, like Gecko; compatible; ClaudeBot/1.0; +claudebot@anthropic.com)"
20.171.207.82 - - [25/Oct/2025:15:23:27 +0300] "GET /amp.php?products/27uo23814 HTTP/1.1" 200 461443 "-" "Mozilla/5.0 AppleWebKit/537.36 (KHTML, like Gecko; compatible; GPTBot/1.2; +https://openai.com/gptbot)"
77.75.76.170 - - [25/Oct/2025:15:23:28 +0300] "GET /q-~113BHPmHayrgcdwiiYkTj3w7TaO2dtnLO3178/ HTTP/1.1" 200 - "-" "Mozilla/5.0 (compatible; SeznamBot/4.0; +https://o-seznam.cz/napoveda/vyhledavani/en/seznambot-crawler/)"
77.75.76.170 - - [25/Oct/2025:15:23:29 +0300] "GET /007011580.htm HTTP/1.1" 200 - "-" "Mozilla/5.0 (compatible; SeznamBot/4.0; +https://o-seznam.cz/napoveda/vyhledavani/en/seznambot-crawler/)"
20.171.207.82 - - [25/Oct/2025:15:23:29 +0300] "GET /amp.php?products/225qq45822 HTTP/1.1" 200 464364 "-" "Mozilla/5.0 AppleWebKit/537.36 (KHTML, like Gecko; compatible; GPTBot/1.2; +https://openai.com/gptbot)"
74.91.19.178 - - [25/Oct/2025:15:23:30 +0300] "GET /wp-includes/install.php HTTP/1.1" 200 6 "https://avocor.eu/wp-includes/install.php" "Mozilla/5.0 (Windows NT 10.0; Win64; x64) AppleWebKit/537.36 (KHTML, like Gecko) Chrome/58.0.3029.110 Safari/537.3"
77.75.76.170 - - [25/Oct/2025:15:23:31 +0300] "GET /102047763.htm HTTP/1.1" 200 - "-" "Mozilla/5.0 (compatible; SeznamBot/4.0; +https://o-seznam.cz/napoveda/vyhledavani/en/seznambot-crawler/)"
77.75.76.170 - - [25/Oct/2025:15:23:31 +0300] "GET /058006231.htm HTTP/1.1" 200 - "-" "Mozilla/5.0 (compatible; SeznamBot/4.0; +https://o-seznam.cz/napoveda/vyhledavani/en/seznambot-crawler/)"
77.75.76.170 - - [25/Oct/2025:15:23:31 +0300] "GET /078021729.htm HTTP/1.1" 200 - "-" "Mozilla/5.0 (compatible; SeznamBot/4.0; +https://o-seznam.cz/napoveda/vyhledavani/en/seznambot-crawler/)"
77.75.76.170 - - [25/Oct/2025:15:23:32 +0300] "GET /q-~20iClyYKDiRJQOqk3BzEgtSkTothqTZY28347/ HTTP/1.1" 200 - "-" "Mozilla/5.0 (compatible; SeznamBot/4.0; +https://o-seznam.cz/napoveda/vyhledavani/en/seznambot-crawler/)"
74.91.19.178 - - [25/Oct/2025:15:23:31 +0300] "GET /wp-includes/install.php HTTP/1.1" 200 6 "https://avocor.eu/wp-includes/install.php" "Mozilla/5.0 (Windows NT 10.0; Win64; x64) AppleWebKit/537.36 (KHTML, like Gecko) Chrome/58.0.3029.110 Safari/537.3"
77.75.76.170 - - [25/Oct/2025:15:23:32 +0300] "GET /q-~158RO9MLOdbzMX9VysTVpKsukV3dODvOV28903/ HTTP/1.1" 200 - "-" "Mozilla/5.0 (compatible; SeznamBot/4.0; +https://o-seznam.cz/napoveda/vyhledavani/en/seznambot-crawler/)"
20.171.207.82 - - [25/Oct/2025:15:23:31 +0300] "GET /amp.php?products/123qc46804 HTTP/1.1" 200 467133 "-" "Mozilla/5.0 AppleWebKit/537.36 (KHTML, like Gecko; compatible; GPTBot/1.2; +https://openai.com/gptbot)"
77.75.76.170 - - [25/Oct/2025:15:23:32 +0300] "GET /006035109.htm HTTP/1.1" 200 - "-" "Mozilla/5.0 (compatible; SeznamBot/4.0; +https://o-seznam.cz/napoveda/vyhledavani/en/seznambot-crawler/)"
77.75.76.170 - - [25/Oct/2025:15:23:33 +0300] "GET /014023977.htm HTTP/1.1" 200 - "-" "Mozilla/5.0 (compatible; SeznamBot/4.0; +https://o-seznam.cz/napoveda/vyhledavani/en/seznambot-crawler/)"
77.75.76.170 - - [25/Oct/2025:15:23:33 +0300] "GET /045032822.htm HTTP/1.1" 200 - "-" "Mozilla/5.0 (compatible; SeznamBot/4.0; +https://o-seznam.cz/napoveda/vyhledavani/en/seznambot-crawler/)"
20.171.207.82 - - [25/Oct/2025:15:23:33 +0300] "GET /amp.php?products/101ug31730 HTTP/1.1" 200 461194 "-" "Mozilla/5.0 AppleWebKit/537.36 (KHTML, like Gecko; compatible; GPTBot/1.2; +https://openai.com/gptbot)"
77.75.76.170 - - [25/Oct/2025:15:23:34 +0300] "GET /065000392.htm HTTP/1.1" 200 - "-" "Mozilla/5.0 (compatible; SeznamBot/4.0; +https://o-seznam.cz/napoveda/vyhledavani/en/seznambot-crawler/)"
20.171.207.82 - - [25/Oct/2025:15:23:34 +0300] "GET /amp.php?products/159pt23300 HTTP/1.1" 200 463338 "-" "Mozilla/5.0 AppleWebKit/537.36 (KHTML, like Gecko; compatible; GPTBot/1.2; +https://openai.com/gptbot)"
77.75.76.170 - - [25/Oct/2025:15:23:35 +0300] "GET /nail/hazard5/a5xeo-40959/ HTTP/1.1" 200 - "-" "Mozilla/5.0 (compatible; SeznamBot/4.0; +https://o-seznam.cz/napoveda/vyhledavani/en/seznambot-crawler/)"
77.75.76.170 - - [25/Oct/2025:15:23:35 +0300] "GET /017032858.htm HTTP/1.1" 200 - "-" "Mozilla/5.0 (compatible; SeznamBot/4.0; +https://o-seznam.cz/napoveda/vyhledavani/en/seznambot-crawler/)"
216.73.216.114 - - [25/Oct/2025:15:23:34 +0300] "GET /about/function.php?action=rename&dir=%2F%2Fproc%2Fthread-self%2Froot%2Fbin&item=manpath HTTP/1.1" 200 2095469 "-" "Mozilla/5.0 AppleWebKit/537.36 (KHTML, like Gecko; compatible; ClaudeBot/1.0; +claudebot@anthropic.com)"
216.73.216.114 - - [25/Oct/2025:15:23:35 +0300] "GET /about/function.php?action=chmod&dir=%2F%2Fsys%2Fclass%2Fata_device%2Fdev4.0%2Fsubsystem%2Fdev2.0&item=pio_mode HTTP/1.1" 200 29160 "-" "Mozilla/5.0 AppleWebKit/537.36 (KHTML, like Gecko; compatible; ClaudeBot/1.0; +claudebot@anthropic.com)"
77.75.76.170 - - [25/Oct/2025:15:23:36 +0300] "GET /024028681.htm HTTP/1.1" 200 - "-" "Mozilla/5.0 (compatible; SeznamBot/4.0; +https://o-seznam.cz/napoveda/vyhledavani/en/seznambot-crawler/)"
77.75.76.170 - - [25/Oct/2025:15:23:37 +0300] "GET /089017604.htm HTTP/1.1" 200 - "-" "Mozilla/5.0 (compatible; SeznamBot/4.0; +https://o-seznam.cz/napoveda/vyhledavani/en/seznambot-crawler/)"
216.73.216.114 - - [25/Oct/2025:15:23:37 +0300] "GET /about/function.php?action=chmod&dir=%2F%2Fsys%2Fclass%2Fata_device%2Fdev2.0%2Fsubsystem%2Fdev4.0&item=pio_mode HTTP/1.1" 200 29513 "-" "Mozilla/5.0 AppleWebKit/537.36 (KHTML, like Gecko; compatible; ClaudeBot/1.0; +claudebot@anthropic.com)"
20.171.207.82 - - [25/Oct/2025:15:23:36 +0300] "GET /amp.php?products/101rj31890 HTTP/1.1" 200 461139 "-" "Mozilla/5.0 AppleWebKit/537.36 (KHTML, like Gecko; compatible; GPTBot/1.2; +https://openai.com/gptbot)"
77.75.76.170 - - [25/Oct/2025:15:23:38 +0300] "GET /053040936.htm HTTP/1.1" 200 - "-" "Mozilla/5.0 (compatible; SeznamBot/4.0; +https://o-seznam.cz/napoveda/vyhledavani/en/seznambot-crawler/)"
216.73.216.114 - - [25/Oct/2025:15:23:37 +0300] "GET /about/function.php?action=edit&dir=%2F%2Fproc%2Fthread-self%2Froot%2Fbin&item=net-snmp-create-v3-user HTTP/1.1" 200 2099480 "-" "Mozilla/5.0 AppleWebKit/537.36 (KHTML, like Gecko; compatible; ClaudeBot/1.0; +claudebot@anthropic.com)"
216.73.216.114 - - [25/Oct/2025:15:23:38 +0300] "GET /about/function.php?action=view&dir=%2F%2Fsys%2Fclass%2Fata_device%2Fdev27.0%2Fsubsystem%2Fdev10.0&item=class HTTP/1.1" 200 29186 "-" "Mozilla/5.0 AppleWebKit/537.36 (KHTML, like Gecko; compatible; ClaudeBot/1.0; +claudebot@anthropic.com)"
74.91.19.178 - - [25/Oct/2025:15:23:39 +0300] "GET /wp-includes/install.php HTTP/1.1" 200 6 "https://avocor.eu/wp-includes/install.php" "Mozilla/5.0 (Windows NT 10.0; Win64; x64) AppleWebKit/537.36 (KHTML, like Gecko) Chrome/58.0.3029.110 Safari/537.3"
20.171.207.82 - - [25/Oct/2025:15:23:38 +0300] "GET /amp.php?products/181xc41694 HTTP/1.1" 200 463554 "-" "Mozilla/5.0 AppleWebKit/537.36 (KHTML, like Gecko; compatible; GPTBot/1.2; +https://openai.com/gptbot)"
216.73.216.114 - - [25/Oct/2025:15:23:39 +0300] "GET /about/function.php?action=view&dir=%2F%2Fsys%2Fclass%2Fata_device%2Fdev10.0%2Fsubsystem%2Fdev27.0&item=class HTTP/1.1" 200 29539 "-" "Mozilla/5.0 AppleWebKit/537.36 (KHTML, like Gecko; compatible; ClaudeBot/1.0; +claudebot@anthropic.com)"
216.73.216.114 - - [25/Oct/2025:15:23:39 +0300] "GET /about/function.php?action=view&dir=%2F%2Fsys%2Fclass%2Fata_device%2Fdev30.0%2Fsubsystem%2Fdev30.0&item=pio_mode HTTP/1.1" 200 29617 "-" "Mozilla/5.0 AppleWebKit/537.36 (KHTML, like Gecko; compatible; ClaudeBot/1.0; +claudebot@anthropic.com)"
216.73.216.114 - - [25/Oct/2025:15:23:40 +0300] "GET /about/function.php?action=chmod&dir=%2F%2Fsys%2Fclass%2Fata_device%2Fdev27.0%2Fsubsystem%2Fdev19.0&item=pio_mode HTTP/1.1" 200 29644 "-" "Mozilla/5.0 AppleWebKit/537.36 (KHTML, like Gecko; compatible; ClaudeBot/1.0; +claudebot@anthropic.com)"
216.73.216.114 - - [25/Oct/2025:15:23:40 +0300] "GET /about/function.php?action=chmod&dir=%2F%2Fsys%2Fclass%2Fata_device%2Fdev19.0%2Fsubsystem%2Fdev27.0&item=pio_mode HTTP/1.1" 200 29644 "-" "Mozilla/5.0 AppleWebKit/537.36 (KHTML, like Gecko; compatible; ClaudeBot/1.0; +claudebot@anthropic.com)"
20.171.207.82 - - [25/Oct/2025:15:23:40 +0300] "GET /amp.php?products/243ur12912 HTTP/1.1" 200 463719 "-" "Mozilla/5.0 AppleWebKit/537.36 (KHTML, like Gecko; compatible; GPTBot/1.2; +https://openai.com/gptbot)"
216.73.216.114 - - [25/Oct/2025:15:23:41 +0300] "GET /about/function.php?action=chmod&dir=%2F%2Fsys%2Fclass%2Fata_device%2Fdev7.0%2Fsubsystem%2Fdev25.0&item=class HTTP/1.1" 200 29574 "-" "Mozilla/5.0 AppleWebKit/537.36 (KHTML, like Gecko; compatible; ClaudeBot/1.0; +claudebot@anthropic.com)"
216.73.216.114 - - [25/Oct/2025:15:23:41 +0300] "GET /about/function.php?action=chmod&dir=%2F%2Fsys%2Fclass%2Fata_device%2Fdev25.0%2Fsubsystem%2Fdev7.0&item=class HTTP/1.1" 200 29577 "-" "Mozilla/5.0 AppleWebKit/537.36 (KHTML, like Gecko; compatible; ClaudeBot/1.0; +claudebot@anthropic.com)"
77.75.76.170 - - [25/Oct/2025:15:23:41 +0300] "GET /002011171.htm HTTP/1.1" 200 - "-" "Mozilla/5.0 (compatible; SeznamBot/4.0; +https://o-seznam.cz/napoveda/vyhledavani/en/seznambot-crawler/)"
216.73.216.114 - - [25/Oct/2025:15:23:41 +0300] "GET /about/function.php?action=view&dir=%2F%2Fsys%2Fkernel%2Fslab%2Fkmalloc-rcl-1k&item=aliases HTTP/1.1" 200 54583 "-" "Mozilla/5.0 AppleWebKit/537.36 (KHTML, like Gecko; compatible; ClaudeBot/1.0; +claudebot@anthropic.com)"
77.75.76.170 - - [25/Oct/2025:15:23:41 +0300] "GET /006044421.htm HTTP/1.1" 200 - "-" "Mozilla/5.0 (compatible; SeznamBot/4.0; +https://o-seznam.cz/napoveda/vyhledavani/en/seznambot-crawler/)"
77.75.76.170 - - [25/Oct/2025:15:23:42 +0300] "GET /018029427.htm HTTP/1.1" 200 - "-" "Mozilla/5.0 (compatible; SeznamBot/4.0; +https://o-seznam.cz/napoveda/vyhledavani/en/seznambot-crawler/)"
216.73.216.114 - - [25/Oct/2025:15:23:42 +0300] "GET /about/function.php?dir=%2F%2Fsys%2Fclass%2Fata_device%2Fdev15.0%2Fsubsystem%2Fdev2.1%2Fpower HTTP/1.1" 200 18206 "-" "Mozilla/5.0 AppleWebKit/537.36 (KHTML, like Gecko; compatible; ClaudeBot/1.0; +claudebot@anthropic.com)"
77.75.76.170 - - [25/Oct/2025:15:23:42 +0300] "GET /hi/later64/kim2g-32654/ HTTP/1.1" 200 - "-" "Mozilla/5.0 (compatible; SeznamBot/4.0; +https://o-seznam.cz/napoveda/vyhledavani/en/seznambot-crawler/)"
77.75.76.170 - - [25/Oct/2025:15:23:42 +0300] "GET /pack/item60/wn0tt-8074/ HTTP/1.1" 200 - "-" "Mozilla/5.0 (compatible; SeznamBot/4.0; +https://o-seznam.cz/napoveda/vyhledavani/en/seznambot-crawler/)"
216.73.216.114 - - [25/Oct/2025:15:23:42 +0300] "GET /about/function.php?action=chmod&dir=%2F%2Fsys%2Fclass%2Fata_device%2Fdev24.0%2Fsubsystem%2Fdev15.0&item=class HTTP/1.1" 200 29641 "-" "Mozilla/5.0 AppleWebKit/537.36 (KHTML, like Gecko; compatible; ClaudeBot/1.0; +claudebot@anthropic.com)"
20.171.207.82 - - [25/Oct/2025:15:23:42 +0300] "GET /amp.php?products/177oq17012 HTTP/1.1" 200 517909 "-" "Mozilla/5.0 AppleWebKit/537.36 (KHTML, like Gecko; compatible; GPTBot/1.2; +https://openai.com/gptbot)"
77.75.76.170 - - [25/Oct/2025:15:23:43 +0300] "GET /076005465.htm HTTP/1.1" 200 - "-" "Mozilla/5.0 (compatible; SeznamBot/4.0; +https://o-seznam.cz/napoveda/vyhledavani/en/seznambot-crawler/)"
77.75.76.170 - - [25/Oct/2025:15:23:43 +0300] "GET /possession/stomach138/ztsfe-17424/ HTTP/1.1" 200 - "-" "Mozilla/5.0 (compatible; SeznamBot/4.0; +https://o-seznam.cz/napoveda/vyhledavani/en/seznambot-crawler/)"
216.73.216.114 - - [25/Oct/2025:15:23:43 +0300] "GET /about/function.php?action=edit&dir=%2F%2Fproc%2Fthread-self%2Froot%2Flib64&item=libxkbcommon.so.0.0.0 HTTP/1.1" 200 1951161 "-" "Mozilla/5.0 AppleWebKit/537.36 (KHTML, like Gecko; compatible; ClaudeBot/1.0; +claudebot@anthropic.com)"
216.73.216.114 - - [25/Oct/2025:15:23:43 +0300] "GET /about/function.php?action=chmod&dir=%2F%2Fsys%2Fclass%2Fata_device%2Fdev15.0%2Fsubsystem%2Fdev24.0&item=class HTTP/1.1" 200 29288 "-" "Mozilla/5.0 AppleWebKit/537.36 (KHTML, like Gecko; compatible; ClaudeBot/1.0; +claudebot@anthropic.com)"
216.73.216.114 - - [25/Oct/2025:15:23:43 +0300] "GET /about/function.php?action=chmod&dir=%2F%2Fsys%2Fclass%2Fata_device%2Fdev30.0%2Fsubsystem%2Fdev22.0&item=device HTTP/1.1" 200 29289 "-" "Mozilla/5.0 AppleWebKit/537.36 (KHTML, like Gecko; compatible; ClaudeBot/1.0; +claudebot@anthropic.com)"
77.75.76.170 - - [25/Oct/2025:15:23:43 +0300] "GET /016039575.htm HTTP/1.1" 200 - "-" "Mozilla/5.0 (compatible; SeznamBot/4.0; +https://o-seznam.cz/napoveda/vyhledavani/en/seznambot-crawler/)"
216.73.216.114 - - [25/Oct/2025:15:23:43 +0300] "GET /about/function.php?action=chmod&dir=%2F%2Fsys%2Fclass%2Fata_device%2Fdev22.0%2Fsubsystem%2Fdev30.0&item=device HTTP/1.1" 200 29642 "-" "Mozilla/5.0 AppleWebKit/537.36 (KHTML, like Gecko; compatible; ClaudeBot/1.0; +claudebot@anthropic.com)"
77.75.76.170 - - [25/Oct/2025:15:23:44 +0300] "GET /q-~135bnHOXcLwgFz7p2IyvwXov1uUUdazKa6906/ HTTP/1.1" 200 - "-" "Mozilla/5.0 (compatible; SeznamBot/4.0; +https://o-seznam.cz/napoveda/vyhledavani/en/seznambot-crawler/)"
216.73.216.114 - - [25/Oct/2025:15:23:44 +0300] "GET /about/function.php?action=edit&dir=%2F%2Fsys%2Fdevices%2Fpci0000%3A00%2F0000%3A00%3A15.5%2Ffirmware_node%2Fphysical_node%2Fdriver&item=remove_id HTTP/1.1" 200 65399 "-" "Mozilla/5.0 AppleWebKit/537.36 (KHTML, like Gecko; compatible; ClaudeBot/1.0; +claudebot@anthropic.com)"
77.75.76.170 - - [25/Oct/2025:15:23:44 +0300] "GET /sexy/defensive58/0pm5c-25988/ HTTP/1.1" 200 - "-" "Mozilla/5.0 (compatible; SeznamBot/4.0; +https://o-seznam.cz/napoveda/vyhledavani/en/seznambot-crawler/)"
216.73.216.114 - - [25/Oct/2025:15:23:44 +0300] "GET /about/function.php?action=chmod&dir=%2F%2Fsys%2Fkernel%2Fslab%2Fkmalloc-512&item=min_partial HTTP/1.1" 200 54226 "-" "Mozilla/5.0 AppleWebKit/537.36 (KHTML, like Gecko; compatible; ClaudeBot/1.0; +claudebot@anthropic.com)"
77.75.76.170 - - [25/Oct/2025:15:23:44 +0300] "GET /083001548.htm HTTP/1.1" 200 - "-" "Mozilla/5.0 (compatible; SeznamBot/4.0; +https://o-seznam.cz/napoveda/vyhledavani/en/seznambot-crawler/)"
216.73.216.114 - - [25/Oct/2025:15:23:44 +0300] "GET /about/function.php?action=rename&dir=%2F%2Fsys%2Fclass%2Fata_device%2Fdev10.0%2Fsubsystem%2Fdev15.0%2Fsubsystem&item=dev32.0 HTTP/1.1" 200 57220 "-" "Mozilla/5.0 AppleWebKit/537.36 (KHTML, like Gecko; compatible; ClaudeBot/1.0; +claudebot@anthropic.com)"
216.73.216.114 - - [25/Oct/2025:15:23:44 +0300] "GET /about/function.php?action=rename&dir=%2F%2Fsys%2Fclass%2Fata_device%2Fdev15.0%2Fsubsystem%2Fdev10.0%2Fsubsystem&item=dev32.0 HTTP/1.1" 200 57220 "-" "Mozilla/5.0 AppleWebKit/537.36 (KHTML, like Gecko; compatible; ClaudeBot/1.0; +claudebot@anthropic.com)"
77.75.76.170 - - [25/Oct/2025:15:23:44 +0300] "GET /fantastic/reporter4/teuyf-39950/ HTTP/1.1" 200 - "-" "Mozilla/5.0 (compatible; SeznamBot/4.0; +https://o-seznam.cz/napoveda/vyhledavani/en/seznambot-crawler/)"
20.171.207.82 - - [25/Oct/2025:15:23:43 +0300] "GET /amp.php?products/113cs20650 HTTP/1.1" 200 464474 "-" "Mozilla/5.0 AppleWebKit/537.36 (KHTML, like Gecko; compatible; GPTBot/1.2; +https://openai.com/gptbot)"
216.73.216.114 - - [25/Oct/2025:15:23:45 +0300] "GET /about/function.php?action=rename&dir=%2F%2Fsys%2Fclass%2Fata_device%2Fdev2.1%2Fsubsystem%2Fdev2.0%2Fsubsystem&item=dev32.0 HTTP/1.1" 200 56938 "-" "Mozilla/5.0 AppleWebKit/537.36 (KHTML, like Gecko; compatible; ClaudeBot/1.0; +claudebot@anthropic.com)"
77.75.76.170 - - [25/Oct/2025:15:23:45 +0300] "GET /kind/transformation19/97v7q-38031/ HTTP/1.1" 200 - "-" "Mozilla/5.0 (compatible; SeznamBot/4.0; +https://o-seznam.cz/napoveda/vyhledavani/en/seznambot-crawler/)"
216.73.216.114 - - [25/Oct/2025:15:23:45 +0300] "GET /about/function.php?action=chmod&dir=%2F%2Fsys%2Fclass%2Fata_device%2Fdev11.0%2Fsubsystem%2Fdev2.0&item=device HTTP/1.1" 200 29578 "-" "Mozilla/5.0 AppleWebKit/537.36 (KHTML, like Gecko; compatible; ClaudeBot/1.0; +claudebot@anthropic.com)"
216.73.216.114 - - [25/Oct/2025:15:23:45 +0300] "GET /about/function.php?action=chmod&dir=%2F%2Fsys%2Fclass%2Fata_device%2Fdev2.0%2Fsubsystem%2Fdev11.0&item=device HTTP/1.1" 200 29575 "-" "Mozilla/5.0 AppleWebKit/537.36 (KHTML, like Gecko; compatible; ClaudeBot/1.0; +claudebot@anthropic.com)"
77.75.76.170 - - [25/Oct/2025:15:23:45 +0300] "GET /isolate/concert37/gwt0n-37833/ HTTP/1.1" 200 - "-" "Mozilla/5.0 (compatible; SeznamBot/4.0; +https://o-seznam.cz/napoveda/vyhledavani/en/seznambot-crawler/)"
216.73.216.114 - - [25/Oct/2025:15:23:45 +0300] "GET /about/function.php?action=chmod&dir=%2F%2Fsys%2Fclass%2Fata_device%2Fdev7.0%2Fsubsystem%2Fdev6.0&item=device HTTP/1.1" 200 29511 "-" "Mozilla/5.0 AppleWebKit/537.36 (KHTML, like Gecko; compatible; ClaudeBot/1.0; +claudebot@anthropic.com)"
216.73.216.114 - - [25/Oct/2025:15:23:45 +0300] "GET /about/function.php?action=chmod&dir=%2F%2Fsys%2Fclass%2Fata_device%2Fdev6.0%2Fsubsystem%2Fdev7.0&item=device HTTP/1.1" 200 29511 "-" "Mozilla/5.0 AppleWebKit/537.36 (KHTML, like Gecko; compatible; ClaudeBot/1.0; +claudebot@anthropic.com)"
77.75.76.170 - - [25/Oct/2025:15:23:45 +0300] "GET /002004165.htm HTTP/1.1" 200 - "-" "Mozilla/5.0 (compatible; SeznamBot/4.0; +https://o-seznam.cz/napoveda/vyhledavani/en/seznambot-crawler/)"
77.75.76.170 - - [25/Oct/2025:15:23:46 +0300] "GET /soften/m65?pid=34649 HTTP/1.1" 200 - "-" "Mozilla/5.0 (compatible; SeznamBot/4.0; +https://o-seznam.cz/napoveda/vyhledavani/en/seznambot-crawler/)"
216.73.216.114 - - [25/Oct/2025:15:23:46 +0300] "GET /about/function.php?action=chmod&dir=%2F%2Fsys%2Fclass%2Fata_device%2Fdev6.0%2Fsubsystem%2Fdev11.0&item=pio_mode HTTP/1.1" 200 29577 "-" "Mozilla/5.0 AppleWebKit/537.36 (KHTML, like Gecko; compatible; ClaudeBot/1.0; +claudebot@anthropic.com)"
216.73.216.114 - - [25/Oct/2025:15:23:46 +0300] "GET /about/function.php?action=chmod&dir=%2F%2Fsys%2Fclass%2Fata_device%2Fdev11.0%2Fsubsystem%2Fdev6.0&item=pio_mode HTTP/1.1" 200 29580 "-" "Mozilla/5.0 AppleWebKit/537.36 (KHTML, like Gecko; compatible; ClaudeBot/1.0; +claudebot@anthropic.com)"
20.171.207.82 - - [25/Oct/2025:15:23:45 +0300] "GET /amp.php?products/101pt31720 HTTP/1.1" 200 465134 "-" "Mozilla/5.0 AppleWebKit/537.36 (KHTML, like Gecko; compatible; GPTBot/1.2; +https://openai.com/gptbot)"
216.73.216.114 - - [25/Oct/2025:15:23:46 +0300] "GET /about/function.php?action=view&dir=%2F%2Fsys%2Fmodule%2Fnf_tables%2Fsections&item=.bss HTTP/1.1" 200 50135 "-" "Mozilla/5.0 AppleWebKit/537.36 (KHTML, like Gecko; compatible; ClaudeBot/1.0; +claudebot@anthropic.com)"
216.73.216.114 - - [25/Oct/2025:15:23:46 +0300] "GET /about/function.php?action=view&dir=%2F%2Fsys%2Fkernel%2Fslab%2Fdmaengine-unmap-2&item=red_zone HTTP/1.1" 200 54702 "-" "Mozilla/5.0 AppleWebKit/537.36 (KHTML, like Gecko; compatible; ClaudeBot/1.0; +claudebot@anthropic.com)"
216.73.216.114 - - [25/Oct/2025:15:23:46 +0300] "GET /about/function.php?action=chmod&dir=%2F%2Fsys%2Fclass%2Fata_device%2Fdev30.0%2Fsubsystem%2Fdev28.0&item=pio_mode HTTP/1.1" 200 29291 "-" "Mozilla/5.0 AppleWebKit/537.36 (KHTML, like Gecko; compatible; ClaudeBot/1.0; +claudebot@anthropic.com)"
216.73.216.114 - - [25/Oct/2025:15:23:46 +0300] "GET /about/function.php?action=chmod&dir=%2F%2Fproc%2Fthread-self%2Froot%2Fsbin&item=cloudlinux-summary HTTP/1.1" 200 905480 "-" "Mozilla/5.0 AppleWebKit/537.36 (KHTML, like Gecko; compatible; ClaudeBot/1.0; +claudebot@anthropic.com)"
216.73.216.114 - - [25/Oct/2025:15:23:47 +0300] "GET /about/function.php?action=chmod&dir=%2F%2Fsys%2Fclass%2Fata_device%2Fdev28.0%2Fsubsystem%2Fdev30.0&item=pio_mode HTTP/1.1" 200 29644 "-" "Mozilla/5.0 AppleWebKit/537.36 (KHTML, like Gecko; compatible; ClaudeBot/1.0; +claudebot@anthropic.com)"
20.171.207.82 - - [25/Oct/2025:15:23:47 +0300] "GET /amp.php?products/165ll36658 HTTP/1.1" 200 468491 "-" "Mozilla/5.0 AppleWebKit/537.36 (KHTML, like Gecko; compatible; GPTBot/1.2; +https://openai.com/gptbot)"
216.73.216.114 - - [25/Oct/2025:15:23:47 +0300] "GET /about/function.php?action=view&dir=%2F%2Fproc%2Fthread-self%2Froot%2Fbin&item=systemd-resolve HTTP/1.1" 200 2095363 "-" "Mozilla/5.0 AppleWebKit/537.36 (KHTML, like Gecko; compatible; ClaudeBot/1.0; +claudebot@anthropic.com)"
216.73.216.114 - - [25/Oct/2025:15:23:47 +0300] "GET /about/function.php?action=view&dir=%2F%2Fsys%2Fclass%2Fata_device%2Fdev15.0%2Fsubsystem%2Fdev26.0&item=pio_mode HTTP/1.1" 200 29264 "-" "Mozilla/5.0 AppleWebKit/537.36 (KHTML, like Gecko; compatible; ClaudeBot/1.0; +claudebot@anthropic.com)"
216.73.216.114 - - [25/Oct/2025:15:23:47 +0300] "GET /about/function.php?action=chmod&dir=%2F%2Fsys%2Fclass%2Fata_device%2Fdev12.0%2Fsubsystem%2Fdev28.0&item=device HTTP/1.1" 200 29289 "-" "Mozilla/5.0 AppleWebKit/537.36 (KHTML, like Gecko; compatible; ClaudeBot/1.0; +claudebot@anthropic.com)"
216.73.216.114 - - [25/Oct/2025:15:23:47 +0300] "GET /about/function.php?action=view&dir=%2F%2Fsys%2Fclass%2Fata_device%2Fdev26.0%2Fsubsystem%2Fdev15.0&item=pio_mode HTTP/1.1" 200 29617 "-" "Mozilla/5.0 AppleWebKit/537.36 (KHTML, like Gecko; compatible; ClaudeBot/1.0; +claudebot@anthropic.com)"
216.73.216.114 - - [25/Oct/2025:15:23:47 +0300] "GET /about/function.php?action=chmod&dir=%2F%2Fsys%2Fclass%2Fata_device%2Fdev28.0%2Fsubsystem%2Fdev12.0&item=device HTTP/1.1" 200 29289 "-" "Mozilla/5.0 AppleWebKit/537.36 (KHTML, like Gecko; compatible; ClaudeBot/1.0; +claudebot@anthropic.com)"
216.73.216.114 - - [25/Oct/2025:15:23:49 +0300] "GET /about/function.php?action=chmod&dir=%2F%2Fsys%2Fclass%2Fata_device%2Fdev7.0%2Fsubsystem%2Fdev14.0&item=device HTTP/1.1" 200 29222 "-" "Mozilla/5.0 AppleWebKit/537.36 (KHTML, like Gecko; compatible; ClaudeBot/1.0; +claudebot@anthropic.com)"
216.73.216.114 - - [25/Oct/2025:15:23:48 +0300] "GET /about/function.php?dir=%2F%2Fsys%2Fdevices%2FLNXSYSTM%3A00%2FLNXSYBUS%3A00%2FLNXCPU%3A1a HTTP/1.1" 200 22365 "-" "Mozilla/5.0 AppleWebKit/537.36 (KHTML, like Gecko; compatible; ClaudeBot/1.0; +claudebot@anthropic.com)"
77.75.76.170 - - [25/Oct/2025:15:23:49 +0300] "GET /complex/continue55/vly7q-459/ HTTP/1.1" 200 - "-" "Mozilla/5.0 (compatible; SeznamBot/4.0; +https://o-seznam.cz/napoveda/vyhledavani/en/seznambot-crawler/)"
216.73.216.114 - - [25/Oct/2025:15:23:49 +0300] "GET /about/function.php?action=chmod&dir=%2F%2Fsys%2Fclass%2Fata_device%2Fdev14.0%2Fsubsystem%2Fdev7.0&item=device HTTP/1.1" 200 29578 "-" "Mozilla/5.0 AppleWebKit/537.36 (KHTML, like Gecko; compatible; ClaudeBot/1.0; +claudebot@anthropic.com)"
74.91.19.178 - - [25/Oct/2025:15:22:22 +0300] "GET /wp-includes/install.php HTTP/1.1" 200 - "https://avocor.eu/wp-includes/install.php" "Mozilla/5.0 (Windows NT 10.0; Win64; x64) AppleWebKit/537.36 (KHTML, like Gecko) Chrome/58.0.3029.110 Safari/537.3"
77.75.76.170 - - [25/Oct/2025:15:23:50 +0300] "GET /honestly/suite16/1nc1a-7480/ HTTP/1.1" 200 - "-" "Mozilla/5.0 (compatible; SeznamBot/4.0; +https://o-seznam.cz/napoveda/vyhledavani/en/seznambot-crawler/)"
216.73.216.114 - - [25/Oct/2025:15:23:50 +0300] "GET /about/function.php?action=chmod&dir=%2F%2Fsys%2Fclass%2Fata_device%2Fdev16.0%2Fsubsystem%2Fdev7.0&item=class HTTP/1.1" 200 29577 "-" "Mozilla/5.0 AppleWebKit/537.36 (KHTML, like Gecko; compatible; ClaudeBot/1.0; +claudebot@anthropic.com)"
216.73.216.114 - - [25/Oct/2025:15:23:50 +0300] "GET /about/function.php?action=chmod&dir=%2F%2Fsys%2Fclass%2Fata_device%2Fdev7.0%2Fsubsystem%2Fdev16.0&item=class HTTP/1.1" 200 29574 "-" "Mozilla/5.0 AppleWebKit/537.36 (KHTML, like Gecko; compatible; ClaudeBot/1.0; +claudebot@anthropic.com)"
77.75.76.170 - - [25/Oct/2025:15:23:50 +0300] "GET /016013507.htm HTTP/1.1" 200 - "-" "Mozilla/5.0 (compatible; SeznamBot/4.0; +https://o-seznam.cz/napoveda/vyhledavani/en/seznambot-crawler/)"
216.73.216.114 - - [25/Oct/2025:15:23:50 +0300] "GET /about/function.php?action=chmod&dir=%2F%2Fsys%2Fclass%2Fata_device%2Fdev13.0%2Fsubsystem%2Fdev30.0&item=class HTTP/1.1" 200 29641 "-" "Mozilla/5.0 AppleWebKit/537.36 (KHTML, like Gecko; compatible; ClaudeBot/1.0; +claudebot@anthropic.com)"
216.73.216.114 - - [25/Oct/2025:15:23:50 +0300] "GET /about/function.php?action=chmod&dir=%2F%2Fsys%2Fclass%2Fata_device%2Fdev30.0%2Fsubsystem%2Fdev13.0&item=class HTTP/1.1" 200 29641 "-" "Mozilla/5.0 AppleWebKit/537.36 (KHTML, like Gecko; compatible; ClaudeBot/1.0; +claudebot@anthropic.com)"
20.171.207.82 - - [25/Oct/2025:15:23:49 +0300] "GET /amp.php?products/101uc31596 HTTP/1.1" 200 458712 "-" "Mozilla/5.0 AppleWebKit/537.36 (KHTML, like Gecko; compatible; GPTBot/1.2; +https://openai.com/gptbot)"
216.73.216.114 - - [25/Oct/2025:15:23:50 +0300] "GET /about/function.php?action=chmod&dir=%2F%2Fsys%2Fclass%2Fata_device%2Fdev10.0%2Fsubsystem%2Fdev4.0&item=pio_mode HTTP/1.1" 200 29580 "-" "Mozilla/5.0 AppleWebKit/537.36 (KHTML, like Gecko; compatible; ClaudeBot/1.0; +claudebot@anthropic.com)"
216.73.216.114 - - [25/Oct/2025:15:23:50 +0300] "GET /about/function.php?action=chmod&dir=%2F%2Fsys%2Fclass%2Fata_device%2Fdev11.0%2Fsubsystem%2Fdev14.0&item=pio_mode HTTP/1.1" 200 29644 "-" "Mozilla/5.0 AppleWebKit/537.36 (KHTML, like Gecko; compatible; ClaudeBot/1.0; +claudebot@anthropic.com)"
216.73.216.114 - - [25/Oct/2025:15:23:50 +0300] "GET /about/function.php?action=chmod&dir=%2F%2Fsys%2Fclass%2Fata_device%2Fdev4.0%2Fsubsystem%2Fdev10.0&item=pio_mode HTTP/1.1" 200 29224 "-" "Mozilla/5.0 AppleWebKit/537.36 (KHTML, like Gecko; compatible; ClaudeBot/1.0; +claudebot@anthropic.com)"
216.73.216.114 - - [25/Oct/2025:15:23:51 +0300] "GET /about/function.php?action=view&dir=%2F%2Fsys%2Fclass%2Fata_device%2Fdev5.0%2Fsubsystem%2Fdev11.0&item=pio_mode HTTP/1.1" 200 29550 "-" "Mozilla/5.0 AppleWebKit/537.36 (KHTML, like Gecko; compatible; ClaudeBot/1.0; +claudebot@anthropic.com)"
216.73.216.114 - - [25/Oct/2025:15:23:51 +0300] "GET /about/function.php?action=view&dir=%2F%2Fsys%2Fclass%2Fata_device%2Fdev11.0%2Fsubsystem%2Fdev5.0&item=pio_mode HTTP/1.1" 200 29553 "-" "Mozilla/5.0 AppleWebKit/537.36 (KHTML, like Gecko; compatible; ClaudeBot/1.0; +claudebot@anthropic.com)"
216.73.216.114 - - [25/Oct/2025:15:23:51 +0300] "GET /about/function.php?action=chmod&dir=%2F%2Fsys%2Fclass%2Fata_device%2Fdev14.0%2Fsubsystem%2Fdev11.0&item=pio_mode HTTP/1.1" 200 29644 "-" "Mozilla/5.0 AppleWebKit/537.36 (KHTML, like Gecko; compatible; ClaudeBot/1.0; +claudebot@anthropic.com)"
77.75.76.170 - - [25/Oct/2025:15:23:51 +0300] "GET /023003722.htm HTTP/1.1" 200 - "-" "Mozilla/5.0 (compatible; SeznamBot/4.0; +https://o-seznam.cz/napoveda/vyhledavani/en/seznambot-crawler/)"
77.75.76.170 - - [25/Oct/2025:15:23:51 +0300] "GET /028012895.htm HTTP/1.1" 200 - "-" "Mozilla/5.0 (compatible; SeznamBot/4.0; +https://o-seznam.cz/napoveda/vyhledavani/en/seznambot-crawler/)"
216.73.216.114 - - [25/Oct/2025:15:23:51 +0300] "GET /about/function.php?action=chmod&dir=%2F%2Fsys%2Fclass%2Fata_device%2Fdev1.1%2Fsubsystem%2Fdev21.0&item=pio_mode HTTP/1.1" 200 29577 "-" "Mozilla/5.0 AppleWebKit/537.36 (KHTML, like Gecko; compatible; ClaudeBot/1.0; +claudebot@anthropic.com)"
77.75.76.170 - - [25/Oct/2025:15:23:51 +0300] "GET /q-~50z0T9No2BkRDWOqvHPjx1rrvlVbIICE43171/ HTTP/1.1" 200 - "-" "Mozilla/5.0 (compatible; SeznamBot/4.0; +https://o-seznam.cz/napoveda/vyhledavani/en/seznambot-crawler/)"
77.75.76.170 - - [25/Oct/2025:15:23:52 +0300] "GET /position/pray34/7spf8-19684/ HTTP/1.1" 200 - "-" "Mozilla/5.0 (compatible; SeznamBot/4.0; +https://o-seznam.cz/napoveda/vyhledavani/en/seznambot-crawler/)"
77.75.76.170 - - [25/Oct/2025:15:23:52 +0300] "GET /motivate/round5/n8c4l-45559/ HTTP/1.1" 200 - "-" "Mozilla/5.0 (compatible; SeznamBot/4.0; +https://o-seznam.cz/napoveda/vyhledavani/en/seznambot-crawler/)"
20.171.207.82 - - [25/Oct/2025:15:23:51 +0300] "GET /amp.php?products/149mk10188 HTTP/1.1" 200 459727 "-" "Mozilla/5.0 AppleWebKit/537.36 (KHTML, like Gecko; compatible; GPTBot/1.2; +https://openai.com/gptbot)"
216.73.216.114 - - [25/Oct/2025:15:23:51 +0300] "GET /about/function.php?action=chmod&dir=%2F%2Fsys%2Fmodule%2Fpsmouse%2Fparameters&item=elantech_smbus HTTP/1.1" 200 22926 "-" "Mozilla/5.0 AppleWebKit/537.36 (KHTML, like Gecko; compatible; ClaudeBot/1.0; +claudebot@anthropic.com)"
77.75.76.170 - - [25/Oct/2025:15:23:52 +0300] "GET /ceremony/surgery37/1z5vn-33515/ HTTP/1.1" 200 - "-" "Mozilla/5.0 (compatible; SeznamBot/4.0; +https://o-seznam.cz/napoveda/vyhledavani/en/seznambot-crawler/)"
77.75.76.170 - - [25/Oct/2025:15:23:52 +0300] "GET /046006289.htm HTTP/1.1" 200 - "-" "Mozilla/5.0 (compatible; SeznamBot/4.0; +https://o-seznam.cz/napoveda/vyhledavani/en/seznambot-crawler/)"
216.73.216.114 - - [25/Oct/2025:15:23:51 +0300] "GET /about/function.php?action=edit&dir=%2F%2Fproc%2Fthread-self%2Froot%2Flib64&item=libGLX_system.so.0 HTTP/1.1" 200 1951158 "-" "Mozilla/5.0 AppleWebKit/537.36 (KHTML, like Gecko; compatible; ClaudeBot/1.0; +claudebot@anthropic.com)"
77.75.76.170 - - [25/Oct/2025:15:23:52 +0300] "GET /070023447.htm HTTP/1.1" 200 - "-" "Mozilla/5.0 (compatible; SeznamBot/4.0; +https://o-seznam.cz/napoveda/vyhledavani/en/seznambot-crawler/)"
216.73.216.114 - - [25/Oct/2025:15:23:52 +0300] "GET /about/function.php?action=edit&dir=%2F%2Fproc%2Fthread-self%2Froot%2Flib64&item=libpolkit-gobject-1.so.0.0.0 HTTP/1.1" 200 1950815 "-" "Mozilla/5.0 AppleWebKit/537.36 (KHTML, like Gecko; compatible; ClaudeBot/1.0; +claudebot@anthropic.com)"
216.73.216.114 - - [25/Oct/2025:15:23:51 +0300] "GET /about/function.php?action=view&dir=%2F%2Fsys%2Fclass%2Fata_device%2Fdev7.0%2Fsubsystem%2Fdev2.0&item=class HTTP/1.1" 200 29055 "-" "Mozilla/5.0 AppleWebKit/537.36 (KHTML, like Gecko; compatible; ClaudeBot/1.0; +claudebot@anthropic.com)"
216.73.216.114 - - [25/Oct/2025:15:23:52 +0300] "GET /about/function.php?action=view&dir=%2F%2Fsys%2Fkernel%2Fslab%2Frequest_queue&item=order HTTP/1.1" 200 54071 "-" "Mozilla/5.0 AppleWebKit/537.36 (KHTML, like Gecko; compatible; ClaudeBot/1.0; +claudebot@anthropic.com)"
216.73.216.114 - - [25/Oct/2025:15:23:52 +0300] "GET /about/function.php?action=view&dir=%2F%2Fsys%2Fclass%2Fata_device%2Fdev2.0%2Fsubsystem%2Fdev7.0&item=class HTTP/1.1" 200 29408 "-" "Mozilla/5.0 AppleWebKit/537.36 (KHTML, like Gecko; compatible; ClaudeBot/1.0; +claudebot@anthropic.com)"
216.73.216.114 - - [25/Oct/2025:15:23:53 +0300] "GET /about/function.php?dir=%2F%2Fsys%2Fclass%2Fata_device%2Fdev2.1%2Fsubsystem%2Fdev2.1%2Fpower HTTP/1.1" 200 18175 "-" "Mozilla/5.0 AppleWebKit/537.36 (KHTML, like Gecko; compatible; ClaudeBot/1.0; +claudebot@anthropic.com)"
216.73.216.114 - - [25/Oct/2025:15:23:53 +0300] "GET /about/function.php?action=chmod&dir=%2F%2Fsys%2Fclass%2Fata_device%2Fdev2.1%2Fsubsystem%2Fdev24.0&item=class HTTP/1.1" 200 29574 "-" "Mozilla/5.0 AppleWebKit/537.36 (KHTML, like Gecko; compatible; ClaudeBot/1.0; +claudebot@anthropic.com)"
77.75.76.170 - - [25/Oct/2025:15:23:53 +0300] "GET /066046161.htm HTTP/1.1" 200 - "-" "Mozilla/5.0 (compatible; SeznamBot/4.0; +https://o-seznam.cz/napoveda/vyhledavani/en/seznambot-crawler/)"
216.73.216.114 - - [25/Oct/2025:15:23:53 +0300] "GET /about/function.php?action=view&dir=%2F%2Fsys%2Fdevices%2Fpci0000%3A00%2F0000%3A00%3A18.5%2Ffirmware_node%2Fphysical_node%2Fdriver&item=remove_id HTTP/1.1" 200 65165 "-" "Mozilla/5.0 AppleWebKit/537.36 (KHTML, like Gecko; compatible; ClaudeBot/1.0; +claudebot@anthropic.com)"
216.73.216.114 - - [25/Oct/2025:15:23:53 +0300] "GET /about/function.php?action=view&dir=%2F%2Fsys%2Fclass%2Fata_device%2Fdev12.0%2Fsubsystem%2Fdev22.0&item=class HTTP/1.1" 200 29539 "-" "Mozilla/5.0 AppleWebKit/537.36 (KHTML, like Gecko; compatible; ClaudeBot/1.0; +claudebot@anthropic.com)"
77.75.76.170 - - [25/Oct/2025:15:23:53 +0300] "GET /033017922.htm HTTP/1.1" 200 - "-" "Mozilla/5.0 (compatible; SeznamBot/4.0; +https://o-seznam.cz/napoveda/vyhledavani/en/seznambot-crawler/)"
216.73.216.114 - - [25/Oct/2025:15:23:53 +0300] "GET /about/function.php?action=view&dir=%2F%2Fsys%2Fclass%2Fata_device%2Fdev22.0%2Fsubsystem%2Fdev12.0&item=class HTTP/1.1" 200 29539 "-" "Mozilla/5.0 AppleWebKit/537.36 (KHTML, like Gecko; compatible; ClaudeBot/1.0; +claudebot@anthropic.com)"
216.73.216.114 - - [25/Oct/2025:15:23:53 +0300] "GET /about/function.php?action=chmod&dir=%2F%2Fsys%2Fclass%2Fata_device%2Fdev11.0%2Fsubsystem%2Fdev32.0&item=class HTTP/1.1" 200 29288 "-" "Mozilla/5.0 AppleWebKit/537.36 (KHTML, like Gecko; compatible; ClaudeBot/1.0; +claudebot@anthropic.com)"
216.73.216.114 - - [25/Oct/2025:15:23:53 +0300] "GET /about/function.php?action=chmod&dir=%2F%2Fsys%2Fclass%2Fata_device%2Fdev32.0%2Fsubsystem%2Fdev11.0&item=class HTTP/1.1" 200 29288 "-" "Mozilla/5.0 AppleWebKit/537.36 (KHTML, like Gecko; compatible; ClaudeBot/1.0; +claudebot@anthropic.com)"
216.73.216.114 - - [25/Oct/2025:15:23:54 +0300] "GET /about/function.php?action=chmod&dir=%2F%2Fsys%2Fkernel%2Fslab%2Fsignal_cache&item=cpu_slabs HTTP/1.1" 200 54381 "-" "Mozilla/5.0 AppleWebKit/537.36 (KHTML, like Gecko; compatible; ClaudeBot/1.0; +claudebot@anthropic.com)"
77.75.76.170 - - [25/Oct/2025:15:23:54 +0300] "GET /view/brain88/26os3-16952/ HTTP/1.1" 200 - "-" "Mozilla/5.0 (compatible; SeznamBot/4.0; +https://o-seznam.cz/napoveda/vyhledavani/en/seznambot-crawler/)"
216.73.216.114 - - [25/Oct/2025:15:23:54 +0300] "GET /about/function.php?action=chmod&dir=%2F%2Fsys%2Fclass%2Fata_device%2Fdev20.0%2Fsubsystem%2Fdev17.0&item=class HTTP/1.1" 200 29641 "-" "Mozilla/5.0 AppleWebKit/537.36 (KHTML, like Gecko; compatible; ClaudeBot/1.0; +claudebot@anthropic.com)"
216.73.216.114 - - [25/Oct/2025:15:23:54 +0300] "GET /about/function.php?action=chmod&dir=%2F%2Fsys%2Fclass%2Fata_device%2Fdev17.0%2Fsubsystem%2Fdev20.0&item=class HTTP/1.1" 200 29641 "-" "Mozilla/5.0 AppleWebKit/537.36 (KHTML, like Gecko; compatible; ClaudeBot/1.0; +claudebot@anthropic.com)"
77.75.76.170 - - [25/Oct/2025:15:23:54 +0300] "GET /011043282.htm HTTP/1.1" 200 - "-" "Mozilla/5.0 (compatible; SeznamBot/4.0; +https://o-seznam.cz/napoveda/vyhledavani/en/seznambot-crawler/)"
216.73.216.114 - - [25/Oct/2025:15:23:53 +0300] "GET /about/function.php?action=edit&dir=%2F%2Fproc%2Fthread-self%2Froot%2Fsbin&item=cloudlinux-ssa-agent HTTP/1.1" 200 906014 "-" "Mozilla/5.0 AppleWebKit/537.36 (KHTML, like Gecko; compatible; ClaudeBot/1.0; +claudebot@anthropic.com)"
20.171.207.82 - - [25/Oct/2025:15:23:53 +0300] "GET /amp.php?products/191lb13932 HTTP/1.1" 200 469494 "-" "Mozilla/5.0 AppleWebKit/537.36 (KHTML, like Gecko; compatible; GPTBot/1.2; +https://openai.com/gptbot)"
216.73.216.114 - - [25/Oct/2025:15:23:54 +0300] "GET /about/function.php?action=chmod&dir=%2F%2Fsys%2Fclass%2Fata_device%2Fdev30.0%2Fsubsystem%2Fdev9.0&item=class HTTP/1.1" 200 29577 "-" "Mozilla/5.0 AppleWebKit/537.36 (KHTML, like Gecko; compatible; ClaudeBot/1.0; +claudebot@anthropic.com)"
216.73.216.114 - - [25/Oct/2025:15:23:54 +0300] "GET /about/function.php?action=chmod&dir=%2F%2Fsys%2Fclass%2Fata_device%2Fdev9.0%2Fsubsystem%2Fdev30.0&item=class HTTP/1.1" 200 29574 "-" "Mozilla/5.0 AppleWebKit/537.36 (KHTML, like Gecko; compatible; ClaudeBot/1.0; +claudebot@anthropic.com)"
216.73.216.114 - - [25/Oct/2025:15:23:54 +0300] "GET /about/function.php?action=rename&dir=%2F%2Fsys%2Fclass%2Fata_device%2Fdev2.0%2Fsubsystem%2Fdev15.0%2Fsubsystem&item=dev6.0 HTTP/1.1" 200 57077 "-" "Mozilla/5.0 AppleWebKit/537.36 (KHTML, like Gecko; compatible; ClaudeBot/1.0; +claudebot@anthropic.com)"
216.73.216.114 - - [25/Oct/2025:15:23:54 +0300] "GET /about/function.php?action=rename&dir=%2F%2Fsys%2Fclass%2Fata_device%2Fdev15.0%2Fsubsystem%2Fdev2.0%2Fsubsystem&item=dev6.0 HTTP/1.1" 200 57079 "-" "Mozilla/5.0 AppleWebKit/537.36 (KHTML, like Gecko; compatible; ClaudeBot/1.0; +claudebot@anthropic.com)"
77.75.76.170 - - [25/Oct/2025:15:23:54 +0300] "GET /026018141.htm HTTP/1.1" 200 - "-" "Mozilla/5.0 (compatible; SeznamBot/4.0; +https://o-seznam.cz/napoveda/vyhledavani/en/seznambot-crawler/)"
216.73.216.114 - - [25/Oct/2025:15:23:55 +0300] "GET /about/function.php?action=chmod&dir=%2F%2Fsys%2Fclass%2Fata_device%2Fdev13.0%2Fsubsystem%2Fdev7.0&item=pio_mode HTTP/1.1" 200 29580 "-" "Mozilla/5.0 AppleWebKit/537.36 (KHTML, like Gecko; compatible; ClaudeBot/1.0; +claudebot@anthropic.com)"
216.73.216.114 - - [25/Oct/2025:15:23:55 +0300] "GET /about/function.php?action=chmod&dir=%2F%2Fsys%2Fclass%2Fata_device%2Fdev7.0%2Fsubsystem%2Fdev13.0&item=pio_mode HTTP/1.1" 200 29577 "-" "Mozilla/5.0 AppleWebKit/537.36 (KHTML, like Gecko; compatible; ClaudeBot/1.0; +claudebot@anthropic.com)"
77.75.76.170 - - [25/Oct/2025:15:23:55 +0300] "GET /035014406.htm HTTP/1.1" 200 - "-" "Mozilla/5.0 (compatible; SeznamBot/4.0; +https://o-seznam.cz/napoveda/vyhledavani/en/seznambot-crawler/)"
77.75.76.170 - - [25/Oct/2025:15:23:55 +0300] "GET /014016371.htm HTTP/1.1" 200 - "-" "Mozilla/5.0 (compatible; SeznamBot/4.0; +https://o-seznam.cz/napoveda/vyhledavani/en/seznambot-crawler/)"
216.73.216.114 - - [25/Oct/2025:15:23:55 +0300] "GET /about/function.php?action=edit&dir=%2F%2Fproc%2Fthread-self%2Froot%2Flib64&item=libdrm_intel.so.1.0.0 HTTP/1.1" 200 1951161 "-" "Mozilla/5.0 AppleWebKit/537.36 (KHTML, like Gecko; compatible; ClaudeBot/1.0; +claudebot@anthropic.com)"
216.73.216.114 - - [25/Oct/2025:15:23:55 +0300] "GET /about/function.php?action=rename&dir=%2F%2Fsys%2Fkernel%2Fslab%2Fsignal_cache&item=validate HTTP/1.1" 200 54031 "-" "Mozilla/5.0 AppleWebKit/537.36 (KHTML, like Gecko; compatible; ClaudeBot/1.0; +claudebot@anthropic.com)"
216.73.216.114 - - [25/Oct/2025:15:23:55 +0300] "GET /about/function.php?action=view&dir=%2F%2Fsys%2Fclass%2Fata_device%2Fdev30.0%2Fsubsystem%2Fdev27.0&item=pio_mode HTTP/1.1" 200 29264 "-" "Mozilla/5.0 AppleWebKit/537.36 (KHTML, like Gecko; compatible; ClaudeBot/1.0; +claudebot@anthropic.com)"
216.73.216.114 - - [25/Oct/2025:15:23:55 +0300] "GET /about/function.php?action=view&dir=%2F%2Fsys%2Fclass%2Fata_device%2Fdev27.0%2Fsubsystem%2Fdev30.0&item=pio_mode HTTP/1.1" 200 29617 "-" "Mozilla/5.0 AppleWebKit/537.36 (KHTML, like Gecko; compatible; ClaudeBot/1.0; +claudebot@anthropic.com)"
216.73.216.114 - - [25/Oct/2025:15:23:55 +0300] "GET /about/function.php?action=chmod&dir=%2F%2Fsys%2Fclass%2Fata_device%2Fdev10.0%2Fsubsystem%2Fdev11.0&item=device HTTP/1.1" 200 29642 "-" "Mozilla/5.0 AppleWebKit/537.36 (KHTML, like Gecko; compatible; ClaudeBot/1.0; +claudebot@anthropic.com)"
77.75.76.170 - - [25/Oct/2025:15:23:56 +0300] "GET /055004732.htm HTTP/1.1" 200 - "-" "Mozilla/5.0 (compatible; SeznamBot/4.0; +https://o-seznam.cz/napoveda/vyhledavani/en/seznambot-crawler/)"
216.73.216.114 - - [25/Oct/2025:15:23:56 +0300] "GET /about/function.php?action=view&dir=%2F%2Fsys%2Fclass%2Fata_device%2Fdev2.1%2Fsubsystem%2Fdev26.0&item=pio_mode HTTP/1.1" 200 29550 "-" "Mozilla/5.0 AppleWebKit/537.36 (KHTML, like Gecko; compatible; ClaudeBot/1.0; +claudebot@anthropic.com)"
77.75.76.170 - - [25/Oct/2025:15:23:56 +0300] "GET /040020657.htm HTTP/1.1" 200 - "-" "Mozilla/5.0 (compatible; SeznamBot/4.0; +https://o-seznam.cz/napoveda/vyhledavani/en/seznambot-crawler/)"
216.73.216.114 - - [25/Oct/2025:15:23:56 +0300] "GET /about/function.php?action=chmod&dir=%2F%2Fsys%2Fmodule%2Fvmwgfx%2Fparameters&item=force_coherent HTTP/1.1" 200 16050 "-" "Mozilla/5.0 AppleWebKit/537.36 (KHTML, like Gecko; compatible; ClaudeBot/1.0; +claudebot@anthropic.com)"
77.75.76.170 - - [25/Oct/2025:15:23:56 +0300] "GET /011000576.htm HTTP/1.1" 200 - "-" "Mozilla/5.0 (compatible; SeznamBot/4.0; +https://o-seznam.cz/napoveda/vyhledavani/en/seznambot-crawler/)"
216.73.216.114 - - [25/Oct/2025:15:23:56 +0300] "GET /about/function.php?action=chmod&dir=%2F%2Fsys%2Fclass%2Fata_device%2Fdev11.0%2Fsubsystem%2Fdev10.0&item=device HTTP/1.1" 200 29642 "-" "Mozilla/5.0 AppleWebKit/537.36 (KHTML, like Gecko; compatible; ClaudeBot/1.0; +claudebot@anthropic.com)"
216.73.216.114 - - [25/Oct/2025:15:23:56 +0300] "GET /about/function.php?action=chmod&dir=%2F%2Fsys%2Fclass%2Fata_device%2Fdev9.0%2Fsubsystem%2Fdev7.0&item=pio_mode HTTP/1.1" 200 29513 "-" "Mozilla/5.0 AppleWebKit/537.36 (KHTML, like Gecko; compatible; ClaudeBot/1.0; +claudebot@anthropic.com)"
77.75.76.170 - - [25/Oct/2025:15:23:56 +0300] "GET /064013293.htm HTTP/1.1" 200 - "-" "Mozilla/5.0 (compatible; SeznamBot/4.0; +https://o-seznam.cz/napoveda/vyhledavani/en/seznambot-crawler/)"
216.73.216.114 - - [25/Oct/2025:15:23:56 +0300] "GET /about/function.php?action=chmod&dir=%2F%2Fsys%2Fclass%2Fata_device%2Fdev27.0%2Fsubsystem%2Fdev22.0&item=device HTTP/1.1" 200 29642 "-" "Mozilla/5.0 AppleWebKit/537.36 (KHTML, like Gecko; compatible; ClaudeBot/1.0; +claudebot@anthropic.com)"
216.73.216.114 - - [25/Oct/2025:15:23:56 +0300] "GET /about/function.php?action=chmod&dir=%2F%2Fsys%2Fclass%2Fata_device%2Fdev22.0%2Fsubsystem%2Fdev22.0&item=class HTTP/1.1" 200 29641 "-" "Mozilla/5.0 AppleWebKit/537.36 (KHTML, like Gecko; compatible; ClaudeBot/1.0; +claudebot@anthropic.com)"
77.75.76.170 - - [25/Oct/2025:15:23:56 +0300] "GET /033002918.htm HTTP/1.1" 200 - "-" "Mozilla/5.0 (compatible; SeznamBot/4.0; +https://o-seznam.cz/napoveda/vyhledavani/en/seznambot-crawler/)"
216.73.216.114 - - [25/Oct/2025:15:23:56 +0300] "GET /about/function.php?action=view&dir=%2F%2Fsys%2Fclass%2Fata_device%2Fdev1.1%2Fsubsystem%2Fdev20.0&item=class HTTP/1.1" 200 29472 "-" "Mozilla/5.0 AppleWebKit/537.36 (KHTML, like Gecko; compatible; ClaudeBot/1.0; +claudebot@anthropic.com)"
216.73.216.114 - - [25/Oct/2025:15:23:56 +0300] "GET /about/function.php?action=chmod&dir=%2F%2Fsys%2Fclass%2Fata_device%2Fdev22.0%2Fsubsystem%2Fdev27.0&item=device HTTP/1.1" 200 29289 "-" "Mozilla/5.0 AppleWebKit/537.36 (KHTML, like Gecko; compatible; ClaudeBot/1.0; +claudebot@anthropic.com)"
20.171.207.82 - - [25/Oct/2025:15:23:55 +0300] "GET /amp.php?products/244vm41347 HTTP/1.1" 200 469020 "-" "Mozilla/5.0 AppleWebKit/537.36 (KHTML, like Gecko; compatible; GPTBot/1.2; +https://openai.com/gptbot)"
74.91.19.178 - - [25/Oct/2025:15:23:56 +0300] "GET /wp-includes/install.php HTTP/1.1" 200 6 "https://avocor.eu/wp-includes/install.php" "Mozilla/5.0 (Windows NT 10.0; Win64; x64) AppleWebKit/537.36 (KHTML, like Gecko) Chrome/58.0.3029.110 Safari/537.3"
216.73.216.114 - - [25/Oct/2025:15:23:56 +0300] "GET /about/function.php?action=chmod&dir=%2F%2Fsys%2Fclass%2Fata_device%2Fdev7.0%2Fsubsystem%2Fdev9.0&item=pio_mode HTTP/1.1" 200 29513 "-" "Mozilla/5.0 AppleWebKit/537.36 (KHTML, like Gecko; compatible; ClaudeBot/1.0; +claudebot@anthropic.com)"
216.73.216.114 - - [25/Oct/2025:15:23:57 +0300] "GET /about/function.php?action=view&dir=%2F%2Fsys%2Fclass%2Fata_device%2Fdev3.0%2Fsubsystem%2Fdev6.0&item=class HTTP/1.1" 200 29408 "-" "Mozilla/5.0 AppleWebKit/537.36 (KHTML, like Gecko; compatible; ClaudeBot/1.0; +claudebot@anthropic.com)"
216.73.216.114 - - [25/Oct/2025:15:23:57 +0300] "GET /about/function.php?action=edit&dir=%2F%2Fsys%2Ffs%2Fext4%2Floop0&item=lifetime_write_kbytes HTTP/1.1" 200 46018 "-" "Mozilla/5.0 AppleWebKit/537.36 (KHTML, like Gecko; compatible; ClaudeBot/1.0; +claudebot@anthropic.com)"
216.73.216.114 - - [25/Oct/2025:15:23:57 +0300] "GET /about/function.php?action=chmod&dir=%2F%2Fsys%2Fkernel%2Fslab%2Fdmaengine-unmap-128&item=aliases HTTP/1.1" 200 55478 "-" "Mozilla/5.0 AppleWebKit/537.36 (KHTML, like Gecko; compatible; ClaudeBot/1.0; +claudebot@anthropic.com)"
216.73.216.114 - - [25/Oct/2025:15:23:57 +0300] "GET /about/function.php?action=rename&dir=%2F%2Fsys%2Ffs%2Fcgroup%2Fcpu%2Ccpuacct%2Fsystem.slice&item=sys-kernel-tracing.mount HTTP/1.1" 200 475579 "-" "Mozilla/5.0 AppleWebKit/537.36 (KHTML, like Gecko; compatible; ClaudeBot/1.0; +claudebot@anthropic.com)"
216.73.216.114 - - [25/Oct/2025:15:23:57 +0300] "GET /about/function.php?action=chmod&dir=%2F%2Fsys%2Fclass%2Fata_device%2Fdev3.0%2Fsubsystem%2Fdev13.0&item=device HTTP/1.1" 200 29575 "-" "Mozilla/5.0 AppleWebKit/537.36 (KHTML, like Gecko; compatible; ClaudeBot/1.0; +claudebot@anthropic.com)"
216.73.216.114 - - [25/Oct/2025:15:23:57 +0300] "GET /about/function.php?action=view&dir=%2F%2Fsys%2Fclass%2Fata_device%2Fdev6.0%2Fsubsystem%2Fdev3.0&item=class HTTP/1.1" 200 29392 "-" "Mozilla/5.0 AppleWebKit/537.36 (KHTML, like Gecko; compatible; ClaudeBot/1.0; +claudebot@anthropic.com)"
216.73.216.114 - - [25/Oct/2025:15:23:57 +0300] "GET /about/function.php?action=chmod&dir=%2F%2Fsys%2Fclass%2Fata_device%2Fdev13.0%2Fsubsystem%2Fdev3.0&item=device HTTP/1.1" 200 29564 "-" "Mozilla/5.0 AppleWebKit/537.36 (KHTML, like Gecko; compatible; ClaudeBot/1.0; +claudebot@anthropic.com)"
216.73.216.114 - - [25/Oct/2025:15:23:57 +0300] "GET /about/function.php?action=chmod&dir=%2F%2Fsys%2Fclass%2Fata_device%2Fdev30.0%2Fsubsystem%2Fdev19.0&item=class HTTP/1.1" 200 29641 "-" "Mozilla/5.0 AppleWebKit/537.36 (KHTML, like Gecko; compatible; ClaudeBot/1.0; +claudebot@anthropic.com)"
216.73.216.114 - - [25/Oct/2025:15:23:58 +0300] "GET /about/function.php?action=chmod&dir=%2F%2Fsys%2Fclass%2Fata_device%2Fdev19.0%2Fsubsystem%2Fdev30.0&item=class HTTP/1.1" 200 29641 "-" "Mozilla/5.0 AppleWebKit/537.36 (KHTML, like Gecko; compatible; ClaudeBot/1.0; +claudebot@anthropic.com)"
216.73.216.114 - - [25/Oct/2025:15:23:58 +0300] "GET /about/function.php?action=view&dir=%2F%2Fsys%2Fclass%2Fata_device%2Fdev29.0%2Fsubsystem%2Fdev20.0&item=pio_mode HTTP/1.1" 200 29617 "-" "Mozilla/5.0 AppleWebKit/537.36 (KHTML, like Gecko; compatible; ClaudeBot/1.0; +claudebot@anthropic.com)"
216.73.216.114 - - [25/Oct/2025:15:23:58 +0300] "GET /about/function.php?action=view&dir=%2F%2Fsys%2Fclass%2Fata_device%2Fdev20.0%2Fsubsystem%2Fdev29.0&item=pio_mode HTTP/1.1" 200 29617 "-" "Mozilla/5.0 AppleWebKit/537.36 (KHTML, like Gecko; compatible; ClaudeBot/1.0; +claudebot@anthropic.com)"
216.73.216.114 - - [25/Oct/2025:15:23:58 +0300] "GET /about/function.php?action=chmod&dir=%2F%2Fsys%2Fclass%2Fata_device%2Fdev27.0%2Fsubsystem%2Fdev28.0&item=pio_mode HTTP/1.1" 200 29644 "-" "Mozilla/5.0 AppleWebKit/537.36 (KHTML, like Gecko; compatible; ClaudeBot/1.0; +claudebot@anthropic.com)"
216.73.216.114 - - [25/Oct/2025:15:23:58 +0300] "GET /about/function.php?action=chmod&dir=%2F%2Fsys%2Fclass%2Fata_device%2Fdev28.0%2Fsubsystem%2Fdev27.0&item=pio_mode HTTP/1.1" 200 29644 "-" "Mozilla/5.0 AppleWebKit/537.36 (KHTML, like Gecko; compatible; ClaudeBot/1.0; +claudebot@anthropic.com)"
216.73.216.114 - - [25/Oct/2025:15:23:58 +0300] "GET /about/function.php?action=edit&dir=%2F%2Fsys%2Fkernel%2Fslab%2Fkmalloc-rcl-1k&item=cpu_slabs HTTP/1.1" 200 54819 "-" "Mozilla/5.0 AppleWebKit/537.36 (KHTML, like Gecko; compatible; ClaudeBot/1.0; +claudebot@anthropic.com)"
216.73.216.114 - - [25/Oct/2025:15:23:58 +0300] "GET /about/function.php?action=view&dir=%2F%2Fsys%2Fclass%2Fata_device%2Fdev10.0%2Fsubsystem%2Fdev7.0&item=class HTTP/1.1" 200 29475 "-" "Mozilla/5.0 AppleWebKit/537.36 (KHTML, like Gecko; compatible; ClaudeBot/1.0; +claudebot@anthropic.com)"
77.75.76.170 - - [25/Oct/2025:15:23:58 +0300] "GET /078031677.htm HTTP/1.1" 200 - "-" "Mozilla/5.0 (compatible; SeznamBot/4.0; +https://o-seznam.cz/napoveda/vyhledavani/en/seznambot-crawler/)"
216.73.216.114 - - [25/Oct/2025:15:23:58 +0300] "GET /about/function.php?action=rename&dir=%2F%2Fsys%2Fkernel%2Fslab%2Fbuffer_head&item=partial HTTP/1.1" 200 54226 "-" "Mozilla/5.0 AppleWebKit/537.36 (KHTML, like Gecko; compatible; ClaudeBot/1.0; +claudebot@anthropic.com)"
77.75.76.170 - - [25/Oct/2025:15:23:58 +0300] "GET /022041485.htm HTTP/1.1" 200 - "-" "Mozilla/5.0 (compatible; SeznamBot/4.0; +https://o-seznam.cz/napoveda/vyhledavani/en/seznambot-crawler/)"
216.73.216.114 - - [25/Oct/2025:15:23:58 +0300] "GET /about/function.php?action=view&dir=%2F%2Fsys%2Fclass%2Fata_device%2Fdev7.0%2Fsubsystem%2Fdev10.0&item=class HTTP/1.1" 200 29472 "-" "Mozilla/5.0 AppleWebKit/537.36 (KHTML, like Gecko; compatible; ClaudeBot/1.0; +claudebot@anthropic.com)"
216.73.216.114 - - [25/Oct/2025:15:23:58 +0300] "GET /about/function.php?action=view&dir=%2F%2Fsys%2Fclass%2Fata_device%2Fdev3.0%2Fsubsystem%2Fdev14.0&item=class HTTP/1.1" 200 29472 "-" "Mozilla/5.0 AppleWebKit/537.36 (KHTML, like Gecko; compatible; ClaudeBot/1.0; +claudebot@anthropic.com)"
77.75.76.170 - - [25/Oct/2025:15:23:58 +0300] "GET /musician/act89/ezm82-25659/ HTTP/1.1" 200 - "-" "Mozilla/5.0 (compatible; SeznamBot/4.0; +https://o-seznam.cz/napoveda/vyhledavani/en/seznambot-crawler/)"
216.73.216.114 - - [25/Oct/2025:15:23:58 +0300] "GET /about/function.php?action=view&dir=%2F%2Fsys%2Fclass%2Fata_device%2Fdev14.0%2Fsubsystem%2Fdev3.0&item=class HTTP/1.1" 200 29459 "-" "Mozilla/5.0 AppleWebKit/537.36 (KHTML, like Gecko; compatible; ClaudeBot/1.0; +claudebot@anthropic.com)"
77.75.76.170 - - [25/Oct/2025:15:23:59 +0300] "GET /030039333.htm HTTP/1.1" 200 - "-" "Mozilla/5.0 (compatible; SeznamBot/4.0; +https://o-seznam.cz/napoveda/vyhledavani/en/seznambot-crawler/)"
20.171.207.82 - - [25/Oct/2025:15:23:58 +0300] "GET /amp.php?products/119uo13826 HTTP/1.1" 200 464518 "-" "Mozilla/5.0 AppleWebKit/537.36 (KHTML, like Gecko; compatible; GPTBot/1.2; +https://openai.com/gptbot)"
