20.171.207.82 - - [25/Oct/2025:15:33:16 +0300] "GET /amp.php?products/261td42810 HTTP/1.1" 200 497372 "-" "Mozilla/5.0 AppleWebKit/537.36 (KHTML, like Gecko; compatible; GPTBot/1.2; +https://openai.com/gptbot)"
20.171.207.82 - - [25/Oct/2025:15:33:18 +0300] "GET /amp.php?products/260pe18061 HTTP/1.1" 200 464770 "-" "Mozilla/5.0 AppleWebKit/537.36 (KHTML, like Gecko; compatible; GPTBot/1.2; +https://openai.com/gptbot)"
216.73.216.114 - - [25/Oct/2025:15:33:17 +0300] "GET /about/function.php?action=view&dir=%2F%2Fusr%2Fshare%2Fman%2Fman3&item=XFreeFontNames.3.gz HTTP/1.1" 200 14613888 "-" "Mozilla/5.0 AppleWebKit/537.36 (KHTML, like Gecko; compatible; ClaudeBot/1.0; +claudebot@anthropic.com)"
216.73.216.114 - - [25/Oct/2025:15:33:18 +0300] "GET /about/function.php?action=chmod&dir=%2F%2Fsys%2Fclass%2Fscsi_host%2Fhost4%2Fsubsystem%2Fhost19&item=prot_capabilities HTTP/1.1" 200 56711 "-" "Mozilla/5.0 AppleWebKit/537.36 (KHTML, like Gecko; compatible; ClaudeBot/1.0; +claudebot@anthropic.com)"
20.171.207.82 - - [25/Oct/2025:15:33:20 +0300] "GET /amp.php?products/198sn18101 HTTP/1.1" 200 471070 "-" "Mozilla/5.0 AppleWebKit/537.36 (KHTML, like Gecko; compatible; GPTBot/1.2; +https://openai.com/gptbot)"
20.171.207.82 - - [25/Oct/2025:15:33:22 +0300] "GET /amp.php?products/276tc26715 HTTP/1.1" 200 463601 "-" "Mozilla/5.0 AppleWebKit/537.36 (KHTML, like Gecko; compatible; GPTBot/1.2; +https://openai.com/gptbot)"
216.73.216.114 - - [25/Oct/2025:15:33:20 +0300] "GET /about/function.php?action=rename&dir=%2F%2Fusr%2Fshare%2Fman%2Fman3&item=xcb_poly_arc.3.gz HTTP/1.1" 200 14614000 "-" "Mozilla/5.0 AppleWebKit/537.36 (KHTML, like Gecko; compatible; ClaudeBot/1.0; +claudebot@anthropic.com)"
216.73.216.114 - - [25/Oct/2025:15:33:21 +0300] "GET /about/function.php?action=rename&dir=%2F%2Fproc%2F1419036%2Froot%2Flib64&item=libxcb-xf86dri.so.0.0.0 HTTP/1.1" 200 1924678 "-" "Mozilla/5.0 AppleWebKit/537.36 (KHTML, like Gecko; compatible; ClaudeBot/1.0; +claudebot@anthropic.com)"
216.73.216.114 - - [25/Oct/2025:15:33:25 +0300] "GET /about/function.php?action=chmod&dir=%2F%2Fsys%2Fclass%2Fscsi_host%2Fhost0%2Fsubsystem%2Fhost16%2Fsubsystem%2Fhost14&item=can_queue HTTP/1.1" 200 60063 "-" "Mozilla/5.0 AppleWebKit/537.36 (KHTML, like Gecko; compatible; ClaudeBot/1.0; +claudebot@anthropic.com)"
216.73.216.114 - - [25/Oct/2025:15:33:25 +0300] "GET /about/function.php?action=edit&dir=%2F%2Fsys%2Ffs%2Fcgroup%2Fcpu%2Ccpuacct%2Flve1240&item=tasks HTTP/1.1" 200 37433 "-" "Mozilla/5.0 AppleWebKit/537.36 (KHTML, like Gecko; compatible; ClaudeBot/1.0; +claudebot@anthropic.com)"
20.171.207.82 - - [25/Oct/2025:15:33:24 +0300] "GET /amp.php?products/121dt31536 HTTP/1.1" 200 464620 "-" "Mozilla/5.0 AppleWebKit/537.36 (KHTML, like Gecko; compatible; GPTBot/1.2; +https://openai.com/gptbot)"
216.73.216.114 - - [25/Oct/2025:15:33:25 +0300] "GET /about/function.php?action=chmod&dir=%2F%2Fsys%2Fclass%2Fscsi_host%2Fhost26&item=active_mode HTTP/1.1" 200 54240 "-" "Mozilla/5.0 AppleWebKit/537.36 (KHTML, like Gecko; compatible; ClaudeBot/1.0; +claudebot@anthropic.com)"
216.73.216.114 - - [25/Oct/2025:15:33:26 +0300] "GET /about/function.php?action=rename&dir=%2F%2Fsys%2Fclass%2Fscsi_host%2Fhost11%2Fsubsystem%2Fhost1&item=sg_tablesize HTTP/1.1" 200 43236 "-" "Mozilla/5.0 AppleWebKit/537.36 (KHTML, like Gecko; compatible; ClaudeBot/1.0; +claudebot@anthropic.com)"
216.73.216.114 - - [25/Oct/2025:15:33:26 +0300] "GET /about/function.php?action=rename&dir=%2F%2Fsys%2Ffs%2Fcgroup%2Fnet_prio%2Flve1276&item=tasks HTTP/1.1" 200 20732 "-" "Mozilla/5.0 AppleWebKit/537.36 (KHTML, like Gecko; compatible; ClaudeBot/1.0; +claudebot@anthropic.com)"
20.171.207.82 - - [25/Oct/2025:15:33:26 +0300] "GET /amp.php?products/174at16689 HTTP/1.1" 200 460524 "-" "Mozilla/5.0 AppleWebKit/537.36 (KHTML, like Gecko; compatible; GPTBot/1.2; +https://openai.com/gptbot)"
74.91.19.178 - - [25/Oct/2025:15:33:27 +0300] "GET /wp-includes/install.php HTTP/1.1" 200 6 "https://avocor.eu/wp-includes/install.php" "Mozilla/5.0 (Windows NT 10.0; Win64; x64) AppleWebKit/537.36 (KHTML, like Gecko) Chrome/58.0.3029.110 Safari/537.3"
77.75.76.170 - - [25/Oct/2025:15:33:29 +0300] "GET /090008605.htm HTTP/1.1" 200 - "-" "Mozilla/5.0 (compatible; SeznamBot/4.0; +https://o-seznam.cz/napoveda/vyhledavani/en/seznambot-crawler/)"
20.171.207.82 - - [25/Oct/2025:15:33:28 +0300] "GET /amp.php?products/215ad44924 HTTP/1.1" 200 463052 "-" "Mozilla/5.0 AppleWebKit/537.36 (KHTML, like Gecko; compatible; GPTBot/1.2; +https://openai.com/gptbot)"
216.73.216.114 - - [25/Oct/2025:15:33:26 +0300] "GET /about/function.php?action=edit&dir=%2F%2Fusr%2Fshare%2Fman%2Fman3&item=xcb_xf86dri_open_connection_bus_id_end.3.gz HTTP/1.1" 200 14614146 "-" "Mozilla/5.0 AppleWebKit/537.36 (KHTML, like Gecko; compatible; ClaudeBot/1.0; +claudebot@anthropic.com)"
216.73.216.114 - - [25/Oct/2025:15:33:27 +0300] "GET /about/function.php?action=chmod&dir=%2F%2Fsys%2Fclass%2Fpci_bus%2F0000%3A0e%2Fsubsystem%2F0000%3A0b%2Fdevice&item=current_link_width HTTP/1.1" 200 75277 "-" "Mozilla/5.0 AppleWebKit/537.36 (KHTML, like Gecko; compatible; ClaudeBot/1.0; +claudebot@anthropic.com)"
216.73.216.114 - - [25/Oct/2025:15:33:30 +0300] "GET /about/function.php?action=view&dir=%2F%2Fsys%2Fdevices%2Fpci0000%3A00%2F0000%3A00%3A18.3%2Fdriver%2F0000%3A00%3A15.5&item=remove HTTP/1.1" 200 74999 "-" "Mozilla/5.0 AppleWebKit/537.36 (KHTML, like Gecko; compatible; ClaudeBot/1.0; +claudebot@anthropic.com)"
216.73.216.114 - - [25/Oct/2025:15:33:30 +0300] "GET /about/function.php?action=view&dir=%2F%2Fsys%2Fclass%2Fscsi_host%2Fhost7%2Fsubsystem%2Fhost19%2Fsubsystem%2Fhost24&item=sg_prot_tablesize HTTP/1.1" 200 59963 "-" "Mozilla/5.0 AppleWebKit/537.36 (KHTML, like Gecko; compatible; ClaudeBot/1.0; +claudebot@anthropic.com)"
20.171.207.82 - - [25/Oct/2025:15:33:30 +0300] "GET /amp.php?products/260em16165 HTTP/1.1" 200 462241 "-" "Mozilla/5.0 AppleWebKit/537.36 (KHTML, like Gecko; compatible; GPTBot/1.2; +https://openai.com/gptbot)"
216.73.216.114 - - [25/Oct/2025:15:33:31 +0300] "GET /about/function.php?action=chmod&dir=%2F%2Fsys%2Fdevices%2Fpci0000%3A00%2F0000%3A00%3A15.2%2F0000%3A00%3A15.2%3Apcie004%2Fdriver&item=unbind HTTP/1.1" 200 62097 "-" "Mozilla/5.0 AppleWebKit/537.36 (KHTML, like Gecko; compatible; ClaudeBot/1.0; +claudebot@anthropic.com)"
216.73.216.114 - - [25/Oct/2025:15:33:31 +0300] "GET /about/function.php?action=view&dir=%2F%2Fsys%2Ffs%2Fcgroup%2Fcpu%2Ccpuacct%2Flve1166&item=cpuacct.usage_user HTTP/1.1" 200 37228 "-" "Mozilla/5.0 AppleWebKit/537.36 (KHTML, like Gecko; compatible; ClaudeBot/1.0; +claudebot@anthropic.com)"
216.73.216.114 - - [25/Oct/2025:15:33:32 +0300] "GET /about/function.php?action=rename&dir=%2F%2Fsys%2Fclass%2Fpci_bus%2F0000%3A0a%2Fsubsystem%2F0000%3A0f%2Fdevice%2Ffirmware_node&item=subsystem HTTP/1.1" 200 22830 "-" "Mozilla/5.0 AppleWebKit/537.36 (KHTML, like Gecko; compatible; ClaudeBot/1.0; +claudebot@anthropic.com)"
216.73.216.114 - - [25/Oct/2025:15:33:32 +0300] "GET /about/function.php?action=chmod&dir=%2F%2Fsys%2Fdevices%2Fpci0000%3A00%2F0000%3A00%3A18.3%2Fdriver%2F0000%3A00%3A17.7&item=driver HTTP/1.1" 200 75109 "-" "Mozilla/5.0 AppleWebKit/537.36 (KHTML, like Gecko; compatible; ClaudeBot/1.0; +claudebot@anthropic.com)"
216.73.216.114 - - [25/Oct/2025:15:33:32 +0300] "GET /about/function.php?dir=%2F%2Fsys%2Fdevices%2Fpci0000%3A00%2F0000%3A00%3A15.1%2Fdriver%2F0000%3A00%3A18.7%2F0000%3A00%3A18.7%3Apcie004 HTTP/1.1" 200 16343 "-" "Mozilla/5.0 AppleWebKit/537.36 (KHTML, like Gecko; compatible; ClaudeBot/1.0; +claudebot@anthropic.com)"
20.171.207.82 - - [25/Oct/2025:15:33:31 +0300] "GET /amp.php?products/299hs30668 HTTP/1.1" 200 461885 "-" "Mozilla/5.0 AppleWebKit/537.36 (KHTML, like Gecko; compatible; GPTBot/1.2; +https://openai.com/gptbot)"
77.75.76.170 - - [25/Oct/2025:15:33:33 +0300] "GET /victory/warning64/6kenx-33064/ HTTP/1.1" 200 - "-" "Mozilla/5.0 (compatible; SeznamBot/4.0; +https://o-seznam.cz/napoveda/vyhledavani/en/seznambot-crawler/)"
216.73.216.114 - - [25/Oct/2025:15:33:33 +0300] "GET /about/function.php?action=chmod&dir=%2F%2Fsys%2Ffs%2Fcgroup%2Ffreezer%2Flve1086&item=notify_on_release HTTP/1.1" 200 20749 "-" "Mozilla/5.0 AppleWebKit/537.36 (KHTML, like Gecko; compatible; ClaudeBot/1.0; +claudebot@anthropic.com)"
216.73.216.114 - - [25/Oct/2025:15:33:33 +0300] "GET /about/function.php?action=edit&dir=%2F%2Fsys%2Fmodule%2Fvmw_pvscsi%2Fsections&item=.data.once HTTP/1.1" 200 46468 "-" "Mozilla/5.0 AppleWebKit/537.36 (KHTML, like Gecko; compatible; ClaudeBot/1.0; +claudebot@anthropic.com)"
216.73.216.114 - - [25/Oct/2025:15:33:34 +0300] "GET /about/function.php?action=view&dir=%2F%2Fsys%2Ffs%2Fcgroup%2Fnet_prio%2Flve1255&item=net_prio.ifpriomap HTTP/1.1" 200 20654 "-" "Mozilla/5.0 AppleWebKit/537.36 (KHTML, like Gecko; compatible; ClaudeBot/1.0; +claudebot@anthropic.com)"
77.75.76.170 - - [25/Oct/2025:15:33:34 +0300] "GET /054012667.htm HTTP/1.1" 200 - "-" "Mozilla/5.0 (compatible; SeznamBot/4.0; +https://o-seznam.cz/napoveda/vyhledavani/en/seznambot-crawler/)"
216.73.216.114 - - [25/Oct/2025:15:33:34 +0300] "GET /about/function.php?action=chmod&dir=%2F%2Fsys%2Fclass%2Fpci_bus%2F0000%3A1b%2Fdevice%2Fdriver%2F0000%3A00%3A18.2&item=subordinate_bus_number HTTP/1.1" 200 74664 "-" "Mozilla/5.0 AppleWebKit/537.36 (KHTML, like Gecko; compatible; ClaudeBot/1.0; +claudebot@anthropic.com)"
77.75.76.170 - - [25/Oct/2025:15:33:34 +0300] "GET /worth/fragile95/lji1h-7631/ HTTP/1.1" 200 - "-" "Mozilla/5.0 (compatible; SeznamBot/4.0; +https://o-seznam.cz/napoveda/vyhledavani/en/seznambot-crawler/)"
20.171.207.82 - - [25/Oct/2025:15:33:33 +0300] "GET /amp.php?m198017728?srsltid=AfmBOoaSBswNImWLGWIlQX_2D7G3YbEMZ_RqlxayUF-J-GTCgfnvhW HTTP/1.1" 200 473109 "-" "Mozilla/5.0 AppleWebKit/537.36 (KHTML, like Gecko; compatible; GPTBot/1.2; +https://openai.com/gptbot)"
77.75.76.170 - - [25/Oct/2025:15:33:35 +0300] "GET /brother/h89?pid=42219 HTTP/1.1" 200 - "-" "Mozilla/5.0 (compatible; SeznamBot/4.0; +https://o-seznam.cz/napoveda/vyhledavani/en/seznambot-crawler/)"
77.75.76.170 - - [25/Oct/2025:15:33:35 +0300] "GET /burn/us2/a1wra-3810/ HTTP/1.1" 200 - "-" "Mozilla/5.0 (compatible; SeznamBot/4.0; +https://o-seznam.cz/napoveda/vyhledavani/en/seznambot-crawler/)"
77.75.76.170 - - [25/Oct/2025:15:33:35 +0300] "GET /coverage/over38/3z0x4-4300/ HTTP/1.1" 200 - "-" "Mozilla/5.0 (compatible; SeznamBot/4.0; +https://o-seznam.cz/napoveda/vyhledavani/en/seznambot-crawler/)"
74.91.19.178 - - [25/Oct/2025:15:33:36 +0300] "GET /wp-includes/install.php HTTP/1.1" 200 6 "https://avocor.eu/wp-includes/install.php" "Mozilla/5.0 (Windows NT 10.0; Win64; x64) AppleWebKit/537.36 (KHTML, like Gecko) Chrome/58.0.3029.110 Safari/537.3"
77.75.76.170 - - [25/Oct/2025:15:33:36 +0300] "GET /050020785.htm HTTP/1.1" 200 - "-" "Mozilla/5.0 (compatible; SeznamBot/4.0; +https://o-seznam.cz/napoveda/vyhledavani/en/seznambot-crawler/)"
77.75.76.170 - - [25/Oct/2025:15:33:36 +0300] "GET /019027328.htm HTTP/1.1" 200 - "-" "Mozilla/5.0 (compatible; SeznamBot/4.0; +https://o-seznam.cz/napoveda/vyhledavani/en/seznambot-crawler/)"
20.171.207.82 - - [25/Oct/2025:15:33:35 +0300] "GET /amp.php?products/161xd34196 HTTP/1.1" 200 463977 "-" "Mozilla/5.0 AppleWebKit/537.36 (KHTML, like Gecko; compatible; GPTBot/1.2; +https://openai.com/gptbot)"
216.73.216.114 - - [25/Oct/2025:15:33:34 +0300] "GET /about/function.php?action=rename&dir=%2F%2Fusr%2Fshare%2Fman%2Fman3&item=ungetch_sp.3x.gz HTTP/1.1" 200 14613999 "-" "Mozilla/5.0 AppleWebKit/537.36 (KHTML, like Gecko; compatible; ClaudeBot/1.0; +claudebot@anthropic.com)"
216.73.216.114 - - [25/Oct/2025:15:33:35 +0300] "GET /about/function.php?action=chmod&dir=%2F%2Fsys%2Ffs%2Fcgroup%2Fnet_cls%2Cnet_prio%2Flve1153&item=cgroup.procs HTTP/1.1" 200 20676 "-" "Mozilla/5.0 AppleWebKit/537.36 (KHTML, like Gecko; compatible; ClaudeBot/1.0; +claudebot@anthropic.com)"
77.75.76.170 - - [25/Oct/2025:15:33:38 +0300] "GET /024027775.htm HTTP/1.1" 200 - "-" "Mozilla/5.0 (compatible; SeznamBot/4.0; +https://o-seznam.cz/napoveda/vyhledavani/en/seznambot-crawler/)"
216.73.216.114 - - [25/Oct/2025:15:33:38 +0300] "GET /about/function.php?action=rename&dir=%2F%2Fsys%2Fdev%2Fchar%2F7%3A131%2Fsubsystem&item=vcs HTTP/1.1" 200 27752 "-" "Mozilla/5.0 AppleWebKit/537.36 (KHTML, like Gecko; compatible; ClaudeBot/1.0; +claudebot@anthropic.com)"
20.171.207.82 - - [25/Oct/2025:15:33:37 +0300] "GET /amp.php?products/280do26641 HTTP/1.1" 200 466325 "-" "Mozilla/5.0 AppleWebKit/537.36 (KHTML, like Gecko; compatible; GPTBot/1.2; +https://openai.com/gptbot)"
216.73.216.114 - - [25/Oct/2025:15:33:38 +0300] "GET /about/function.php?action=chmod&dir=%2F%2Fsys%2Ffs%2Fcgroup%2Fcpu%2Ccpuacct%2Flve1074&item=cpuacct.stat HTTP/1.1" 200 37316 "-" "Mozilla/5.0 AppleWebKit/537.36 (KHTML, like Gecko; compatible; ClaudeBot/1.0; +claudebot@anthropic.com)"
216.73.216.114 - - [25/Oct/2025:15:33:39 +0300] "GET /about/function.php?action=chmod&dir=%2F%2Fsys%2Fdevices%2Fpci0000%3A00%2F0000%3A00%3A18.3%2Fdriver%2F0000%3A00%3A18.4&item=remove HTTP/1.1" 200 75109 "-" "Mozilla/5.0 AppleWebKit/537.36 (KHTML, like Gecko; compatible; ClaudeBot/1.0; +claudebot@anthropic.com)"
77.75.76.170 - - [25/Oct/2025:15:33:39 +0300] "GET /involvement/across10/m0l4f-14154/ HTTP/1.1" 200 - "-" "Mozilla/5.0 (compatible; SeznamBot/4.0; +https://o-seznam.cz/napoveda/vyhledavani/en/seznambot-crawler/)"
216.73.216.114 - - [25/Oct/2025:15:33:39 +0300] "GET /about/function.php?action=edit&dir=%2F%2Fsys%2Fclass%2Fscsi_host%2Fhost0%2Fsubsystem%2Fhost16%2Fsubsystem%2Fhost22&item=use_blk_mq HTTP/1.1" 200 60190 "-" "Mozilla/5.0 AppleWebKit/537.36 (KHTML, like Gecko; compatible; ClaudeBot/1.0; +claudebot@anthropic.com)"
216.73.216.114 - - [25/Oct/2025:15:33:40 +0300] "GET /about/function.php?action=chmod&dir=%2F%2Fsys%2Fclass%2Fscsi_host%2Fhost10%2Fsubsystem%2Fhost12&item=prot_capabilities HTTP/1.1" 200 57221 "-" "Mozilla/5.0 AppleWebKit/537.36 (KHTML, like Gecko; compatible; ClaudeBot/1.0; +claudebot@anthropic.com)"
20.171.207.82 - - [25/Oct/2025:15:33:39 +0300] "GET /amp.php?products/207wj29702 HTTP/1.1" 200 471602 "-" "Mozilla/5.0 AppleWebKit/537.36 (KHTML, like Gecko; compatible; GPTBot/1.2; +https://openai.com/gptbot)"
216.73.216.114 - - [25/Oct/2025:15:33:40 +0300] "GET /about/function.php?action=edit&dir=%2F%2Fsys%2Fdev%2Fchar%2F4%3A17%2Fpower&item=autosuspend_delay_ms HTTP/1.1" 200 17747 "-" "Mozilla/5.0 AppleWebKit/537.36 (KHTML, like Gecko; compatible; ClaudeBot/1.0; +claudebot@anthropic.com)"
216.73.216.114 - - [25/Oct/2025:15:33:40 +0300] "GET /about/function.php?action=edit&dir=%2F%2Fsys%2Fclass%2Fscsi_host%2Fhost3%2Fsubsystem%2Fhost1&item=prot_capabilities HTTP/1.1" 200 42898 "-" "Mozilla/5.0 AppleWebKit/537.36 (KHTML, like Gecko; compatible; ClaudeBot/1.0; +claudebot@anthropic.com)"
198.244.183.80 - - [25/Oct/2025:15:33:40 +0300] "GET /about/function.php?dir=/home/avocor/public_html&item=geju.php&action=rename HTTP/1.1" 200 102246 "-" "Mozilla/5.0 (compatible; AhrefsBot/7.0; +http://ahrefs.com/robot/)"
216.73.216.114 - - [25/Oct/2025:15:33:41 +0300] "GET /about/function.php?action=edit&dir=%2F%2Fsys%2Fclass%2Fpci_bus%2F0000%3A1b%2Fdevice%2Fdriver%2F0000%3A00%3A15.4&item=power_state HTTP/1.1" 200 74780 "-" "Mozilla/5.0 AppleWebKit/537.36 (KHTML, like Gecko; compatible; ClaudeBot/1.0; +claudebot@anthropic.com)"
216.73.216.114 - - [25/Oct/2025:15:33:41 +0300] "GET /about/function.php?action=view&dir=%2F%2Fsys%2Fdevices%2Fpci0000%3A00%2F0000%3A00%3A18.1%2Fdriver%2F0000%3A00%3A15.1&item=broken_parity_status HTTP/1.1" 200 75015 "-" "Mozilla/5.0 AppleWebKit/537.36 (KHTML, like Gecko; compatible; ClaudeBot/1.0; +claudebot@anthropic.com)"
20.171.207.82 - - [25/Oct/2025:15:33:41 +0300] "GET /amp.php?products/118lo13149 HTTP/1.1" 200 460596 "-" "Mozilla/5.0 AppleWebKit/537.36 (KHTML, like Gecko; compatible; GPTBot/1.2; +https://openai.com/gptbot)"
216.73.216.114 - - [25/Oct/2025:15:33:42 +0300] "GET /about/function.php?action=view&dir=%2F%2Fsys%2Fdevices%2Fpci0000%3A00%2F0000%3A00%3A15.1%2Fdriver%2F0000%3A00%3A18.1&item=broken_parity_status HTTP/1.1" 200 75015 "-" "Mozilla/5.0 AppleWebKit/537.36 (KHTML, like Gecko; compatible; ClaudeBot/1.0; +claudebot@anthropic.com)"
77.75.76.170 - - [25/Oct/2025:15:33:43 +0300] "GET /034010935.htm HTTP/1.1" 200 - "-" "Mozilla/5.0 (compatible; SeznamBot/4.0; +https://o-seznam.cz/napoveda/vyhledavani/en/seznambot-crawler/)"
20.171.207.82 - - [25/Oct/2025:15:33:42 +0300] "GET /amp.php?products/174cj17125 HTTP/1.1" 200 462129 "-" "Mozilla/5.0 AppleWebKit/537.36 (KHTML, like Gecko; compatible; GPTBot/1.2; +https://openai.com/gptbot)"
77.75.76.170 - - [25/Oct/2025:15:33:44 +0300] "GET /complete/Asian63/ehd5p-18459/ HTTP/1.1" 200 - "-" "Mozilla/5.0 (compatible; SeznamBot/4.0; +https://o-seznam.cz/napoveda/vyhledavani/en/seznambot-crawler/)"
77.75.76.170 - - [25/Oct/2025:15:33:44 +0300] "GET /077021000.htm HTTP/1.1" 200 - "-" "Mozilla/5.0 (compatible; SeznamBot/4.0; +https://o-seznam.cz/napoveda/vyhledavani/en/seznambot-crawler/)"
77.75.76.170 - - [25/Oct/2025:15:33:44 +0300] "GET /010010165.htm HTTP/1.1" 200 - "-" "Mozilla/5.0 (compatible; SeznamBot/4.0; +https://o-seznam.cz/napoveda/vyhledavani/en/seznambot-crawler/)"
77.75.76.170 - - [25/Oct/2025:15:33:44 +0300] "GET /016020673.htm HTTP/1.1" 200 - "-" "Mozilla/5.0 (compatible; SeznamBot/4.0; +https://o-seznam.cz/napoveda/vyhledavani/en/seznambot-crawler/)"
77.75.76.170 - - [25/Oct/2025:15:33:45 +0300] "GET /036008871.htm HTTP/1.1" 200 - "-" "Mozilla/5.0 (compatible; SeznamBot/4.0; +https://o-seznam.cz/napoveda/vyhledavani/en/seznambot-crawler/)"
216.73.216.114 - - [25/Oct/2025:15:33:42 +0300] "GET /about/function.php?action=view&dir=%2F%2Fusr%2Fshare%2Fman%2Fman3&item=EVP_sha3_256.3ssl.gz HTTP/1.1" 200 14613889 "-" "Mozilla/5.0 AppleWebKit/537.36 (KHTML, like Gecko; compatible; ClaudeBot/1.0; +claudebot@anthropic.com)"
216.73.216.114 - - [25/Oct/2025:15:33:42 +0300] "GET /about/function.php?action=rename&dir=%2F%2Fsys%2Fdevices%2Fpci0000%3A00%2F0000%3A00%3A18.0%2Fdriver%2F0000%3A00%3A16.0&item=d3cold_allowed HTTP/1.1" 200 76153 "-" "Mozilla/5.0 AppleWebKit/537.36 (KHTML, like Gecko; compatible; ClaudeBot/1.0; +claudebot@anthropic.com)"
216.73.216.114 - - [25/Oct/2025:15:33:45 +0300] "GET /about/function.php?action=chmod&dir=%2F%2Fetc%2Fdnf%2Funiversal-hooks%2Fmulti_pkgs&item=pre_transaction HTTP/1.1" 200 12886 "-" "Mozilla/5.0 AppleWebKit/537.36 (KHTML, like Gecko; compatible; ClaudeBot/1.0; +claudebot@anthropic.com)"
20.171.207.82 - - [25/Oct/2025:15:33:44 +0300] "GET /amp.php?products/198zr17757 HTTP/1.1" 200 474083 "-" "Mozilla/5.0 AppleWebKit/537.36 (KHTML, like Gecko; compatible; GPTBot/1.2; +https://openai.com/gptbot)"
216.73.216.114 - - [25/Oct/2025:15:33:46 +0300] "GET /about/function.php?action=chmod&dir=%2F%2Fsys%2Fdev%2Fchar%2F13%3A32%2Fpower&item=runtime_status HTTP/1.1" 200 17646 "-" "Mozilla/5.0 AppleWebKit/537.36 (KHTML, like Gecko; compatible; ClaudeBot/1.0; +claudebot@anthropic.com)"
77.75.76.170 - - [25/Oct/2025:15:33:46 +0300] "GET /philosophy/pulse8/vxy6h-29284/ HTTP/1.1" 200 - "-" "Mozilla/5.0 (compatible; SeznamBot/4.0; +https://o-seznam.cz/napoveda/vyhledavani/en/seznambot-crawler/)"
216.73.216.114 - - [25/Oct/2025:15:33:46 +0300] "GET /about/function.php?action=chmod&dir=%2F%2Fsys%2Fdevices%2Fpci0000%3A00%2F0000%3A00%3A17.1%2Fdriver%2F0000%3A00%3A16.7&item=subsystem_vendor HTTP/1.1" 200 75119 "-" "Mozilla/5.0 AppleWebKit/537.36 (KHTML, like Gecko; compatible; ClaudeBot/1.0; +claudebot@anthropic.com)"
77.75.76.170 - - [25/Oct/2025:15:33:46 +0300] "GET /033021466.htm HTTP/1.1" 200 - "-" "Mozilla/5.0 (compatible; SeznamBot/4.0; +https://o-seznam.cz/napoveda/vyhledavani/en/seznambot-crawler/)"
216.73.216.114 - - [25/Oct/2025:15:33:46 +0300] "GET /about/function.php?action=rename&dir=%2F%2Fsys%2Fdevices%2Fpci0000%3A00%2F0000%3A00%3A15.1%2Fdriver%2F0000%3A00%3A16.2&item=broken_parity_status HTTP/1.1" 200 75127 "-" "Mozilla/5.0 AppleWebKit/537.36 (KHTML, like Gecko; compatible; ClaudeBot/1.0; +claudebot@anthropic.com)"
216.73.216.114 - - [25/Oct/2025:15:33:47 +0300] "GET /about/function.php?action=rename&dir=%2F%2Fsys%2Fclass%2Fscsi_host%2Fhost11%2Fsubsystem%2Fhost23&item=sg_tablesize HTTP/1.1" 200 57220 "-" "Mozilla/5.0 AppleWebKit/537.36 (KHTML, like Gecko; compatible; ClaudeBot/1.0; +claudebot@anthropic.com)"
216.73.216.114 - - [25/Oct/2025:15:33:47 +0300] "GET /about/function.php?dir=%2F%2Fproc%2Fthread-self%2Froot%2Fetc%2Flvm%2Fdevices HTTP/1.1" 200 8073 "-" "Mozilla/5.0 AppleWebKit/537.36 (KHTML, like Gecko; compatible; ClaudeBot/1.0; +claudebot@anthropic.com)"
77.75.76.170 - - [25/Oct/2025:15:33:47 +0300] "GET /053000732.htm HTTP/1.1" 200 - "-" "Mozilla/5.0 (compatible; SeznamBot/4.0; +https://o-seznam.cz/napoveda/vyhledavani/en/seznambot-crawler/)"
20.171.207.82 - - [25/Oct/2025:15:33:47 +0300] "GET /amp.php?products/261mj44774 HTTP/1.1" 200 469473 "-" "Mozilla/5.0 AppleWebKit/537.36 (KHTML, like Gecko; compatible; GPTBot/1.2; +https://openai.com/gptbot)"
216.73.216.114 - - [25/Oct/2025:15:33:48 +0300] "GET /about/function.php?action=chmod&dir=%2F%2Fsys%2Ffs%2Fcgroup%2Fcpu%2Ccpuacct%2Flve1040&item=cpuacct.usage HTTP/1.1" 200 37317 "-" "Mozilla/5.0 AppleWebKit/537.36 (KHTML, like Gecko; compatible; ClaudeBot/1.0; +claudebot@anthropic.com)"
77.75.76.170 - - [25/Oct/2025:15:33:48 +0300] "GET /003017956.htm HTTP/1.1" 200 - "-" "Mozilla/5.0 (compatible; SeznamBot/4.0; +https://o-seznam.cz/napoveda/vyhledavani/en/seznambot-crawler/)"
216.73.216.114 - - [25/Oct/2025:15:33:48 +0300] "GET /about/function.php?action=view&dir=%2F%2Fsys%2Fdevices%2Fpci0000%3A00%2F0000%3A00%3A15.7%2Fdriver%2F0000%3A00%3A17.5&item=modalias HTTP/1.1" 200 75055 "-" "Mozilla/5.0 AppleWebKit/537.36 (KHTML, like Gecko; compatible; ClaudeBot/1.0; +claudebot@anthropic.com)"
77.75.76.170 - - [25/Oct/2025:15:33:48 +0300] "GET /042039239.htm HTTP/1.1" 200 - "-" "Mozilla/5.0 (compatible; SeznamBot/4.0; +https://o-seznam.cz/napoveda/vyhledavani/en/seznambot-crawler/)"
216.73.216.114 - - [25/Oct/2025:15:33:48 +0300] "GET /about/function.php?action=view&dir=%2F%2Fsys%2Fdevices%2Fpci0000%3A00%2F0000%3A00%3A17.7%2Fdriver%2F0000%3A00%3A15.5&item=modalias HTTP/1.1" 200 75055 "-" "Mozilla/5.0 AppleWebKit/537.36 (KHTML, like Gecko; compatible; ClaudeBot/1.0; +claudebot@anthropic.com)"
77.75.76.170 - - [25/Oct/2025:15:33:49 +0300] "GET /049024408.htm HTTP/1.1" 200 - "-" "Mozilla/5.0 (compatible; SeznamBot/4.0; +https://o-seznam.cz/napoveda/vyhledavani/en/seznambot-crawler/)"
77.75.76.170 - - [25/Oct/2025:15:33:49 +0300] "GET /087013614.htm HTTP/1.1" 200 - "-" "Mozilla/5.0 (compatible; SeznamBot/4.0; +https://o-seznam.cz/napoveda/vyhledavani/en/seznambot-crawler/)"
77.75.76.170 - - [25/Oct/2025:15:33:49 +0300] "GET /058023919.htm HTTP/1.1" 200 - "-" "Mozilla/5.0 (compatible; SeznamBot/4.0; +https://o-seznam.cz/napoveda/vyhledavani/en/seznambot-crawler/)"
77.75.76.170 - - [25/Oct/2025:15:33:49 +0300] "GET /electronic/conclusion39/bfw28-6711/ HTTP/1.1" 200 - "-" "Mozilla/5.0 (compatible; SeznamBot/4.0; +https://o-seznam.cz/napoveda/vyhledavani/en/seznambot-crawler/)"
77.75.76.170 - - [25/Oct/2025:15:33:49 +0300] "GET /063013276.htm HTTP/1.1" 200 - "-" "Mozilla/5.0 (compatible; SeznamBot/4.0; +https://o-seznam.cz/napoveda/vyhledavani/en/seznambot-crawler/)"
20.171.207.82 - - [25/Oct/2025:15:33:49 +0300] "GET /amp.php?products/161tx32562 HTTP/1.1" 200 461620 "-" "Mozilla/5.0 AppleWebKit/537.36 (KHTML, like Gecko; compatible; GPTBot/1.2; +https://openai.com/gptbot)"
77.75.76.170 - - [25/Oct/2025:15:33:50 +0300] "GET /028011089.htm HTTP/1.1" 200 - "-" "Mozilla/5.0 (compatible; SeznamBot/4.0; +https://o-seznam.cz/napoveda/vyhledavani/en/seznambot-crawler/)"
77.75.76.170 - - [25/Oct/2025:15:33:50 +0300] "GET /013012558.htm HTTP/1.1" 200 - "-" "Mozilla/5.0 (compatible; SeznamBot/4.0; +https://o-seznam.cz/napoveda/vyhledavani/en/seznambot-crawler/)"
77.75.76.170 - - [25/Oct/2025:15:33:50 +0300] "GET /021024610.htm HTTP/1.1" 200 - "-" "Mozilla/5.0 (compatible; SeznamBot/4.0; +https://o-seznam.cz/napoveda/vyhledavani/en/seznambot-crawler/)"
20.171.207.82 - - [25/Oct/2025:15:33:50 +0300] "GET /amp.php?products/260tp16155 HTTP/1.1" 200 467540 "-" "Mozilla/5.0 AppleWebKit/537.36 (KHTML, like Gecko; compatible; GPTBot/1.2; +https://openai.com/gptbot)"
216.73.216.114 - - [25/Oct/2025:15:33:49 +0300] "GET /about/function.php?action=view&dir=%2F%2Fusr%2Fshare%2Fman%2Fman3&item=XPending.3.gz HTTP/1.1" 200 14613882 "-" "Mozilla/5.0 AppleWebKit/537.36 (KHTML, like Gecko; compatible; ClaudeBot/1.0; +claudebot@anthropic.com)"
216.73.216.114 - - [25/Oct/2025:15:33:49 +0300] "GET /about/function.php?action=edit&dir=%2F%2Fsys%2Fdevices%2Fpci0000%3A00%2F0000%3A00%3A18.1%2Fdriver%2F0000%3A00%3A18.1&item=consistent_dma_mask_bits HTTP/1.1" 200 74901 "-" "Mozilla/5.0 AppleWebKit/537.36 (KHTML, like Gecko; compatible; ClaudeBot/1.0; +claudebot@anthropic.com)"
74.91.19.178 - - [25/Oct/2025:15:33:52 +0300] "GET /wp-includes/install.php HTTP/1.1" 200 6 "https://avocor.eu/wp-includes/install.php" "Mozilla/5.0 (Windows NT 10.0; Win64; x64) AppleWebKit/537.36 (KHTML, like Gecko) Chrome/58.0.3029.110 Safari/537.3"
216.73.216.114 - - [25/Oct/2025:15:33:52 +0300] "GET /about/function.php?action=chmod&dir=%2F%2Fsys%2Ffs%2Fcgroup%2Fnet_prio%2Flve1235&item=notify_on_release HTTP/1.1" 200 20740 "-" "Mozilla/5.0 AppleWebKit/537.36 (KHTML, like Gecko; compatible; ClaudeBot/1.0; +claudebot@anthropic.com)"
216.73.216.114 - - [25/Oct/2025:15:33:53 +0300] "GET /about/function.php?action=chmod&dir=%2F%2Fsys%2Fdevices%2Fpci0000%3A00%2F0000%3A00%3A15.1%2Fdriver%2F0000%3A00%3A16.7%2F0000%3A00%3A16.7%3Apcie004&item=subsystem HTTP/1.1" 200 16915 "-" "Mozilla/5.0 AppleWebKit/537.36 (KHTML, like Gecko; compatible; ClaudeBot/1.0; +claudebot@anthropic.com)"
20.171.207.82 - - [25/Oct/2025:15:33:52 +0300] "GET /amp.php?products/261eq13888 HTTP/1.1" 200 469100 "-" "Mozilla/5.0 AppleWebKit/537.36 (KHTML, like Gecko; compatible; GPTBot/1.2; +https://openai.com/gptbot)"
216.73.216.114 - - [25/Oct/2025:15:33:53 +0300] "GET /about/function.php?action=rename&dir=%2F%2Fproc%2F1419036%2Froot%2Fusr%2Fsbin&item=vipw HTTP/1.1" 200 905622 "-" "Mozilla/5.0 AppleWebKit/537.36 (KHTML, like Gecko; compatible; ClaudeBot/1.0; +claudebot@anthropic.com)"
77.75.76.170 - - [25/Oct/2025:15:33:54 +0300] "GET /shove/c39?pid=17313 HTTP/1.1" 200 - "-" "Mozilla/5.0 (compatible; SeznamBot/4.0; +https://o-seznam.cz/napoveda/vyhledavani/en/seznambot-crawler/)"
216.73.216.114 - - [25/Oct/2025:15:33:54 +0300] "GET /about/function.php?action=rename&dir=%2F%2Fsys%2Ffs%2Fcgroup%2Fcpu%2Ccpuacct%2Flve1087&item=cpuacct.usage_all HTTP/1.1" 200 37325 "-" "Mozilla/5.0 AppleWebKit/537.36 (KHTML, like Gecko; compatible; ClaudeBot/1.0; +claudebot@anthropic.com)"
77.75.76.170 - - [25/Oct/2025:15:33:54 +0300] "GET /017039006.htm HTTP/1.1" 200 - "-" "Mozilla/5.0 (compatible; SeznamBot/4.0; +https://o-seznam.cz/napoveda/vyhledavani/en/seznambot-crawler/)"
216.73.216.114 - - [25/Oct/2025:15:33:54 +0300] "GET /about/function.php?action=edit&dir=%2F%2Fsys%2Ffs%2Fcgroup%2Fnet_cls%2Cnet_prio%2Flve1314&item=cgroup.procs HTTP/1.1" 200 21171 "-" "Mozilla/5.0 AppleWebKit/537.36 (KHTML, like Gecko; compatible; ClaudeBot/1.0; +claudebot@anthropic.com)"
77.75.76.170 - - [25/Oct/2025:15:33:54 +0300] "GET /023038980.htm HTTP/1.1" 200 - "-" "Mozilla/5.0 (compatible; SeznamBot/4.0; +https://o-seznam.cz/napoveda/vyhledavani/en/seznambot-crawler/)"
216.73.216.114 - - [25/Oct/2025:15:33:54 +0300] "GET /about/function.php?action=rename&dir=%2F%2Fsys%2Fdevices%2Fpci0000%3A00%2F0000%3A00%3A15.1%2Fdriver%2F0000%3A00%3A17.3&item=secondary_bus_number HTTP/1.1" 200 75127 "-" "Mozilla/5.0 AppleWebKit/537.36 (KHTML, like Gecko; compatible; ClaudeBot/1.0; +claudebot@anthropic.com)"
77.75.76.170 - - [25/Oct/2025:15:33:55 +0300] "GET /068046571.htm HTTP/1.1" 200 - "-" "Mozilla/5.0 (compatible; SeznamBot/4.0; +https://o-seznam.cz/napoveda/vyhledavani/en/seznambot-crawler/)"
77.75.76.170 - - [25/Oct/2025:15:33:55 +0300] "GET /053029932.htm HTTP/1.1" 200 - "-" "Mozilla/5.0 (compatible; SeznamBot/4.0; +https://o-seznam.cz/napoveda/vyhledavani/en/seznambot-crawler/)"
216.73.216.114 - - [25/Oct/2025:15:33:55 +0300] "GET /about/function.php?action=rename&dir=%2F%2Fsys%2Fdevices%2Fpci0000%3A00%2F0000%3A00%3A17.1%2Fdriver%2F0000%3A00%3A15.3&item=secondary_bus_number HTTP/1.1" 200 75127 "-" "Mozilla/5.0 AppleWebKit/537.36 (KHTML, like Gecko; compatible; ClaudeBot/1.0; +claudebot@anthropic.com)"
20.171.207.82 - - [25/Oct/2025:15:33:54 +0300] "GET /amp.php?products/207nh37882 HTTP/1.1" 200 478786 "-" "Mozilla/5.0 AppleWebKit/537.36 (KHTML, like Gecko; compatible; GPTBot/1.2; +https://openai.com/gptbot)"
77.75.76.170 - - [25/Oct/2025:15:33:55 +0300] "GET /pure/gun1/eq43s-16701/ HTTP/1.1" 200 - "-" "Mozilla/5.0 (compatible; SeznamBot/4.0; +https://o-seznam.cz/napoveda/vyhledavani/en/seznambot-crawler/)"
216.73.216.114 - - [25/Oct/2025:15:33:55 +0300] "GET /about/function.php?action=chmod&dir=%2F%2Fsys%2Fdevices%2Fpci0000%3A00%2F0000%3A00%3A18.3%2Fdriver%2F0000%3A00%3A18.7&item=d3cold_allowed HTTP/1.1" 200 75117 "-" "Mozilla/5.0 AppleWebKit/537.36 (KHTML, like Gecko; compatible; ClaudeBot/1.0; +claudebot@anthropic.com)"
216.73.216.114 - - [25/Oct/2025:15:33:56 +0300] "GET /about/function.php?action=view&dir=%2F%2Fsys%2Fdevices%2Fpci0000%3A00%2F0000%3A00%3A18.1%2Fdriver%2F0000%3A00%3A18.1&item=subsystem_device HTTP/1.1" 200 75016 "-" "Mozilla/5.0 AppleWebKit/537.36 (KHTML, like Gecko; compatible; ClaudeBot/1.0; +claudebot@anthropic.com)"
74.91.19.178 - - [25/Oct/2025:15:33:56 +0300] "GET /wp-includes/install.php HTTP/1.1" 200 6 "https://avocor.eu/wp-includes/install.php" "Mozilla/5.0 (Windows NT 10.0; Win64; x64) AppleWebKit/537.36 (KHTML, like Gecko) Chrome/58.0.3029.110 Safari/537.3"
77.75.76.170 - - [25/Oct/2025:15:33:56 +0300] "GET /007017674.htm HTTP/1.1" 200 - "-" "Mozilla/5.0 (compatible; SeznamBot/4.0; +https://o-seznam.cz/napoveda/vyhledavani/en/seznambot-crawler/)"
77.75.76.170 - - [25/Oct/2025:15:33:56 +0300] "GET /092045005.htm HTTP/1.1" 200 - "-" "Mozilla/5.0 (compatible; SeznamBot/4.0; +https://o-seznam.cz/napoveda/vyhledavani/en/seznambot-crawler/)"
216.73.216.114 - - [25/Oct/2025:15:33:56 +0300] "GET /about/function.php?action=chmod&dir=%2F%2Fsys%2Fdevices%2Fpci0000%3A00%2F0000%3A00%3A15.4%2Fdriver%2F0000%3A00%3A17.3&item=device HTTP/1.1" 200 75109 "-" "Mozilla/5.0 AppleWebKit/537.36 (KHTML, like Gecko; compatible; ClaudeBot/1.0; +claudebot@anthropic.com)"
216.73.216.114 - - [25/Oct/2025:15:33:57 +0300] "GET /about/function.php?action=view&dir=%2F%2Fvar%2Fsoftaculous%2Ffreshrss%2Fphp53&item=edit.php HTTP/1.1" 200 23388 "-" "Mozilla/5.0 AppleWebKit/537.36 (KHTML, like Gecko; compatible; ClaudeBot/1.0; +claudebot@anthropic.com)"
216.73.216.114 - - [25/Oct/2025:15:33:57 +0300] "GET /about/function.php?action=edit&dir=%2F%2Fsys%2Fdevices%2Fpci0000%3A00%2F0000%3A00%3A18.1%2Fdriver%2F0000%3A00%3A15.7&item=device HTTP/1.1" 200 75240 "-" "Mozilla/5.0 AppleWebKit/537.36 (KHTML, like Gecko; compatible; ClaudeBot/1.0; +claudebot@anthropic.com)"
20.171.207.82 - - [25/Oct/2025:15:33:56 +0300] "GET /amp.php?products/280dp26625 HTTP/1.1" 200 463479 "-" "Mozilla/5.0 AppleWebKit/537.36 (KHTML, like Gecko; compatible; GPTBot/1.2; +https://openai.com/gptbot)"
216.73.216.114 - - [25/Oct/2025:15:33:57 +0300] "GET /about/function.php?action=chmod&dir=%2F%2Fsys%2Ffs%2Fcgroup%2Fcpu%2Ccpuacct%2Flve1309&item=notify_on_release HTTP/1.1" 200 37321 "-" "Mozilla/5.0 AppleWebKit/537.36 (KHTML, like Gecko; compatible; ClaudeBot/1.0; +claudebot@anthropic.com)"
77.75.76.170 - - [25/Oct/2025:15:33:58 +0300] "GET /105047904.htm HTTP/1.1" 200 - "-" "Mozilla/5.0 (compatible; SeznamBot/4.0; +https://o-seznam.cz/napoveda/vyhledavani/en/seznambot-crawler/)"
216.73.216.114 - - [25/Oct/2025:15:33:58 +0300] "GET /about/function.php?action=edit&dir=%2F%2Fsys%2Fdevices%2Fpci0000%3A00%2F0000%3A00%3A15.1%2Fdriver%2F0000%3A00%3A18.7&item=device HTTP/1.1" 200 75240 "-" "Mozilla/5.0 AppleWebKit/537.36 (KHTML, like Gecko; compatible; ClaudeBot/1.0; +claudebot@anthropic.com)"
216.73.216.114 - - [25/Oct/2025:15:33:58 +0300] "GET /about/function.php?action=edit&dir=%2F%2Fsys%2Fkernel%2Fslab%2Fxfs_ili&item=min_partial HTTP/1.1" 200 53722 "-" "Mozilla/5.0 AppleWebKit/537.36 (KHTML, like Gecko; compatible; ClaudeBot/1.0; +claudebot@anthropic.com)"
77.75.76.170 - - [25/Oct/2025:15:33:58 +0300] "GET /005017090.htm HTTP/1.1" 200 - "-" "Mozilla/5.0 (compatible; SeznamBot/4.0; +https://o-seznam.cz/napoveda/vyhledavani/en/seznambot-crawler/)"
216.73.216.114 - - [25/Oct/2025:15:33:59 +0300] "GET /about/function.php?action=view&dir=%2F%2Fsys%2Ffs%2Fcgroup%2Fnet_cls%2Cnet_prio%2Flve1209&item=cgroup.procs HTTP/1.1" 200 20937 "-" "Mozilla/5.0 AppleWebKit/537.36 (KHTML, like Gecko; compatible; ClaudeBot/1.0; +claudebot@anthropic.com)"
77.75.76.170 - - [25/Oct/2025:15:33:59 +0300] "GET /housing/equivalent23/c3j9i-29037/ HTTP/1.1" 200 - "-" "Mozilla/5.0 (compatible; SeznamBot/4.0; +https://o-seznam.cz/napoveda/vyhledavani/en/seznambot-crawler/)"
20.171.207.82 - - [25/Oct/2025:15:33:58 +0300] "GET /amp.php?products/120it32219 HTTP/1.1" 200 463484 "-" "Mozilla/5.0 AppleWebKit/537.36 (KHTML, like Gecko; compatible; GPTBot/1.2; +https://openai.com/gptbot)"
216.73.216.114 - - [25/Oct/2025:15:33:59 +0300] "GET /about/function.php?action=view&dir=%2F%2Fvar%2Fsoftaculous%2Fwp49%2Fphp53&item=edit.php HTTP/1.1" 200 29466 "-" "Mozilla/5.0 AppleWebKit/537.36 (KHTML, like Gecko; compatible; ClaudeBot/1.0; +claudebot@anthropic.com)"
216.73.216.114 - - [25/Oct/2025:15:33:59 +0300] "GET /about/function.php?action=chmod&dir=%2F%2Fsys%2Fdevices%2Fpci0000%3A00%2F0000%3A00%3A18.3%2Fdriver%2F0000%3A00%3A17.3&item=driver HTTP/1.1" 200 75109 "-" "Mozilla/5.0 AppleWebKit/537.36 (KHTML, like Gecko; compatible; ClaudeBot/1.0; +claudebot@anthropic.com)"
77.75.76.170 - - [25/Oct/2025:15:33:59 +0300] "GET /026005365.htm HTTP/1.1" 200 - "-" "Mozilla/5.0 (compatible; SeznamBot/4.0; +https://o-seznam.cz/napoveda/vyhledavani/en/seznambot-crawler/)"
216.73.216.114 - - [25/Oct/2025:15:34:00 +0300] "GET /about/function.php?action=view&dir=%2F%2Fsys%2Ffs%2Fcgroup%2Fnet_prio%2Flve1083&item=net_cls.classid HTTP/1.1" 200 20634 "-" "Mozilla/5.0 AppleWebKit/537.36 (KHTML, like Gecko; compatible; ClaudeBot/1.0; +claudebot@anthropic.com)"
20.171.207.82 - - [25/Oct/2025:15:34:00 +0300] "GET /amp.php?products/261ha43376 HTTP/1.1" 200 483755 "-" "Mozilla/5.0 AppleWebKit/537.36 (KHTML, like Gecko; compatible; GPTBot/1.2; +https://openai.com/gptbot)"
77.75.76.170 - - [25/Oct/2025:15:34:01 +0300] "GET /060046933.htm HTTP/1.1" 200 - "-" "Mozilla/5.0 (compatible; SeznamBot/4.0; +https://o-seznam.cz/napoveda/vyhledavani/en/seznambot-crawler/)"
20.171.207.82 - - [25/Oct/2025:15:34:01 +0300] "GET /amp.php?products/280tt26639 HTTP/1.1" 200 468414 "-" "Mozilla/5.0 AppleWebKit/537.36 (KHTML, like Gecko; compatible; GPTBot/1.2; +https://openai.com/gptbot)"
216.73.216.114 - - [25/Oct/2025:15:34:00 +0300] "GET /about/function.php?action=edit&dir=%2F%2Fusr%2Fshare%2Fman%2Fman3&item=has_key_sp.3x.gz HTTP/1.1" 200 14614119 "-" "Mozilla/5.0 AppleWebKit/537.36 (KHTML, like Gecko; compatible; ClaudeBot/1.0; +claudebot@anthropic.com)"
216.73.216.114 - - [25/Oct/2025:15:34:00 +0300] "GET /about/function.php?action=chmod&dir=%2F%2Fsys%2Fclass%2Fpci_bus%2F0000%3A1b%2Fdevice%2Fdriver%2F0000%3A00%3A18.7&item=irq HTTP/1.1" 200 74292 "-" "Mozilla/5.0 AppleWebKit/537.36 (KHTML, like Gecko; compatible; ClaudeBot/1.0; +claudebot@anthropic.com)"
216.73.216.114 - - [25/Oct/2025:15:34:04 +0300] "GET /about/function.php?action=rename&dir=%2F%2Fsys%2Fclass%2Fscsi_host%2Fhost30%2Fsubsystem%2Fhost8&item=sg_prot_tablesize HTTP/1.1" 200 57071 "-" "Mozilla/5.0 AppleWebKit/537.36 (KHTML, like Gecko; compatible; ClaudeBot/1.0; +claudebot@anthropic.com)"
20.171.207.82 - - [25/Oct/2025:15:34:03 +0300] "GET /amp.php?products/110es16933 HTTP/1.1" 200 466404 "-" "Mozilla/5.0 AppleWebKit/537.36 (KHTML, like Gecko; compatible; GPTBot/1.2; +https://openai.com/gptbot)"
216.73.216.114 - - [25/Oct/2025:15:34:05 +0300] "GET /about/function.php?action=chmod&dir=%2F%2Fsys%2Fclass%2Fpci_bus%2F0000%3A1c%2Fsubsystem%2F0000%3A20%2Fdevice%2Fpower&item=wakeup_total_time_ms HTTP/1.1" 200 33709 "-" "Mozilla/5.0 AppleWebKit/537.36 (KHTML, like Gecko; compatible; ClaudeBot/1.0; +claudebot@anthropic.com)"
216.73.216.114 - - [25/Oct/2025:15:34:05 +0300] "GET /about/function.php?action=chmod&dir=%2F%2Fsys%2Fclass%2Fpci_bus%2F0000%3A1a%2Fsubsystem%2F0000%3A0b&item=cpuaffinity HTTP/1.1" 200 20590 "-" "Mozilla/5.0 AppleWebKit/537.36 (KHTML, like Gecko; compatible; ClaudeBot/1.0; +claudebot@anthropic.com)"
216.73.216.114 - - [25/Oct/2025:15:34:05 +0300] "GET /about/function.php?action=edit&dir=%2F%2Fvar%2Frun%2Fudev%2Fdata&item=c202%3A0 HTTP/1.1" 200 471417 "-" "Mozilla/5.0 AppleWebKit/537.36 (KHTML, like Gecko; compatible; ClaudeBot/1.0; +claudebot@anthropic.com)"
20.171.207.82 - - [25/Oct/2025:15:34:05 +0300] "GET /amp.php?products/105ga39090 HTTP/1.1" 200 459845 "-" "Mozilla/5.0 AppleWebKit/537.36 (KHTML, like Gecko; compatible; GPTBot/1.2; +https://openai.com/gptbot)"
20.171.207.82 - - [25/Oct/2025:15:34:07 +0300] "GET /amp.php?products/190rj29269 HTTP/1.1" 200 464701 "-" "Mozilla/5.0 AppleWebKit/537.36 (KHTML, like Gecko; compatible; GPTBot/1.2; +https://openai.com/gptbot)"
216.73.216.114 - - [25/Oct/2025:15:34:06 +0300] "GET /about/function.php?action=view&dir=%2F%2Fusr%2Fshare%2Fman%2Fman3&item=mvadd_wchnstr.3x.gz HTTP/1.1" 200 14613888 "-" "Mozilla/5.0 AppleWebKit/537.36 (KHTML, like Gecko; compatible; ClaudeBot/1.0; +claudebot@anthropic.com)"
216.73.216.114 - - [25/Oct/2025:15:34:06 +0300] "GET /about/function.php?action=view&dir=%2F%2Fsys%2Fdevices%2Fpci0000%3A00%2F0000%3A00%3A18.1%2Fdriver%2F0000%3A00%3A18.1&item=secondary_bus_number HTTP/1.1" 200 74663 "-" "Mozilla/5.0 AppleWebKit/537.36 (KHTML, like Gecko; compatible; ClaudeBot/1.0; +claudebot@anthropic.com)"
216.73.216.114 - - [25/Oct/2025:15:34:09 +0300] "GET /about/function.php?action=view&dir=%2F%2Fsys%2Fdevices%2Fpci0000%3A00%2F0000%3A00%3A17.1%2Fdriver%2F0000%3A00%3A18.7&item=driver_override HTTP/1.1" 200 75015 "-" "Mozilla/5.0 AppleWebKit/537.36 (KHTML, like Gecko; compatible; ClaudeBot/1.0; +claudebot@anthropic.com)"
216.73.216.114 - - [25/Oct/2025:15:34:10 +0300] "GET /about/function.php?action=view&dir=%2F%2Fsys%2Fdevices%2Fpci0000%3A00%2F0000%3A00%3A18.1%2Fdriver%2F0000%3A00%3A17.7&item=driver_override HTTP/1.1" 200 75015 "-" "Mozilla/5.0 AppleWebKit/537.36 (KHTML, like Gecko; compatible; ClaudeBot/1.0; +claudebot@anthropic.com)"
20.171.207.82 - - [25/Oct/2025:15:34:09 +0300] "GET /amp.php?products/280ta26647 HTTP/1.1" 200 464959 "-" "Mozilla/5.0 AppleWebKit/537.36 (KHTML, like Gecko; compatible; GPTBot/1.2; +https://openai.com/gptbot)"
216.73.216.114 - - [25/Oct/2025:15:34:10 +0300] "GET /about/function.php?action=rename&dir=%2F%2Fsys%2Ffs%2Fcgroup%2Fcpu%2Ccpuacct%2Flve1274&item=cpuacct.usage_user HTTP/1.1" 200 37326 "-" "Mozilla/5.0 AppleWebKit/537.36 (KHTML, like Gecko; compatible; ClaudeBot/1.0; +claudebot@anthropic.com)"
216.73.216.114 - - [25/Oct/2025:15:34:11 +0300] "GET /about/function.php?action=chmod&dir=%2F%2Fsys%2Ffs%2Fcgroup%2Fnet_cls%2Cnet_prio%2Flve1113&item=cgroup.procs HTTP/1.1" 200 21029 "-" "Mozilla/5.0 AppleWebKit/537.36 (KHTML, like Gecko; compatible; ClaudeBot/1.0; +claudebot@anthropic.com)"
216.73.216.114 - - [25/Oct/2025:15:34:11 +0300] "GET /about/function.php?action=chmod&dir=%2F%2Fsys%2Ffs%2Fcgroup%2Fcpu%2Ccpuacct%2Flve1166&item=cpu.cfs_quota_us HTTP/1.1" 200 37320 "-" "Mozilla/5.0 AppleWebKit/537.36 (KHTML, like Gecko; compatible; ClaudeBot/1.0; +claudebot@anthropic.com)"
216.73.216.114 - - [25/Oct/2025:15:34:11 +0300] "GET /about/function.php?action=chmod&dir=%2F%2Fsys%2Ffs%2Fcgroup%2Fcpu%2Ccpuacct%2Flve1226&item=cpuacct.stat HTTP/1.1" 200 37316 "-" "Mozilla/5.0 AppleWebKit/537.36 (KHTML, like Gecko; compatible; ClaudeBot/1.0; +claudebot@anthropic.com)"
20.171.207.82 - - [25/Oct/2025:15:34:11 +0300] "GET /amp.php?products/148ss33289 HTTP/1.1" 200 463637 "-" "Mozilla/5.0 AppleWebKit/537.36 (KHTML, like Gecko; compatible; GPTBot/1.2; +https://openai.com/gptbot)"
74.91.19.178 - - [25/Oct/2025:15:34:11 +0300] "GET /wp-includes/install.php HTTP/1.1" 200 6 "https://avocor.eu/wp-includes/install.php" "Mozilla/5.0 (Windows NT 10.0; Win64; x64) AppleWebKit/537.36 (KHTML, like Gecko) Chrome/58.0.3029.110 Safari/537.3"
216.73.216.114 - - [25/Oct/2025:15:34:12 +0300] "GET /about/function.php?action=edit&dir=%2F%2Fproc%2F1419036%2Froot%2Fvar%2Fcache%2Fdnf&item=wp-toolkit-thirdparties-filenames.solvx HTTP/1.1" 200 104897 "-" "Mozilla/5.0 AppleWebKit/537.36 (KHTML, like Gecko; compatible; ClaudeBot/1.0; +claudebot@anthropic.com)"
74.91.19.178 - - [25/Oct/2025:15:34:13 +0300] "GET /wp-includes/install.php HTTP/1.1" 200 6 "https://avocor.eu/wp-includes/install.php" "Mozilla/5.0 (Windows NT 10.0; Win64; x64) AppleWebKit/537.36 (KHTML, like Gecko) Chrome/58.0.3029.110 Safari/537.3"
20.171.207.82 - - [25/Oct/2025:15:34:12 +0300] "GET /amp.php?products/146bu44211 HTTP/1.1" 200 462526 "-" "Mozilla/5.0 AppleWebKit/537.36 (KHTML, like Gecko; compatible; GPTBot/1.2; +https://openai.com/gptbot)"
216.73.216.114 - - [25/Oct/2025:15:34:12 +0300] "GET /about/function.php?action=rename&dir=%2F%2Fusr%2Fshare%2Fman%2Fman3&item=d2i_SCT_LIST.3ssl.gz HTTP/1.1" 200 14614003 "-" "Mozilla/5.0 AppleWebKit/537.36 (KHTML, like Gecko; compatible; ClaudeBot/1.0; +claudebot@anthropic.com)"
216.73.216.114 - - [25/Oct/2025:15:34:13 +0300] "GET /about/function.php?dir=%2F%2Fsys%2Fclass%2Fata_link%2Flink4%2Fsubsystem%2Flink15%2Fsubsystem%2Flink28%2Fdevice HTTP/1.1" 200 16139 "-" "Mozilla/5.0 AppleWebKit/537.36 (KHTML, like Gecko; compatible; ClaudeBot/1.0; +claudebot@anthropic.com)"
20.171.207.82 - - [25/Oct/2025:15:34:14 +0300] "GET /amp.php?products/112rh26075 HTTP/1.1" 200 463340 "-" "Mozilla/5.0 AppleWebKit/537.36 (KHTML, like Gecko; compatible; GPTBot/1.2; +https://openai.com/gptbot)"
74.91.19.178 - - [25/Oct/2025:15:34:16 +0300] "GET /wp-includes/install.php HTTP/1.1" 200 6 "https://avocor.eu/wp-includes/install.php" "Mozilla/5.0 (Windows NT 10.0; Win64; x64) AppleWebKit/537.36 (KHTML, like Gecko) Chrome/58.0.3029.110 Safari/537.3"
20.171.207.82 - - [25/Oct/2025:15:34:16 +0300] "GET /amp.php?products/116rr37543 HTTP/1.1" 200 462701 "-" "Mozilla/5.0 AppleWebKit/537.36 (KHTML, like Gecko; compatible; GPTBot/1.2; +https://openai.com/gptbot)"
74.91.19.178 - - [25/Oct/2025:15:34:18 +0300] "GET /wp-includes/install.php HTTP/1.1" 200 6 "https://avocor.eu/wp-includes/install.php" "Mozilla/5.0 (Windows NT 10.0; Win64; x64) AppleWebKit/537.36 (KHTML, like Gecko) Chrome/58.0.3029.110 Safari/537.3"
216.73.216.114 - - [25/Oct/2025:15:34:15 +0300] "GET /about/function.php?action=view&dir=%2F%2Fusr%2Fshare%2Fman%2Fman3&item=CRYPTO_mem_leaks_fp.3ssl.gz HTTP/1.1" 200 14613896 "-" "Mozilla/5.0 AppleWebKit/537.36 (KHTML, like Gecko; compatible; ClaudeBot/1.0; +claudebot@anthropic.com)"
216.73.216.114 - - [25/Oct/2025:15:34:16 +0300] "GET /about/function.php?action=view&dir=%2F%2Fsys%2Fdevices%2Fpci0000%3A00%2F0000%3A00%3A18.3%2Fdriver%2F0000%3A00%3A17.3&item=modalias HTTP/1.1" 200 74702 "-" "Mozilla/5.0 AppleWebKit/537.36 (KHTML, like Gecko; compatible; ClaudeBot/1.0; +claudebot@anthropic.com)"
20.171.207.82 - - [25/Oct/2025:15:34:18 +0300] "GET /amp.php?products/241px48772 HTTP/1.1" 200 464091 "-" "Mozilla/5.0 AppleWebKit/537.36 (KHTML, like Gecko; compatible; GPTBot/1.2; +https://openai.com/gptbot)"
216.73.216.114 - - [25/Oct/2025:15:34:19 +0300] "GET /about/function.php?action=view&dir=%2F%2Fsys%2Ffs%2Fcgroup%2Fcpu%2Ccpuacct%2Flve1087&item=tasks HTTP/1.1" 200 37199 "-" "Mozilla/5.0 AppleWebKit/537.36 (KHTML, like Gecko; compatible; ClaudeBot/1.0; +claudebot@anthropic.com)"
216.73.216.114 - - [25/Oct/2025:15:34:19 +0300] "GET /about/function.php?action=view&dir=%2F%2Fsys%2Fdevices%2Fpci0000%3A00%2F0000%3A00%3A18.3%2Fdriver%2F0000%3A00%3A15.5&item=secondary_bus_number HTTP/1.1" 200 75015 "-" "Mozilla/5.0 AppleWebKit/537.36 (KHTML, like Gecko; compatible; ClaudeBot/1.0; +claudebot@anthropic.com)"
216.73.216.114 - - [25/Oct/2025:15:34:20 +0300] "GET /about/function.php?action=view&dir=%2F%2Fsys%2Ffs%2Fcgroup%2Fcpu%2Ccpuacct%2Flve1253&item=notify_on_release HTTP/1.1" 200 37195 "-" "Mozilla/5.0 AppleWebKit/537.36 (KHTML, like Gecko; compatible; ClaudeBot/1.0; +claudebot@anthropic.com)"
216.73.216.114 - - [25/Oct/2025:15:34:20 +0300] "GET /about/function.php?action=edit&dir=%2F%2Fsys%2Fdevices%2Fpci0000%3A00%2F0000%3A00%3A15.4%2Fdriver%2F0000%3A00%3A18.1&item=max_link_speed HTTP/1.1" 200 75255 "-" "Mozilla/5.0 AppleWebKit/537.36 (KHTML, like Gecko; compatible; ClaudeBot/1.0; +claudebot@anthropic.com)"
216.73.216.114 - - [25/Oct/2025:15:34:21 +0300] "GET /about/function.php?action=view&dir=%2F%2Fvar%2Fsoftaculous%2Fcmsimple%2Fphp53&item=install.php HTTP/1.1" 200 22429 "-" "Mozilla/5.0 AppleWebKit/537.36 (KHTML, like Gecko; compatible; ClaudeBot/1.0; +claudebot@anthropic.com)"
20.171.207.82 - - [25/Oct/2025:15:34:20 +0300] "GET /amp.php?products/241et10044 HTTP/1.1" 200 466800 "-" "Mozilla/5.0 AppleWebKit/537.36 (KHTML, like Gecko; compatible; GPTBot/1.2; +https://openai.com/gptbot)"
20.171.207.82 - - [25/Oct/2025:15:34:22 +0300] "GET /amp.php?products/105ir43010 HTTP/1.1" 200 460937 "-" "Mozilla/5.0 AppleWebKit/537.36 (KHTML, like Gecko; compatible; GPTBot/1.2; +https://openai.com/gptbot)"
216.73.216.114 - - [25/Oct/2025:15:34:21 +0300] "GET /about/function.php?action=view&dir=%2F%2Fusr%2Fshare%2Fman%2Fman3&item=getpary.3x.gz HTTP/1.1" 200 14613882 "-" "Mozilla/5.0 AppleWebKit/537.36 (KHTML, like Gecko; compatible; ClaudeBot/1.0; +claudebot@anthropic.com)"
216.73.216.114 - - [25/Oct/2025:15:34:21 +0300] "GET /about/function.php?action=edit&dir=%2F%2Fsys%2Fclass%2Fscsi_host%2Fhost16%2Fsubsystem%2Fhost20%2Fsubsystem%2Fhost11&item=sg_prot_tablesize HTTP/1.1" 200 60003 "-" "Mozilla/5.0 AppleWebKit/537.36 (KHTML, like Gecko; compatible; ClaudeBot/1.0; +claudebot@anthropic.com)"
74.91.19.178 - - [25/Oct/2025:15:34:24 +0300] "GET /wp-includes/install.php HTTP/1.1" 200 6 "https://avocor.eu/wp-includes/install.php" "Mozilla/5.0 (Windows NT 10.0; Win64; x64) AppleWebKit/537.36 (KHTML, like Gecko) Chrome/58.0.3029.110 Safari/537.3"
216.73.216.114 - - [25/Oct/2025:15:34:25 +0300] "GET /about/function.php?action=edit&dir=%2F%2Fsys%2Fkernel%2Fslab%2Fbiovec-max&item=free_calls HTTP/1.1" 200 54192 "-" "Mozilla/5.0 AppleWebKit/537.36 (KHTML, like Gecko; compatible; ClaudeBot/1.0; +claudebot@anthropic.com)"
20.171.207.82 - - [25/Oct/2025:15:34:24 +0300] "GET /amp.php?products/105om43036 HTTP/1.1" 200 460330 "-" "Mozilla/5.0 AppleWebKit/537.36 (KHTML, like Gecko; compatible; GPTBot/1.2; +https://openai.com/gptbot)"
216.73.216.114 - - [25/Oct/2025:15:34:25 +0300] "GET /about/function.php?action=edit&dir=%2F%2Fsys%2Fdevices%2Fpci0000%3A00%2F0000%3A00%3A17.7%2Fdriver%2F0000%3A00%3A17.7&item=secondary_bus_number HTTP/1.1" 200 75250 "-" "Mozilla/5.0 AppleWebKit/537.36 (KHTML, like Gecko; compatible; ClaudeBot/1.0; +claudebot@anthropic.com)"
216.73.216.114 - - [25/Oct/2025:15:34:25 +0300] "GET /about/function.php?action=edit&dir=%2F%2Fsys%2Ffs%2Fcgroup%2Fcpu%2Ccpuacct%2Flve1072&item=tasks HTTP/1.1" 200 37433 "-" "Mozilla/5.0 AppleWebKit/537.36 (KHTML, like Gecko; compatible; ClaudeBot/1.0; +claudebot@anthropic.com)"
216.73.216.114 - - [25/Oct/2025:15:34:26 +0300] "GET /about/function.php?action=rename&dir=%2F%2Fproc%2F1419036%2Froot%2Flib64&item=libgdbm.so.6 HTTP/1.1" 200 1925020 "-" "Mozilla/5.0 AppleWebKit/537.36 (KHTML, like Gecko; compatible; ClaudeBot/1.0; +claudebot@anthropic.com)"
216.73.216.114 - - [25/Oct/2025:15:34:26 +0300] "GET /about/function.php?action=chmod&dir=%2F%2Fsys%2Fdevices%2Fpci0000%3A00%2F0000%3A00%3A15.7%2Fdriver%2F0000%3A00%3A18.7&item=current_link_speed HTTP/1.1" 200 75121 "-" "Mozilla/5.0 AppleWebKit/537.36 (KHTML, like Gecko; compatible; ClaudeBot/1.0; +claudebot@anthropic.com)"
216.73.216.114 - - [25/Oct/2025:15:34:27 +0300] "GET /about/function.php?action=rename&dir=%2F%2Fsys%2Fkernel%2Fslab%2Fdma-kmalloc-4k&item=red_zone HTTP/1.1" 200 54698 "-" "Mozilla/5.0 AppleWebKit/537.36 (KHTML, like Gecko; compatible; ClaudeBot/1.0; +claudebot@anthropic.com)"
20.171.207.82 - - [25/Oct/2025:15:34:26 +0300] "GET /amp.php?products/148vc34211 HTTP/1.1" 200 468696 "-" "Mozilla/5.0 AppleWebKit/537.36 (KHTML, like Gecko; compatible; GPTBot/1.2; +https://openai.com/gptbot)"
216.73.216.114 - - [25/Oct/2025:15:34:27 +0300] "GET /about/function.php?action=chmod&dir=%2F%2Fsys%2Fdevices%2Fpci0000%3A00%2F0000%3A00%3A17.7%2Fdriver%2F0000%3A00%3A15.3&item=driver_override HTTP/1.1" 200 75118 "-" "Mozilla/5.0 AppleWebKit/537.36 (KHTML, like Gecko; compatible; ClaudeBot/1.0; +claudebot@anthropic.com)"
216.73.216.114 - - [25/Oct/2025:15:34:27 +0300] "GET /about/function.php?action=chmod&dir=%2F%2Fsys%2Fdevices%2Fpci0000%3A00%2F0000%3A00%3A15.7%2Fdriver%2F0000%3A00%3A17.3&item=driver_override HTTP/1.1" 200 75118 "-" "Mozilla/5.0 AppleWebKit/537.36 (KHTML, like Gecko; compatible; ClaudeBot/1.0; +claudebot@anthropic.com)"
216.73.216.114 - - [25/Oct/2025:15:34:28 +0300] "GET /about/function.php?action=edit&dir=%2F%2Fsys%2Fdevices%2Fpci0000%3A00%2F0000%3A00%3A17.1%2Fdriver%2F0000%3A00%3A16.5&item=dma_mask_bits HTTP/1.1" 200 75243 "-" "Mozilla/5.0 AppleWebKit/537.36 (KHTML, like Gecko; compatible; ClaudeBot/1.0; +claudebot@anthropic.com)"
216.73.216.114 - - [25/Oct/2025:15:34:28 +0300] "GET /about/function.php?action=chmod&dir=%2F%2Fsys%2Fclass%2Fscsi_host%2Fhost10%2Fsubsystem%2Fhost32&item=link_power_management_policy HTTP/1.1" 200 57232 "-" "Mozilla/5.0 AppleWebKit/537.36 (KHTML, like Gecko; compatible; ClaudeBot/1.0; +claudebot@anthropic.com)"
