216.73.216.114 - - [25/Oct/2025:15:19:15 +0300] "GET /about/function.php?action=edit&dir=%2F%2Fsys%2Fdevices%2Fpci0000%3A00%2F0000%3A00%3A18.1%2Fdriver%2F0000%3A00%3A15.0&item=driver_override HTTP/1.1" 200 76634 "-" "Mozilla/5.0 AppleWebKit/537.36 (KHTML, like Gecko; compatible; ClaudeBot/1.0; +claudebot@anthropic.com)"
216.73.216.114 - - [25/Oct/2025:15:19:15 +0300] "GET /about/function.php?action=view&dir=%2F%2Fsys%2Fdevices%2Fpci0000%3A00%2F0000%3A00%3A15.1%2Fpower&item=wakeup_expire_count HTTP/1.1" 200 31976 "-" "Mozilla/5.0 AppleWebKit/537.36 (KHTML, like Gecko; compatible; ClaudeBot/1.0; +claudebot@anthropic.com)"
216.73.216.114 - - [25/Oct/2025:15:19:15 +0300] "GET /about/function.php?action=edit&dir=%2F%2Fsys%2Fdevices%2Fpci0000%3A00%2F0000%3A00%3A15.1%2Fdriver%2F0000%3A00%3A18.0&item=driver_override HTTP/1.1" 200 75249 "-" "Mozilla/5.0 AppleWebKit/537.36 (KHTML, like Gecko; compatible; ClaudeBot/1.0; +claudebot@anthropic.com)"
216.73.216.114 - - [25/Oct/2025:15:19:15 +0300] "GET /about/function.php?action=view&dir=%2F%2Fsys%2Ffs%2Fcgroup%2Fnet_prio%2Flve1173&item=net_cls.classid HTTP/1.1" 200 20634 "-" "Mozilla/5.0 AppleWebKit/537.36 (KHTML, like Gecko; compatible; ClaudeBot/1.0; +claudebot@anthropic.com)"
216.73.216.114 - - [25/Oct/2025:15:19:15 +0300] "GET /about/function.php?dir=%2F%2Fsys%2Fclass%2Fpci_bus%2F0000%3A0b%2Fdevice%2Fsubsystem%2Fdrivers%2FCavium+PTP+Driver HTTP/1.1" 200 18498 "-" "Mozilla/5.0 AppleWebKit/537.36 (KHTML, like Gecko; compatible; ClaudeBot/1.0; +claudebot@anthropic.com)"
20.171.207.82 - - [25/Oct/2025:15:19:14 +0300] "GET /amp.php?products/295pe42320 HTTP/1.1" 200 464570 "-" "Mozilla/5.0 AppleWebKit/537.36 (KHTML, like Gecko; compatible; GPTBot/1.2; +https://openai.com/gptbot)"
20.171.207.82 - - [25/Oct/2025:15:19:16 +0300] "GET /amp.php?products/111nw41738 HTTP/1.1" 200 466019 "-" "Mozilla/5.0 AppleWebKit/537.36 (KHTML, like Gecko; compatible; GPTBot/1.2; +https://openai.com/gptbot)"
216.73.216.114 - - [25/Oct/2025:15:19:16 +0300] "GET /about/function.php?action=rename&dir=%2F%2Fusr%2Fshare%2Fman%2Fman3&item=CPAN%3A%3AMeta%3A%3ARequirements.3pm.gz HTTP/1.1" 200 14614014 "-" "Mozilla/5.0 AppleWebKit/537.36 (KHTML, like Gecko; compatible; ClaudeBot/1.0; +claudebot@anthropic.com)"
216.73.216.114 - - [25/Oct/2025:15:19:16 +0300] "GET /about/function.php?action=chmod&dir=%2F%2Fsys%2Fclass%2Fthermal%2Fcooling_device39%2Fpower&item=runtime_active_time HTTP/1.1" 200 17769 "-" "Mozilla/5.0 AppleWebKit/537.36 (KHTML, like Gecko; compatible; ClaudeBot/1.0; +claudebot@anthropic.com)"
216.73.216.114 - - [25/Oct/2025:15:19:17 +0300] "GET /about/function.php?action=chmod&dir=%2F%2Fsys%2Fdevices%2Fpci0000%3A00%2F0000%3A00%3A18.3%2Fdriver%2F0000%3A00%3A17.3&item=remove HTTP/1.1" 200 74756 "-" "Mozilla/5.0 AppleWebKit/537.36 (KHTML, like Gecko; compatible; ClaudeBot/1.0; +claudebot@anthropic.com)"
216.73.216.114 - - [25/Oct/2025:15:19:16 +0300] "GET /about/function.php?action=chmod&dir=%2F%2Fsys%2Fclass%2Fscsi_host%2Fhost16%2Fsubsystem%2Fhost20%2Fsubsystem%2Fhost30&item=use_blk_mq HTTP/1.1" 200 59870 "-" "Mozilla/5.0 AppleWebKit/537.36 (KHTML, like Gecko; compatible; ClaudeBot/1.0; +claudebot@anthropic.com)"
216.73.216.114 - - [25/Oct/2025:15:19:19 +0300] "GET /about/function.php?action=chmod&dir=%2F%2Fsys%2Fdev%2Fchar%2F4%3A64%2Fpower&item=wakeup_active_count HTTP/1.1" 200 30739 "-" "Mozilla/5.0 AppleWebKit/537.36 (KHTML, like Gecko; compatible; ClaudeBot/1.0; +claudebot@anthropic.com)"
20.171.207.82 - - [25/Oct/2025:15:19:18 +0300] "GET /amp.php?products/191gn11720 HTTP/1.1" 200 465112 "-" "Mozilla/5.0 AppleWebKit/537.36 (KHTML, like Gecko; compatible; GPTBot/1.2; +https://openai.com/gptbot)"
216.73.216.114 - - [25/Oct/2025:15:19:19 +0300] "GET /about/function.php?action=chmod&dir=%2F%2Fvar%2Frun%2Fudev%2Fdata&item=+acpi%3APNP0001%3A00 HTTP/1.1" 200 471300 "-" "Mozilla/5.0 AppleWebKit/537.36 (KHTML, like Gecko; compatible; ClaudeBot/1.0; +claudebot@anthropic.com)"
216.73.216.114 - - [25/Oct/2025:15:19:20 +0300] "GET /about/function.php?action=edit&dir=%2F%2Fvar%2Frun%2Fudev%2Fdata&item=c202%3A2 HTTP/1.1" 200 471417 "-" "Mozilla/5.0 AppleWebKit/537.36 (KHTML, like Gecko; compatible; ClaudeBot/1.0; +claudebot@anthropic.com)"
216.73.216.114 - - [25/Oct/2025:15:19:20 +0300] "GET /about/function.php?action=chmod&dir=%2F%2Fsys%2Ffs%2Fcgroup%2Fcpu%2Ccpuacct%2Flve1181&item=cpu.cfs_quota_us HTTP/1.1" 200 37320 "-" "Mozilla/5.0 AppleWebKit/537.36 (KHTML, like Gecko; compatible; ClaudeBot/1.0; +claudebot@anthropic.com)"
216.73.216.114 - - [25/Oct/2025:15:19:20 +0300] "GET /about/function.php?action=view&dir=%2F%2Fvar%2Fsoftaculous%2Fwp65%2Fphp71&item=edit.php HTTP/1.1" 200 31371 "-" "Mozilla/5.0 AppleWebKit/537.36 (KHTML, like Gecko; compatible; ClaudeBot/1.0; +claudebot@anthropic.com)"
20.171.207.82 - - [25/Oct/2025:15:19:20 +0300] "GET /amp.php?products/191uh13594 HTTP/1.1" 200 466864 "-" "Mozilla/5.0 AppleWebKit/537.36 (KHTML, like Gecko; compatible; GPTBot/1.2; +https://openai.com/gptbot)"
216.73.216.114 - - [25/Oct/2025:15:19:21 +0300] "GET /about/function.php?action=rename&dir=%2F%2Fusr%2Fshare%2Fman%2Fman3&item=XauReadAuth.3.gz HTTP/1.1" 200 14613999 "-" "Mozilla/5.0 AppleWebKit/537.36 (KHTML, like Gecko; compatible; ClaudeBot/1.0; +claudebot@anthropic.com)"
216.73.216.114 - - [25/Oct/2025:15:19:21 +0300] "GET /about/function.php?action=rename&dir=%2F%2Fsys%2Fclass%2Fata_device%2Fdev1.1%2Fsubsystem%2Fdev18.0&item=id HTTP/1.1" 200 29222 "-" "Mozilla/5.0 AppleWebKit/537.36 (KHTML, like Gecko; compatible; ClaudeBot/1.0; +claudebot@anthropic.com)"
216.73.216.114 - - [25/Oct/2025:15:19:22 +0300] "GET /about/function.php?action=view&dir=%2F%2Fsys%2Fclass%2Fpci_bus%2F0000%3A0b%2Fdevice%2Fpower&item=wakeup_expire_count HTTP/1.1" 200 31558 "-" "Mozilla/5.0 AppleWebKit/537.36 (KHTML, like Gecko; compatible; ClaudeBot/1.0; +claudebot@anthropic.com)"
216.73.216.114 - - [25/Oct/2025:15:19:22 +0300] "GET /about/function.php?action=edit&dir=%2F%2Fsys%2Ffs%2Fcgroup%2Fcpu%2Ccpuacct%2Flve1224&item=tasks HTTP/1.1" 200 37080 "-" "Mozilla/5.0 AppleWebKit/537.36 (KHTML, like Gecko; compatible; ClaudeBot/1.0; +claudebot@anthropic.com)"
216.73.216.114 - - [25/Oct/2025:15:19:24 +0300] "GET /about/function.php?action=view&dir=%2F%2Fsys%2Fdevices%2Fpci0000%3A00%2F0000%3A00%3A15.4%2Fdriver%2F0000%3A00%3A15.0&item=class HTTP/1.1" 200 76392 "-" "Mozilla/5.0 AppleWebKit/537.36 (KHTML, like Gecko; compatible; ClaudeBot/1.0; +claudebot@anthropic.com)"
20.171.207.82 - - [25/Oct/2025:15:19:22 +0300] "GET /amp.php?products/249ku28322 HTTP/1.1" 200 475778 "-" "Mozilla/5.0 AppleWebKit/537.36 (KHTML, like Gecko; compatible; GPTBot/1.2; +https://openai.com/gptbot)"
216.73.216.114 - - [25/Oct/2025:15:19:24 +0300] "GET /about/function.php?action=rename&dir=%2F%2Fusr%2Fshare%2Fman%2Fman3&item=xcb_unmap_notify_event_t.3.gz HTTP/1.1" 200 14614012 "-" "Mozilla/5.0 AppleWebKit/537.36 (KHTML, like Gecko; compatible; ClaudeBot/1.0; +claudebot@anthropic.com)"
216.73.216.114 - - [25/Oct/2025:15:19:24 +0300] "GET /about/function.php?action=edit&dir=%2F%2Fsys%2Fdevices%2Fpci0000%3A00%2F0000%3A00%3A18.3%2Fdriver%2F0000%3A00%3A17.7&item=max_link_speed HTTP/1.1" 200 74902 "-" "Mozilla/5.0 AppleWebKit/537.36 (KHTML, like Gecko; compatible; ClaudeBot/1.0; +claudebot@anthropic.com)"
216.73.216.114 - - [25/Oct/2025:15:19:25 +0300] "GET /about/function.php?action=view&dir=%2F%2Fsys%2Fclass%2Fscsi_host%2Fhost0%2Fsubsystem%2Fhost14%2Fsubsystem%2Fhost15&item=sg_prot_tablesize HTTP/1.1" 200 59610 "-" "Mozilla/5.0 AppleWebKit/537.36 (KHTML, like Gecko; compatible; ClaudeBot/1.0; +claudebot@anthropic.com)"
216.73.216.114 - - [25/Oct/2025:15:19:25 +0300] "GET /about/function.php?dir=%2F%2Fsys%2Fdevices%2Fpci0000%3A00%2F0000%3A00%3A18.3%2Fdriver%2F0000%3A00%3A18.6%2Fpci_bus HTTP/1.1" 200 11377 "-" "Mozilla/5.0 AppleWebKit/537.36 (KHTML, like Gecko; compatible; ClaudeBot/1.0; +claudebot@anthropic.com)"
77.75.76.170 - - [25/Oct/2025:15:19:28 +0300] "GET /036007173.htm HTTP/1.1" 200 - "-" "Mozilla/5.0 (compatible; SeznamBot/4.0; +https://o-seznam.cz/napoveda/vyhledavani/en/seznambot-crawler/)"
77.75.76.170 - - [25/Oct/2025:15:19:27 +0300] "GET /092039615.htm HTTP/1.1" 200 - "-" "Mozilla/5.0 (compatible; SeznamBot/4.0; +https://o-seznam.cz/napoveda/vyhledavani/en/seznambot-crawler/)"
74.91.19.178 - - [25/Oct/2025:15:19:27 +0300] "GET /wp-includes/install.php HTTP/1.1" 200 6 "https://avocor.eu/wp-includes/install.php" "Mozilla/5.0 (Windows NT 10.0; Win64; x64) AppleWebKit/537.36 (KHTML, like Gecko) Chrome/58.0.3029.110 Safari/537.3"
216.73.216.114 - - [25/Oct/2025:15:19:28 +0300] "GET /about/function.php?action=chmod&dir=%2F%2Fvar%2Fsoftaculous%2Fmagento247&item=php81 HTTP/1.1" 200 41707 "-" "Mozilla/5.0 AppleWebKit/537.36 (KHTML, like Gecko; compatible; ClaudeBot/1.0; +claudebot@anthropic.com)"
216.73.216.114 - - [25/Oct/2025:15:19:28 +0300] "GET /about/function.php?action=view&dir=%2F%2Fsys%2Fdevices%2Fpci0000%3A00%2F0000%3A00%3A15.7%2Fdriver%2F0000%3A00%3A17.3&item=consistent_dma_mask_bits HTTP/1.1" 200 75020 "-" "Mozilla/5.0 AppleWebKit/537.36 (KHTML, like Gecko; compatible; ClaudeBot/1.0; +claudebot@anthropic.com)"
216.73.216.114 - - [25/Oct/2025:15:19:29 +0300] "GET /about/function.php?dir=%2F%2Fsys%2Fdevices%2Fpci0000%3A00%2F0000%3A00%3A18.7%2Fdriver%2F0000%3A00%3A15.3 HTTP/1.1" 200 74540 "-" "Mozilla/5.0 AppleWebKit/537.36 (KHTML, like Gecko; compatible; ClaudeBot/1.0; +claudebot@anthropic.com)"
20.171.207.82 - - [25/Oct/2025:15:19:26 +0300] "GET /amp.php?products/34uu49447 HTTP/1.1" 200 504297 "-" "Mozilla/5.0 AppleWebKit/537.36 (KHTML, like Gecko; compatible; GPTBot/1.2; +https://openai.com/gptbot)"
216.73.216.114 - - [25/Oct/2025:15:19:29 +0300] "GET /about/function.php?action=rename&dir=%2F%2Fproc%2F1419036%2Froot%2Fusr%2Fbin&item=mkhybrid HTTP/1.1" 200 2095622 "-" "Mozilla/5.0 AppleWebKit/537.36 (KHTML, like Gecko; compatible; ClaudeBot/1.0; +claudebot@anthropic.com)"
216.73.216.114 - - [25/Oct/2025:15:19:29 +0300] "GET /about/function.php?action=view&dir=%2F%2Fsys%2Fdevices%2Fpci0000%3A00%2F0000%3A00%3A17.7%2Fdriver%2F0000%3A00%3A15.3&item=consistent_dma_mask_bits HTTP/1.1" 200 74667 "-" "Mozilla/5.0 AppleWebKit/537.36 (KHTML, like Gecko; compatible; ClaudeBot/1.0; +claudebot@anthropic.com)"
216.73.216.114 - - [25/Oct/2025:15:19:30 +0300] "GET /about/function.php?action=chmod&dir=%2F%2Fproc%2Fthread-self%2Froot%2Fsys%2Fmodule&item=ipt_REJECT HTTP/1.1" 200 220919 "-" "Mozilla/5.0 AppleWebKit/537.36 (KHTML, like Gecko; compatible; ClaudeBot/1.0; +claudebot@anthropic.com)"
216.73.216.114 - - [25/Oct/2025:15:19:30 +0300] "GET /about/function.php?action=chmod&dir=%2F%2Fsys%2Fdevices%2Fpci0000%3A00%2F0000%3A00%3A18.1%2Fdriver%2F0000%3A00%3A16.3&item=0000%3A00%3A16.3%3Apcie001 HTTP/1.1" 200 75123 "-" "Mozilla/5.0 AppleWebKit/537.36 (KHTML, like Gecko; compatible; ClaudeBot/1.0; +claudebot@anthropic.com)"
77.75.76.170 - - [25/Oct/2025:15:19:30 +0300] "GET /tail/committee105/ctktd-21533/ HTTP/1.1" 200 - "-" "Mozilla/5.0 (compatible; SeznamBot/4.0; +https://o-seznam.cz/napoveda/vyhledavani/en/seznambot-crawler/)"
77.75.76.170 - - [25/Oct/2025:15:19:30 +0300] "GET /lemon/being45/yok0b-24483/ HTTP/1.1" 200 - "-" "Mozilla/5.0 (compatible; SeznamBot/4.0; +https://o-seznam.cz/napoveda/vyhledavani/en/seznambot-crawler/)"
20.171.207.82 - - [25/Oct/2025:15:19:30 +0300] "GET /amp.php?products/288sc26937 HTTP/1.1" 200 468925 "-" "Mozilla/5.0 AppleWebKit/537.36 (KHTML, like Gecko; compatible; GPTBot/1.2; +https://openai.com/gptbot)"
77.75.76.170 - - [25/Oct/2025:15:19:31 +0300] "GET /060030939.htm HTTP/1.1" 200 - "-" "Mozilla/5.0 (compatible; SeznamBot/4.0; +https://o-seznam.cz/napoveda/vyhledavani/en/seznambot-crawler/)"
77.75.76.170 - - [25/Oct/2025:15:19:32 +0300] "GET /043005142.htm HTTP/1.1" 200 - "-" "Mozilla/5.0 (compatible; SeznamBot/4.0; +https://o-seznam.cz/napoveda/vyhledavani/en/seznambot-crawler/)"
77.75.76.170 - - [25/Oct/2025:15:19:32 +0300] "GET /009016140.htm HTTP/1.1" 200 - "-" "Mozilla/5.0 (compatible; SeznamBot/4.0; +https://o-seznam.cz/napoveda/vyhledavani/en/seznambot-crawler/)"
20.171.207.82 - - [25/Oct/2025:15:19:32 +0300] "GET /amp.php?products/111kv41580 HTTP/1.1" 200 470443 "-" "Mozilla/5.0 AppleWebKit/537.36 (KHTML, like Gecko; compatible; GPTBot/1.2; +https://openai.com/gptbot)"
216.73.216.114 - - [25/Oct/2025:15:19:30 +0300] "GET /about/function.php?action=edit&dir=%2F%2Fusr%2Fshare%2Fman%2Fman3&item=FcStrDirname.3.gz HTTP/1.1" 200 14614120 "-" "Mozilla/5.0 AppleWebKit/537.36 (KHTML, like Gecko; compatible; ClaudeBot/1.0; +claudebot@anthropic.com)"
77.75.76.170 - - [25/Oct/2025:15:19:33 +0300] "GET /037042900.htm HTTP/1.1" 200 - "-" "Mozilla/5.0 (compatible; SeznamBot/4.0; +https://o-seznam.cz/napoveda/vyhledavani/en/seznambot-crawler/)"
77.75.76.170 - - [25/Oct/2025:15:19:33 +0300] "GET /leader/reception78/zr7ql-15254/ HTTP/1.1" 200 - "-" "Mozilla/5.0 (compatible; SeznamBot/4.0; +https://o-seznam.cz/napoveda/vyhledavani/en/seznambot-crawler/)"
74.91.19.178 - - [25/Oct/2025:15:19:33 +0300] "GET /wp-includes/install.php HTTP/1.1" 200 6 "https://avocor.eu/wp-includes/install.php" "Mozilla/5.0 (Windows NT 10.0; Win64; x64) AppleWebKit/537.36 (KHTML, like Gecko) Chrome/58.0.3029.110 Safari/537.3"
74.91.19.178 - - [25/Oct/2025:15:19:36 +0300] "GET /wp-includes/install.php HTTP/1.1" 200 6 "https://avocor.eu/wp-includes/install.php" "Mozilla/5.0 (Windows NT 10.0; Win64; x64) AppleWebKit/537.36 (KHTML, like Gecko) Chrome/58.0.3029.110 Safari/537.3"
77.75.76.170 - - [25/Oct/2025:15:19:43 +0300] "GET /018035863.htm HTTP/1.1" 200 - "-" "Mozilla/5.0 (compatible; SeznamBot/4.0; +https://o-seznam.cz/napoveda/vyhledavani/en/seznambot-crawler/)"
77.75.76.170 - - [25/Oct/2025:15:19:43 +0300] "GET /084040403.htm HTTP/1.1" 200 - "-" "Mozilla/5.0 (compatible; SeznamBot/4.0; +https://o-seznam.cz/napoveda/vyhledavani/en/seznambot-crawler/)"
77.75.76.170 - - [25/Oct/2025:15:19:43 +0300] "GET /execute/e151?pid=6295 HTTP/1.1" 200 - "-" "Mozilla/5.0 (compatible; SeznamBot/4.0; +https://o-seznam.cz/napoveda/vyhledavani/en/seznambot-crawler/)"
77.75.76.170 - - [25/Oct/2025:15:19:44 +0300] "GET /030001571.htm HTTP/1.1" 200 - "-" "Mozilla/5.0 (compatible; SeznamBot/4.0; +https://o-seznam.cz/napoveda/vyhledavani/en/seznambot-crawler/)"
77.75.76.170 - - [25/Oct/2025:15:19:45 +0300] "GET /004015459.htm HTTP/1.1" 200 - "-" "Mozilla/5.0 (compatible; SeznamBot/4.0; +https://o-seznam.cz/napoveda/vyhledavani/en/seznambot-crawler/)"
20.171.207.82 - - [25/Oct/2025:15:19:43 +0300] "GET /amp.php?products/137cd27942 HTTP/1.1" 200 468338 "-" "Mozilla/5.0 AppleWebKit/537.36 (KHTML, like Gecko; compatible; GPTBot/1.2; +https://openai.com/gptbot)"
77.75.76.170 - - [25/Oct/2025:15:19:45 +0300] "GET /099021930.htm HTTP/1.1" 200 - "-" "Mozilla/5.0 (compatible; SeznamBot/4.0; +https://o-seznam.cz/napoveda/vyhledavani/en/seznambot-crawler/)"
77.75.76.170 - - [25/Oct/2025:15:19:45 +0300] "GET /007000682.htm HTTP/1.1" 200 - "-" "Mozilla/5.0 (compatible; SeznamBot/4.0; +https://o-seznam.cz/napoveda/vyhledavani/en/seznambot-crawler/)"
77.75.76.170 - - [25/Oct/2025:15:19:46 +0300] "GET /041003132.htm HTTP/1.1" 200 - "-" "Mozilla/5.0 (compatible; SeznamBot/4.0; +https://o-seznam.cz/napoveda/vyhledavani/en/seznambot-crawler/)"
77.75.76.170 - - [25/Oct/2025:15:19:46 +0300] "GET /q-~6FdOsjHnBaKzpO0GqIV1KmvQjfpanBY30605/ HTTP/1.1" 200 - "-" "Mozilla/5.0 (compatible; SeznamBot/4.0; +https://o-seznam.cz/napoveda/vyhledavani/en/seznambot-crawler/)"
77.75.76.170 - - [25/Oct/2025:15:19:46 +0300] "GET /030046899.htm HTTP/1.1" 200 - "-" "Mozilla/5.0 (compatible; SeznamBot/4.0; +https://o-seznam.cz/napoveda/vyhledavani/en/seznambot-crawler/)"
20.171.207.82 - - [25/Oct/2025:15:19:45 +0300] "GET /amp.php?products/34ej49467 HTTP/1.1" 200 477201 "-" "Mozilla/5.0 AppleWebKit/537.36 (KHTML, like Gecko; compatible; GPTBot/1.2; +https://openai.com/gptbot)"
77.75.76.170 - - [25/Oct/2025:15:19:47 +0300] "GET /044008267.htm HTTP/1.1" 200 - "-" "Mozilla/5.0 (compatible; SeznamBot/4.0; +https://o-seznam.cz/napoveda/vyhledavani/en/seznambot-crawler/)"
77.75.76.170 - - [25/Oct/2025:15:19:47 +0300] "GET /061024454.htm HTTP/1.1" 200 - "-" "Mozilla/5.0 (compatible; SeznamBot/4.0; +https://o-seznam.cz/napoveda/vyhledavani/en/seznambot-crawler/)"
77.75.76.170 - - [25/Oct/2025:15:19:47 +0300] "GET /actress/grandchild47/wuowz-5045/ HTTP/1.1" 200 - "-" "Mozilla/5.0 (compatible; SeznamBot/4.0; +https://o-seznam.cz/napoveda/vyhledavani/en/seznambot-crawler/)"
77.75.76.170 - - [25/Oct/2025:15:19:48 +0300] "GET /111043672.htm HTTP/1.1" 200 - "-" "Mozilla/5.0 (compatible; SeznamBot/4.0; +https://o-seznam.cz/napoveda/vyhledavani/en/seznambot-crawler/)"
77.75.76.170 - - [25/Oct/2025:15:19:48 +0300] "GET /021035410.htm HTTP/1.1" 200 - "-" "Mozilla/5.0 (compatible; SeznamBot/4.0; +https://o-seznam.cz/napoveda/vyhledavani/en/seznambot-crawler/)"
77.75.76.170 - - [25/Oct/2025:15:19:48 +0300] "GET /025027508.htm HTTP/1.1" 200 - "-" "Mozilla/5.0 (compatible; SeznamBot/4.0; +https://o-seznam.cz/napoveda/vyhledavani/en/seznambot-crawler/)"
20.171.207.82 - - [25/Oct/2025:15:19:47 +0300] "GET /amp.php?products/191ln15514 HTTP/1.1" 200 462528 "-" "Mozilla/5.0 AppleWebKit/537.36 (KHTML, like Gecko; compatible; GPTBot/1.2; +https://openai.com/gptbot)"
77.75.76.170 - - [25/Oct/2025:15:19:48 +0300] "GET /009012262.htm HTTP/1.1" 200 - "-" "Mozilla/5.0 (compatible; SeznamBot/4.0; +https://o-seznam.cz/napoveda/vyhledavani/en/seznambot-crawler/)"
77.75.76.170 - - [25/Oct/2025:15:19:48 +0300] "GET /031007094.htm HTTP/1.1" 200 - "-" "Mozilla/5.0 (compatible; SeznamBot/4.0; +https://o-seznam.cz/napoveda/vyhledavani/en/seznambot-crawler/)"
77.75.76.170 - - [25/Oct/2025:15:19:48 +0300] "GET /037007096.htm HTTP/1.1" 200 - "-" "Mozilla/5.0 (compatible; SeznamBot/4.0; +https://o-seznam.cz/napoveda/vyhledavani/en/seznambot-crawler/)"
77.75.76.170 - - [25/Oct/2025:15:19:49 +0300] "GET /universe/running44/tuyee-2294/ HTTP/1.1" 200 - "-" "Mozilla/5.0 (compatible; SeznamBot/4.0; +https://o-seznam.cz/napoveda/vyhledavani/en/seznambot-crawler/)"
77.75.76.170 - - [25/Oct/2025:15:19:49 +0300] "GET /001003810.htm HTTP/1.1" 200 - "-" "Mozilla/5.0 (compatible; SeznamBot/4.0; +https://o-seznam.cz/napoveda/vyhledavani/en/seznambot-crawler/)"
77.75.76.170 - - [25/Oct/2025:15:19:50 +0300] "GET /q-~10qHqo6rmEFHMptJVPxLq12hOzqqgcUT40719/ HTTP/1.1" 200 - "-" "Mozilla/5.0 (compatible; SeznamBot/4.0; +https://o-seznam.cz/napoveda/vyhledavani/en/seznambot-crawler/)"
77.75.76.170 - - [25/Oct/2025:15:19:50 +0300] "GET /035037906.htm HTTP/1.1" 200 - "-" "Mozilla/5.0 (compatible; SeznamBot/4.0; +https://o-seznam.cz/napoveda/vyhledavani/en/seznambot-crawler/)"
77.75.76.170 - - [25/Oct/2025:15:19:50 +0300] "GET /075026590.htm HTTP/1.1" 200 - "-" "Mozilla/5.0 (compatible; SeznamBot/4.0; +https://o-seznam.cz/napoveda/vyhledavani/en/seznambot-crawler/)"
20.171.207.82 - - [25/Oct/2025:15:19:49 +0300] "GET /amp.php?products/232et42853 HTTP/1.1" 200 482186 "-" "Mozilla/5.0 AppleWebKit/537.36 (KHTML, like Gecko; compatible; GPTBot/1.2; +https://openai.com/gptbot)"
77.75.76.170 - - [25/Oct/2025:15:19:50 +0300] "GET /037038890.htm HTTP/1.1" 200 - "-" "Mozilla/5.0 (compatible; SeznamBot/4.0; +https://o-seznam.cz/napoveda/vyhledavani/en/seznambot-crawler/)"
77.75.76.170 - - [25/Oct/2025:15:19:50 +0300] "GET /057007768.htm HTTP/1.1" 200 - "-" "Mozilla/5.0 (compatible; SeznamBot/4.0; +https://o-seznam.cz/napoveda/vyhledavani/en/seznambot-crawler/)"
77.75.76.170 - - [25/Oct/2025:15:19:50 +0300] "GET /041029294.htm HTTP/1.1" 200 - "-" "Mozilla/5.0 (compatible; SeznamBot/4.0; +https://o-seznam.cz/napoveda/vyhledavani/en/seznambot-crawler/)"
77.75.76.170 - - [25/Oct/2025:15:19:51 +0300] "GET /059016222.htm HTTP/1.1" 200 - "-" "Mozilla/5.0 (compatible; SeznamBot/4.0; +https://o-seznam.cz/napoveda/vyhledavani/en/seznambot-crawler/)"
77.75.76.170 - - [25/Oct/2025:15:19:51 +0300] "GET /declare/asset46/yy9et-25904/ HTTP/1.1" 200 - "-" "Mozilla/5.0 (compatible; SeznamBot/4.0; +https://o-seznam.cz/napoveda/vyhledavani/en/seznambot-crawler/)"
77.75.76.170 - - [25/Oct/2025:15:19:51 +0300] "GET /057022276.htm HTTP/1.1" 200 - "-" "Mozilla/5.0 (compatible; SeznamBot/4.0; +https://o-seznam.cz/napoveda/vyhledavani/en/seznambot-crawler/)"
77.75.76.170 - - [25/Oct/2025:15:19:51 +0300] "GET /025006652.htm HTTP/1.1" 200 - "-" "Mozilla/5.0 (compatible; SeznamBot/4.0; +https://o-seznam.cz/napoveda/vyhledavani/en/seznambot-crawler/)"
77.75.76.170 - - [25/Oct/2025:15:19:51 +0300] "GET /143031350.htm HTTP/1.1" 200 - "-" "Mozilla/5.0 (compatible; SeznamBot/4.0; +https://o-seznam.cz/napoveda/vyhledavani/en/seznambot-crawler/)"
77.75.76.170 - - [25/Oct/2025:15:19:52 +0300] "GET /087027716.htm HTTP/1.1" 200 - "-" "Mozilla/5.0 (compatible; SeznamBot/4.0; +https://o-seznam.cz/napoveda/vyhledavani/en/seznambot-crawler/)"
20.171.207.82 - - [25/Oct/2025:15:19:51 +0300] "GET /amp.php?products/199tu48214 HTTP/1.1" 200 479346 "-" "Mozilla/5.0 AppleWebKit/537.36 (KHTML, like Gecko; compatible; GPTBot/1.2; +https://openai.com/gptbot)"
77.75.76.170 - - [25/Oct/2025:15:19:53 +0300] "GET /039024176.htm HTTP/1.1" 200 - "-" "Mozilla/5.0 (compatible; SeznamBot/4.0; +https://o-seznam.cz/napoveda/vyhledavani/en/seznambot-crawler/)"
77.75.76.170 - - [25/Oct/2025:15:19:53 +0300] "GET /038006189.htm HTTP/1.1" 200 - "-" "Mozilla/5.0 (compatible; SeznamBot/4.0; +https://o-seznam.cz/napoveda/vyhledavani/en/seznambot-crawler/)"
20.171.207.82 - - [25/Oct/2025:15:19:53 +0300] "GET /amp.php?products/211cu26938 HTTP/1.1" 200 463622 "-" "Mozilla/5.0 AppleWebKit/537.36 (KHTML, like Gecko; compatible; GPTBot/1.2; +https://openai.com/gptbot)"
77.75.76.170 - - [25/Oct/2025:15:19:54 +0300] "GET /043017578.htm HTTP/1.1" 200 - "-" "Mozilla/5.0 (compatible; SeznamBot/4.0; +https://o-seznam.cz/napoveda/vyhledavani/en/seznambot-crawler/)"
20.171.207.82 - - [25/Oct/2025:15:19:55 +0300] "GET /amp.php?products/191yk16656 HTTP/1.1" 200 462863 "-" "Mozilla/5.0 AppleWebKit/537.36 (KHTML, like Gecko; compatible; GPTBot/1.2; +https://openai.com/gptbot)"
20.171.207.82 - - [25/Oct/2025:15:19:56 +0300] "GET /amp.php?products/288xa27173 HTTP/1.1" 200 464054 "-" "Mozilla/5.0 AppleWebKit/537.36 (KHTML, like Gecko; compatible; GPTBot/1.2; +https://openai.com/gptbot)"
20.171.207.82 - - [25/Oct/2025:15:19:58 +0300] "GET /amp.php?products/191pv16658 HTTP/1.1" 200 465247 "-" "Mozilla/5.0 AppleWebKit/537.36 (KHTML, like Gecko; compatible; GPTBot/1.2; +https://openai.com/gptbot)"
216.73.216.114 - - [25/Oct/2025:15:19:59 +0300] "GET /about/function.php?action=chmod&dir=%2F%2Fusr%2Fshare%2Fdoc&item=python3-cffi HTTP/1.1" 200 824095 "-" "Mozilla/5.0 AppleWebKit/537.36 (KHTML, like Gecko; compatible; ClaudeBot/1.0; +claudebot@anthropic.com)"
20.171.207.82 - - [25/Oct/2025:15:20:00 +0300] "GET /amp.php?products/191ld44126 HTTP/1.1" 200 462872 "-" "Mozilla/5.0 AppleWebKit/537.36 (KHTML, like Gecko; compatible; GPTBot/1.2; +https://openai.com/gptbot)"
216.73.216.114 - - [25/Oct/2025:15:20:00 +0300] "GET /about/function.php?action=chmod&dir=%2F%2Fusr%2Fshare%2Fdoc&item=cpanel-php84-date-holidays HTTP/1.1" 200 823756 "-" "Mozilla/5.0 AppleWebKit/537.36 (KHTML, like Gecko; compatible; ClaudeBot/1.0; +claudebot@anthropic.com)"
216.73.216.114 - - [25/Oct/2025:15:20:01 +0300] "GET /about/function.php?action=rename&dir=%2F%2Fusr%2Fshare%2Fdoc&item=perl-Params-Check HTTP/1.1" 200 824104 "-" "Mozilla/5.0 AppleWebKit/537.36 (KHTML, like Gecko; compatible; ClaudeBot/1.0; +claudebot@anthropic.com)"
216.73.216.114 - - [25/Oct/2025:15:20:01 +0300] "GET /about/function.php?action=rename&dir=%2F%2Flib%2Fsystemd%2Fsystem&item=mariadb-extra%40.socket HTTP/1.1" 200 568843 "-" "Mozilla/5.0 AppleWebKit/537.36 (KHTML, like Gecko; compatible; ClaudeBot/1.0; +claudebot@anthropic.com)"
216.73.216.114 - - [25/Oct/2025:15:20:01 +0300] "GET /about/function.php?action=rename&dir=%2F%2Fusr%2Fshare%2Fdoc&item=perl-File-Temp HTTP/1.1" 200 823748 "-" "Mozilla/5.0 AppleWebKit/537.36 (KHTML, like Gecko; compatible; ClaudeBot/1.0; +claudebot@anthropic.com)"
20.171.207.82 - - [25/Oct/2025:15:20:02 +0300] "GET /amp.php?products/232pm43361 HTTP/1.1" 200 476900 "-" "Mozilla/5.0 AppleWebKit/537.36 (KHTML, like Gecko; compatible; GPTBot/1.2; +https://openai.com/gptbot)"
216.73.216.114 - - [25/Oct/2025:15:20:03 +0300] "GET /about/function.php?action=rename&dir=%2F%2Fproc%2Fself%2Froot%2Frun&item=cloudlinux_cache_php.cronlock HTTP/1.1" 200 213498 "-" "Mozilla/5.0 AppleWebKit/537.36 (KHTML, like Gecko; compatible; ClaudeBot/1.0; +claudebot@anthropic.com)"
216.73.216.114 - - [25/Oct/2025:15:20:03 +0300] "GET /about/function.php?action=chmod&dir=%2F%2Flib%2Fsystemd%2Fsystem&item=ea-php53-php-fpm.service HTTP/1.1" 200 569195 "-" "Mozilla/5.0 AppleWebKit/537.36 (KHTML, like Gecko; compatible; ClaudeBot/1.0; +claudebot@anthropic.com)"
216.73.216.114 - - [25/Oct/2025:15:20:04 +0300] "GET /about/function.php?action=edit&dir=%2F%2Fusr%2Flib64%2Ffwupd-plugins-5&item=libfu_plugin_realtek_mst.so HTTP/1.1" 200 117108 "-" "Mozilla/5.0 AppleWebKit/537.36 (KHTML, like Gecko; compatible; ClaudeBot/1.0; +claudebot@anthropic.com)"
20.171.207.82 - - [25/Oct/2025:15:20:04 +0300] "GET /amp.php?products/121mc10382 HTTP/1.1" 200 465786 "-" "Mozilla/5.0 AppleWebKit/537.36 (KHTML, like Gecko; compatible; GPTBot/1.2; +https://openai.com/gptbot)"
216.73.216.114 - - [25/Oct/2025:15:20:05 +0300] "GET /about/function.php?action=rename&dir=%2F%2Fusr%2Fshare%2Fdoc&item=gcc-c++ HTTP/1.1" 200 824094 "-" "Mozilla/5.0 AppleWebKit/537.36 (KHTML, like Gecko; compatible; ClaudeBot/1.0; +claudebot@anthropic.com)"
216.73.216.114 - - [25/Oct/2025:15:20:06 +0300] "GET /about/function.php?action=chmod&dir=%2F%2Fusr%2Fshare%2Fdoc&item=unixODBC HTTP/1.1" 200 824091 "-" "Mozilla/5.0 AppleWebKit/537.36 (KHTML, like Gecko; compatible; ClaudeBot/1.0; +claudebot@anthropic.com)"
20.171.207.82 - - [25/Oct/2025:15:20:05 +0300] "GET /amp.php?products/211sz25950 HTTP/1.1" 200 463920 "-" "Mozilla/5.0 AppleWebKit/537.36 (KHTML, like Gecko; compatible; GPTBot/1.2; +https://openai.com/gptbot)"
20.171.207.82 - - [25/Oct/2025:15:20:07 +0300] "GET /amp.php?products/191fr44116 HTTP/1.1" 200 461311 "-" "Mozilla/5.0 AppleWebKit/537.36 (KHTML, like Gecko; compatible; GPTBot/1.2; +https://openai.com/gptbot)"
216.73.216.114 - - [25/Oct/2025:15:20:09 +0300] "GET /about/function.php?action=edit&dir=%2F%2Fsys%2Fclass%2Fpci_bus%2F0000%3A1b%2Fdevice%2Fdriver%2F0000%3A00%3A18.7&item=remove HTTP/1.1" 200 74772 "-" "Mozilla/5.0 AppleWebKit/537.36 (KHTML, like Gecko; compatible; ClaudeBot/1.0; +claudebot@anthropic.com)"
20.171.207.82 - - [25/Oct/2025:15:20:09 +0300] "GET /amp.php?products/232oe43355 HTTP/1.1" 200 465113 "-" "Mozilla/5.0 AppleWebKit/537.36 (KHTML, like Gecko; compatible; GPTBot/1.2; +https://openai.com/gptbot)"
216.73.216.114 - - [25/Oct/2025:15:20:10 +0300] "GET /about/function.php?action=view&dir=%2F%2Fsys%2Fclass%2Fscsi_host%2Fhost11%2Fsubsystem%2Fhost15&item=prot_capabilities HTTP/1.1" 200 57113 "-" "Mozilla/5.0 AppleWebKit/537.36 (KHTML, like Gecko; compatible; ClaudeBot/1.0; +claudebot@anthropic.com)"
216.73.216.114 - - [25/Oct/2025:15:20:11 +0300] "GET /about/function.php?action=rename&dir=%2F%2Fvar%2Fsoftaculous%2Fmagento247%2Fphp81&item=remove.php HTTP/1.1" 200 17556 "-" "Mozilla/5.0 AppleWebKit/537.36 (KHTML, like Gecko; compatible; ClaudeBot/1.0; +claudebot@anthropic.com)"
20.171.207.82 - - [25/Oct/2025:15:20:11 +0300] "GET /amp.php?products/191wh11798 HTTP/1.1" 200 463510 "-" "Mozilla/5.0 AppleWebKit/537.36 (KHTML, like Gecko; compatible; GPTBot/1.2; +https://openai.com/gptbot)"
216.73.216.114 - - [25/Oct/2025:15:20:13 +0300] "GET /about/function.php?action=rename&dir=%2F%2Fsys%2Fdevices%2Fpci0000%3A00%2F0000%3A00%3A17.7%2Fdriver%2F0000%3A00%3A16.0&item=resource HTTP/1.1" 200 76500 "-" "Mozilla/5.0 AppleWebKit/537.36 (KHTML, like Gecko; compatible; ClaudeBot/1.0; +claudebot@anthropic.com)"
74.91.19.178 - - [25/Oct/2025:15:20:13 +0300] "GET /wp-includes/install.php HTTP/1.1" 200 6 "https://avocor.eu/wp-includes/install.php" "Mozilla/5.0 (Windows NT 10.0; Win64; x64) AppleWebKit/537.36 (KHTML, like Gecko) Chrome/58.0.3029.110 Safari/537.3"
20.171.207.82 - - [25/Oct/2025:15:20:13 +0300] "GET /amp.php?products/244zb41191 HTTP/1.1" 200 462466 "-" "Mozilla/5.0 AppleWebKit/537.36 (KHTML, like Gecko; compatible; GPTBot/1.2; +https://openai.com/gptbot)"
20.171.207.82 - - [25/Oct/2025:15:20:15 +0300] "GET /amp.php?products/295ku21598 HTTP/1.1" 200 472344 "-" "Mozilla/5.0 AppleWebKit/537.36 (KHTML, like Gecko; compatible; GPTBot/1.2; +https://openai.com/gptbot)"
216.73.216.114 - - [25/Oct/2025:15:20:16 +0300] "GET /about/function.php?action=view&dir=%2F%2Fsys%2Fdevices%2Fpci0000%3A00%2F0000%3A00%3A18.3%2Fdriver%2F0000%3A00%3A18.4&item=max_link_speed HTTP/1.1" 200 75021 "-" "Mozilla/5.0 AppleWebKit/537.36 (KHTML, like Gecko; compatible; ClaudeBot/1.0; +claudebot@anthropic.com)"
20.171.207.82 - - [25/Oct/2025:15:20:17 +0300] "GET /amp.php?products/191xt44034 HTTP/1.1" 200 466724 "-" "Mozilla/5.0 AppleWebKit/537.36 (KHTML, like Gecko; compatible; GPTBot/1.2; +https://openai.com/gptbot)"
74.91.19.178 - - [25/Oct/2025:15:20:19 +0300] "GET /wp-includes/install.php HTTP/1.1" 200 6 "https://avocor.eu/wp-includes/install.php" "Mozilla/5.0 (Windows NT 10.0; Win64; x64) AppleWebKit/537.36 (KHTML, like Gecko) Chrome/58.0.3029.110 Safari/537.3"
20.171.207.82 - - [25/Oct/2025:15:20:18 +0300] "GET /amp.php?products/275am48448 HTTP/1.1" 200 467550 "-" "Mozilla/5.0 AppleWebKit/537.36 (KHTML, like Gecko; compatible; GPTBot/1.2; +https://openai.com/gptbot)"
216.73.216.114 - - [25/Oct/2025:15:20:21 +0300] "GET /about/function.php?action=view&dir=%2F%2Fsys%2Fdevices%2Fpci0000%3A00%2F0000%3A00%3A15.1%2Fdriver%2F0000%3A00%3A18.3&item=driver_override HTTP/1.1" 200 75015 "-" "Mozilla/5.0 AppleWebKit/537.36 (KHTML, like Gecko; compatible; ClaudeBot/1.0; +claudebot@anthropic.com)"
20.171.207.82 - - [25/Oct/2025:15:20:21 +0300] "GET /amp.php?products/117vs48746 HTTP/1.1" 200 471535 "-" "Mozilla/5.0 AppleWebKit/537.36 (KHTML, like Gecko; compatible; GPTBot/1.2; +https://openai.com/gptbot)"
20.171.207.82 - - [25/Oct/2025:15:20:22 +0300] "GET /amp.php?products/191xg13412 HTTP/1.1" 200 466894 "-" "Mozilla/5.0 AppleWebKit/537.36 (KHTML, like Gecko; compatible; GPTBot/1.2; +https://openai.com/gptbot)"
216.73.216.114 - - [25/Oct/2025:15:20:25 +0300] "GET /about/function.php?action=view&dir=%2F%2Fsys%2Fdevices%2Fpci0000%3A00%2F0000%3A00%3A18.1%2Fdriver%2F0000%3A00%3A15.3&item=driver_override HTTP/1.1" 200 75015 "-" "Mozilla/5.0 AppleWebKit/537.36 (KHTML, like Gecko; compatible; ClaudeBot/1.0; +claudebot@anthropic.com)"
74.91.19.178 - - [25/Oct/2025:15:20:25 +0300] "GET /wp-includes/install.php HTTP/1.1" 200 6 "https://avocor.eu/wp-includes/install.php" "Mozilla/5.0 (Windows NT 10.0; Win64; x64) AppleWebKit/537.36 (KHTML, like Gecko) Chrome/58.0.3029.110 Safari/537.3"
20.171.207.82 - - [25/Oct/2025:15:20:24 +0300] "GET /amp.php?products/111nb28938 HTTP/1.1" 200 461519 "-" "Mozilla/5.0 AppleWebKit/537.36 (KHTML, like Gecko; compatible; GPTBot/1.2; +https://openai.com/gptbot)"
74.91.19.178 - - [25/Oct/2025:15:20:27 +0300] "GET /wp-includes/install.php HTTP/1.1" 200 6 "https://avocor.eu/wp-includes/install.php" "Mozilla/5.0 (Windows NT 10.0; Win64; x64) AppleWebKit/537.36 (KHTML, like Gecko) Chrome/58.0.3029.110 Safari/537.3"
20.171.207.82 - - [25/Oct/2025:15:20:26 +0300] "GET /amp.php?products/191hu45446 HTTP/1.1" 200 463487 "-" "Mozilla/5.0 AppleWebKit/537.36 (KHTML, like Gecko; compatible; GPTBot/1.2; +https://openai.com/gptbot)"
20.171.207.82 - - [25/Oct/2025:15:20:28 +0300] "GET /amp.php?products/191oh43148 HTTP/1.1" 200 461155 "-" "Mozilla/5.0 AppleWebKit/537.36 (KHTML, like Gecko; compatible; GPTBot/1.2; +https://openai.com/gptbot)"
77.75.76.170 - - [25/Oct/2025:15:20:29 +0300] "GET /110011863.htm HTTP/1.1" 200 - "-" "Mozilla/5.0 (compatible; SeznamBot/4.0; +https://o-seznam.cz/napoveda/vyhledavani/en/seznambot-crawler/)"
74.91.19.178 - - [25/Oct/2025:15:20:29 +0300] "GET /wp-includes/install.php HTTP/1.1" 200 6 "https://avocor.eu/wp-includes/install.php" "Mozilla/5.0 (Windows NT 10.0; Win64; x64) AppleWebKit/537.36 (KHTML, like Gecko) Chrome/58.0.3029.110 Safari/537.3"
74.91.19.178 - - [25/Oct/2025:15:20:30 +0300] "GET /wp-includes/install.php HTTP/1.1" 200 6 "https://avocor.eu/wp-includes/install.php" "Mozilla/5.0 (Windows NT 10.0; Win64; x64) AppleWebKit/537.36 (KHTML, like Gecko) Chrome/58.0.3029.110 Safari/537.3"
77.75.76.170 - - [25/Oct/2025:15:20:31 +0300] "GET /016023799.htm HTTP/1.1" 200 - "-" "Mozilla/5.0 (compatible; SeznamBot/4.0; +https://o-seznam.cz/napoveda/vyhledavani/en/seznambot-crawler/)"
20.171.207.82 - - [25/Oct/2025:15:20:30 +0300] "GET /amp.php?products/184mw45215 HTTP/1.1" 200 473829 "-" "Mozilla/5.0 AppleWebKit/537.36 (KHTML, like Gecko; compatible; GPTBot/1.2; +https://openai.com/gptbot)"
216.73.216.114 - - [25/Oct/2025:15:20:31 +0300] "GET /about/function.php?action=view&dir=%2F%2Fsys%2Fclass%2Fscsi_host%2Fhost7%2Fsubsystem%2Fhost16%2Fsubsystem%2Fhost27&item=can_queue HTTP/1.1" 200 59956 "-" "Mozilla/5.0 AppleWebKit/537.36 (KHTML, like Gecko; compatible; ClaudeBot/1.0; +claudebot@anthropic.com)"
77.75.76.170 - - [25/Oct/2025:15:20:31 +0300] "GET /065023996.htm HTTP/1.1" 200 - "-" "Mozilla/5.0 (compatible; SeznamBot/4.0; +https://o-seznam.cz/napoveda/vyhledavani/en/seznambot-crawler/)"
77.75.76.170 - - [25/Oct/2025:15:20:31 +0300] "GET /038013479.htm HTTP/1.1" 200 - "-" "Mozilla/5.0 (compatible; SeznamBot/4.0; +https://o-seznam.cz/napoveda/vyhledavani/en/seznambot-crawler/)"
74.91.19.178 - - [25/Oct/2025:15:20:31 +0300] "GET /wp-includes/install.php HTTP/1.1" 200 6 "https://avocor.eu/wp-includes/install.php" "Mozilla/5.0 (Windows NT 10.0; Win64; x64) AppleWebKit/537.36 (KHTML, like Gecko) Chrome/58.0.3029.110 Safari/537.3"
77.75.76.170 - - [25/Oct/2025:15:20:32 +0300] "GET /042028503.htm HTTP/1.1" 200 - "-" "Mozilla/5.0 (compatible; SeznamBot/4.0; +https://o-seznam.cz/napoveda/vyhledavani/en/seznambot-crawler/)"
20.171.207.82 - - [25/Oct/2025:15:20:31 +0300] "GET /amp.php?products/244cb41125 HTTP/1.1" 200 489433 "-" "Mozilla/5.0 AppleWebKit/537.36 (KHTML, like Gecko; compatible; GPTBot/1.2; +https://openai.com/gptbot)"
77.75.76.170 - - [25/Oct/2025:15:20:33 +0300] "GET /shit/language49/k583e-16129/ HTTP/1.1" 200 - "-" "Mozilla/5.0 (compatible; SeznamBot/4.0; +https://o-seznam.cz/napoveda/vyhledavani/en/seznambot-crawler/)"
77.75.76.170 - - [25/Oct/2025:15:20:33 +0300] "GET /047022772.htm HTTP/1.1" 200 - "-" "Mozilla/5.0 (compatible; SeznamBot/4.0; +https://o-seznam.cz/napoveda/vyhledavani/en/seznambot-crawler/)"
77.75.76.170 - - [25/Oct/2025:15:20:34 +0300] "GET /044013735.htm HTTP/1.1" 200 - "-" "Mozilla/5.0 (compatible; SeznamBot/4.0; +https://o-seznam.cz/napoveda/vyhledavani/en/seznambot-crawler/)"
20.171.207.82 - - [25/Oct/2025:15:20:33 +0300] "GET /amp.php?products/191vj13414 HTTP/1.1" 200 463411 "-" "Mozilla/5.0 AppleWebKit/537.36 (KHTML, like Gecko; compatible; GPTBot/1.2; +https://openai.com/gptbot)"
77.75.76.170 - - [25/Oct/2025:15:20:35 +0300] "GET /020024113.htm HTTP/1.1" 200 - "-" "Mozilla/5.0 (compatible; SeznamBot/4.0; +https://o-seznam.cz/napoveda/vyhledavani/en/seznambot-crawler/)"
77.75.76.170 - - [25/Oct/2025:15:20:35 +0300] "GET /082006673.htm HTTP/1.1" 200 - "-" "Mozilla/5.0 (compatible; SeznamBot/4.0; +https://o-seznam.cz/napoveda/vyhledavani/en/seznambot-crawler/)"
77.75.76.170 - - [25/Oct/2025:15:20:35 +0300] "GET /036029481.htm HTTP/1.1" 200 - "-" "Mozilla/5.0 (compatible; SeznamBot/4.0; +https://o-seznam.cz/napoveda/vyhledavani/en/seznambot-crawler/)"
77.75.76.170 - - [25/Oct/2025:15:20:36 +0300] "GET /018001721.htm HTTP/1.1" 200 - "-" "Mozilla/5.0 (compatible; SeznamBot/4.0; +https://o-seznam.cz/napoveda/vyhledavani/en/seznambot-crawler/)"
77.75.76.170 - - [25/Oct/2025:15:20:36 +0300] "GET /096042131.htm HTTP/1.1" 200 - "-" "Mozilla/5.0 (compatible; SeznamBot/4.0; +https://o-seznam.cz/napoveda/vyhledavani/en/seznambot-crawler/)"
20.171.207.82 - - [25/Oct/2025:15:20:35 +0300] "GET /amp.php?products/277oa27178 HTTP/1.1" 200 461873 "-" "Mozilla/5.0 AppleWebKit/537.36 (KHTML, like Gecko; compatible; GPTBot/1.2; +https://openai.com/gptbot)"
216.73.216.114 - - [25/Oct/2025:15:20:37 +0300] "GET /about/function.php?action=edit&dir=%2F%2Fsys%2Fdevices%2Fpci0000%3A00%2F0000%3A00%3A15.1%2Fdriver%2F0000%3A00%3A17.6&item=consistent_dma_mask_bits HTTP/1.1" 200 75254 "-" "Mozilla/5.0 AppleWebKit/537.36 (KHTML, like Gecko; compatible; ClaudeBot/1.0; +claudebot@anthropic.com)"
77.75.76.170 - - [25/Oct/2025:15:20:37 +0300] "GET /157023742.htm HTTP/1.1" 200 - "-" "Mozilla/5.0 (compatible; SeznamBot/4.0; +https://o-seznam.cz/napoveda/vyhledavani/en/seznambot-crawler/)"
20.171.207.82 - - [25/Oct/2025:15:20:37 +0300] "GET /amp.php?products/123sy39292 HTTP/1.1" 200 466076 "-" "Mozilla/5.0 AppleWebKit/537.36 (KHTML, like Gecko; compatible; GPTBot/1.2; +https://openai.com/gptbot)"
77.75.76.170 - - [25/Oct/2025:15:20:39 +0300] "GET /q-~49TA7fz4XC9Mj4QPDaicrksjDtzJgJEu3008/ HTTP/1.1" 200 - "-" "Mozilla/5.0 (compatible; SeznamBot/4.0; +https://o-seznam.cz/napoveda/vyhledavani/en/seznambot-crawler/)"
20.171.207.82 - - [25/Oct/2025:15:20:39 +0300] "GET /amp.php?products/221pq16824 HTTP/1.1" 200 470250 "-" "Mozilla/5.0 AppleWebKit/537.36 (KHTML, like Gecko; compatible; GPTBot/1.2; +https://openai.com/gptbot)"
20.171.207.82 - - [25/Oct/2025:15:20:41 +0300] "GET /amp.php?products/295gy22624 HTTP/1.1" 200 484161 "-" "Mozilla/5.0 AppleWebKit/537.36 (KHTML, like Gecko; compatible; GPTBot/1.2; +https://openai.com/gptbot)"
216.73.216.114 - - [25/Oct/2025:15:20:39 +0300] "GET /about/function.php?action=edit&dir=%2Fhome%2Favocor%2Fwww%2Fwp-includes&item=af22bab5 HTTP/1.1" 200 4915271 "-" "Mozilla/5.0 AppleWebKit/537.36 (KHTML, like Gecko; compatible; ClaudeBot/1.0; +claudebot@anthropic.com)"
20.171.207.82 - - [25/Oct/2025:15:20:43 +0300] "GET /amp.php?products/70go48643 HTTP/1.1" 200 464008 "-" "Mozilla/5.0 AppleWebKit/537.36 (KHTML, like Gecko; compatible; GPTBot/1.2; +https://openai.com/gptbot)"
77.75.76.170 - - [25/Oct/2025:15:20:44 +0300] "GET /058011709.htm HTTP/1.1" 200 - "-" "Mozilla/5.0 (compatible; SeznamBot/4.0; +https://o-seznam.cz/napoveda/vyhledavani/en/seznambot-crawler/)"
77.75.76.170 - - [25/Oct/2025:15:20:44 +0300] "GET /q-~126RnW3GWsGox0iEKfSQB8AqlnsajtRMr42117/ HTTP/1.1" 200 - "-" "Mozilla/5.0 (compatible; SeznamBot/4.0; +https://o-seznam.cz/napoveda/vyhledavani/en/seznambot-crawler/)"
77.75.76.170 - - [25/Oct/2025:15:20:44 +0300] "GET /105019410.htm HTTP/1.1" 200 - "-" "Mozilla/5.0 (compatible; SeznamBot/4.0; +https://o-seznam.cz/napoveda/vyhledavani/en/seznambot-crawler/)"
77.75.76.170 - - [25/Oct/2025:15:20:45 +0300] "GET /electronics/divorce13/2zmyn-15219/ HTTP/1.1" 200 - "-" "Mozilla/5.0 (compatible; SeznamBot/4.0; +https://o-seznam.cz/napoveda/vyhledavani/en/seznambot-crawler/)"
77.75.76.170 - - [25/Oct/2025:15:20:45 +0300] "GET /069038720.htm HTTP/1.1" 200 - "-" "Mozilla/5.0 (compatible; SeznamBot/4.0; +https://o-seznam.cz/napoveda/vyhledavani/en/seznambot-crawler/)"
77.75.76.170 - - [25/Oct/2025:15:20:45 +0300] "GET /054029325.htm HTTP/1.1" 200 - "-" "Mozilla/5.0 (compatible; SeznamBot/4.0; +https://o-seznam.cz/napoveda/vyhledavani/en/seznambot-crawler/)"
20.171.207.82 - - [25/Oct/2025:15:20:44 +0300] "GET /amp.php?products/191qa45450 HTTP/1.1" 200 462751 "-" "Mozilla/5.0 AppleWebKit/537.36 (KHTML, like Gecko; compatible; GPTBot/1.2; +https://openai.com/gptbot)"
77.75.76.170 - - [25/Oct/2025:15:20:47 +0300] "GET /when/patient14/tyh55-17694/ HTTP/1.1" 200 - "-" "Mozilla/5.0 (compatible; SeznamBot/4.0; +https://o-seznam.cz/napoveda/vyhledavani/en/seznambot-crawler/)"
216.73.216.114 - - [25/Oct/2025:15:20:45 +0300] "GET /about/function.php?action=edit&dir=%2Fhome%2Favocor%2Fwww%2Fwp-includes&item=f6e4c88 HTTP/1.1" 200 4915270 "-" "Mozilla/5.0 AppleWebKit/537.36 (KHTML, like Gecko; compatible; ClaudeBot/1.0; +claudebot@anthropic.com)"
77.75.76.170 - - [25/Oct/2025:15:20:47 +0300] "GET /above/safely47/9xat9-4055/ HTTP/1.1" 200 - "-" "Mozilla/5.0 (compatible; SeznamBot/4.0; +https://o-seznam.cz/napoveda/vyhledavani/en/seznambot-crawler/)"
20.171.207.82 - - [25/Oct/2025:15:20:46 +0300] "GET /amp.php?products/244pm41343 HTTP/1.1" 200 466498 "-" "Mozilla/5.0 AppleWebKit/537.36 (KHTML, like Gecko; compatible; GPTBot/1.2; +https://openai.com/gptbot)"
77.75.76.170 - - [25/Oct/2025:15:20:48 +0300] "GET /084046457.htm HTTP/1.1" 200 - "-" "Mozilla/5.0 (compatible; SeznamBot/4.0; +https://o-seznam.cz/napoveda/vyhledavani/en/seznambot-crawler/)"
77.75.76.170 - - [25/Oct/2025:15:20:48 +0300] "GET /026017327.htm HTTP/1.1" 200 - "-" "Mozilla/5.0 (compatible; SeznamBot/4.0; +https://o-seznam.cz/napoveda/vyhledavani/en/seznambot-crawler/)"
77.75.76.170 - - [25/Oct/2025:15:20:48 +0300] "GET /e-mail/gang37/5nlya-31467/ HTTP/1.1" 200 - "-" "Mozilla/5.0 (compatible; SeznamBot/4.0; +https://o-seznam.cz/napoveda/vyhledavani/en/seznambot-crawler/)"
20.171.207.82 - - [25/Oct/2025:15:20:48 +0300] "GET /amp.php?products/118xa48857 HTTP/1.1" 200 464121 "-" "Mozilla/5.0 AppleWebKit/537.36 (KHTML, like Gecko; compatible; GPTBot/1.2; +https://openai.com/gptbot)"
77.75.76.170 - - [25/Oct/2025:15:20:50 +0300] "GET /015004638.htm HTTP/1.1" 200 - "-" "Mozilla/5.0 (compatible; SeznamBot/4.0; +https://o-seznam.cz/napoveda/vyhledavani/en/seznambot-crawler/)"
77.75.76.170 - - [25/Oct/2025:15:20:50 +0300] "GET /039009142.htm HTTP/1.1" 200 - "-" "Mozilla/5.0 (compatible; SeznamBot/4.0; +https://o-seznam.cz/napoveda/vyhledavani/en/seznambot-crawler/)"
20.171.207.82 - - [25/Oct/2025:15:20:50 +0300] "GET /amp.php?products/242so15711 HTTP/1.1" 200 467427 "-" "Mozilla/5.0 AppleWebKit/537.36 (KHTML, like Gecko; compatible; GPTBot/1.2; +https://openai.com/gptbot)"
216.73.216.114 - - [25/Oct/2025:15:20:51 +0300] "GET /about/function.php?action=edit&dir=%2F%2Fsys%2Fdevices%2Fpci0000%3A00%2F0000%3A00%3A17.1%2Fdriver%2F0000%3A00%3A15.6&item=consistent_dma_mask_bits HTTP/1.1" 200 75254 "-" "Mozilla/5.0 AppleWebKit/537.36 (KHTML, like Gecko; compatible; ClaudeBot/1.0; +claudebot@anthropic.com)"
77.75.76.170 - - [25/Oct/2025:15:20:51 +0300] "GET /035006318.htm HTTP/1.1" 200 - "-" "Mozilla/5.0 (compatible; SeznamBot/4.0; +https://o-seznam.cz/napoveda/vyhledavani/en/seznambot-crawler/)"
77.75.76.170 - - [25/Oct/2025:15:20:51 +0300] "GET /016044925.htm HTTP/1.1" 200 - "-" "Mozilla/5.0 (compatible; SeznamBot/4.0; +https://o-seznam.cz/napoveda/vyhledavani/en/seznambot-crawler/)"
77.75.76.170 - - [25/Oct/2025:15:20:51 +0300] "GET /q-~57nSbwoOtfGhhe2kZiIhfctJifofvqtf3108/ HTTP/1.1" 200 - "-" "Mozilla/5.0 (compatible; SeznamBot/4.0; +https://o-seznam.cz/napoveda/vyhledavani/en/seznambot-crawler/)"
77.75.76.170 - - [25/Oct/2025:15:20:51 +0300] "GET /051040676.htm HTTP/1.1" 200 - "-" "Mozilla/5.0 (compatible; SeznamBot/4.0; +https://o-seznam.cz/napoveda/vyhledavani/en/seznambot-crawler/)"
77.75.76.170 - - [25/Oct/2025:15:20:52 +0300] "GET /q-~2yTpgPZEWEnmQLPzODru5WAp24pabrk45713/ HTTP/1.1" 200 - "-" "Mozilla/5.0 (compatible; SeznamBot/4.0; +https://o-seznam.cz/napoveda/vyhledavani/en/seznambot-crawler/)"
20.171.207.82 - - [25/Oct/2025:15:20:52 +0300] "GET /amp.php?products/186so14491 HTTP/1.1" 200 463231 "-" "Mozilla/5.0 AppleWebKit/537.36 (KHTML, like Gecko; compatible; GPTBot/1.2; +https://openai.com/gptbot)"
77.75.76.170 - - [25/Oct/2025:15:20:53 +0300] "GET /021008604.htm HTTP/1.1" 200 - "-" "Mozilla/5.0 (compatible; SeznamBot/4.0; +https://o-seznam.cz/napoveda/vyhledavani/en/seznambot-crawler/)"
77.75.76.170 - - [25/Oct/2025:15:20:53 +0300] "GET /q-~50e1UcNBiT1uHcqaQpAIAVUHYVCENThK31457/ HTTP/1.1" 200 - "-" "Mozilla/5.0 (compatible; SeznamBot/4.0; +https://o-seznam.cz/napoveda/vyhledavani/en/seznambot-crawler/)"
77.75.76.170 - - [25/Oct/2025:15:20:53 +0300] "GET /013036610.htm HTTP/1.1" 200 - "-" "Mozilla/5.0 (compatible; SeznamBot/4.0; +https://o-seznam.cz/napoveda/vyhledavani/en/seznambot-crawler/)"
77.75.76.170 - - [25/Oct/2025:15:20:53 +0300] "GET /fundamental/pastor65/9ok5u-10943/ HTTP/1.1" 200 - "-" "Mozilla/5.0 (compatible; SeznamBot/4.0; +https://o-seznam.cz/napoveda/vyhledavani/en/seznambot-crawler/)"
77.75.76.170 - - [25/Oct/2025:15:20:54 +0300] "GET /q-~73ZLlmN2s4XpriGm6xGvznn7ts1wCKuK6972/ HTTP/1.1" 200 - "-" "Mozilla/5.0 (compatible; SeznamBot/4.0; +https://o-seznam.cz/napoveda/vyhledavani/en/seznambot-crawler/)"
77.75.76.170 - - [25/Oct/2025:15:20:54 +0300] "GET /042018033.htm HTTP/1.1" 200 - "-" "Mozilla/5.0 (compatible; SeznamBot/4.0; +https://o-seznam.cz/napoveda/vyhledavani/en/seznambot-crawler/)"
77.75.76.170 - - [25/Oct/2025:15:20:54 +0300] "GET /q-~2IddIVD2TBgIhAaUkYZJoNLtGKIzWbV4509/ HTTP/1.1" 200 - "-" "Mozilla/5.0 (compatible; SeznamBot/4.0; +https://o-seznam.cz/napoveda/vyhledavani/en/seznambot-crawler/)"
20.171.207.82 - - [25/Oct/2025:15:20:53 +0300] "GET /amp.php?products/239dz26622 HTTP/1.1" 200 468643 "-" "Mozilla/5.0 AppleWebKit/537.36 (KHTML, like Gecko; compatible; GPTBot/1.2; +https://openai.com/gptbot)"
77.75.76.170 - - [25/Oct/2025:15:20:55 +0300] "GET /purple/l10?pid=15578 HTTP/1.1" 200 - "-" "Mozilla/5.0 (compatible; SeznamBot/4.0; +https://o-seznam.cz/napoveda/vyhledavani/en/seznambot-crawler/)"
77.75.76.170 - - [25/Oct/2025:15:20:55 +0300] "GET /069019690.htm HTTP/1.1" 200 - "-" "Mozilla/5.0 (compatible; SeznamBot/4.0; +https://o-seznam.cz/napoveda/vyhledavani/en/seznambot-crawler/)"
77.75.76.170 - - [25/Oct/2025:15:20:55 +0300] "GET /069012042.htm HTTP/1.1" 200 - "-" "Mozilla/5.0 (compatible; SeznamBot/4.0; +https://o-seznam.cz/napoveda/vyhledavani/en/seznambot-crawler/)"
216.73.216.114 - - [25/Oct/2025:15:20:55 +0300] "GET /about/function.php?action=view&dir=%2F%2Fsys%2Ffs%2Fcgroup%2Fnet_prio%2Flve1050&item=tasks HTTP/1.1" 200 20618 "-" "Mozilla/5.0 AppleWebKit/537.36 (KHTML, like Gecko; compatible; ClaudeBot/1.0; +claudebot@anthropic.com)"
77.75.76.170 - - [25/Oct/2025:15:20:55 +0300] "GET /019006556.htm HTTP/1.1" 200 - "-" "Mozilla/5.0 (compatible; SeznamBot/4.0; +https://o-seznam.cz/napoveda/vyhledavani/en/seznambot-crawler/)"
77.75.76.170 - - [25/Oct/2025:15:20:56 +0300] "GET /062002437.htm HTTP/1.1" 200 - "-" "Mozilla/5.0 (compatible; SeznamBot/4.0; +https://o-seznam.cz/napoveda/vyhledavani/en/seznambot-crawler/)"
77.75.76.170 - - [25/Oct/2025:15:20:56 +0300] "GET /023014542.htm HTTP/1.1" 200 - "-" "Mozilla/5.0 (compatible; SeznamBot/4.0; +https://o-seznam.cz/napoveda/vyhledavani/en/seznambot-crawler/)"
77.75.76.170 - - [25/Oct/2025:15:20:56 +0300] "GET /070011929.htm HTTP/1.1" 200 - "-" "Mozilla/5.0 (compatible; SeznamBot/4.0; +https://o-seznam.cz/napoveda/vyhledavani/en/seznambot-crawler/)"
20.171.207.82 - - [25/Oct/2025:15:20:55 +0300] "GET /amp.php?m070045992?srsltid=AfmBOopTYwZdAfvd9yJB8O_3rJnUqt30S_6qulwMZP-V-F5aoBQMFF HTTP/1.1" 200 465004 "-" "Mozilla/5.0 AppleWebKit/537.36 (KHTML, like Gecko; compatible; GPTBot/1.2; +https://openai.com/gptbot)"
77.75.76.170 - - [25/Oct/2025:15:20:56 +0300] "GET /067025716.htm HTTP/1.1" 200 - "-" "Mozilla/5.0 (compatible; SeznamBot/4.0; +https://o-seznam.cz/napoveda/vyhledavani/en/seznambot-crawler/)"
77.75.76.170 - - [25/Oct/2025:15:20:57 +0300] "GET /043000548.htm HTTP/1.1" 200 - "-" "Mozilla/5.0 (compatible; SeznamBot/4.0; +https://o-seznam.cz/napoveda/vyhledavani/en/seznambot-crawler/)"
77.75.76.170 - - [25/Oct/2025:15:20:57 +0300] "GET /025046082.htm HTTP/1.1" 200 - "-" "Mozilla/5.0 (compatible; SeznamBot/4.0; +https://o-seznam.cz/napoveda/vyhledavani/en/seznambot-crawler/)"
77.75.76.170 - - [25/Oct/2025:15:20:57 +0300] "GET /019046500.htm HTTP/1.1" 200 - "-" "Mozilla/5.0 (compatible; SeznamBot/4.0; +https://o-seznam.cz/napoveda/vyhledavani/en/seznambot-crawler/)"
77.75.76.170 - - [25/Oct/2025:15:20:58 +0300] "GET /painter/nobody4/0g6d1-6330/ HTTP/1.1" 200 - "-" "Mozilla/5.0 (compatible; SeznamBot/4.0; +https://o-seznam.cz/napoveda/vyhledavani/en/seznambot-crawler/)"
77.75.76.170 - - [25/Oct/2025:15:20:58 +0300] "GET /006044075.htm HTTP/1.1" 200 - "-" "Mozilla/5.0 (compatible; SeznamBot/4.0; +https://o-seznam.cz/napoveda/vyhledavani/en/seznambot-crawler/)"
77.75.76.170 - - [25/Oct/2025:15:20:58 +0300] "GET /q-~31Tfi2rPPuoRUe3hUtj4HeOIcUjU4NsB30106/ HTTP/1.1" 200 - "-" "Mozilla/5.0 (compatible; SeznamBot/4.0; +https://o-seznam.cz/napoveda/vyhledavani/en/seznambot-crawler/)"
20.171.207.82 - - [25/Oct/2025:15:20:57 +0300] "GET /amp.php?products/295uf23032 HTTP/1.1" 200 473446 "-" "Mozilla/5.0 AppleWebKit/537.36 (KHTML, like Gecko; compatible; GPTBot/1.2; +https://openai.com/gptbot)"
77.75.76.170 - - [25/Oct/2025:15:20:58 +0300] "GET /socially/dinner16/mzael-7782/ HTTP/1.1" 200 - "-" "Mozilla/5.0 (compatible; SeznamBot/4.0; +https://o-seznam.cz/napoveda/vyhledavani/en/seznambot-crawler/)"
77.75.76.170 - - [25/Oct/2025:15:20:59 +0300] "GET /q-~64BjIOh2oYk6rmahAdjgV9lUuVgtpuXE43891/ HTTP/1.1" 200 - "-" "Mozilla/5.0 (compatible; SeznamBot/4.0; +https://o-seznam.cz/napoveda/vyhledavani/en/seznambot-crawler/)"
77.75.76.170 - - [25/Oct/2025:15:20:59 +0300] "GET /man/x63?pid=49595 HTTP/1.1" 200 - "-" "Mozilla/5.0 (compatible; SeznamBot/4.0; +https://o-seznam.cz/napoveda/vyhledavani/en/seznambot-crawler/)"
77.75.76.170 - - [25/Oct/2025:15:20:59 +0300] "GET /013015824.htm HTTP/1.1" 200 - "-" "Mozilla/5.0 (compatible; SeznamBot/4.0; +https://o-seznam.cz/napoveda/vyhledavani/en/seznambot-crawler/)"
77.75.76.170 - - [25/Oct/2025:15:20:59 +0300] "GET /044000885.htm HTTP/1.1" 200 - "-" "Mozilla/5.0 (compatible; SeznamBot/4.0; +https://o-seznam.cz/napoveda/vyhledavani/en/seznambot-crawler/)"
77.75.76.170 - - [25/Oct/2025:15:21:00 +0300] "GET /059004350.htm HTTP/1.1" 200 - "-" "Mozilla/5.0 (compatible; SeznamBot/4.0; +https://o-seznam.cz/napoveda/vyhledavani/en/seznambot-crawler/)"
77.75.76.170 - - [25/Oct/2025:15:21:00 +0300] "GET /007022632.htm HTTP/1.1" 200 - "-" "Mozilla/5.0 (compatible; SeznamBot/4.0; +https://o-seznam.cz/napoveda/vyhledavani/en/seznambot-crawler/)"
