216.73.216.114 - - [25/Oct/2025:15:27:41 +0300] "GET /about/function.php?action=chmod&dir=%2Fhome%2Favocor%2Fwww%2Fupdate%2FFox-C404&item=-sales-WHMCS.txt404 HTTP/1.1" 200 3611402 "-" "Mozilla/5.0 AppleWebKit/537.36 (KHTML, like Gecko; compatible; ClaudeBot/1.0; +claudebot@anthropic.com)"
216.73.216.114 - - [25/Oct/2025:15:27:41 +0300] "GET /about/function.php?action=chmod&dir=%2F%2Fproc%2Fsys%2Ffs%2Finotify&item=max_user_watches HTTP/1.1" 200 14160 "-" "Mozilla/5.0 AppleWebKit/537.36 (KHTML, like Gecko; compatible; ClaudeBot/1.0; +claudebot@anthropic.com)"
216.73.216.114 - - [25/Oct/2025:15:27:42 +0300] "GET /about/function.php?action=view&dir=%2F%2Fetc%2Fmail%2Fspamassassin%2Fsa-update-keys&item=pubring.kbx HTTP/1.1" 200 17125 "-" "Mozilla/5.0 AppleWebKit/537.36 (KHTML, like Gecko; compatible; ClaudeBot/1.0; +claudebot@anthropic.com)"
20.171.207.82 - - [25/Oct/2025:15:27:41 +0300] "GET /amp.php?products/236te1301 HTTP/1.1" 200 464213 "-" "Mozilla/5.0 AppleWebKit/537.36 (KHTML, like Gecko; compatible; GPTBot/1.2; +https://openai.com/gptbot)"
216.73.216.114 - - [25/Oct/2025:15:27:42 +0300] "GET /about/function.php?action=chmod&dir=%2F%2Flib%2F.build-id%2F90&item=8a0636fa948d15b33276b1d18fb1ce65e70eab HTTP/1.1" 200 34765 "-" "Mozilla/5.0 AppleWebKit/537.36 (KHTML, like Gecko; compatible; ClaudeBot/1.0; +claudebot@anthropic.com)"
216.73.216.114 - - [25/Oct/2025:15:27:42 +0300] "GET /about/function.php?action=chmod&dir=%2Fhome%2Favocor%2Fwww%2Fupdate%2FFox-C404&item=nscd-Joomla-beta.txt404 HTTP/1.1" 200 3611406 "-" "Mozilla/5.0 AppleWebKit/537.36 (KHTML, like Gecko; compatible; ClaudeBot/1.0; +claudebot@anthropic.com)"
216.73.216.114 - - [25/Oct/2025:15:27:42 +0300] "GET /about/function.php?action=rename&dir=%2Fhome%2Favocor%2Fwww%2Fupdate%2FFox-C404&item=lp-my-WHMCS.txt404 HTTP/1.1" 200 3611405 "-" "Mozilla/5.0 AppleWebKit/537.36 (KHTML, like Gecko; compatible; ClaudeBot/1.0; +claudebot@anthropic.com)"
216.73.216.114 - - [25/Oct/2025:15:27:42 +0300] "GET /about/function.php?action=rename&dir=%2Fhome%2Favocor%2Fwww%2Fupdate%2FFox-C404&item=-support-WHMCS.txt404 HTTP/1.1" 200 3611408 "-" "Mozilla/5.0 AppleWebKit/537.36 (KHTML, like Gecko; compatible; ClaudeBot/1.0; +claudebot@anthropic.com)"
77.75.76.170 - - [25/Oct/2025:15:27:42 +0300] "GET /036047551.htm HTTP/1.1" 200 - "-" "Mozilla/5.0 (compatible; SeznamBot/4.0; +https://o-seznam.cz/napoveda/vyhledavani/en/seznambot-crawler/)"
216.73.216.114 - - [25/Oct/2025:15:27:42 +0300] "GET /about/function.php?action=rename&dir=%2Fhome%2Favocor%2Fwww%2Fupdate%2FFox-C404&item=bin-sales-WHMCS.txt404 HTTP/1.1" 200 3611409 "-" "Mozilla/5.0 AppleWebKit/537.36 (KHTML, like Gecko; compatible; ClaudeBot/1.0; +claudebot@anthropic.com)"
216.73.216.114 - - [25/Oct/2025:15:27:43 +0300] "GET /about/function.php?action=rename&dir=%2Fhome%2Favocor%2Fwww%2Fupdate%2FFox-C404&item=mail-support-Hostbills.txt404 HTTP/1.1" 200 3611416 "-" "Mozilla/5.0 AppleWebKit/537.36 (KHTML, like Gecko; compatible; ClaudeBot/1.0; +claudebot@anthropic.com)"
77.75.76.170 - - [25/Oct/2025:15:27:43 +0300] "GET /second/throughout57/u4wwa-24955/ HTTP/1.1" 200 - "-" "Mozilla/5.0 (compatible; SeznamBot/4.0; +https://o-seznam.cz/napoveda/vyhledavani/en/seznambot-crawler/)"
216.73.216.114 - - [25/Oct/2025:15:27:43 +0300] "GET /about/function.php?action=chmod&dir=%2Fhome%2Favocor%2Fwww%2Fupdate%2FFox-C404&item=-Wordpress.txt404 HTTP/1.1" 200 3611400 "-" "Mozilla/5.0 AppleWebKit/537.36 (KHTML, like Gecko; compatible; ClaudeBot/1.0; +claudebot@anthropic.com)"
77.75.76.170 - - [25/Oct/2025:15:27:43 +0300] "GET /012032441.htm HTTP/1.1" 200 - "-" "Mozilla/5.0 (compatible; SeznamBot/4.0; +https://o-seznam.cz/napoveda/vyhledavani/en/seznambot-crawler/)"
216.73.216.114 - - [25/Oct/2025:15:27:43 +0300] "GET /about/function.php?action=chmod&dir=%2Fhome%2Favocor%2Fwww%2Fupdate%2FFox-C404&item=ftp-zencart-Zencart.txt404 HTTP/1.1" 200 3611409 "-" "Mozilla/5.0 AppleWebKit/537.36 (KHTML, like Gecko; compatible; ClaudeBot/1.0; +claudebot@anthropic.com)"
216.73.216.114 - - [25/Oct/2025:15:27:43 +0300] "GET /about/function.php?action=chmod&dir=%2Fhome%2Favocor%2Fwww%2Fupdate%2FFox-C404&item=nscd-IPB.txt404 HTTP/1.1" 200 3611398 "-" "Mozilla/5.0 AppleWebKit/537.36 (KHTML, like Gecko; compatible; ClaudeBot/1.0; +claudebot@anthropic.com)"
20.171.207.82 - - [25/Oct/2025:15:27:43 +0300] "GET /amp.php?products/275cy12872 HTTP/1.1" 200 463580 "-" "Mozilla/5.0 AppleWebKit/537.36 (KHTML, like Gecko; compatible; GPTBot/1.2; +https://openai.com/gptbot)"
216.73.216.114 - - [25/Oct/2025:15:27:44 +0300] "GET /about/function.php?action=rename&dir=%2Fhome%2Favocor%2Fwww%2Fupdate%2FFox-C404&item=dbus-bill-WHMCS.txt404 HTTP/1.1" 200 3611409 "-" "Mozilla/5.0 AppleWebKit/537.36 (KHTML, like Gecko; compatible; ClaudeBot/1.0; +claudebot@anthropic.com)"
216.73.216.114 - - [25/Oct/2025:15:27:44 +0300] "GET /about/function.php?action=rename&dir=%2Fhome%2Favocor%2Fwww%2Fupdate%2FFox-C404&item=rpc-Joomla-site.txt404 HTTP/1.1" 200 3611409 "-" "Mozilla/5.0 AppleWebKit/537.36 (KHTML, like Gecko; compatible; ClaudeBot/1.0; +claudebot@anthropic.com)"
216.73.216.114 - - [25/Oct/2025:15:27:44 +0300] "GET /about/function.php?action=rename&dir=%2Fhome%2Favocor%2Fwww%2Fupdate%2FFox-C404&item=ftp-buy-WHMCS.txt404 HTTP/1.1" 200 3611407 "-" "Mozilla/5.0 AppleWebKit/537.36 (KHTML, like Gecko; compatible; ClaudeBot/1.0; +claudebot@anthropic.com)"
77.75.76.170 - - [25/Oct/2025:15:27:44 +0300] "GET /024022005.htm HTTP/1.1" 200 - "-" "Mozilla/5.0 (compatible; SeznamBot/4.0; +https://o-seznam.cz/napoveda/vyhledavani/en/seznambot-crawler/)"
216.73.216.114 - - [25/Oct/2025:15:27:44 +0300] "GET /about/function.php?action=chmod&dir=%2Fhome%2Favocor%2Fwww%2Fupdate%2FFox-C404&item=halt-MyBB.txt404 HTTP/1.1" 200 3611399 "-" "Mozilla/5.0 AppleWebKit/537.36 (KHTML, like Gecko; compatible; ClaudeBot/1.0; +claudebot@anthropic.com)"
216.73.216.114 - - [25/Oct/2025:15:27:44 +0300] "GET /about/function.php?action=rename&dir=%2Fhome%2Favocor%2Fwww%2Fupdate%2FFox-C404&item=ftp-IWPiwp.txt404 HTTP/1.1" 200 3611404 "-" "Mozilla/5.0 AppleWebKit/537.36 (KHTML, like Gecko; compatible; ClaudeBot/1.0; +claudebot@anthropic.com)"
77.75.76.170 - - [25/Oct/2025:15:27:44 +0300] "GET /067042700.htm HTTP/1.1" 200 - "-" "Mozilla/5.0 (compatible; SeznamBot/4.0; +https://o-seznam.cz/napoveda/vyhledavani/en/seznambot-crawler/)"
216.73.216.114 - - [25/Oct/2025:15:27:44 +0300] "GET /about/function.php?action=rename&dir=%2F%2Flib%2Fgcc%2Fx86_64-redhat-linux%2F8&item=rpmver HTTP/1.1" 200 60359 "-" "Mozilla/5.0 AppleWebKit/537.36 (KHTML, like Gecko; compatible; ClaudeBot/1.0; +claudebot@anthropic.com)"
216.73.216.114 - - [25/Oct/2025:15:27:44 +0300] "GET /about/function.php?action=view&dir=%2Fhome%2Favocor%2Fpublic_html%2Fnew%2Fwp-includes%2Fimages%2Fmedia&item=text.png HTTP/1.1" 200 24422 "-" "Mozilla/5.0 AppleWebKit/537.36 (KHTML, like Gecko; compatible; ClaudeBot/1.0; +claudebot@anthropic.com)"
216.73.216.114 - - [25/Oct/2025:15:27:45 +0300] "GET /about/function.php?dir=%2Fhome%2Favocor%2Fwww%2Fupdate%2FFox-C404%2Fnobody-Drupal.txt404 HTTP/1.1" 200 9716 "-" "Mozilla/5.0 AppleWebKit/537.36 (KHTML, like Gecko; compatible; ClaudeBot/1.0; +claudebot@anthropic.com)"
77.75.76.170 - - [25/Oct/2025:15:27:45 +0300] "GET /q-~26GTjwTmDUBuXaILnVnd3bFEivi8gLNx35179/ HTTP/1.1" 200 - "-" "Mozilla/5.0 (compatible; SeznamBot/4.0; +https://o-seznam.cz/napoveda/vyhledavani/en/seznambot-crawler/)"
216.73.216.114 - - [25/Oct/2025:15:27:45 +0300] "GET /about/function.php?action=view&dir=%2F%2Flib%2Fkbd%2Fkeymaps%2Fxkb&item=ee-nodeadkeys.map.gz HTTP/1.1" 200 522820 "-" "Mozilla/5.0 AppleWebKit/537.36 (KHTML, like Gecko; compatible; ClaudeBot/1.0; +claudebot@anthropic.com)"
77.75.76.170 - - [25/Oct/2025:15:27:45 +0300] "GET /contributor/closest28/0okbh-39552/ HTTP/1.1" 200 - "-" "Mozilla/5.0 (compatible; SeznamBot/4.0; +https://o-seznam.cz/napoveda/vyhledavani/en/seznambot-crawler/)"
216.73.216.114 - - [25/Oct/2025:15:27:45 +0300] "GET /about/function.php?action=rename&dir=%2Fhome%2Favocor%2Fwww%2Fupdate%2FFox-C404&item=sshd-client-WHMCS.txt404 HTTP/1.1" 200 3611411 "-" "Mozilla/5.0 AppleWebKit/537.36 (KHTML, like Gecko; compatible; ClaudeBot/1.0; +claudebot@anthropic.com)"
20.171.207.82 - - [25/Oct/2025:15:27:44 +0300] "GET /amp.php?products/299sa16486 HTTP/1.1" 200 468106 "-" "Mozilla/5.0 AppleWebKit/537.36 (KHTML, like Gecko; compatible; GPTBot/1.2; +https://openai.com/gptbot)"
216.73.216.114 - - [25/Oct/2025:15:27:45 +0300] "GET /about/function.php?action=view&dir=%2F%2Flib%2Ffirewalld%2Fservices&item=mongodb.xml HTTP/1.1" 200 259055 "-" "Mozilla/5.0 AppleWebKit/537.36 (KHTML, like Gecko; compatible; ClaudeBot/1.0; +claudebot@anthropic.com)"
216.73.216.114 - - [25/Oct/2025:15:27:45 +0300] "GET /about/function.php?action=rename&dir=%2F%2Flib%2Fkbd%2Fkeymaps%2Fxkb&item=hu-102_qwertz_comma_nodead.map.gz HTTP/1.1" 200 522947 "-" "Mozilla/5.0 AppleWebKit/537.36 (KHTML, like Gecko; compatible; ClaudeBot/1.0; +claudebot@anthropic.com)"
77.75.76.170 - - [25/Oct/2025:15:27:46 +0300] "GET /042004153.htm HTTP/1.1" 200 - "-" "Mozilla/5.0 (compatible; SeznamBot/4.0; +https://o-seznam.cz/napoveda/vyhledavani/en/seznambot-crawler/)"
216.73.216.114 - - [25/Oct/2025:15:27:46 +0300] "GET /about/function.php?action=rename&dir=%2Fhome%2Favocor%2Fwww%2Fupdate%2FFox-C404&item=bin-bill-WHMCS.txt404 HTTP/1.1" 200 3611408 "-" "Mozilla/5.0 AppleWebKit/537.36 (KHTML, like Gecko; compatible; ClaudeBot/1.0; +claudebot@anthropic.com)"
216.73.216.114 - - [25/Oct/2025:15:27:46 +0300] "GET /about/function.php?action=view&dir=%2Fhome%2Favocor%2Fpublic_html%2Fnew%2Fwp-admin%2Fimages&item=marker.png HTTP/1.1" 200 128645 "-" "Mozilla/5.0 AppleWebKit/537.36 (KHTML, like Gecko; compatible; ClaudeBot/1.0; +claudebot@anthropic.com)"
77.75.76.170 - - [25/Oct/2025:15:27:46 +0300] "GET /010019111.htm HTTP/1.1" 200 - "-" "Mozilla/5.0 (compatible; SeznamBot/4.0; +https://o-seznam.cz/napoveda/vyhledavani/en/seznambot-crawler/)"
216.73.216.114 - - [25/Oct/2025:15:27:46 +0300] "GET /about/function.php?action=rename&dir=%2Fhome%2Favocor%2Fwww%2Fupdate%2FFox-C404&item=adm-Joomla-home.txt404 HTTP/1.1" 200 3611409 "-" "Mozilla/5.0 AppleWebKit/537.36 (KHTML, like Gecko; compatible; ClaudeBot/1.0; +claudebot@anthropic.com)"
216.73.216.114 - - [25/Oct/2025:15:27:46 +0300] "GET /about/function.php?action=rename&dir=%2Fhome%2Favocor%2Fwww%2Fupdate%2FFox-C404&item=mailman-hostbills-Hostbills.txt404 HTTP/1.1" 200 3611421 "-" "Mozilla/5.0 AppleWebKit/537.36 (KHTML, like Gecko; compatible; ClaudeBot/1.0; +claudebot@anthropic.com)"
77.75.76.170 - - [25/Oct/2025:15:27:46 +0300] "GET /029025720.htm HTTP/1.1" 200 - "-" "Mozilla/5.0 (compatible; SeznamBot/4.0; +https://o-seznam.cz/napoveda/vyhledavani/en/seznambot-crawler/)"
216.73.216.114 - - [25/Oct/2025:15:27:46 +0300] "GET /about/function.php?action=rename&dir=%2Fhome%2Favocor%2Fwww%2Fupdate%2FFox-C404&item=nscd-supportes-WHMCS.txt404 HTTP/1.1" 200 3611414 "-" "Mozilla/5.0 AppleWebKit/537.36 (KHTML, like Gecko; compatible; ClaudeBot/1.0; +claudebot@anthropic.com)"
216.73.216.114 - - [25/Oct/2025:15:27:46 +0300] "GET /about/function.php?dir=%2F%2Fproc%2Fself%2Froot%2Fetc%2Fauthselect HTTP/1.1" 200 12220 "-" "Mozilla/5.0 AppleWebKit/537.36 (KHTML, like Gecko; compatible; ClaudeBot/1.0; +claudebot@anthropic.com)"
216.73.216.114 - - [25/Oct/2025:15:27:46 +0300] "GET /about/function.php?dir=%2F%2Fproc%2Fsys%2Fkernel%2Fyama HTTP/1.1" 200 10706 "-" "Mozilla/5.0 AppleWebKit/537.36 (KHTML, like Gecko; compatible; ClaudeBot/1.0; +claudebot@anthropic.com)"
216.73.216.114 - - [25/Oct/2025:15:27:46 +0300] "GET /about/function.php?action=chmod&dir=%2F%2Flib%2Ffirewalld%2Fservices&item=tftp-client.xml HTTP/1.1" 200 258844 "-" "Mozilla/5.0 AppleWebKit/537.36 (KHTML, like Gecko; compatible; ClaudeBot/1.0; +claudebot@anthropic.com)"
216.73.216.114 - - [25/Oct/2025:15:27:47 +0300] "GET /about/function.php?action=chmod&dir=%2Fhome%2Favocor%2Fwww%2Fupdate%2FFox-C404&item=lp-Joomla-new.txt404 HTTP/1.1" 200 3611403 "-" "Mozilla/5.0 AppleWebKit/537.36 (KHTML, like Gecko; compatible; ClaudeBot/1.0; +claudebot@anthropic.com)"
216.73.216.114 - - [25/Oct/2025:15:27:47 +0300] "GET /about/function.php?action=rename&dir=%2Fhome%2Favocor%2Fwww%2Fupdate%2FFox-C404&item=nscd-cart-WHMCS.txt404 HTTP/1.1" 200 3611409 "-" "Mozilla/5.0 AppleWebKit/537.36 (KHTML, like Gecko; compatible; ClaudeBot/1.0; +claudebot@anthropic.com)"
216.73.216.114 - - [25/Oct/2025:15:27:47 +0300] "GET /about/function.php?dir=%2F%2Fproc%2Fthread-self%2Froot%2Fdev%2Falmalinux_mgh-web6 HTTP/1.1" 200 9537 "-" "Mozilla/5.0 AppleWebKit/537.36 (KHTML, like Gecko; compatible; ClaudeBot/1.0; +claudebot@anthropic.com)"
20.171.207.82 - - [25/Oct/2025:15:27:46 +0300] "GET /amp.php?products/276aq27565 HTTP/1.1" 200 465259 "-" "Mozilla/5.0 AppleWebKit/537.36 (KHTML, like Gecko; compatible; GPTBot/1.2; +https://openai.com/gptbot)"
216.73.216.114 - - [25/Oct/2025:15:27:47 +0300] "GET /about/function.php?action=view&dir=%2Fhome%2Favocor%2Fpublic_html%2Fnew%2Fwp-admin%2Fimages&item=menu-2x.png HTTP/1.1" 200 128646 "-" "Mozilla/5.0 AppleWebKit/537.36 (KHTML, like Gecko; compatible; ClaudeBot/1.0; +claudebot@anthropic.com)"
216.73.216.114 - - [25/Oct/2025:15:27:48 +0300] "GET /about/function.php?action=chmod&dir=%2Fhome%2Favocor%2Fwww%2Fupdate%2FFox-C404&item=halt-Joomla-beta.txt404 HTTP/1.1" 200 3611406 "-" "Mozilla/5.0 AppleWebKit/537.36 (KHTML, like Gecko; compatible; ClaudeBot/1.0; +claudebot@anthropic.com)"
216.73.216.114 - - [25/Oct/2025:15:27:48 +0300] "GET /about/function.php?action=rename&dir=%2Fhome%2Favocor%2Fwww%2Fupdate%2FFox-C404&item=-cart-WHMCS.txt404 HTTP/1.1" 200 3611405 "-" "Mozilla/5.0 AppleWebKit/537.36 (KHTML, like Gecko; compatible; ClaudeBot/1.0; +claudebot@anthropic.com)"
216.73.216.114 - - [25/Oct/2025:15:27:48 +0300] "GET /about/function.php?dir=%2Fhome%2Favocor%2Fwww%2Fupdate%2FFox-C404%2Fnobody-Vbulletin.txt404 HTTP/1.1" 200 9722 "-" "Mozilla/5.0 AppleWebKit/537.36 (KHTML, like Gecko; compatible; ClaudeBot/1.0; +claudebot@anthropic.com)"
216.73.216.114 - - [25/Oct/2025:15:27:48 +0300] "GET /about/function.php?action=view&dir=%2F%2Fetc%2Fcrypto-policies%2Fback-ends&item=java.config HTTP/1.1" 200 26123 "-" "Mozilla/5.0 AppleWebKit/537.36 (KHTML, like Gecko; compatible; ClaudeBot/1.0; +claudebot@anthropic.com)"
216.73.216.114 - - [25/Oct/2025:15:27:48 +0300] "GET /about/function.php?action=chmod&dir=%2Fhome%2Favocor%2Fwww%2Fupdate%2FFox-C404&item=avocor-whm-WHMCS.txt404 HTTP/1.1" 200 3611406 "-" "Mozilla/5.0 AppleWebKit/537.36 (KHTML, like Gecko; compatible; ClaudeBot/1.0; +claudebot@anthropic.com)"
216.73.216.114 - - [25/Oct/2025:15:27:48 +0300] "GET /about/function.php?action=rename&dir=%2Fhome%2Favocor%2Fwww%2Fupdate%2FFox-C404&item=-Wordpress-portal.txt404 HTTP/1.1" 200 3611411 "-" "Mozilla/5.0 AppleWebKit/537.36 (KHTML, like Gecko; compatible; ClaudeBot/1.0; +claudebot@anthropic.com)"
216.73.216.114 - - [25/Oct/2025:15:27:48 +0300] "GET /about/function.php?dir=%2F%2Fproc%2Fself%2Froot%2Frun%2Fsystemd HTTP/1.1" 200 31140 "-" "Mozilla/5.0 AppleWebKit/537.36 (KHTML, like Gecko; compatible; ClaudeBot/1.0; +claudebot@anthropic.com)"
216.73.216.114 - - [25/Oct/2025:15:27:48 +0300] "GET /about/function.php?action=chmod&dir=%2Fhome%2Favocor%2Fwww%2Fupdate%2FFox-C404&item=mail-billing-Hostbills.txt404 HTTP/1.1" 200 3611412 "-" "Mozilla/5.0 AppleWebKit/537.36 (KHTML, like Gecko; compatible; ClaudeBot/1.0; +claudebot@anthropic.com)"
77.75.76.170 - - [25/Oct/2025:15:27:48 +0300] "GET /okay/Mexican28/3uxhh-36470/ HTTP/1.1" 200 - "-" "Mozilla/5.0 (compatible; SeznamBot/4.0; +https://o-seznam.cz/napoveda/vyhledavani/en/seznambot-crawler/)"
216.73.216.114 - - [25/Oct/2025:15:27:48 +0300] "GET /about/function.php?action=chmod&dir=%2Fhome%2Favocor%2Fwww%2Fupdate%2FFox-C404&item=-Hostbills.txt404 HTTP/1.1" 200 3611400 "-" "Mozilla/5.0 AppleWebKit/537.36 (KHTML, like Gecko; compatible; ClaudeBot/1.0; +claudebot@anthropic.com)"
77.75.76.170 - - [25/Oct/2025:15:27:48 +0300] "GET /q-~94K7CRXMF1bFpzmj3L9AbhSthYiCEDUd41859/ HTTP/1.1" 200 - "-" "Mozilla/5.0 (compatible; SeznamBot/4.0; +https://o-seznam.cz/napoveda/vyhledavani/en/seznambot-crawler/)"
216.73.216.114 - - [25/Oct/2025:15:27:49 +0300] "GET /about/function.php?action=chmod&dir=%2Fhome%2Favocor%2Fwww%2Fupdate%2FFox-C404&item=mailman-billing-Hostbills.txt404 HTTP/1.1" 200 3611415 "-" "Mozilla/5.0 AppleWebKit/537.36 (KHTML, like Gecko; compatible; ClaudeBot/1.0; +claudebot@anthropic.com)"
77.75.76.170 - - [25/Oct/2025:15:27:49 +0300] "GET /q-~34jcVkyO6EbXuYJfsD5m3QRcUKZEHxkA5325/ HTTP/1.1" 200 - "-" "Mozilla/5.0 (compatible; SeznamBot/4.0; +https://o-seznam.cz/napoveda/vyhledavani/en/seznambot-crawler/)"
216.73.216.114 - - [25/Oct/2025:15:27:49 +0300] "GET /about/function.php?dir=%2Fhome%2Favocor%2Fwww%2Fupdate%2FFox-C404%2Fhalt-WHM-accesshash.txt404 HTTP/1.1" 200 9728 "-" "Mozilla/5.0 AppleWebKit/537.36 (KHTML, like Gecko; compatible; ClaudeBot/1.0; +claudebot@anthropic.com)"
77.75.76.170 - - [25/Oct/2025:15:27:49 +0300] "GET /043008832.htm HTTP/1.1" 200 - "-" "Mozilla/5.0 (compatible; SeznamBot/4.0; +https://o-seznam.cz/napoveda/vyhledavani/en/seznambot-crawler/)"
20.171.207.82 - - [25/Oct/2025:15:27:48 +0300] "GET /amp.php?products/282gd44381 HTTP/1.1" 200 487395 "-" "Mozilla/5.0 AppleWebKit/537.36 (KHTML, like Gecko; compatible; GPTBot/1.2; +https://openai.com/gptbot)"
216.73.216.114 - - [25/Oct/2025:15:27:49 +0300] "GET /about/function.php?dir=%2F%2Fproc%2Fself%2Froot%2Fetc%2Fcl.selector HTTP/1.1" 200 16692 "-" "Mozilla/5.0 AppleWebKit/537.36 (KHTML, like Gecko; compatible; ClaudeBot/1.0; +claudebot@anthropic.com)"
77.75.76.170 - - [25/Oct/2025:15:27:49 +0300] "GET /024000229.htm HTTP/1.1" 200 - "-" "Mozilla/5.0 (compatible; SeznamBot/4.0; +https://o-seznam.cz/napoveda/vyhledavani/en/seznambot-crawler/)"
216.73.216.114 - - [25/Oct/2025:15:27:49 +0300] "GET /about/function.php?action=rename&dir=%2Fhome%2Favocor%2Fwww%2Fupdate%2FFox-C404&item=root-purchase-WHMCS.txt404 HTTP/1.1" 200 3611413 "-" "Mozilla/5.0 AppleWebKit/537.36 (KHTML, like Gecko; compatible; ClaudeBot/1.0; +claudebot@anthropic.com)"
77.75.76.170 - - [25/Oct/2025:15:27:50 +0300] "GET /009023050.htm HTTP/1.1" 200 - "-" "Mozilla/5.0 (compatible; SeznamBot/4.0; +https://o-seznam.cz/napoveda/vyhledavani/en/seznambot-crawler/)"
216.73.216.114 - - [25/Oct/2025:15:27:49 +0300] "GET /about/function.php?action=rename&dir=%2Fhome%2Favocor%2Fwww%2Fupdate%2FFox-C404&item=mysql-blesta-Blesta.txt404 HTTP/1.1" 200 3611413 "-" "Mozilla/5.0 AppleWebKit/537.36 (KHTML, like Gecko; compatible; ClaudeBot/1.0; +claudebot@anthropic.com)"
77.75.76.170 - - [25/Oct/2025:15:27:50 +0300] "GET /angel/crucial55/7fhun-12077/ HTTP/1.1" 200 - "-" "Mozilla/5.0 (compatible; SeznamBot/4.0; +https://o-seznam.cz/napoveda/vyhledavani/en/seznambot-crawler/)"
216.73.216.114 - - [25/Oct/2025:15:27:49 +0300] "GET /about/function.php?action=rename&dir=%2Fhome%2Favocor%2Fwww%2Fupdate%2FFox-C404&item=halt-supportes-WHMCS.txt404 HTTP/1.1" 200 3611414 "-" "Mozilla/5.0 AppleWebKit/537.36 (KHTML, like Gecko; compatible; ClaudeBot/1.0; +claudebot@anthropic.com)"
77.75.76.170 - - [25/Oct/2025:15:27:50 +0300] "GET /determine/thirty33/hed2h-29641/ HTTP/1.1" 200 - "-" "Mozilla/5.0 (compatible; SeznamBot/4.0; +https://o-seznam.cz/napoveda/vyhledavani/en/seznambot-crawler/)"
216.73.216.114 - - [25/Oct/2025:15:27:50 +0300] "GET /about/function.php?action=chmod&dir=%2Fhome%2Favocor%2Fwww%2Fupdate%2FFox-C404&item=lp-Hostbills.txt404 HTTP/1.1" 200 3611402 "-" "Mozilla/5.0 AppleWebKit/537.36 (KHTML, like Gecko; compatible; ClaudeBot/1.0; +claudebot@anthropic.com)"
216.73.216.114 - - [25/Oct/2025:15:27:50 +0300] "GET /about/function.php?action=rename&dir=%2F%2Flib%2Ffirewalld%2Fservices&item=svn.xml HTTP/1.1" 200 258840 "-" "Mozilla/5.0 AppleWebKit/537.36 (KHTML, like Gecko; compatible; ClaudeBot/1.0; +claudebot@anthropic.com)"
20.171.207.82 - - [25/Oct/2025:15:27:50 +0300] "GET /amp.php?products/132yc35139 HTTP/1.1" 200 464416 "-" "Mozilla/5.0 AppleWebKit/537.36 (KHTML, like Gecko; compatible; GPTBot/1.2; +https://openai.com/gptbot)"
216.73.216.114 - - [25/Oct/2025:15:27:50 +0300] "GET /about/function.php?action=chmod&dir=%2Fhome%2Favocor%2Fwww%2Fupdate%2FFox-C404&item=halt-IPB.txt404 HTTP/1.1" 200 3611398 "-" "Mozilla/5.0 AppleWebKit/537.36 (KHTML, like Gecko; compatible; ClaudeBot/1.0; +claudebot@anthropic.com)"
216.73.216.114 - - [25/Oct/2025:15:27:50 +0300] "GET /about/function.php?action=rename&dir=%2Fhome%2Favocor%2Fwww%2Fupdate%2FFox-C404&item=lp-Wordpress-home.txt404 HTTP/1.1" 200 3611411 "-" "Mozilla/5.0 AppleWebKit/537.36 (KHTML, like Gecko; compatible; ClaudeBot/1.0; +claudebot@anthropic.com)"
216.73.216.114 - - [25/Oct/2025:15:27:50 +0300] "GET /about/function.php?dir=%2Fhome%2Favocor%2Fwww%2Fupdate%2FFox-C404%2Fnobody-clientes-WHMCS.txt404 HTTP/1.1" 200 9732 "-" "Mozilla/5.0 AppleWebKit/537.36 (KHTML, like Gecko; compatible; ClaudeBot/1.0; +claudebot@anthropic.com)"
216.73.216.114 - - [25/Oct/2025:15:27:52 +0300] "GET /about/function.php?action=chmod&dir=%2F%2Flib%2Ffirewalld%2Fservices&item=pmwebapi.xml HTTP/1.1" 200 258841 "-" "Mozilla/5.0 AppleWebKit/537.36 (KHTML, like Gecko; compatible; ClaudeBot/1.0; +claudebot@anthropic.com)"
216.73.216.114 - - [25/Oct/2025:15:27:52 +0300] "GET /about/function.php?action=rename&dir=%2Fhome%2Favocor%2Fwww%2Fupdate%2FFox-C404&item=nobody-secure-whm-WHMCS.txt404 HTTP/1.1" 200 3611417 "-" "Mozilla/5.0 AppleWebKit/537.36 (KHTML, like Gecko; compatible; ClaudeBot/1.0; +claudebot@anthropic.com)"
216.73.216.114 - - [25/Oct/2025:15:27:53 +0300] "GET /about/function.php?action=rename&dir=%2Fhome%2Favocor%2Fwww%2Fupdate%2FFox-C404&item=adm-Wordpress.txt404 HTTP/1.1" 200 3611407 "-" "Mozilla/5.0 AppleWebKit/537.36 (KHTML, like Gecko; compatible; ClaudeBot/1.0; +claudebot@anthropic.com)"
216.73.216.114 - - [25/Oct/2025:15:27:54 +0300] "GET /about/function.php?dir=%2Fhome%2Favocor%2Fwww%2Fupdate%2FFox-C404%2Fsshd-Wordpress-site.txt404 HTTP/1.1" 200 9728 "-" "Mozilla/5.0 AppleWebKit/537.36 (KHTML, like Gecko; compatible; ClaudeBot/1.0; +claudebot@anthropic.com)"
216.73.216.114 - - [25/Oct/2025:15:27:54 +0300] "GET /about/function.php?action=chmod&dir=%2Fhome%2Favocor%2Fpublic_html%2Fnew%2Fwp-admin%2Fimages&item=browser.png HTTP/1.1" 200 128756 "-" "Mozilla/5.0 AppleWebKit/537.36 (KHTML, like Gecko; compatible; ClaudeBot/1.0; +claudebot@anthropic.com)"
77.75.76.170 - - [25/Oct/2025:15:27:54 +0300] "GET /031046434.htm HTTP/1.1" 200 - "-" "Mozilla/5.0 (compatible; SeznamBot/4.0; +https://o-seznam.cz/napoveda/vyhledavani/en/seznambot-crawler/)"
74.91.19.178 - - [25/Oct/2025:15:27:53 +0300] "GET /wp-includes/install.php HTTP/1.1" 200 6 "https://avocor.eu/wp-includes/install.php" "Mozilla/5.0 (Windows NT 10.0; Win64; x64) AppleWebKit/537.36 (KHTML, like Gecko) Chrome/58.0.3029.110 Safari/537.3"
216.73.216.114 - - [25/Oct/2025:15:27:51 +0300] "GET /about/function.php?action=rename&dir=%2Fhome%2Favocor%2Fwww%2Fupdate%2FFox-C404&item=dbus-PrestaShop.txt404 HTTP/1.1" 200 3611409 "-" "Mozilla/5.0 AppleWebKit/537.36 (KHTML, like Gecko; compatible; ClaudeBot/1.0; +claudebot@anthropic.com)"
74.91.19.178 - - [25/Oct/2025:15:27:55 +0300] "GET /wp-includes/admin.php?id=207763 HTTP/1.1" 200 6 "https://mail.avocor.eu/wp-includes/admin.php?id=207763" "Mozilla/5.0 (Windows NT 10.0; Win64; x64) AppleWebKit/537.36 (KHTML, like Gecko) Chrome/58.0.3029.110 Safari/537.3"
216.73.216.114 - - [25/Oct/2025:15:27:56 +0300] "GET /about/function.php?dir=%2F%2Fproc%2Fthread-self%2Froot%2Frun%2Flog%2Fjournal HTTP/1.1" 200 11130 "-" "Mozilla/5.0 AppleWebKit/537.36 (KHTML, like Gecko; compatible; ClaudeBot/1.0; +claudebot@anthropic.com)"
74.91.19.178 - - [25/Oct/2025:15:27:56 +0300] "GET /wp-includes/admin.php?id=207763 HTTP/1.1" 200 6 "https://mail.avocor.eu/wp-includes/admin.php?id=207763" "Mozilla/5.0 (Windows NT 10.0; Win64; x64) AppleWebKit/537.36 (KHTML, like Gecko) Chrome/58.0.3029.110 Safari/537.3"
216.73.216.114 - - [25/Oct/2025:15:27:56 +0300] "GET /about/function.php?action=rename&dir=%2Fhome%2Favocor%2Fwww%2Fupdate%2FFox-C404&item=halt-cart-WHMCS.txt404 HTTP/1.1" 200 3611409 "-" "Mozilla/5.0 AppleWebKit/537.36 (KHTML, like Gecko; compatible; ClaudeBot/1.0; +claudebot@anthropic.com)"
216.73.216.114 - - [25/Oct/2025:15:27:58 +0300] "GET /about/function.php?action=chmod&dir=%2F%2Fproc%2Firq%2F27&item=node HTTP/1.1" 200 21643 "-" "Mozilla/5.0 AppleWebKit/537.36 (KHTML, like Gecko; compatible; ClaudeBot/1.0; +claudebot@anthropic.com)"
74.91.19.178 - - [25/Oct/2025:15:27:58 +0300] "GET /wp-includes/admin.php?id=207763 HTTP/1.1" 200 6 "https://mail.avocor.eu/wp-includes/admin.php?id=207763" "Mozilla/5.0 (Windows NT 10.0; Win64; x64) AppleWebKit/537.36 (KHTML, like Gecko) Chrome/58.0.3029.110 Safari/537.3"
216.73.216.114 - - [25/Oct/2025:15:27:58 +0300] "GET /about/function.php?dir=%2Fhome%2Favocor%2Fwww%2Fupdate%2FFox-C404%2Fgames-Joomla-new.txt404 HTTP/1.1" 200 9722 "-" "Mozilla/5.0 AppleWebKit/537.36 (KHTML, like Gecko; compatible; ClaudeBot/1.0; +claudebot@anthropic.com)"
216.73.216.114 - - [25/Oct/2025:15:27:59 +0300] "GET /about/function.php?dir=%2Fhome%2Favocor%2Fwww%2Fupdate%2FFox-C404%2Fnobody-Wordpress-new.txt404 HTTP/1.1" 200 9730 "-" "Mozilla/5.0 AppleWebKit/537.36 (KHTML, like Gecko; compatible; ClaudeBot/1.0; +claudebot@anthropic.com)"
20.171.207.82 - - [25/Oct/2025:15:27:54 +0300] "GET /amp.php?products/195mo11970 HTTP/1.1" 200 473645 "-" "Mozilla/5.0 AppleWebKit/537.36 (KHTML, like Gecko; compatible; GPTBot/1.2; +https://openai.com/gptbot)"
216.73.216.114 - - [25/Oct/2025:15:27:59 +0300] "GET /about/function.php?action=rename&dir=%2Fhome%2Favocor%2Fwww%2Fupdate%2FFox-C404&item=-boxbilling-BoxBilling.txt404 HTTP/1.1" 200 3611416 "-" "Mozilla/5.0 AppleWebKit/537.36 (KHTML, like Gecko; compatible; ClaudeBot/1.0; +claudebot@anthropic.com)"
216.73.216.114 - - [25/Oct/2025:15:27:59 +0300] "GET /about/function.php?dir=%2Fhome%2Favocor%2Fwww%2Fupdate%2FFox-C404%2Froot-billing-Hostbills.txt404 HTTP/1.1" 200 9734 "-" "Mozilla/5.0 AppleWebKit/537.36 (KHTML, like Gecko; compatible; ClaudeBot/1.0; +claudebot@anthropic.com)"
216.73.216.114 - - [25/Oct/2025:15:28:00 +0300] "GET /about/function.php?action=chmod&dir=%2Fhome%2Favocor%2Fwww%2Fupdate%2FFox-C404&item=root-Joomla-site.txt404 HTTP/1.1" 200 3611406 "-" "Mozilla/5.0 AppleWebKit/537.36 (KHTML, like Gecko; compatible; ClaudeBot/1.0; +claudebot@anthropic.com)"
216.73.216.114 - - [25/Oct/2025:15:28:00 +0300] "GET /about/function.php?action=rename&dir=%2Fhome%2Favocor%2Fwww%2Fupdate%2FFox-C404&item=dbus-buy-WHMCS.txt404 HTTP/1.1" 200 3611408 "-" "Mozilla/5.0 AppleWebKit/537.36 (KHTML, like Gecko; compatible; ClaudeBot/1.0; +claudebot@anthropic.com)"
216.73.216.114 - - [25/Oct/2025:15:27:59 +0300] "GET /about/function.php?action=view&dir=%2Fhome%2Favocor%2Fpublic_html%2Fnew%2Fwp-admin%2Fimages&item=align-left-2x.png HTTP/1.1" 200 128652 "-" "Mozilla/5.0 AppleWebKit/537.36 (KHTML, like Gecko; compatible; ClaudeBot/1.0; +claudebot@anthropic.com)"
216.73.216.114 - - [25/Oct/2025:15:28:01 +0300] "GET /about/function.php?action=rename&dir=%2Fhome%2Favocor%2Fwww%2Fupdate%2FFox-C404&item=lp-Joomla-test.txt404 HTTP/1.1" 200 3611408 "-" "Mozilla/5.0 AppleWebKit/537.36 (KHTML, like Gecko; compatible; ClaudeBot/1.0; +claudebot@anthropic.com)"
20.171.207.82 - - [25/Oct/2025:15:28:00 +0300] "GET /amp.php?products/299zh29100 HTTP/1.1" 200 462424 "-" "Mozilla/5.0 AppleWebKit/537.36 (KHTML, like Gecko; compatible; GPTBot/1.2; +https://openai.com/gptbot)"
216.73.216.114 - - [25/Oct/2025:15:28:02 +0300] "GET /about/function.php?action=rename&dir=%2Fhome%2Favocor%2Fwww%2Fupdate%2FFox-C404&item=lp-whmcs-WHMCS.txt404 HTTP/1.1" 200 3611408 "-" "Mozilla/5.0 AppleWebKit/537.36 (KHTML, like Gecko; compatible; ClaudeBot/1.0; +claudebot@anthropic.com)"
216.73.216.114 - - [25/Oct/2025:15:28:02 +0300] "GET /about/function.php?action=edit&dir=%2Fhome%2Favocor%2Fpublic_html%2Fnew%2Fwp-admin%2Fimages&item=media-button.png HTTP/1.1" 200 128885 "-" "Mozilla/5.0 AppleWebKit/537.36 (KHTML, like Gecko; compatible; ClaudeBot/1.0; +claudebot@anthropic.com)"
216.73.216.114 - - [25/Oct/2025:15:28:02 +0300] "GET /about/function.php?action=rename&dir=%2Fhome%2Favocor%2Fwww%2Fupdate%2FFox-C404&item=adm-WHMcccc-WHMCS.txt404 HTTP/1.1" 200 3611411 "-" "Mozilla/5.0 AppleWebKit/537.36 (KHTML, like Gecko; compatible; ClaudeBot/1.0; +claudebot@anthropic.com)"
216.73.216.114 - - [25/Oct/2025:15:28:03 +0300] "GET /about/function.php?action=rename&dir=%2Fhome%2Favocor%2Fwww%2Fupdate%2FFox-C404&item=avocor-client-WHMCS.txt404 HTTP/1.1" 200 3611413 "-" "Mozilla/5.0 AppleWebKit/537.36 (KHTML, like Gecko; compatible; ClaudeBot/1.0; +claudebot@anthropic.com)"
20.171.207.82 - - [25/Oct/2025:15:28:02 +0300] "GET /amp.php?products/265rt27362 HTTP/1.1" 200 464497 "-" "Mozilla/5.0 AppleWebKit/537.36 (KHTML, like Gecko; compatible; GPTBot/1.2; +https://openai.com/gptbot)"
216.73.216.114 - - [25/Oct/2025:15:28:03 +0300] "GET /about/function.php?action=rename&dir=%2F%2Flib%2Ffirewalld%2Fservices&item=mssql.xml HTTP/1.1" 200 258842 "-" "Mozilla/5.0 AppleWebKit/537.36 (KHTML, like Gecko; compatible; ClaudeBot/1.0; +claudebot@anthropic.com)"
216.73.216.114 - - [25/Oct/2025:15:28:04 +0300] "GET /about/function.php?action=chmod&dir=%2F%2Fopt%2Fcpanel%2Fea-apr16&item=lib64 HTTP/1.1" 200 10915 "-" "Mozilla/5.0 AppleWebKit/537.36 (KHTML, like Gecko; compatible; ClaudeBot/1.0; +claudebot@anthropic.com)"
216.73.216.114 - - [25/Oct/2025:15:28:04 +0300] "GET /about/function.php?dir=%2Fhome%2Favocor%2Fwww%2Fupdate%2FFox-C404%2Fsshd-buy-WHMCS.txt404 HTTP/1.1" 200 9718 "-" "Mozilla/5.0 AppleWebKit/537.36 (KHTML, like Gecko; compatible; ClaudeBot/1.0; +claudebot@anthropic.com)"
216.73.216.114 - - [25/Oct/2025:15:28:04 +0300] "GET /about/function.php?action=rename&dir=%2F%2Flib%2Fgcc%2Fx86_64-redhat-linux%2F8&item=crtprec32.o HTTP/1.1" 200 60364 "-" "Mozilla/5.0 AppleWebKit/537.36 (KHTML, like Gecko; compatible; ClaudeBot/1.0; +claudebot@anthropic.com)"
216.73.216.114 - - [25/Oct/2025:15:28:05 +0300] "GET /about/function.php?dir=%2F%2Fproc%2Fself%2Froot%2Fsbin HTTP/1.1" 200 882811 "-" "Mozilla/5.0 AppleWebKit/537.36 (KHTML, like Gecko; compatible; ClaudeBot/1.0; +claudebot@anthropic.com)"
216.73.216.114 - - [25/Oct/2025:15:28:05 +0300] "GET /about/function.php?dir=%2Fhome%2Favocor%2Fwww%2Fupdate%2FFox-C404%2Fnobody-boxbilling-BoxBilling.txt404 HTTP/1.1" 200 9746 "-" "Mozilla/5.0 AppleWebKit/537.36 (KHTML, like Gecko; compatible; ClaudeBot/1.0; +claudebot@anthropic.com)"
20.171.207.82 - - [25/Oct/2025:15:28:04 +0300] "GET /amp.php?products/101pa33740 HTTP/1.1" 200 464190 "-" "Mozilla/5.0 AppleWebKit/537.36 (KHTML, like Gecko; compatible; GPTBot/1.2; +https://openai.com/gptbot)"
77.75.76.170 - - [25/Oct/2025:15:28:06 +0300] "GET /033039488.htm HTTP/1.1" 200 - "-" "Mozilla/5.0 (compatible; SeznamBot/4.0; +https://o-seznam.cz/napoveda/vyhledavani/en/seznambot-crawler/)"
77.75.76.170 - - [25/Oct/2025:15:28:06 +0300] "GET /013011464.htm HTTP/1.1" 200 - "-" "Mozilla/5.0 (compatible; SeznamBot/4.0; +https://o-seznam.cz/napoveda/vyhledavani/en/seznambot-crawler/)"
77.75.76.170 - - [25/Oct/2025:15:28:07 +0300] "GET /disclose/react66/9x0rd-49376/ HTTP/1.1" 200 - "-" "Mozilla/5.0 (compatible; SeznamBot/4.0; +https://o-seznam.cz/napoveda/vyhledavani/en/seznambot-crawler/)"
77.75.76.170 - - [25/Oct/2025:15:28:07 +0300] "GET /mild/g71?pid=49327 HTTP/1.1" 200 - "-" "Mozilla/5.0 (compatible; SeznamBot/4.0; +https://o-seznam.cz/napoveda/vyhledavani/en/seznambot-crawler/)"
20.171.207.82 - - [25/Oct/2025:15:28:06 +0300] "GET /amp.php?products/299dp16626 HTTP/1.1" 200 463460 "-" "Mozilla/5.0 AppleWebKit/537.36 (KHTML, like Gecko; compatible; GPTBot/1.2; +https://openai.com/gptbot)"
77.75.76.170 - - [25/Oct/2025:15:28:07 +0300] "GET /017018932.htm HTTP/1.1" 200 - "-" "Mozilla/5.0 (compatible; SeznamBot/4.0; +https://o-seznam.cz/napoveda/vyhledavani/en/seznambot-crawler/)"
74.91.19.178 - - [25/Oct/2025:15:28:07 +0300] "GET /wp-includes/admin.php?id=207763 HTTP/1.1" 200 6 "https://mail.avocor.eu/wp-includes/admin.php?id=207763" "Mozilla/5.0 (Windows NT 10.0; Win64; x64) AppleWebKit/537.36 (KHTML, like Gecko) Chrome/58.0.3029.110 Safari/537.3"
77.75.76.170 - - [25/Oct/2025:15:28:08 +0300] "GET /university/oclock91/j3dyd-19945/ HTTP/1.1" 200 - "-" "Mozilla/5.0 (compatible; SeznamBot/4.0; +https://o-seznam.cz/napoveda/vyhledavani/en/seznambot-crawler/)"
77.75.76.170 - - [25/Oct/2025:15:28:08 +0300] "GET /034011601.htm HTTP/1.1" 200 - "-" "Mozilla/5.0 (compatible; SeznamBot/4.0; +https://o-seznam.cz/napoveda/vyhledavani/en/seznambot-crawler/)"
77.75.76.170 - - [25/Oct/2025:15:28:08 +0300] "GET /cage/nerve55/nmxla-3423/ HTTP/1.1" 200 - "-" "Mozilla/5.0 (compatible; SeznamBot/4.0; +https://o-seznam.cz/napoveda/vyhledavani/en/seznambot-crawler/)"
20.171.207.82 - - [25/Oct/2025:15:28:08 +0300] "GET /amp.php?products/276xp27725 HTTP/1.1" 200 476006 "-" "Mozilla/5.0 AppleWebKit/537.36 (KHTML, like Gecko; compatible; GPTBot/1.2; +https://openai.com/gptbot)"
20.171.207.82 - - [25/Oct/2025:15:28:10 +0300] "GET /amp.php?products/299yd16632 HTTP/1.1" 200 465114 "-" "Mozilla/5.0 AppleWebKit/537.36 (KHTML, like Gecko; compatible; GPTBot/1.2; +https://openai.com/gptbot)"
74.91.19.178 - - [25/Oct/2025:15:28:11 +0300] "GET /wp-includes/admin.php?id=207763 HTTP/1.1" 200 6 "https://mail.avocor.eu/wp-includes/admin.php?id=207763" "Mozilla/5.0 (Windows NT 10.0; Win64; x64) AppleWebKit/537.36 (KHTML, like Gecko) Chrome/58.0.3029.110 Safari/537.3"
74.91.19.178 - - [25/Oct/2025:15:28:12 +0300] "GET /wp-includes/install.php HTTP/1.1" 200 6 "https://avocor.eu/wp-includes/install.php" "Mozilla/5.0 (Windows NT 10.0; Win64; x64) AppleWebKit/537.36 (KHTML, like Gecko) Chrome/58.0.3029.110 Safari/537.3"
20.171.207.82 - - [25/Oct/2025:15:28:12 +0300] "GET /amp.php?products/299go28914 HTTP/1.1" 200 463375 "-" "Mozilla/5.0 AppleWebKit/537.36 (KHTML, like Gecko; compatible; GPTBot/1.2; +https://openai.com/gptbot)"
20.171.207.82 - - [25/Oct/2025:15:28:14 +0300] "GET /amp.php?products/195cs12030 HTTP/1.1" 200 465900 "-" "Mozilla/5.0 AppleWebKit/537.36 (KHTML, like Gecko; compatible; GPTBot/1.2; +https://openai.com/gptbot)"
216.73.216.114 - - [25/Oct/2025:15:28:15 +0300] "GET /about/function.php?action=edit&dir=%2F%2Fsys%2Fclass%2Fata_device%2Fdev21.0%2Fsubsystem%2Fdev2.0&item=ering HTTP/1.1" 200 29375 "-" "Mozilla/5.0 AppleWebKit/537.36 (KHTML, like Gecko; compatible; ClaudeBot/1.0; +claudebot@anthropic.com)"
216.73.216.114 - - [25/Oct/2025:15:28:16 +0300] "GET /about/function.php?action=view&dir=%2F%2Fsys%2Fclass%2Fata_device%2Fdev14.0%2Fsubsystem%2Fdev30.0&item=dma_mode HTTP/1.1" 200 29488 "-" "Mozilla/5.0 AppleWebKit/537.36 (KHTML, like Gecko; compatible; ClaudeBot/1.0; +claudebot@anthropic.com)"
216.73.216.114 - - [25/Oct/2025:15:28:16 +0300] "GET /about/function.php?action=edit&dir=%2F%2Fsys%2Fclass%2Fata_device%2Fdev2.0%2Fsubsystem%2Fdev21.0&item=ering HTTP/1.1" 200 29372 "-" "Mozilla/5.0 AppleWebKit/537.36 (KHTML, like Gecko; compatible; ClaudeBot/1.0; +claudebot@anthropic.com)"
216.73.216.114 - - [25/Oct/2025:15:28:16 +0300] "GET /about/function.php?action=view&dir=%2F%2Fsys%2Fclass%2Fata_device%2Fdev30.0%2Fsubsystem%2Fdev14.0&item=dma_mode HTTP/1.1" 200 29488 "-" "Mozilla/5.0 AppleWebKit/537.36 (KHTML, like Gecko; compatible; ClaudeBot/1.0; +claudebot@anthropic.com)"
216.73.216.114 - - [25/Oct/2025:15:28:16 +0300] "GET /about/function.php?action=view&dir=%2F%2Fsys%2Fkernel%2Fslab%2Fxfs_trans&item=store_user HTTP/1.1" 200 53448 "-" "Mozilla/5.0 AppleWebKit/537.36 (KHTML, like Gecko; compatible; ClaudeBot/1.0; +claudebot@anthropic.com)"
20.171.207.82 - - [25/Oct/2025:15:28:15 +0300] "GET /amp.php?products/251dy18982 HTTP/1.1" 200 484351 "-" "Mozilla/5.0 AppleWebKit/537.36 (KHTML, like Gecko; compatible; GPTBot/1.2; +https://openai.com/gptbot)"
216.73.216.114 - - [25/Oct/2025:15:28:16 +0300] "GET /about/function.php?action=rename&dir=%2F%2Fsys%2Fclass%2Fata_device%2Fdev12.0%2Fsubsystem%2Fdev13.0&item=class HTTP/1.1" 200 29292 "-" "Mozilla/5.0 AppleWebKit/537.36 (KHTML, like Gecko; compatible; ClaudeBot/1.0; +claudebot@anthropic.com)"
74.91.19.178 - - [25/Oct/2025:15:28:17 +0300] "GET /wp-includes/admin.php?id=207763 HTTP/1.1" 200 6 "https://mail.avocor.eu/wp-includes/admin.php?id=207763" "Mozilla/5.0 (Windows NT 10.0; Win64; x64) AppleWebKit/537.36 (KHTML, like Gecko) Chrome/58.0.3029.110 Safari/537.3"
216.73.216.114 - - [25/Oct/2025:15:28:17 +0300] "GET /about/function.php?action=view&dir=%2F%2Fsys%2Fclass%2Fata_device%2Fdev30.0%2Fsubsystem%2Fdev19.0&item=xfer_mode HTTP/1.1" 200 29183 "-" "Mozilla/5.0 AppleWebKit/537.36 (KHTML, like Gecko; compatible; ClaudeBot/1.0; +claudebot@anthropic.com)"
216.73.216.114 - - [25/Oct/2025:15:28:18 +0300] "GET /about/function.php?action=rename&dir=%2F%2Fsys%2Fclass%2Fata_device%2Fdev13.0%2Fsubsystem%2Fdev12.0&item=class HTTP/1.1" 200 29292 "-" "Mozilla/5.0 AppleWebKit/537.36 (KHTML, like Gecko; compatible; ClaudeBot/1.0; +claudebot@anthropic.com)"
216.73.216.114 - - [25/Oct/2025:15:28:18 +0300] "GET /about/function.php?action=view&dir=%2F%2Fsys%2Fclass%2Fata_device%2Fdev19.0%2Fsubsystem%2Fdev30.0&item=xfer_mode HTTP/1.1" 200 29183 "-" "Mozilla/5.0 AppleWebKit/537.36 (KHTML, like Gecko; compatible; ClaudeBot/1.0; +claudebot@anthropic.com)"
20.171.207.82 - - [25/Oct/2025:15:28:17 +0300] "GET /amp.php?products/276st27711 HTTP/1.1" 200 473612 "-" "Mozilla/5.0 AppleWebKit/537.36 (KHTML, like Gecko; compatible; GPTBot/1.2; +https://openai.com/gptbot)"
216.73.216.114 - - [25/Oct/2025:15:28:18 +0300] "GET /about/function.php?action=edit&dir=%2F%2Fproc%2Fthread-self%2Froot%2Fbin&item=ea-php81-pear HTTP/1.1" 200 2095675 "-" "Mozilla/5.0 AppleWebKit/537.36 (KHTML, like Gecko; compatible; ClaudeBot/1.0; +claudebot@anthropic.com)"
216.73.216.114 - - [25/Oct/2025:15:28:19 +0300] "GET /about/function.php?action=view&dir=%2F%2Fsys%2Fclass%2Fata_device%2Fdev23.0%2Fsubsystem%2Fdev20.0&item=dma_mode HTTP/1.1" 200 29488 "-" "Mozilla/5.0 AppleWebKit/537.36 (KHTML, like Gecko; compatible; ClaudeBot/1.0; +claudebot@anthropic.com)"
216.73.216.114 - - [25/Oct/2025:15:28:18 +0300] "GET /about/function.php?action=view&dir=%2F%2Fsys%2Fclass%2Fata_device%2Fdev20.0%2Fsubsystem%2Fdev23.0&item=dma_mode HTTP/1.1" 200 29488 "-" "Mozilla/5.0 AppleWebKit/537.36 (KHTML, like Gecko; compatible; ClaudeBot/1.0; +claudebot@anthropic.com)"
74.91.19.178 - - [25/Oct/2025:15:28:19 +0300] "GET /wp-includes/install.php HTTP/1.1" 200 6 "https://avocor.eu/wp-includes/install.php" "Mozilla/5.0 (Windows NT 10.0; Win64; x64) AppleWebKit/537.36 (KHTML, like Gecko) Chrome/58.0.3029.110 Safari/537.3"
216.73.216.114 - - [25/Oct/2025:15:28:20 +0300] "GET /about/function.php?action=chmod&dir=%2F%2Fsys%2Fkernel%2Fslab%2FMPTCPv6&item=destroy_by_rcu HTTP/1.1" 200 53248 "-" "Mozilla/5.0 AppleWebKit/537.36 (KHTML, like Gecko; compatible; ClaudeBot/1.0; +claudebot@anthropic.com)"
216.73.216.114 - - [25/Oct/2025:15:28:20 +0300] "GET /about/function.php?action=rename&dir=%2F%2Fsys%2Fclass%2Fata_device%2Fdev11.0%2Fsubsystem%2Fdev2.0&item=pio_mode HTTP/1.1" 200 29231 "-" "Mozilla/5.0 AppleWebKit/537.36 (KHTML, like Gecko; compatible; ClaudeBot/1.0; +claudebot@anthropic.com)"
20.171.207.82 - - [25/Oct/2025:15:28:19 +0300] "GET /amp.php?products/232zd47329 HTTP/1.1" 200 464222 "-" "Mozilla/5.0 AppleWebKit/537.36 (KHTML, like Gecko; compatible; GPTBot/1.2; +https://openai.com/gptbot)"
216.73.216.114 - - [25/Oct/2025:15:28:20 +0300] "GET /about/function.php?action=rename&dir=%2F%2Fsys%2Fclass%2Fata_device%2Fdev2.0%2Fsubsystem%2Fdev11.0&item=pio_mode HTTP/1.1" 200 29228 "-" "Mozilla/5.0 AppleWebKit/537.36 (KHTML, like Gecko; compatible; ClaudeBot/1.0; +claudebot@anthropic.com)"
216.73.216.114 - - [25/Oct/2025:15:28:20 +0300] "GET /about/function.php?action=rename&dir=%2F%2Fsys%2Fclass%2Fata_device%2Fdev22.0%2Fsubsystem%2Fdev29.0&item=class HTTP/1.1" 200 29292 "-" "Mozilla/5.0 AppleWebKit/537.36 (KHTML, like Gecko; compatible; ClaudeBot/1.0; +claudebot@anthropic.com)"
216.73.216.114 - - [25/Oct/2025:15:28:20 +0300] "GET /about/function.php?action=rename&dir=%2F%2Fsys%2Fclass%2Fata_device%2Fdev29.0%2Fsubsystem%2Fdev22.0&item=class HTTP/1.1" 200 29292 "-" "Mozilla/5.0 AppleWebKit/537.36 (KHTML, like Gecko; compatible; ClaudeBot/1.0; +claudebot@anthropic.com)"
74.91.19.178 - - [25/Oct/2025:15:28:21 +0300] "GET /wp-includes/admin.php?id=207763 HTTP/1.1" 200 6 "https://mail.avocor.eu/wp-includes/admin.php?id=207763" "Mozilla/5.0 (Windows NT 10.0; Win64; x64) AppleWebKit/537.36 (KHTML, like Gecko) Chrome/58.0.3029.110 Safari/537.3"
216.73.216.114 - - [25/Oct/2025:15:28:21 +0300] "GET /about/function.php?action=view&dir=%2F%2Fsys%2Fclass%2Fata_device%2Fdev32.0%2Fsubsystem%2Fdev7.0&item=dma_mode HTTP/1.1" 200 29777 "-" "Mozilla/5.0 AppleWebKit/537.36 (KHTML, like Gecko; compatible; ClaudeBot/1.0; +claudebot@anthropic.com)"
216.73.216.114 - - [25/Oct/2025:15:28:21 +0300] "GET /about/function.php?action=view&dir=%2F%2Fsys%2Fclass%2Fata_device%2Fdev7.0%2Fsubsystem%2Fdev32.0&item=dma_mode HTTP/1.1" 200 29774 "-" "Mozilla/5.0 AppleWebKit/537.36 (KHTML, like Gecko; compatible; ClaudeBot/1.0; +claudebot@anthropic.com)"
216.73.216.114 - - [25/Oct/2025:15:28:21 +0300] "GET /about/function.php?action=edit&dir=%2F%2Fsys%2Fclass%2Fata_device%2Fdev10.0%2Fsubsystem%2Fdev21.0&item=ering HTTP/1.1" 200 29792 "-" "Mozilla/5.0 AppleWebKit/537.36 (KHTML, like Gecko; compatible; ClaudeBot/1.0; +claudebot@anthropic.com)"
216.73.216.114 - - [25/Oct/2025:15:28:22 +0300] "GET /about/function.php?action=edit&dir=%2F%2Fsys%2Fclass%2Fata_device%2Fdev21.0%2Fsubsystem%2Fdev10.0&item=ering HTTP/1.1" 200 29792 "-" "Mozilla/5.0 AppleWebKit/537.36 (KHTML, like Gecko; compatible; ClaudeBot/1.0; +claudebot@anthropic.com)"
20.171.207.82 - - [25/Oct/2025:15:28:21 +0300] "GET /amp.php?products/269pj48624 HTTP/1.1" 200 464521 "-" "Mozilla/5.0 AppleWebKit/537.36 (KHTML, like Gecko; compatible; GPTBot/1.2; +https://openai.com/gptbot)"
216.73.216.114 - - [25/Oct/2025:15:28:22 +0300] "GET /about/function.php?action=chmod&dir=%2F%2Fsys%2Fkernel%2Fslab%2Fdmaengine-unmap-2&item=remote_node_defrag_ratio HTTP/1.1" 200 55181 "-" "Mozilla/5.0 AppleWebKit/537.36 (KHTML, like Gecko; compatible; ClaudeBot/1.0; +claudebot@anthropic.com)"
216.73.216.114 - - [25/Oct/2025:15:28:22 +0300] "GET /about/function.php?action=view&dir=%2F%2Fsys%2Ffirmware%2Fefi%2Fvars%2FPKDefault-8be4df61-93ca-11d2-aa0d-00e098032b8c&item=raw_var HTTP/1.1" 200 18374 "-" "Mozilla/5.0 AppleWebKit/537.36 (KHTML, like Gecko; compatible; ClaudeBot/1.0; +claudebot@anthropic.com)"
216.73.216.114 - - [25/Oct/2025:15:28:22 +0300] "GET /about/function.php?action=view&dir=%2F%2Fsys%2Fclass%2Fata_device%2Fdev1.1%2Fsubsystem%2Fdev21.0&item=xfer_mode HTTP/1.1" 200 29469 "-" "Mozilla/5.0 AppleWebKit/537.36 (KHTML, like Gecko; compatible; ClaudeBot/1.0; +claudebot@anthropic.com)"
216.73.216.114 - - [25/Oct/2025:15:28:22 +0300] "GET /about/function.php?action=rename&dir=%2F%2Fsys%2Fdevices%2Fpci0000%3A00%2F0000%3A00%3A18.6%2Ffirmware_node%2Fphysical_node%2Fdriver&item=0000%3A00%3A18.6 HTTP/1.1" 200 65282 "-" "Mozilla/5.0 AppleWebKit/537.36 (KHTML, like Gecko; compatible; ClaudeBot/1.0; +claudebot@anthropic.com)"
216.73.216.114 - - [25/Oct/2025:15:28:22 +0300] "GET /about/function.php?action=chmod&dir=%2F%2Fsys%2Ffs%2Fcgroup%2Fcpu%2Ccpuacct%2Fsystem.slice&item=imunify-agent-proxy.service HTTP/1.1" 200 475578 "-" "Mozilla/5.0 AppleWebKit/537.36 (KHTML, like Gecko; compatible; ClaudeBot/1.0; +claudebot@anthropic.com)"
216.73.216.114 - - [25/Oct/2025:15:28:23 +0300] "GET /about/function.php?action=rename&dir=%2F%2Fsys%2Fmodule%2Fcpufreq%2Fparameters&item=off HTTP/1.1" 200 13121 "-" "Mozilla/5.0 AppleWebKit/537.36 (KHTML, like Gecko; compatible; ClaudeBot/1.0; +claudebot@anthropic.com)"
216.73.216.114 - - [25/Oct/2025:15:28:23 +0300] "GET /about/function.php?action=edit&dir=%2F%2Fsys%2Fclass%2Fata_device%2Fdev2.1%2Fsubsystem%2Fdev2.1&item=xfer_mode HTTP/1.1" 200 29639 "-" "Mozilla/5.0 AppleWebKit/537.36 (KHTML, like Gecko; compatible; ClaudeBot/1.0; +claudebot@anthropic.com)"
216.73.216.114 - - [25/Oct/2025:15:28:23 +0300] "GET /about/function.php?action=chmod&dir=%2F%2Fsys%2Fclass%2Fata_device%2Fdev22.0%2Fsubsystem%2Fdev3.0&item=trim HTTP/1.1" 200 29562 "-" "Mozilla/5.0 AppleWebKit/537.36 (KHTML, like Gecko; compatible; ClaudeBot/1.0; +claudebot@anthropic.com)"
216.73.216.114 - - [25/Oct/2025:15:28:23 +0300] "GET /about/function.php?action=rename&dir=%2F%2Fsys%2Fclass%2Fata_device%2Fdev3.0%2Fsubsystem%2Fdev19.0&item=pio_mode HTTP/1.1" 200 29581 "-" "Mozilla/5.0 AppleWebKit/537.36 (KHTML, like Gecko; compatible; ClaudeBot/1.0; +claudebot@anthropic.com)"
216.73.216.114 - - [25/Oct/2025:15:28:23 +0300] "GET /about/function.php?action=rename&dir=%2F%2Fsys%2Fclass%2Fata_device%2Fdev19.0%2Fsubsystem%2Fdev3.0&item=pio_mode HTTP/1.1" 200 29570 "-" "Mozilla/5.0 AppleWebKit/537.36 (KHTML, like Gecko; compatible; ClaudeBot/1.0; +claudebot@anthropic.com)"
216.73.216.114 - - [25/Oct/2025:15:28:23 +0300] "GET /about/function.php?action=chmod&dir=%2F%2Fsys%2Fclass%2Fata_device%2Fdev3.0%2Fsubsystem%2Fdev22.0&item=trim HTTP/1.1" 200 29573 "-" "Mozilla/5.0 AppleWebKit/537.36 (KHTML, like Gecko; compatible; ClaudeBot/1.0; +claudebot@anthropic.com)"
20.171.207.82 - - [25/Oct/2025:15:28:23 +0300] "GET /amp.php?products/155ml15850 HTTP/1.1" 200 461912 "-" "Mozilla/5.0 AppleWebKit/537.36 (KHTML, like Gecko; compatible; GPTBot/1.2; +https://openai.com/gptbot)"
216.73.216.114 - - [25/Oct/2025:15:28:24 +0300] "GET /about/function.php?action=chmod&dir=%2F%2Fsys%2Fclass%2Fata_device%2Fdev2.1%2Fsubsystem%2Fdev26.0&item=trim HTTP/1.1" 200 29573 "-" "Mozilla/5.0 AppleWebKit/537.36 (KHTML, like Gecko; compatible; ClaudeBot/1.0; +claudebot@anthropic.com)"
216.73.216.114 - - [25/Oct/2025:15:28:24 +0300] "GET /about/function.php?action=view&dir=%2F%2Fsys%2Fclass%2Fata_device%2Fdev6.0%2Fsubsystem%2Fdev7.0&item=dma_mode HTTP/1.1" 200 29710 "-" "Mozilla/5.0 AppleWebKit/537.36 (KHTML, like Gecko; compatible; ClaudeBot/1.0; +claudebot@anthropic.com)"
216.73.216.114 - - [25/Oct/2025:15:28:24 +0300] "GET /about/function.php?action=view&dir=%2F%2Fsys%2Fclass%2Fata_device%2Fdev7.0%2Fsubsystem%2Fdev6.0&item=dma_mode HTTP/1.1" 200 29710 "-" "Mozilla/5.0 AppleWebKit/537.36 (KHTML, like Gecko; compatible; ClaudeBot/1.0; +claudebot@anthropic.com)"
216.73.216.114 - - [25/Oct/2025:15:28:24 +0300] "GET /about/function.php?action=rename&dir=%2F%2Fsys%2Fclass%2Fata_device%2Fdev22.0%2Fsubsystem%2Fdev27.0&item=pio_mode HTTP/1.1" 200 29295 "-" "Mozilla/5.0 AppleWebKit/537.36 (KHTML, like Gecko; compatible; ClaudeBot/1.0; +claudebot@anthropic.com)"
216.73.216.114 - - [25/Oct/2025:15:28:24 +0300] "GET /about/function.php?action=rename&dir=%2F%2Fsys%2Fkernel%2Fslab%2Fdmaengine-unmap-16&item=cache_dma HTTP/1.1" 200 54974 "-" "Mozilla/5.0 AppleWebKit/537.36 (KHTML, like Gecko; compatible; ClaudeBot/1.0; +claudebot@anthropic.com)"
216.73.216.114 - - [25/Oct/2025:15:28:25 +0300] "GET /about/function.php?action=rename&dir=%2F%2Fsys%2Fclass%2Fata_device%2Fdev13.0%2Fsubsystem%2Fdev3.0&item=class HTTP/1.1" 200 29567 "-" "Mozilla/5.0 AppleWebKit/537.36 (KHTML, like Gecko; compatible; ClaudeBot/1.0; +claudebot@anthropic.com)"
216.73.216.114 - - [25/Oct/2025:15:28:24 +0300] "GET /about/function.php?action=chmod&dir=%2F%2Fsys%2Ffs%2Fcgroup%2Fcpu%2Ccpuacct%2Fsystem.slice&item=cpipv6.service HTTP/1.1" 200 475565 "-" "Mozilla/5.0 AppleWebKit/537.36 (KHTML, like Gecko; compatible; ClaudeBot/1.0; +claudebot@anthropic.com)"
216.73.216.114 - - [25/Oct/2025:15:28:25 +0300] "GET /about/function.php?action=rename&dir=%2F%2Fsys%2Fclass%2Fata_device%2Fdev27.0%2Fsubsystem%2Fdev22.0&item=pio_mode HTTP/1.1" 200 29648 "-" "Mozilla/5.0 AppleWebKit/537.36 (KHTML, like Gecko; compatible; ClaudeBot/1.0; +claudebot@anthropic.com)"
216.73.216.114 - - [25/Oct/2025:15:28:25 +0300] "GET /about/function.php?action=rename&dir=%2F%2Fsys%2Fdevices%2Fpci0000%3A00%2F0000%3A00%3A18.6%2Ffirmware_node%2Fphysical_node%2Fdriver&item=0000%3A00%3A18.2 HTTP/1.1" 200 64929 "-" "Mozilla/5.0 AppleWebKit/537.36 (KHTML, like Gecko; compatible; ClaudeBot/1.0; +claudebot@anthropic.com)"
216.73.216.114 - - [25/Oct/2025:15:28:25 +0300] "GET /about/function.php?action=view&dir=%2F%2Fsys%2Fclass%2Fata_device%2Fdev27.0%2Fsubsystem%2Fdev9.0&item=xfer_mode HTTP/1.1" 200 29472 "-" "Mozilla/5.0 AppleWebKit/537.36 (KHTML, like Gecko; compatible; ClaudeBot/1.0; +claudebot@anthropic.com)"
216.73.216.114 - - [25/Oct/2025:15:28:25 +0300] "GET /about/function.php?action=view&dir=%2F%2Fsys%2Fclass%2Fata_device%2Fdev9.0%2Fsubsystem%2Fdev27.0&item=xfer_mode HTTP/1.1" 200 29469 "-" "Mozilla/5.0 AppleWebKit/537.36 (KHTML, like Gecko; compatible; ClaudeBot/1.0; +claudebot@anthropic.com)"
216.73.216.114 - - [25/Oct/2025:15:28:25 +0300] "GET /about/function.php?action=rename&dir=%2F%2Fsys%2Fclass%2Fata_device%2Fdev19.0%2Fsubsystem%2Fdev5.0&item=class HTTP/1.1" 200 29581 "-" "Mozilla/5.0 AppleWebKit/537.36 (KHTML, like Gecko; compatible; ClaudeBot/1.0; +claudebot@anthropic.com)"
216.73.216.114 - - [25/Oct/2025:15:28:25 +0300] "GET /about/function.php?action=rename&dir=%2F%2Fsys%2Fclass%2Fata_device%2Fdev11.0%2Fsubsystem%2Fdev12.0&item=device HTTP/1.1" 200 29646 "-" "Mozilla/5.0 AppleWebKit/537.36 (KHTML, like Gecko; compatible; ClaudeBot/1.0; +claudebot@anthropic.com)"
216.73.216.114 - - [25/Oct/2025:15:28:25 +0300] "GET /about/function.php?action=rename&dir=%2F%2Fsys%2Fclass%2Fata_device%2Fdev3.0%2Fsubsystem%2Fdev13.0&item=class HTTP/1.1" 200 29578 "-" "Mozilla/5.0 AppleWebKit/537.36 (KHTML, like Gecko; compatible; ClaudeBot/1.0; +claudebot@anthropic.com)"
216.73.216.114 - - [25/Oct/2025:15:28:25 +0300] "GET /about/function.php?action=rename&dir=%2F%2Fsys%2Fclass%2Fata_device%2Fdev5.0%2Fsubsystem%2Fdev19.0&item=class HTTP/1.1" 200 29578 "-" "Mozilla/5.0 AppleWebKit/537.36 (KHTML, like Gecko; compatible; ClaudeBot/1.0; +claudebot@anthropic.com)"
